77.42.64.153 - - [23/Jul/2026:09:16:16 -0600] "GET /6c2ed/ HTTP/1.1" 404 - "-" "Mozilla/5.0 (Linux; Android 10; K) AppleWebKit/537.36 (KHTML, like Gecko) Chrome/143.0.0.0 Mobile Safari/537.36"
91.134.43.151 - - [23/Jul/2026:09:17:31 -0600] "GET /878767604findex.php HTTP/1.1" 200 55714 "-" "Mozilla/5.0 (iPod; U; CPU iPhone OS 4_0 like Mac OS X; hr-HR) AppleWebKit/531.16.1 (KHTML, like Gecko) Version/4.0.5 Mobile/8B112 Safari/6531.16.1"
209.38.171.212 - - [23/Jul/2026:09:17:31 -0600] "GET /878767604findex.php HTTP/1.1" 200 55715 "-" "Mozilla/5.0 (iPod; U; CPU iPhone OS 4_0 like Mac OS X; hr-HR) AppleWebKit/531.16.1 (KHTML, like Gecko) Version/4.0.5 Mobile/8B112 Safari/6531.16.1"
57.129.137.189 - - [23/Jul/2026:09:17:31 -0600] "GET /878767604findex.php HTTP/1.1" 200 55715 "-" "Mozilla/5.0 (iPod; U; CPU iPhone OS 4_0 like Mac OS X; hr-HR) AppleWebKit/531.16.1 (KHTML, like Gecko) Version/4.0.5 Mobile/8B112 Safari/6531.16.1"
23.82.96.181 - - [23/Jul/2026:09:17:32 -0600] "GET /878767604findex.php HTTP/1.1" 200 55713 "-" "Mozilla/5.0 (iPod; U; CPU iPhone OS 4_0 like Mac OS X; hr-HR) AppleWebKit/531.16.1 (KHTML, like Gecko) Version/4.0.5 Mobile/8B112 Safari/6531.16.1"
216.73.217.142 - - [23/Jul/2026:09:18:58 -0600] "GET /robots.txt HTTP/1.1" 200 76 "-" "Mozilla/5.0 AppleWebKit/537.36 (KHTML, like Gecko; compatible; ClaudeBot/1.0; +claudebot@anthropic.com)"
142.44.220.105 - - [23/Jul/2026:09:19:40 -0600] "GET /6df6da1858.php HTTP/1.1" 500 - "-" "Mozilla/5.0 (compatible; AhrefsBot/7.0; +http://ahrefs.com/robot/)"
57.131.13.107 - - [23/Jul/2026:09:20:02 -0600] "GET /097c2/index.php HTTP/1.1" 200 5167 "-" "Mozilla/5.0 (Macintosh; Intel Mac OS X 10_15_7) AppleWebKit/537.36 (KHTML, like Gecko) Chrome/148.0.0.0 Safari/537.36"
57.129.137.254 - - [23/Jul/2026:09:20:02 -0600] "GET /097c2/index.php HTTP/1.1" 200 5168 "-" "Mozilla/5.0 (Macintosh; Intel Mac OS X 10_15_7) AppleWebKit/537.36 (KHTML, like Gecko) Chrome/148.0.0.0 Safari/537.36"
23.82.96.182 - - [23/Jul/2026:09:20:02 -0600] "GET /097c2/index.php HTTP/1.1" 200 5166 "-" "Mozilla/5.0 (Macintosh; Intel Mac OS X 10_15_7) AppleWebKit/537.36 (KHTML, like Gecko) Chrome/148.0.0.0 Safari/537.36"
68.183.245.101 - - [23/Jul/2026:09:20:05 -0600] "GET /097c2/index.php HTTP/1.1" 200 5168 "-" "Mozilla/5.0 (Macintosh; Intel Mac OS X 10_15_7) AppleWebKit/537.36 (KHTML, like Gecko) Chrome/148.0.0.0 Safari/537.36"
45.227.253.15 - - [23/Jul/2026:09:27:38 -0600] "GET /modules/mod_articles_news/src/Dispatcher/Dispatcher/index.php?ARRAY=7o2230223n313738343832343538322p2231223n22687474703n5p2s5p2s7n733836387631332r6p797369732r737572665p2s3s6p633q7068705s636s64655s6n6326743q313738343832303938322q3864616135316165346634626139366633646665393033356635623832663532222p2232223n223030306439636137373563636563393536313838363239653364383332383663222p2233223n226638613531633563383166656138353739393038393634373032363437643264222p2262696r675s70617373223n2232332q34392q35312q36352q37322q38332q3135227q HTTP/1.1" 200 15 "-" "Mozilla/5.0 (Macintosh; Intel Mac OS X 10.11; rv:103.0) Gecko/20100101 Firefox/102.0"
23.19.230.168 - - [23/Jul/2026:09:31:49 -0600] "GET /7b438268daindex.php HTTP/1.1" 200 55714 "-" "Mozilla/5.0 (Windows NT 10.0; Win64; x64) AppleWebKit/537.36 (KHTML, like Gecko) Chrome/148.0.0.0 Safari/537.36 Edg/148.0.0.0"
57.129.137.254 - - [23/Jul/2026:09:31:49 -0600] "GET /7b438268daindex.php HTTP/1.1" 200 55715 "-" "Mozilla/5.0 (Windows NT 10.0; Win64; x64) AppleWebKit/537.36 (KHTML, like Gecko) Chrome/148.0.0.0 Safari/537.36 Edg/148.0.0.0"
57.129.134.182 - - [23/Jul/2026:09:31:50 -0600] "GET /7b438268daindex.php HTTP/1.1" 200 55715 "-" "Mozilla/5.0 (Windows NT 10.0; Win64; x64) AppleWebKit/537.36 (KHTML, like Gecko) Chrome/148.0.0.0 Safari/537.36 Edg/148.0.0.0"
46.62.173.36 - - [23/Jul/2026:09:31:53 -0600] "GET /7b438268daindex.php HTTP/1.1" 200 55713 "-" "Mozilla/5.0 (Windows NT 10.0; Win64; x64) AppleWebKit/537.36 (KHTML, like Gecko) Chrome/148.0.0.0 Safari/537.36 Edg/148.0.0.0"
169.58.41.48 - - [23/Jul/2026:09:32:29 -0600] "GET / HTTP/1.1" 200 11286 "-" "Mozilla/5.0 (Windows NT 10.0; Win64; x64) AppleWebKit/537.36 (KHTML, like Gecko) Chrome/120.0 Safari/537.36"
209.38.171.212 - - [23/Jul/2026:09:49:52 -0600] "GET /097c2/ HTTP/1.1" 200 5168 "-" "Mozilla/5.0 (Windows NT 10.0; Win64; x64) AppleWebKit/537.36 (KHTML, like Gecko) Chrome/147.0.0.0 Safari/537.36 OPR/131.0.0.0"
159.223.242.210 - - [23/Jul/2026:09:49:53 -0600] "GET /097c2/ HTTP/1.1" 200 5169 "-" "Mozilla/5.0 (Windows NT 10.0; Win64; x64) AppleWebKit/537.36 (KHTML, like Gecko) Chrome/147.0.0.0 Safari/537.36 OPR/131.0.0.0"
159.89.216.7 - - [23/Jul/2026:09:49:53 -0600] "GET /097c2/ HTTP/1.1" 200 5166 "-" "Mozilla/5.0 (Windows NT 10.0; Win64; x64) AppleWebKit/537.36 (KHTML, like Gecko) Chrome/147.0.0.0 Safari/537.36 OPR/131.0.0.0"
77.42.67.200 - - [23/Jul/2026:09:49:53 -0600] "GET /097c2/ HTTP/1.1" 200 5166 "-" "Mozilla/5.0 (Windows NT 10.0; Win64; x64) AppleWebKit/537.36 (KHTML, like Gecko) Chrome/147.0.0.0 Safari/537.36 OPR/131.0.0.0"
57.129.134.182 - - [23/Jul/2026:09:57:36 -0600] "GET /ca5aaa2191d8.php HTTP/1.1" 200 7 "-" "Mozilla/5.0 (Windows NT 10.0; Win64; x64) AppleWebKit/537.36 (KHTML, like Gecko) Chrome/148.0.0.0 Safari/537.36 Edg/148.0.0.0"
65.130.187.39 - - [23/Jul/2026:09:57:36 -0600] "GET /ca5aaa2191d8.php HTTP/1.1" 200 7 "-" "Mozilla/5.0 (Windows NT 10.0; Win64; x64) AppleWebKit/537.36 (KHTML, like Gecko) Chrome/148.0.0.0 Safari/537.36 Edg/148.0.0.0"
164.90.241.135 - - [23/Jul/2026:09:57:36 -0600] "GET /ca5aaa2191d8.php HTTP/1.1" 200 7 "-" "Mozilla/5.0 (Windows NT 10.0; Win64; x64) AppleWebKit/537.36 (KHTML, like Gecko) Chrome/148.0.0.0 Safari/537.36 Edg/148.0.0.0"
57.131.13.95 - - [23/Jul/2026:09:57:36 -0600] "GET /ca5aaa2191d8.php HTTP/1.1" 200 7 "-" "Mozilla/5.0 (Windows NT 10.0; Win64; x64) AppleWebKit/537.36 (KHTML, like Gecko) Chrome/148.0.0.0 Safari/537.36 Edg/148.0.0.0"
206.189.247.132 - - [23/Jul/2026:09:59:39 -0600] "GET /93fd15b825index.php HTTP/1.1" 200 55716 "-" "Mozilla/5.0 (Windows NT 10.0; Win64; x64) AppleWebKit/537.36 (KHTML, like Gecko) Chrome/150.0.0.0 Safari/537.36"
77.42.64.153 - - [23/Jul/2026:09:59:40 -0600] "GET /93fd15b825index.php HTTP/1.1" 200 55713 "-" "Mozilla/5.0 (Windows NT 10.0; Win64; x64) AppleWebKit/537.36 (KHTML, like Gecko) Chrome/150.0.0.0 Safari/537.36"
23.80.89.38 - - [23/Jul/2026:09:59:40 -0600] "GET /93fd15b825index.php HTTP/1.1" 200 55712 "-" "Mozilla/5.0 (Windows NT 10.0; Win64; x64) AppleWebKit/537.36 (KHTML, like Gecko) Chrome/150.0.0.0 Safari/537.36"
57.129.137.189 - - [23/Jul/2026:09:59:42 -0600] "GET /93fd15b825index.php HTTP/1.1" 200 55715 "-" "Mozilla/5.0 (Windows NT 10.0; Win64; x64) AppleWebKit/537.36 (KHTML, like Gecko) Chrome/150.0.0.0 Safari/537.36"
97.117.95.25 - - [23/Jul/2026:10:02:41 -0600] "GET /03f0f/ HTTP/1.1" 200 25104 "-" "Mozilla/5.0 (iPhone; CPU iPhone OS 18_6 like Mac OS X) AppleWebKit/605.1.15 (KHTML, like Gecko) Version/26.5 Mobile/15E148 Safari/604.1"
46.62.234.38 - - [23/Jul/2026:10:02:41 -0600] "GET /03f0f/ HTTP/1.1" 200 25101 "-" "Mozilla/5.0 (iPhone; CPU iPhone OS 18_6 like Mac OS X) AppleWebKit/605.1.15 (KHTML, like Gecko) Version/26.5 Mobile/15E148 Safari/604.1"
91.134.142.216 - - [23/Jul/2026:10:02:42 -0600] "GET /03f0f/ HTTP/1.1" 200 25103 "-" "Mozilla/5.0 (iPhone; CPU iPhone OS 18_6 like Mac OS X) AppleWebKit/605.1.15 (KHTML, like Gecko) Version/26.5 Mobile/15E148 Safari/604.1"
77.42.64.153 - - [23/Jul/2026:10:02:45 -0600] "GET /03f0f/ HTTP/1.1" 200 25101 "-" "Mozilla/5.0 (iPhone; CPU iPhone OS 18_6 like Mac OS X) AppleWebKit/605.1.15 (KHTML, like Gecko) Version/26.5 Mobile/15E148 Safari/604.1"
192.30.83.121 - - [23/Jul/2026:10:08:17 -0600] "GET / HTTP/1.1" 200 11286 "-" "Mozilla/5.0 (Windows NT 10.0; Win64; x64; rv:64.0) Gecko/20100101 Firefox/64.0"
104.252.3.154 - - [23/Jul/2026:10:08:17 -0600] "GET / HTTP/1.1" 200 11286 "-" "Mozilla/5.0 (Windows NT 10.0; Win64; x64; rv:64.0) Gecko/20100101 Firefox/64.0"
170.64.251.156 - - [23/Jul/2026:10:09:43 -0600] "GET /befb1/ HTTP/1.1" 200 10045 "-" "Mozilla/5.0 (Linux; Android 10; K) AppleWebKit/537.36 (KHTML, like Gecko) Chrome/144.0.0.0 Mobile Safari/537.36"
146.190.203.144 - - [23/Jul/2026:10:09:44 -0600] "GET /befb1/ HTTP/1.1" 200 10046 "-" "Mozilla/5.0 (Linux; Android 10; K) AppleWebKit/537.36 (KHTML, like Gecko) Chrome/144.0.0.0 Mobile Safari/537.36"
159.223.242.210 - - [23/Jul/2026:10:09:47 -0600] "GET /befb1/ HTTP/1.1" 200 10046 "-" "Mozilla/5.0 (Linux; Android 10; K) AppleWebKit/537.36 (KHTML, like Gecko) Chrome/144.0.0.0 Mobile Safari/537.36"
170.80.111.60 - - [23/Jul/2026:10:11:20 -0600] "GET /44f37e2fe2index.php HTTP/1.1" 200 55714 "-" "Mozilla/5.0 (iPhone; CPU iPhone OS 14_0 like Mac OS X) AppleWebKit/605.1.15 (KHTML, like Gecko) Version/14.0 Mobile/15E148 Safari/604.1"
57.129.137.115 - - [23/Jul/2026:10:11:20 -0600] "GET /44f37e2fe2index.php HTTP/1.1" 200 55715 "-" "Mozilla/5.0 (iPhone; CPU iPhone OS 14_0 like Mac OS X) AppleWebKit/605.1.15 (KHTML, like Gecko) Version/14.0 Mobile/15E148 Safari/604.1"
23.82.96.182 - - [23/Jul/2026:10:11:20 -0600] "GET /44f37e2fe2index.php HTTP/1.1" 200 55713 "-" "Mozilla/5.0 (iPhone; CPU iPhone OS 14_0 like Mac OS X) AppleWebKit/605.1.15 (KHTML, like Gecko) Version/14.0 Mobile/15E148 Safari/604.1"
68.183.245.101 - - [23/Jul/2026:10:11:22 -0600] "GET /44f37e2fe2index.php HTTP/1.1" 200 55715 "-" "Mozilla/5.0 (iPhone; CPU iPhone OS 14_0 like Mac OS X) AppleWebKit/605.1.15 (KHTML, like Gecko) Version/14.0 Mobile/15E148 Safari/604.1"
185.152.67.230 - - [23/Jul/2026:10:15:35 -0600] "GET /6c2ed/ HTTP/1.1" 404 - "-" "Mozilla/5.0 (Linux; Android 10; K) AppleWebKit/537.36 (KHTML, like Gecko) Chrome/143.0.0.0 Mobile Safari/537.36"
146.190.203.144 - - [23/Jul/2026:10:15:35 -0600] "GET /6c2ed/ HTTP/1.1" 404 - "-" "Mozilla/5.0 (Linux; Android 10; K) AppleWebKit/537.36 (KHTML, like Gecko) Chrome/143.0.0.0 Mobile Safari/537.36"
57.131.13.107 - - [23/Jul/2026:10:15:35 -0600] "GET /6c2ed/ HTTP/1.1" 404 - "-" "Mozilla/5.0 (Linux; Android 10; K) AppleWebKit/537.36 (KHTML, like Gecko) Chrome/143.0.0.0 Mobile Safari/537.36"
77.42.64.153 - - [23/Jul/2026:10:15:37 -0600] "GET /6c2ed/ HTTP/1.1" 404 - "-" "Mozilla/5.0 (Linux; Android 10; K) AppleWebKit/537.36 (KHTML, like Gecko) Chrome/143.0.0.0 Mobile Safari/537.36"
57.131.13.107 - - [23/Jul/2026:10:16:18 -0600] "GET /097c2/index.php HTTP/1.1" 200 5167 "-" "Mozilla/5.0 (Macintosh; Intel Mac OS X 10_15_7) AppleWebKit/537.36 (KHTML, like Gecko) Chrome/148.0.0.0 Safari/537.36"
57.129.137.254 - - [23/Jul/2026:10:16:18 -0600] "GET /097c2/index.php HTTP/1.1" 200 5168 "-" "Mozilla/5.0 (Macintosh; Intel Mac OS X 10_15_7) AppleWebKit/537.36 (KHTML, like Gecko) Chrome/148.0.0.0 Safari/537.36"
23.82.96.182 - - [23/Jul/2026:10:16:19 -0600] "GET /097c2/index.php HTTP/1.1" 200 5166 "-" "Mozilla/5.0 (Macintosh; Intel Mac OS X 10_15_7) AppleWebKit/537.36 (KHTML, like Gecko) Chrome/148.0.0.0 Safari/537.36"
68.183.245.101 - - [23/Jul/2026:10:16:20 -0600] "GET /097c2/index.php HTTP/1.1" 200 5168 "-" "Mozilla/5.0 (Macintosh; Intel Mac OS X 10_15_7) AppleWebKit/537.36 (KHTML, like Gecko) Chrome/148.0.0.0 Safari/537.36"
45.227.253.15 - - [23/Jul/2026:10:18:17 -0600] "GET /index.php/jk HTTP/1.1" 302 271 "-" "Mozilla/5.0 (Macintosh; Intel Mac OS X 10.15; rv:82.0) Gecko/20100101 Firefox/82.0"
23.82.96.181 - - [23/Jul/2026:10:21:07 -0600] "GET /878767604findex.php HTTP/1.1" 200 55713 "-" "Mozilla/5.0 (iPod; U; CPU iPhone OS 4_0 like Mac OS X; hr-HR) AppleWebKit/531.16.1 (KHTML, like Gecko) Version/4.0.5 Mobile/8B112 Safari/6531.16.1"
57.129.137.189 - - [23/Jul/2026:10:21:08 -0600] "GET /878767604findex.php HTTP/1.1" 200 55715 "-" "Mozilla/5.0 (iPod; U; CPU iPhone OS 4_0 like Mac OS X; hr-HR) AppleWebKit/531.16.1 (KHTML, like Gecko) Version/4.0.5 Mobile/8B112 Safari/6531.16.1"
209.38.171.212 - - [23/Jul/2026:10:21:09 -0600] "GET /878767604findex.php HTTP/1.1" 200 55715 "-" "Mozilla/5.0 (iPod; U; CPU iPhone OS 4_0 like Mac OS X; hr-HR) AppleWebKit/531.16.1 (KHTML, like Gecko) Version/4.0.5 Mobile/8B112 Safari/6531.16.1"
91.134.43.151 - - [23/Jul/2026:10:21:12 -0600] "GET /878767604findex.php HTTP/1.1" 200 55714 "-" "Mozilla/5.0 (iPod; U; CPU iPhone OS 4_0 like Mac OS X; hr-HR) AppleWebKit/531.16.1 (KHTML, like Gecko) Version/4.0.5 Mobile/8B112 Safari/6531.16.1"
198.244.240.166 - - [23/Jul/2026:10:22:00 -0600] "GET /sitemap.xml HTTP/1.1" 302 271 "-" "Mozilla/5.0 (compatible; AhrefsBot/7.0; +http://ahrefs.com/robot/)"
51.161.65.205 - - [23/Jul/2026:10:33:47 -0600] "GET /ca5aaa2191d8.php HTTP/1.1" 200 7 "-" "Mozilla/5.0 (compatible; AhrefsBot/7.0; +http://ahrefs.com/robot/)"
57.129.137.254 - - [23/Jul/2026:10:37:23 -0600] "GET /7b438268daindex.php HTTP/1.1" 200 55715 "-" "Mozilla/5.0 (Windows NT 10.0; Win64; x64) AppleWebKit/537.36 (KHTML, like Gecko) Chrome/148.0.0.0 Safari/537.36 Edg/148.0.0.0"
46.62.173.36 - - [23/Jul/2026:10:37:26 -0600] "GET /7b438268daindex.php HTTP/1.1" 200 55713 "-" "Mozilla/5.0 (Windows NT 10.0; Win64; x64) AppleWebKit/537.36 (KHTML, like Gecko) Chrome/148.0.0.0 Safari/537.36 Edg/148.0.0.0"
23.19.230.168 - - [23/Jul/2026:10:37:27 -0600] "GET /7b438268daindex.php HTTP/1.1" 200 55714 "-" "Mozilla/5.0 (Windows NT 10.0; Win64; x64) AppleWebKit/537.36 (KHTML, like Gecko) Chrome/148.0.0.0 Safari/537.36 Edg/148.0.0.0"
57.129.134.182 - - [23/Jul/2026:10:37:29 -0600] "GET /7b438268daindex.php HTTP/1.1" 200 55715 "-" "Mozilla/5.0 (Windows NT 10.0; Win64; x64) AppleWebKit/537.36 (KHTML, like Gecko) Chrome/148.0.0.0 Safari/537.36 Edg/148.0.0.0"
216.73.217.142 - - [23/Jul/2026:10:43:56 -0600] "GET /robots.txt HTTP/1.1" 200 76 "-" "Mozilla/5.0 AppleWebKit/537.36 (KHTML, like Gecko; compatible; ClaudeBot/1.0; +claudebot@anthropic.com)"
216.73.217.142 - - [23/Jul/2026:10:44:24 -0600] "GET /sitemap.xml HTTP/1.1" 302 271 "-" "Mozilla/5.0 AppleWebKit/537.36 (KHTML, like Gecko; compatible; ClaudeBot/1.0; +claudebot@anthropic.com)"
45.90.220.252 - - [23/Jul/2026:10:54:13 -0600] "GET /.well-known/acme-challenge/NNU0EQRNS3RQ18V15SNM39K4K4W2D_GW HTTP/1.1" 200 64 "-" "Cpanel-HTTP-Client/1.0"
45.90.220.252 - - [23/Jul/2026:10:54:14 -0600] "GET /.well-known/acme-challenge/DMS9KASGZX-YTLUKNDTHPBZ2LUL5QW2P HTTP/1.1" 200 64 "-" "Cpanel-HTTP-Client/1.0"
45.90.220.252 - - [23/Jul/2026:10:54:15 -0600] "GET /.well-known/acme-challenge/3982BPSMDZEF4L0VG0DJH_9H1918N9FF HTTP/1.1" 200 64 "-" "Cpanel-HTTP-Client/1.0"
45.90.220.252 - - [23/Jul/2026:10:54:15 -0600] "GET /.well-known/acme-challenge/W0_SAN8VE3AEFA-HVNT-M4NKVGFILFXJ HTTP/1.1" 200 64 "-" "Cpanel-HTTP-Client/1.0"
45.90.220.252 - - [23/Jul/2026:10:54:16 -0600] "GET /.well-known/acme-challenge/B5PVWP7Z1OCIG8N9ZEQT_WD6O2LUPW5W HTTP/1.1" 200 64 "-" "Cpanel-HTTP-Client/1.0"
45.90.220.252 - - [23/Jul/2026:10:54:16 -0600] "GET /.well-known/acme-challenge/HT23SB3P0QCMLWRYQN6VFB76H-2N_IYK HTTP/1.1" 200 64 "-" "Cpanel-HTTP-Client/1.0"
45.90.220.252 - - [23/Jul/2026:10:54:16 -0600] "GET /.well-known/acme-challenge/1WL10QHSYG-K0YVFFFU6L1S79_0M45A3 HTTP/1.1" 200 64 "-" "Cpanel-HTTP-Client/1.0"
45.90.220.252 - - [23/Jul/2026:10:54:18 -0600] "GET /.well-known/acme-challenge/5RQRTQOZ9SSYIN-SWFBGHAL5D_L1886W HTTP/1.1" 200 64 "-" "Cpanel-HTTP-Client/1.0"
45.90.220.252 - - [23/Jul/2026:10:54:18 -0600] "GET /.well-known/acme-challenge/NWIIJV9E8BOM2-ZZCDZYNT4908O9PAF_ HTTP/1.1" 200 64 "-" "Cpanel-HTTP-Client/1.0"
45.90.220.252 - - [23/Jul/2026:10:54:18 -0600] "GET /.well-known/acme-challenge/FE71R3DOJE-ZVPOD4KNC1KAOH75RT20R HTTP/1.1" 200 64 "-" "Cpanel-HTTP-Client/1.0"
77.42.67.200 - - [23/Jul/2026:10:54:54 -0600] "GET /097c2/ HTTP/1.1" 200 5166 "-" "Mozilla/5.0 (Windows NT 10.0; Win64; x64) AppleWebKit/537.36 (KHTML, like Gecko) Chrome/147.0.0.0 Safari/537.36 OPR/131.0.0.0"
209.38.171.212 - - [23/Jul/2026:10:54:55 -0600] "GET /097c2/ HTTP/1.1" 200 5168 "-" "Mozilla/5.0 (Windows NT 10.0; Win64; x64) AppleWebKit/537.36 (KHTML, like Gecko) Chrome/147.0.0.0 Safari/537.36 OPR/131.0.0.0"
159.89.216.7 - - [23/Jul/2026:10:54:55 -0600] "GET /097c2/ HTTP/1.1" 200 5166 "-" "Mozilla/5.0 (Windows NT 10.0; Win64; x64) AppleWebKit/537.36 (KHTML, like Gecko) Chrome/147.0.0.0 Safari/537.36 OPR/131.0.0.0"
159.223.242.210 - - [23/Jul/2026:10:54:56 -0600] "GET /097c2/ HTTP/1.1" 200 5169 "-" "Mozilla/5.0 (Windows NT 10.0; Win64; x64) AppleWebKit/537.36 (KHTML, like Gecko) Chrome/147.0.0.0 Safari/537.36 OPR/131.0.0.0"
114.119.156.152 - - [23/Jul/2026:10:57:06 -0600] "GET /items/459846818.htm HTTP/1.1" 302 271 "http://4uweb.design/items/459846818.htm" "Mozilla/5.0 (Linux; Android 7.0;) AppleWebKit/537.36 (HTML, like Gecko) Mobile Safari/537.36 (compatible; PetalBot;+https://webmaster.petalsearch.com/site/petalbot)"
97.117.95.25 - - [23/Jul/2026:10:58:59 -0600] "GET /03f0f/ HTTP/1.1" 200 25104 "-" "Mozilla/5.0 (iPhone; CPU iPhone OS 18_6 like Mac OS X) AppleWebKit/605.1.15 (KHTML, like Gecko) Version/26.5 Mobile/15E148 Safari/604.1"
77.42.64.153 - - [23/Jul/2026:10:58:59 -0600] "GET /03f0f/ HTTP/1.1" 200 25101 "-" "Mozilla/5.0 (iPhone; CPU iPhone OS 18_6 like Mac OS X) AppleWebKit/605.1.15 (KHTML, like Gecko) Version/26.5 Mobile/15E148 Safari/604.1"
91.134.142.216 - - [23/Jul/2026:10:59:00 -0600] "GET /03f0f/ HTTP/1.1" 200 25104 "-" "Mozilla/5.0 (iPhone; CPU iPhone OS 18_6 like Mac OS X) AppleWebKit/605.1.15 (KHTML, like Gecko) Version/26.5 Mobile/15E148 Safari/604.1"
46.62.234.38 - - [23/Jul/2026:10:59:02 -0600] "GET /03f0f/ HTTP/1.1" 200 25101 "-" "Mozilla/5.0 (iPhone; CPU iPhone OS 18_6 like Mac OS X) AppleWebKit/605.1.15 (KHTML, like Gecko) Version/26.5 Mobile/15E148 Safari/604.1"
206.189.247.132 - - [23/Jul/2026:10:59:08 -0600] "GET /93fd15b825index.php HTTP/1.1" 200 55716 "-" "Mozilla/5.0 (Windows NT 10.0; Win64; x64) AppleWebKit/537.36 (KHTML, like Gecko) Chrome/150.0.0.0 Safari/537.36"
57.129.137.189 - - [23/Jul/2026:10:59:09 -0600] "GET /93fd15b825index.php HTTP/1.1" 200 55715 "-" "Mozilla/5.0 (Windows NT 10.0; Win64; x64) AppleWebKit/537.36 (KHTML, like Gecko) Chrome/150.0.0.0 Safari/537.36"
23.80.89.38 - - [23/Jul/2026:10:59:09 -0600] "GET /93fd15b825index.php HTTP/1.1" 200 55712 "-" "Mozilla/5.0 (Windows NT 10.0; Win64; x64) AppleWebKit/537.36 (KHTML, like Gecko) Chrome/150.0.0.0 Safari/537.36"
77.42.64.153 - - [23/Jul/2026:10:59:10 -0600] "GET /93fd15b825index.php HTTP/1.1" 200 55713 "-" "Mozilla/5.0 (Windows NT 10.0; Win64; x64) AppleWebKit/537.36 (KHTML, like Gecko) Chrome/150.0.0.0 Safari/537.36"
57.129.134.182 - - [23/Jul/2026:11:00:36 -0600] "GET /ca5aaa2191d8.php HTTP/1.1" 200 7 "-" "Mozilla/5.0 (Windows NT 10.0; Win64; x64) AppleWebKit/537.36 (KHTML, like Gecko) Chrome/148.0.0.0 Safari/537.36 Edg/148.0.0.0"
57.131.13.95 - - [23/Jul/2026:11:00:36 -0600] "GET /ca5aaa2191d8.php HTTP/1.1" 200 7 "-" "Mozilla/5.0 (Windows NT 10.0; Win64; x64) AppleWebKit/537.36 (KHTML, like Gecko) Chrome/148.0.0.0 Safari/537.36 Edg/148.0.0.0"
164.90.241.135 - - [23/Jul/2026:11:00:40 -0600] "GET /ca5aaa2191d8.php HTTP/1.1" 200 7 "-" "Mozilla/5.0 (Windows NT 10.0; Win64; x64) AppleWebKit/537.36 (KHTML, like Gecko) Chrome/148.0.0.0 Safari/537.36 Edg/148.0.0.0"
65.130.187.39 - - [23/Jul/2026:11:00:42 -0600] "GET /ca5aaa2191d8.php HTTP/1.1" 200 7 "-" "Mozilla/5.0 (Windows NT 10.0; Win64; x64) AppleWebKit/537.36 (KHTML, like Gecko) Chrome/148.0.0.0 Safari/537.36 Edg/148.0.0.0"
66.249.75.2 - - [23/Jul/2026:11:00:46 -0600] "GET /review/goods/43434201920/ HTTP/1.1" 302 271 "-" "Mozilla/5.0 (Linux; Android 6.0.1; Nexus 5X Build/MMB29P) AppleWebKit/537.36 (KHTML, like Gecko) Chrome/150.0.7871.128 Mobile Safari/537.36 (compatible; GoogleOther)"
66.249.75.2 - - [23/Jul/2026:11:00:48 -0600] "GET /review/goods/43434201920/ HTTP/1.1" 302 271 "-" "Mozilla/5.0 (Linux; Android 6.0.1; Nexus 5X Build/MMB29P) AppleWebKit/537.36 (KHTML, like Gecko) Chrome/150.0.7871.128 Mobile Safari/537.36 (compatible; GoogleOther)"
66.249.75.8 - - [23/Jul/2026:11:01:48 -0600] "GET /review/goods/41387654870/ HTTP/1.1" 302 271 "-" "Mozilla/5.0 (Linux; Android 6.0.1; Nexus 5X Build/MMB29P) AppleWebKit/537.36 (KHTML, like Gecko) Chrome/150.0.7871.128 Mobile Safari/537.36 (compatible; GoogleOther)"
66.249.75.8 - - [23/Jul/2026:11:01:50 -0600] "GET /review/goods/41387654870/ HTTP/1.1" 302 271 "-" "Mozilla/5.0 (Linux; Android 6.0.1; Nexus 5X Build/MMB29P) AppleWebKit/537.36 (KHTML, like Gecko) Chrome/150.0.7871.128 Mobile Safari/537.36 (compatible; GoogleOther)"
66.249.75.2 - - [23/Jul/2026:11:05:51 -0600] "GET /items/3724980406.htm HTTP/1.1" 302 271 "-" "Mozilla/5.0 (Linux; Android 6.0.1; Nexus 5X Build/MMB29P) AppleWebKit/537.36 (KHTML, like Gecko) Chrome/150.0.7871.128 Mobile Safari/537.36 (compatible; GoogleOther)"
66.249.75.8 - - [23/Jul/2026:11:05:53 -0600] "GET /items/3724980406.htm HTTP/1.1" 302 271 "-" "Mozilla/5.0 (Linux; Android 6.0.1; Nexus 5X Build/MMB29P) AppleWebKit/537.36 (KHTML, like Gecko) Chrome/150.0.7871.128 Mobile Safari/537.36 (compatible; GoogleOther)"
66.249.75.8 - - [23/Jul/2026:11:06:53 -0600] "GET /review/goods/42122080697/ HTTP/1.1" 302 271 "-" "Mozilla/5.0 (Linux; Android 6.0.1; Nexus 5X Build/MMB29P) AppleWebKit/537.36 (KHTML, like Gecko) Chrome/150.0.7871.128 Mobile Safari/537.36 (compatible; GoogleOther)"
66.249.75.8 - - [23/Jul/2026:11:06:55 -0600] "GET /review/goods/42122080697/ HTTP/1.1" 302 271 "-" "Mozilla/5.0 (Linux; Android 6.0.1; Nexus 5X Build/MMB29P) AppleWebKit/537.36 (KHTML, like Gecko) Chrome/150.0.7871.128 Mobile Safari/537.36 (compatible; GoogleOther)"
57.129.137.115 - - [23/Jul/2026:11:08:32 -0600] "GET /44f37e2fe2index.php HTTP/1.1" 200 55715 "-" "Mozilla/5.0 (iPhone; CPU iPhone OS 14_0 like Mac OS X) AppleWebKit/605.1.15 (KHTML, like Gecko) Version/14.0 Mobile/15E148 Safari/604.1"
170.80.111.60 - - [23/Jul/2026:11:08:33 -0600] "GET /44f37e2fe2index.php HTTP/1.1" 200 55714 "-" "Mozilla/5.0 (iPhone; CPU iPhone OS 14_0 like Mac OS X) AppleWebKit/605.1.15 (KHTML, like Gecko) Version/14.0 Mobile/15E148 Safari/604.1"
68.183.245.101 - - [23/Jul/2026:11:08:35 -0600] "GET /44f37e2fe2index.php HTTP/1.1" 200 55715 "-" "Mozilla/5.0 (iPhone; CPU iPhone OS 14_0 like Mac OS X) AppleWebKit/605.1.15 (KHTML, like Gecko) Version/14.0 Mobile/15E148 Safari/604.1"
23.82.96.182 - - [23/Jul/2026:11:08:37 -0600] "GET /44f37e2fe2index.php HTTP/1.1" 200 55713 "-" "Mozilla/5.0 (iPhone; CPU iPhone OS 14_0 like Mac OS X) AppleWebKit/605.1.15 (KHTML, like Gecko) Version/14.0 Mobile/15E148 Safari/604.1"
57.129.137.254 - - [23/Jul/2026:11:11:33 -0600] "GET /097c2/index.php HTTP/1.1" 200 5168 "-" "Mozilla/5.0 (Macintosh; Intel Mac OS X 10_15_7) AppleWebKit/537.36 (KHTML, like Gecko) Chrome/148.0.0.0 Safari/537.36"
23.82.96.182 - - [23/Jul/2026:11:11:33 -0600] "GET /097c2/index.php HTTP/1.1" 200 5166 "-" "Mozilla/5.0 (Macintosh; Intel Mac OS X 10_15_7) AppleWebKit/537.36 (KHTML, like Gecko) Chrome/148.0.0.0 Safari/537.36"
57.131.13.107 - - [23/Jul/2026:11:11:34 -0600] "GET /097c2/index.php HTTP/1.1" 200 5167 "-" "Mozilla/5.0 (Macintosh; Intel Mac OS X 10_15_7) AppleWebKit/537.36 (KHTML, like Gecko) Chrome/148.0.0.0 Safari/537.36"
68.183.245.101 - - [23/Jul/2026:11:11:35 -0600] "GET /097c2/index.php HTTP/1.1" 200 5168 "-" "Mozilla/5.0 (Macintosh; Intel Mac OS X 10_15_7) AppleWebKit/537.36 (KHTML, like Gecko) Chrome/148.0.0.0 Safari/537.36"
66.249.75.2 - - [23/Jul/2026:11:12:58 -0600] "GET /review/goods/42066680130/ HTTP/1.1" 302 271 "-" "Mozilla/5.0 (Linux; Android 6.0.1; Nexus 5X Build/MMB29P) AppleWebKit/537.36 (KHTML, like Gecko) Chrome/150.0.7871.128 Mobile Safari/537.36 (compatible; GoogleOther)"
66.249.75.8 - - [23/Jul/2026:11:13:00 -0600] "GET /review/goods/42066680130/ HTTP/1.1" 302 271 "-" "Mozilla/5.0 (Linux; Android 6.0.1; Nexus 5X Build/MMB29P) AppleWebKit/537.36 (KHTML, like Gecko) Chrome/150.0.7871.128 Mobile Safari/537.36 (compatible; GoogleOther)"
159.223.242.210 - - [23/Jul/2026:11:14:02 -0600] "GET /befb1/ HTTP/1.1" 200 10046 "-" "Mozilla/5.0 (Linux; Android 10; K) AppleWebKit/537.36 (KHTML, like Gecko) Chrome/144.0.0.0 Mobile Safari/537.36"
146.190.203.144 - - [23/Jul/2026:11:14:03 -0600] "GET /befb1/ HTTP/1.1" 200 10046 "-" "Mozilla/5.0 (Linux; Android 10; K) AppleWebKit/537.36 (KHTML, like Gecko) Chrome/144.0.0.0 Mobile Safari/537.36"
170.64.251.156 - - [23/Jul/2026:11:14:04 -0600] "GET /befb1/ HTTP/1.1" 200 10045 "-" "Mozilla/5.0 (Linux; Android 10; K) AppleWebKit/537.36 (KHTML, like Gecko) Chrome/144.0.0.0 Mobile Safari/537.36"
216.73.217.142 - - [23/Jul/2026:11:16:10 -0600] "GET /sitemap.xml HTTP/1.1" 302 271 "-" "Mozilla/5.0 AppleWebKit/537.36 (KHTML, like Gecko; compatible; ClaudeBot/1.0; +claudebot@anthropic.com)"
185.152.67.230 - - [23/Jul/2026:11:16:21 -0600] "GET /6c2ed/ HTTP/1.1" 404 - "-" "Mozilla/5.0 (Linux; Android 10; K) AppleWebKit/537.36 (KHTML, like Gecko) Chrome/143.0.0.0 Mobile Safari/537.36"
57.131.13.107 - - [23/Jul/2026:11:16:21 -0600] "GET /6c2ed/ HTTP/1.1" 404 - "-" "Mozilla/5.0 (Linux; Android 10; K) AppleWebKit/537.36 (KHTML, like Gecko) Chrome/143.0.0.0 Mobile Safari/537.36"
77.42.64.153 - - [23/Jul/2026:11:16:21 -0600] "GET /6c2ed/ HTTP/1.1" 404 - "-" "Mozilla/5.0 (Linux; Android 10; K) AppleWebKit/537.36 (KHTML, like Gecko) Chrome/143.0.0.0 Mobile Safari/537.36"
146.190.203.144 - - [23/Jul/2026:11:16:22 -0600] "GET /6c2ed/ HTTP/1.1" 404 - "-" "Mozilla/5.0 (Linux; Android 10; K) AppleWebKit/537.36 (KHTML, like Gecko) Chrome/143.0.0.0 Mobile Safari/537.36"
54.39.89.96 - - [23/Jul/2026:11:17:18 -0600] "GET /ce048ac8c7index.php HTTP/1.1" 500 - "-" "Mozilla/5.0 (compatible; AhrefsBot/7.0; +http://ahrefs.com/robot/)"
66.249.75.8 - - [23/Jul/2026:11:17:26 -0600] "GET /review/goods/43104936166/ HTTP/1.1" 302 271 "-" "Mozilla/5.0 (Linux; Android 6.0.1; Nexus 5X Build/MMB29P) AppleWebKit/537.36 (KHTML, like Gecko) Chrome/150.0.7871.128 Mobile Safari/537.36 (compatible; GoogleOther)"
66.249.75.2 - - [23/Jul/2026:11:17:28 -0600] "GET /review/goods/43104936166/ HTTP/1.1" 302 271 "-" "Mozilla/5.0 (Linux; Android 6.0.1; Nexus 5X Build/MMB29P) AppleWebKit/537.36 (KHTML, like Gecko) Chrome/150.0.7871.128 Mobile Safari/537.36 (compatible; GoogleOther)"
104.252.3.13 - - [23/Jul/2026:11:18:17 -0600] "GET / HTTP/1.1" 200 11286 "-" "Mozilla/5.0 (Windows NT 10.0; Win64; x64; rv:64.0) Gecko/20100101 Firefox/64.0"
192.30.83.26 - - [23/Jul/2026:11:18:17 -0600] "GET / HTTP/1.1" 200 11286 "-" "Mozilla/5.0 (Windows NT 10.0; Win64; x64; rv:64.0) Gecko/20100101 Firefox/64.0"
57.129.137.189 - - [23/Jul/2026:11:24:04 -0600] "GET /878767604findex.php HTTP/1.1" 200 55715 "-" "Mozilla/5.0 (iPod; U; CPU iPhone OS 4_0 like Mac OS X; hr-HR) AppleWebKit/531.16.1 (KHTML, like Gecko) Version/4.0.5 Mobile/8B112 Safari/6531.16.1"
91.134.43.151 - - [23/Jul/2026:11:24:04 -0600] "GET /878767604findex.php HTTP/1.1" 200 55714 "-" "Mozilla/5.0 (iPod; U; CPU iPhone OS 4_0 like Mac OS X; hr-HR) AppleWebKit/531.16.1 (KHTML, like Gecko) Version/4.0.5 Mobile/8B112 Safari/6531.16.1"
23.82.96.181 - - [23/Jul/2026:11:24:05 -0600] "GET /878767604findex.php HTTP/1.1" 200 55713 "-" "Mozilla/5.0 (iPod; U; CPU iPhone OS 4_0 like Mac OS X; hr-HR) AppleWebKit/531.16.1 (KHTML, like Gecko) Version/4.0.5 Mobile/8B112 Safari/6531.16.1"
209.38.171.212 - - [23/Jul/2026:11:24:09 -0600] "GET /878767604findex.php HTTP/1.1" 200 55715 "-" "Mozilla/5.0 (iPod; U; CPU iPhone OS 4_0 like Mac OS X; hr-HR) AppleWebKit/531.16.1 (KHTML, like Gecko) Version/4.0.5 Mobile/8B112 Safari/6531.16.1"
66.249.75.8 - - [23/Jul/2026:11:24:31 -0600] "GET /review/goods/4812854225/ HTTP/1.1" 302 271 "-" "Mozilla/5.0 (Linux; Android 6.0.1; Nexus 5X Build/MMB29P) AppleWebKit/537.36 (KHTML, like Gecko) Chrome/150.0.7871.128 Mobile Safari/537.36 (compatible; GoogleOther)"
66.249.75.1 - - [23/Jul/2026:11:24:33 -0600] "GET /review/goods/4812854225/ HTTP/1.1" 302 271 "-" "Mozilla/5.0 (Linux; Android 6.0.1; Nexus 5X Build/MMB29P) AppleWebKit/537.36 (KHTML, like Gecko) Chrome/150.0.7871.128 Mobile Safari/537.36 (compatible; GoogleOther)"
66.249.75.8 - - [23/Jul/2026:11:32:26 -0600] "GET /review/goods/4844123089/ HTTP/1.1" 302 271 "-" "Mozilla/5.0 (Linux; Android 6.0.1; Nexus 5X Build/MMB29P) AppleWebKit/537.36 (KHTML, like Gecko) Chrome/150.0.7871.128 Mobile Safari/537.36 (compatible; GoogleOther)"
57.129.134.182 - - [23/Jul/2026:11:35:00 -0600] "GET /7b438268daindex.php HTTP/1.1" 200 55715 "-" "Mozilla/5.0 (Windows NT 10.0; Win64; x64) AppleWebKit/537.36 (KHTML, like Gecko) Chrome/148.0.0.0 Safari/537.36 Edg/148.0.0.0"
57.129.137.254 - - [23/Jul/2026:11:35:01 -0600] "GET /7b438268daindex.php HTTP/1.1" 200 55715 "-" "Mozilla/5.0 (Windows NT 10.0; Win64; x64) AppleWebKit/537.36 (KHTML, like Gecko) Chrome/148.0.0.0 Safari/537.36 Edg/148.0.0.0"
46.62.173.36 - - [23/Jul/2026:11:35:01 -0600] "GET /7b438268daindex.php HTTP/1.1" 200 55713 "-" "Mozilla/5.0 (Windows NT 10.0; Win64; x64) AppleWebKit/537.36 (KHTML, like Gecko) Chrome/148.0.0.0 Safari/537.36 Edg/148.0.0.0"
23.19.230.168 - - [23/Jul/2026:11:35:03 -0600] "GET /7b438268daindex.php HTTP/1.1" 200 55714 "-" "Mozilla/5.0 (Windows NT 10.0; Win64; x64) AppleWebKit/537.36 (KHTML, like Gecko) Chrome/148.0.0.0 Safari/537.36 Edg/148.0.0.0"
66.249.75.8 - - [23/Jul/2026:11:36:03 -0600] "GET /review/goods/43698601887/ HTTP/1.1" 302 271 "-" "Mozilla/5.0 (Linux; Android 6.0.1; Nexus 5X Build/MMB29P) AppleWebKit/537.36 (KHTML, like Gecko) Chrome/150.0.7871.128 Mobile Safari/537.36 (compatible; GoogleOther)"
66.249.75.8 - - [23/Jul/2026:11:43:21 -0600] "GET /category/0/1/025/025025/?SPC=0&SGC=0&STA=0&FPC=0&FGC=0&FTA=0&SFL_DF=0&CPPR=1 HTTP/1.1" 302 271 "-" "Mozilla/5.0 (Linux; Android 6.0.1; Nexus 5X Build/MMB29P) AppleWebKit/537.36 (KHTML, like Gecko) Chrome/150.0.7871.128 Mobile Safari/537.36 (compatible; GoogleOther)"
66.249.75.2 - - [23/Jul/2026:11:43:23 -0600] "GET /category/0/1/025/025025/?SPC=0&SGC=0&STA=0&FPC=0&FGC=0&FTA=0&SFL_DF=0&CPPR=1 HTTP/1.1" 302 271 "-" "Mozilla/5.0 (Linux; Android 6.0.1; Nexus 5X Build/MMB29P) AppleWebKit/537.36 (KHTML, like Gecko) Chrome/150.0.7871.128 Mobile Safari/537.36 (compatible; GoogleOther)"
198.244.226.184 - - [23/Jul/2026:11:51:23 -0600] "GET /sitemap.xml HTTP/1.1" 302 271 "-" "Mozilla/5.0 (compatible; AhrefsBot/7.0; +http://ahrefs.com/robot/)"
57.131.13.95 - - [23/Jul/2026:11:54:40 -0600] "GET /ca5aaa2191d8.php HTTP/1.1" 200 7 "-" "Mozilla/5.0 (Windows NT 10.0; Win64; x64) AppleWebKit/537.36 (KHTML, like Gecko) Chrome/148.0.0.0 Safari/537.36 Edg/148.0.0.0"
57.129.134.182 - - [23/Jul/2026:11:54:40 -0600] "GET /ca5aaa2191d8.php HTTP/1.1" 200 7 "-" "Mozilla/5.0 (Windows NT 10.0; Win64; x64) AppleWebKit/537.36 (KHTML, like Gecko) Chrome/148.0.0.0 Safari/537.36 Edg/148.0.0.0"
65.130.187.39 - - [23/Jul/2026:11:54:39 -0600] "GET /ca5aaa2191d8.php HTTP/1.1" 200 7 "-" "Mozilla/5.0 (Windows NT 10.0; Win64; x64) AppleWebKit/537.36 (KHTML, like Gecko) Chrome/148.0.0.0 Safari/537.36 Edg/148.0.0.0"
164.90.241.135 - - [23/Jul/2026:11:54:41 -0600] "GET /ca5aaa2191d8.php HTTP/1.1" 200 7 "-" "Mozilla/5.0 (Windows NT 10.0; Win64; x64) AppleWebKit/537.36 (KHTML, like Gecko) Chrome/148.0.0.0 Safari/537.36 Edg/148.0.0.0"
216.73.217.142 - - [23/Jul/2026:11:55:38 -0600] "GET /robots.txt HTTP/1.1" 200 76 "-" "Mozilla/5.0 AppleWebKit/537.36 (KHTML, like Gecko; compatible; ClaudeBot/1.0; +claudebot@anthropic.com)"
216.73.217.142 - - [23/Jul/2026:11:55:46 -0600] "GET /sitemap.xml HTTP/1.1" 302 271 "-" "Mozilla/5.0 AppleWebKit/537.36 (KHTML, like Gecko; compatible; ClaudeBot/1.0; +claudebot@anthropic.com)"
159.223.242.210 - - [23/Jul/2026:11:56:56 -0600] "GET /097c2/ HTTP/1.1" 200 5169 "-" "Mozilla/5.0 (Windows NT 10.0; Win64; x64) AppleWebKit/537.36 (KHTML, like Gecko) Chrome/147.0.0.0 Safari/537.36 OPR/131.0.0.0"
209.38.171.212 - - [23/Jul/2026:11:56:56 -0600] "GET /097c2/ HTTP/1.1" 200 5168 "-" "Mozilla/5.0 (Windows NT 10.0; Win64; x64) AppleWebKit/537.36 (KHTML, like Gecko) Chrome/147.0.0.0 Safari/537.36 OPR/131.0.0.0"
159.89.216.7 - - [23/Jul/2026:11:56:56 -0600] "GET /097c2/ HTTP/1.1" 200 5166 "-" "Mozilla/5.0 (Windows NT 10.0; Win64; x64) AppleWebKit/537.36 (KHTML, like Gecko) Chrome/147.0.0.0 Safari/537.36 OPR/131.0.0.0"
77.42.67.200 - - [23/Jul/2026:11:57:01 -0600] "GET /097c2/ HTTP/1.1" 200 5166 "-" "Mozilla/5.0 (Windows NT 10.0; Win64; x64) AppleWebKit/537.36 (KHTML, like Gecko) Chrome/147.0.0.0 Safari/537.36 OPR/131.0.0.0"
138.199.21.240 - - [23/Jul/2026:11:57:21 -0600] "GET /media/com_sppagebuilder/assets/iconfont/icosuns/fonts/index.PHP HTTP/1.1" 302 271 "-" "Mozilla/5.0 (Debian; Linux x86_64) AppleWebKit/537.36 (KHTML, like Gecko) Chrome/140.0.0.0 Safari/537.36"
138.199.21.240 - - [23/Jul/2026:11:57:26 -0600] "GET /media/com_sppagebuilder/assets/iconfont/ty/fonts/ty.PHP HTTP/1.1" 302 271 "-" "Mozilla/5.0 (Macintosh; Intel Mac OS X 10_15_7) AppleWebKit/537.36 (KHTML, like Gecko) Version/16.2 Safari/537.36"
46.62.234.38 - - [23/Jul/2026:12:03:14 -0600] "GET /03f0f/ HTTP/1.1" 200 25101 "-" "Mozilla/5.0 (iPhone; CPU iPhone OS 18_6 like Mac OS X) AppleWebKit/605.1.15 (KHTML, like Gecko) Version/26.5 Mobile/15E148 Safari/604.1"
77.42.64.153 - - [23/Jul/2026:12:03:14 -0600] "GET /03f0f/ HTTP/1.1" 200 25101 "-" "Mozilla/5.0 (iPhone; CPU iPhone OS 18_6 like Mac OS X) AppleWebKit/605.1.15 (KHTML, like Gecko) Version/26.5 Mobile/15E148 Safari/604.1"
91.134.142.216 - - [23/Jul/2026:12:03:15 -0600] "GET /03f0f/ HTTP/1.1" 200 25103 "-" "Mozilla/5.0 (iPhone; CPU iPhone OS 18_6 like Mac OS X) AppleWebKit/605.1.15 (KHTML, like Gecko) Version/26.5 Mobile/15E148 Safari/604.1"
97.117.95.25 - - [23/Jul/2026:12:03:16 -0600] "GET /03f0f/ HTTP/1.1" 200 25103 "-" "Mozilla/5.0 (iPhone; CPU iPhone OS 18_6 like Mac OS X) AppleWebKit/605.1.15 (KHTML, like Gecko) Version/26.5 Mobile/15E148 Safari/604.1"
57.129.137.189 - - [23/Jul/2026:12:05:06 -0600] "GET /93fd15b825index.php HTTP/1.1" 200 55715 "-" "Mozilla/5.0 (Windows NT 10.0; Win64; x64) AppleWebKit/537.36 (KHTML, like Gecko) Chrome/150.0.0.0 Safari/537.36"
206.189.247.132 - - [23/Jul/2026:12:05:07 -0600] "GET /93fd15b825index.php HTTP/1.1" 200 55716 "-" "Mozilla/5.0 (Windows NT 10.0; Win64; x64) AppleWebKit/537.36 (KHTML, like Gecko) Chrome/150.0.0.0 Safari/537.36"
77.42.64.153 - - [23/Jul/2026:12:05:07 -0600] "GET /93fd15b825index.php HTTP/1.1" 200 55713 "-" "Mozilla/5.0 (Windows NT 10.0; Win64; x64) AppleWebKit/537.36 (KHTML, like Gecko) Chrome/150.0.0.0 Safari/537.36"
23.80.89.38 - - [23/Jul/2026:12:05:07 -0600] "GET /93fd15b825index.php HTTP/1.1" 200 55712 "-" "Mozilla/5.0 (Windows NT 10.0; Win64; x64) AppleWebKit/537.36 (KHTML, like Gecko) Chrome/150.0.0.0 Safari/537.36"
54.39.89.125 - - [23/Jul/2026:12:09:33 -0600] "GET /adman.796.txt HTTP/1.1" 200 6 "-" "Mozilla/5.0 (compatible; AhrefsBot/7.0; +http://ahrefs.com/robot/)"
57.129.137.115 - - [23/Jul/2026:12:09:46 -0600] "GET /44f37e2fe2index.php HTTP/1.1" 200 55715 "-" "Mozilla/5.0 (iPhone; CPU iPhone OS 14_0 like Mac OS X) AppleWebKit/605.1.15 (KHTML, like Gecko) Version/14.0 Mobile/15E148 Safari/604.1"
170.80.111.60 - - [23/Jul/2026:12:09:46 -0600] "GET /44f37e2fe2index.php HTTP/1.1" 200 55714 "-" "Mozilla/5.0 (iPhone; CPU iPhone OS 14_0 like Mac OS X) AppleWebKit/605.1.15 (KHTML, like Gecko) Version/14.0 Mobile/15E148 Safari/604.1"
23.82.96.182 - - [23/Jul/2026:12:09:47 -0600] "GET /44f37e2fe2index.php HTTP/1.1" 200 55713 "-" "Mozilla/5.0 (iPhone; CPU iPhone OS 14_0 like Mac OS X) AppleWebKit/605.1.15 (KHTML, like Gecko) Version/14.0 Mobile/15E148 Safari/604.1"
68.183.245.101 - - [23/Jul/2026:12:09:47 -0600] "GET /44f37e2fe2index.php HTTP/1.1" 200 55715 "-" "Mozilla/5.0 (iPhone; CPU iPhone OS 14_0 like Mac OS X) AppleWebKit/605.1.15 (KHTML, like Gecko) Version/14.0 Mobile/15E148 Safari/604.1"
57.129.137.254 - - [23/Jul/2026:12:11:00 -0600] "GET /097c2/index.php HTTP/1.1" 200 5168 "-" "Mozilla/5.0 (Macintosh; Intel Mac OS X 10_15_7) AppleWebKit/537.36 (KHTML, like Gecko) Chrome/148.0.0.0 Safari/537.36"
23.82.96.182 - - [23/Jul/2026:12:11:00 -0600] "GET /097c2/index.php HTTP/1.1" 200 5166 "-" "Mozilla/5.0 (Macintosh; Intel Mac OS X 10_15_7) AppleWebKit/537.36 (KHTML, like Gecko) Chrome/148.0.0.0 Safari/537.36"
68.183.245.101 - - [23/Jul/2026:12:11:01 -0600] "GET /097c2/index.php HTTP/1.1" 200 5168 "-" "Mozilla/5.0 (Macintosh; Intel Mac OS X 10_15_7) AppleWebKit/537.36 (KHTML, like Gecko) Chrome/148.0.0.0 Safari/537.36"
57.131.13.107 - - [23/Jul/2026:12:11:04 -0600] "GET /097c2/index.php HTTP/1.1" 200 5167 "-" "Mozilla/5.0 (Macintosh; Intel Mac OS X 10_15_7) AppleWebKit/537.36 (KHTML, like Gecko) Chrome/148.0.0.0 Safari/537.36"
146.190.203.144 - - [23/Jul/2026:12:15:54 -0600] "GET /befb1/ HTTP/1.1" 200 10046 "-" "Mozilla/5.0 (Linux; Android 10; K) AppleWebKit/537.36 (KHTML, like Gecko) Chrome/144.0.0.0 Mobile Safari/537.36"
170.64.251.156 - - [23/Jul/2026:12:15:56 -0600] "GET /befb1/ HTTP/1.1" 200 10045 "-" "Mozilla/5.0 (Linux; Android 10; K) AppleWebKit/537.36 (KHTML, like Gecko) Chrome/144.0.0.0 Mobile Safari/537.36"
159.223.242.210 - - [23/Jul/2026:12:15:59 -0600] "GET /befb1/ HTTP/1.1" 200 10046 "-" "Mozilla/5.0 (Linux; Android 10; K) AppleWebKit/537.36 (KHTML, like Gecko) Chrome/144.0.0.0 Mobile Safari/537.36"
142.44.233.9 - - [23/Jul/2026:12:17:20 -0600] "GET /ce048ac8c7.php HTTP/1.1" 500 - "-" "Mozilla/5.0 (compatible; AhrefsBot/7.0; +http://ahrefs.com/robot/)"
23.82.96.181 - - [23/Jul/2026:12:21:48 -0600] "GET /878767604findex.php HTTP/1.1" 200 55713 "-" "Mozilla/5.0 (iPod; U; CPU iPhone OS 4_0 like Mac OS X; hr-HR) AppleWebKit/531.16.1 (KHTML, like Gecko) Version/4.0.5 Mobile/8B112 Safari/6531.16.1"
91.134.43.151 - - [23/Jul/2026:12:21:48 -0600] "GET /878767604findex.php HTTP/1.1" 200 55714 "-" "Mozilla/5.0 (iPod; U; CPU iPhone OS 4_0 like Mac OS X; hr-HR) AppleWebKit/531.16.1 (KHTML, like Gecko) Version/4.0.5 Mobile/8B112 Safari/6531.16.1"
57.129.137.189 - - [23/Jul/2026:12:21:54 -0600] "GET /878767604findex.php HTTP/1.1" 200 55715 "-" "Mozilla/5.0 (iPod; U; CPU iPhone OS 4_0 like Mac OS X; hr-HR) AppleWebKit/531.16.1 (KHTML, like Gecko) Version/4.0.5 Mobile/8B112 Safari/6531.16.1"
209.38.171.212 - - [23/Jul/2026:12:21:54 -0600] "GET /878767604findex.php HTTP/1.1" 200 55715 "-" "Mozilla/5.0 (iPod; U; CPU iPhone OS 4_0 like Mac OS X; hr-HR) AppleWebKit/531.16.1 (KHTML, like Gecko) Version/4.0.5 Mobile/8B112 Safari/6531.16.1"
57.131.13.107 - - [23/Jul/2026:12:21:58 -0600] "GET /6c2ed/ HTTP/1.1" 404 - "-" "Mozilla/5.0 (Linux; Android 10; K) AppleWebKit/537.36 (KHTML, like Gecko) Chrome/143.0.0.0 Mobile Safari/537.36"
77.42.64.153 - - [23/Jul/2026:12:21:59 -0600] "GET /6c2ed/ HTTP/1.1" 404 - "-" "Mozilla/5.0 (Linux; Android 10; K) AppleWebKit/537.36 (KHTML, like Gecko) Chrome/143.0.0.0 Mobile Safari/537.36"
185.152.67.230 - - [23/Jul/2026:12:21:59 -0600] "GET /6c2ed/ HTTP/1.1" 404 - "-" "Mozilla/5.0 (Linux; Android 10; K) AppleWebKit/537.36 (KHTML, like Gecko) Chrome/143.0.0.0 Mobile Safari/537.36"
146.190.203.144 - - [23/Jul/2026:12:22:02 -0600] "GET /6c2ed/ HTTP/1.1" 404 - "-" "Mozilla/5.0 (Linux; Android 10; K) AppleWebKit/537.36 (KHTML, like Gecko) Chrome/143.0.0.0 Mobile Safari/537.36"
142.44.233.245 - - [23/Jul/2026:12:26:46 -0600] "GET /layouts/ HTTP/1.1" 200 31 "-" "Mozilla/5.0 (compatible; AhrefsBot/7.0; +http://ahrefs.com/robot/)"
192.30.83.109 - - [23/Jul/2026:12:28:16 -0600] "GET / HTTP/1.1" 200 11286 "-" "Mozilla/5.0 (Windows NT 10.0; Win64; x64; rv:64.0) Gecko/20100101 Firefox/64.0"
104.252.3.225 - - [23/Jul/2026:12:28:16 -0600] "GET / HTTP/1.1" 200 11286 "-" "Mozilla/5.0 (Windows NT 10.0; Win64; x64; rv:64.0) Gecko/20100101 Firefox/64.0"
23.19.230.168 - - [23/Jul/2026:12:32:19 -0600] "GET /7b438268daindex.php HTTP/1.1" 200 55714 "-" "Mozilla/5.0 (Windows NT 10.0; Win64; x64) AppleWebKit/537.36 (KHTML, like Gecko) Chrome/148.0.0.0 Safari/537.36 Edg/148.0.0.0"
57.129.134.182 - - [23/Jul/2026:12:32:19 -0600] "GET /7b438268daindex.php HTTP/1.1" 200 55715 "-" "Mozilla/5.0 (Windows NT 10.0; Win64; x64) AppleWebKit/537.36 (KHTML, like Gecko) Chrome/148.0.0.0 Safari/537.36 Edg/148.0.0.0"
46.62.173.36 - - [23/Jul/2026:12:32:20 -0600] "GET /7b438268daindex.php HTTP/1.1" 200 55713 "-" "Mozilla/5.0 (Windows NT 10.0; Win64; x64) AppleWebKit/537.36 (KHTML, like Gecko) Chrome/148.0.0.0 Safari/537.36 Edg/148.0.0.0"
57.129.137.254 - - [23/Jul/2026:12:32:20 -0600] "GET /7b438268daindex.php HTTP/1.1" 200 55715 "-" "Mozilla/5.0 (Windows NT 10.0; Win64; x64) AppleWebKit/537.36 (KHTML, like Gecko) Chrome/148.0.0.0 Safari/537.36 Edg/148.0.0.0"
15.235.27.64 - - [23/Jul/2026:12:38:02 -0600] "GET /web.config.txt HTTP/1.1" 200 2974 "-" "Mozilla/5.0 (compatible; AhrefsBot/7.0; +http://ahrefs.com/robot/)"
142.44.225.192 - - [23/Jul/2026:12:49:46 -0600] "GET /03f0f/ HTTP/1.1" 200 25105 "-" "Mozilla/5.0 (compatible; AhrefsBot/7.0; +http://ahrefs.com/robot/)"
57.131.13.95 - - [23/Jul/2026:12:52:45 -0600] "GET /ca5aaa2191d8.php HTTP/1.1" 200 7 "-" "Mozilla/5.0 (Windows NT 10.0; Win64; x64) AppleWebKit/537.36 (KHTML, like Gecko) Chrome/148.0.0.0 Safari/537.36 Edg/148.0.0.0"
65.130.187.39 - - [23/Jul/2026:12:52:45 -0600] "GET /ca5aaa2191d8.php HTTP/1.1" 200 7 "-" "Mozilla/5.0 (Windows NT 10.0; Win64; x64) AppleWebKit/537.36 (KHTML, like Gecko) Chrome/148.0.0.0 Safari/537.36 Edg/148.0.0.0"
164.90.241.135 - - [23/Jul/2026:12:52:45 -0600] "GET /ca5aaa2191d8.php HTTP/1.1" 200 7 "-" "Mozilla/5.0 (Windows NT 10.0; Win64; x64) AppleWebKit/537.36 (KHTML, like Gecko) Chrome/148.0.0.0 Safari/537.36 Edg/148.0.0.0"
57.129.134.182 - - [23/Jul/2026:12:52:45 -0600] "GET /ca5aaa2191d8.php HTTP/1.1" 200 7 "-" "Mozilla/5.0 (Windows NT 10.0; Win64; x64) AppleWebKit/537.36 (KHTML, like Gecko) Chrome/148.0.0.0 Safari/537.36 Edg/148.0.0.0"
209.38.171.212 - - [23/Jul/2026:12:53:41 -0600] "GET /097c2/ HTTP/1.1" 200 5168 "-" "Mozilla/5.0 (Windows NT 10.0; Win64; x64) AppleWebKit/537.36 (KHTML, like Gecko) Chrome/147.0.0.0 Safari/537.36 OPR/131.0.0.0"
77.42.67.200 - - [23/Jul/2026:12:53:41 -0600] "GET /097c2/ HTTP/1.1" 200 5166 "-" "Mozilla/5.0 (Windows NT 10.0; Win64; x64) AppleWebKit/537.36 (KHTML, like Gecko) Chrome/147.0.0.0 Safari/537.36 OPR/131.0.0.0"
159.223.242.210 - - [23/Jul/2026:12:53:41 -0600] "GET /097c2/ HTTP/1.1" 200 5169 "-" "Mozilla/5.0 (Windows NT 10.0; Win64; x64) AppleWebKit/537.36 (KHTML, like Gecko) Chrome/147.0.0.0 Safari/537.36 OPR/131.0.0.0"
159.89.216.7 - - [23/Jul/2026:12:53:44 -0600] "GET /097c2/ HTTP/1.1" 200 5166 "-" "Mozilla/5.0 (Windows NT 10.0; Win64; x64) AppleWebKit/537.36 (KHTML, like Gecko) Chrome/147.0.0.0 Safari/537.36 OPR/131.0.0.0"
167.114.139.95 - - [23/Jul/2026:13:04:16 -0600] "GET /cache/ HTTP/1.1" 200 31 "-" "Mozilla/5.0 (compatible; AhrefsBot/7.0; +http://ahrefs.com/robot/)"
173.252.82.12 - - [23/Jul/2026:13:14:40 -0600] "GET /robots.txt HTTP/1.1" 206 76 "-" "facebookexternalhit/1.1 (+http://www.facebook.com/externalhit_uatext.php)"
54.39.0.223 - - [23/Jul/2026:13:14:57 -0600] "GET /assets/ HTTP/1.1" 200 812 "-" "Mozilla/5.0 (compatible; AhrefsBot/7.0; +http://ahrefs.com/robot/)"
23.82.96.182 - - [23/Jul/2026:13:16:52 -0600] "GET /097c2/index.php HTTP/1.1" 200 5166 "-" "Mozilla/5.0 (Macintosh; Intel Mac OS X 10_15_7) AppleWebKit/537.36 (KHTML, like Gecko) Chrome/148.0.0.0 Safari/537.36"
57.129.137.254 - - [23/Jul/2026:13:16:53 -0600] "GET /097c2/index.php HTTP/1.1" 200 5168 "-" "Mozilla/5.0 (Macintosh; Intel Mac OS X 10_15_7) AppleWebKit/537.36 (KHTML, like Gecko) Chrome/148.0.0.0 Safari/537.36"
57.131.13.107 - - [23/Jul/2026:13:16:54 -0600] "GET /097c2/index.php HTTP/1.1" 200 5167 "-" "Mozilla/5.0 (Macintosh; Intel Mac OS X 10_15_7) AppleWebKit/537.36 (KHTML, like Gecko) Chrome/148.0.0.0 Safari/537.36"
68.183.245.101 - - [23/Jul/2026:13:16:55 -0600] "GET /097c2/index.php HTTP/1.1" 200 5168 "-" "Mozilla/5.0 (Macintosh; Intel Mac OS X 10_15_7) AppleWebKit/537.36 (KHTML, like Gecko) Chrome/148.0.0.0 Safari/537.36"
198.244.226.77 - - [23/Jul/2026:13:30:31 -0600] "GET /sitemap.xml HTTP/1.1" 302 271 "-" "Mozilla/5.0 (compatible; AhrefsBot/7.0; +http://ahrefs.com/robot/)"
51.161.37.63 - - [23/Jul/2026:13:48:55 -0600] "GET /modules/ HTTP/1.1" 200 31 "-" "Mozilla/5.0 (compatible; AhrefsBot/7.0; +http://ahrefs.com/robot/)"
45.90.220.252 - - [23/Jul/2026:13:54:13 -0600] "GET /.well-known/acme-challenge/7L_PRV85-DJFLQ7SSJ-I-K19N1H4G8ZQ HTTP/1.1" 200 64 "-" "Cpanel-HTTP-Client/1.0"
45.90.220.252 - - [23/Jul/2026:13:54:15 -0600] "GET /.well-known/acme-challenge/90K_CE268BJIHRZPH545B19LV3OXW84Z HTTP/1.1" 200 64 "-" "Cpanel-HTTP-Client/1.0"
45.90.220.252 - - [23/Jul/2026:13:54:15 -0600] "GET /.well-known/acme-challenge/O2-G8MQJ407EL1SNHFDR_MX4TQ_9CN0R HTTP/1.1" 200 64 "-" "Cpanel-HTTP-Client/1.0"
45.90.220.252 - - [23/Jul/2026:13:54:15 -0600] "GET /.well-known/acme-challenge/ISQD5WGS5N5ZY3S6ZADLKFLXQ3CV-8UL HTTP/1.1" 200 64 "-" "Cpanel-HTTP-Client/1.0"
45.90.220.252 - - [23/Jul/2026:13:54:16 -0600] "GET /.well-known/acme-challenge/JHIJV7PZ2FS2B7J8YD24OAK280-A4XLY HTTP/1.1" 200 64 "-" "Cpanel-HTTP-Client/1.0"
45.90.220.252 - - [23/Jul/2026:13:54:16 -0600] "GET /.well-known/acme-challenge/Z7H-K_ULV22T7_NUEYE8JSNN-E55XFBB HTTP/1.1" 200 64 "-" "Cpanel-HTTP-Client/1.0"
45.90.220.252 - - [23/Jul/2026:13:54:16 -0600] "GET /.well-known/acme-challenge/--8RIA5K4QP_871SFPRKE6V8EO3P-N93 HTTP/1.1" 200 64 "-" "Cpanel-HTTP-Client/1.0"
45.90.220.252 - - [23/Jul/2026:13:54:18 -0600] "GET /.well-known/acme-challenge/Q0EY5C_-R4VQOBE7PUSMZQ733495K8H4 HTTP/1.1" 200 64 "-" "Cpanel-HTTP-Client/1.0"
45.90.220.252 - - [23/Jul/2026:13:54:18 -0600] "GET /.well-known/acme-challenge/MFBMDE-Y4PT0DB4DCTZSXCQZS3GIY-3X HTTP/1.1" 200 64 "-" "Cpanel-HTTP-Client/1.0"
45.90.220.252 - - [23/Jul/2026:13:54:18 -0600] "GET /.well-known/acme-challenge/GOIOPL0IYB765MDN_OUUY1-7JE4P6COE HTTP/1.1" 200 64 "-" "Cpanel-HTTP-Client/1.0"
92.255.209.234 - - [23/Jul/2026:13:59:35 -0600] "GET /ca5aaa2191d8.php HTTP/1.1" 200 7 "-" "Mozilla/5.0 (X11; Linux i686; rv:48.0) Gecko/20100101 Firefox/48.0"
92.255.209.234 - - [23/Jul/2026:13:59:35 -0600] "POST /ca5aaa2191d8.php HTTP/1.1" 200 9 "http://4uweb.design/ca5aaa2191d8.php" "Mozilla/5.0 (X11; Linux i686; rv:48.0) Gecko/20100101 Firefox/48.0"
216.73.217.142 - - [23/Jul/2026:14:03:55 -0600] "GET /robots.txt HTTP/1.1" 200 76 "-" "Mozilla/5.0 AppleWebKit/537.36 (KHTML, like Gecko; compatible; ClaudeBot/1.0; +claudebot@anthropic.com)"
103.253.24.113 - - [23/Jul/2026:14:05:43 -0600] "GET /defunct.dat HTTP/1.1" 302 271 "-" "Mozilla/5.0"
149.50.208.114 - - [23/Jul/2026:14:08:50 -0600] "GET /administrator/index.php HTTP/1.1" 200 4022 "-" "Mozilla/5.0 (Windows NT 10.0; Win64; x64) AppleWebKit/537.36"
149.50.208.114 - - [23/Jul/2026:14:08:59 -0600] "POST /administrator/index.php?option=com_ajax&astroid=media&action=upload&format=json HTTP/1.1" 404 - "-" "Mozilla/5.0 (Windows NT 10.0; Win64; x64) AppleWebKit/537.36"
151.115.164.60 - - [23/Jul/2026:14:09:05 -0600] "GET /ca5aaa2191d8.php HTTP/1.1" 200 7 "-" "Mozilla/5.0 (X11; Linux i686 on x86_64; rv:47.0) Gecko/20100101 Firefox/47.0"
151.115.164.60 - - [23/Jul/2026:14:09:06 -0600] "POST /ca5aaa2191d8.php HTTP/1.1" 200 9 "http://4uweb.design/ca5aaa2191d8.php" "Mozilla/5.0 (X11; Linux i686 on x86_64; rv:47.0) Gecko/20100101 Firefox/47.0"
15.235.98.163 - - [23/Jul/2026:14:11:09 -0600] "GET /097c2/ HTTP/1.1" 200 6004 "-" "Mozilla/5.0 (compatible; AhrefsBot/7.0; +http://ahrefs.com/robot/)"
185.244.182.178 - - [23/Jul/2026:14:13:20 -0600] "GET / HTTP/1.0" 200 11286 "http://4uweb.design/" "Mozilla/5.0 (Windows NT 10.0; Win64; x64) AppleWebKit/537.36 (KHTML, like Gecko) Chrome/131.0.0.0 Safari/537.36 Avast/131.0.0.0"
140.213.9.198 - - [23/Jul/2026:14:16:12 -0600] "GET / HTTP/1.1" 200 11286 "-" "Mozilla/5.0 (X11; Ubuntu; Linux x86_64; rv:121.0) Gecko/20100101 Firefox/121.0"
149.50.208.114 - - [23/Jul/2026:14:17:53 -0600] "GET /administrator/components/com_jdownloads/assets/upload/upload-handler.php HTTP/1.1" 302 271 "-" "Nx-jDownloads-LAB/2.0"
149.50.208.114 - - [23/Jul/2026:14:17:54 -0600] "POST /administrator/components/com_jdownloads/assets/upload/upload-handler.php HTTP/1.1" 302 271 "-" "Nx-jDownloads-LAB/2.0"
149.50.208.114 - - [23/Jul/2026:14:17:56 -0600] "POST /administrator/components/com_jdownloads/assets/upload/upload-handler.php HTTP/1.1" 302 271 "-" "Nx-jDownloads-LAB/2.0"
149.50.208.114 - - [23/Jul/2026:14:17:58 -0600] "POST /administrator/components/com_jdownloads/assets/upload/upload-handler.php HTTP/1.1" 302 271 "-" "Nx-jDownloads-LAB/2.0"
149.50.208.114 - - [23/Jul/2026:14:17:58 -0600] "POST /administrator/components/com_jdownloads/assets/upload/upload-handler.php HTTP/1.1" 302 271 "-" "Nx-jDownloads-LAB/2.0"
149.50.208.114 - - [23/Jul/2026:14:17:58 -0600] "POST /administrator/components/com_jdownloads/assets/upload/upload-handler.php HTTP/1.1" 302 271 "-" "Nx-jDownloads-LAB/2.0"
149.50.208.114 - - [23/Jul/2026:14:17:58 -0600] "POST /administrator/components/com_jdownloads/assets/upload/upload-handler.php HTTP/1.1" 302 271 "-" "Nx-jDownloads-LAB/2.0"
149.50.208.114 - - [23/Jul/2026:14:17:59 -0600] "POST /administrator/components/com_jdownloads/assets/upload/upload-handler.php HTTP/1.1" 302 271 "-" "Nx-jDownloads-LAB/2.0"
149.50.208.114 - - [23/Jul/2026:14:17:59 -0600] "POST /administrator/components/com_jdownloads/assets/upload/upload-handler.php HTTP/1.1" 302 271 "-" "Nx-jDownloads-LAB/2.0"
149.50.208.114 - - [23/Jul/2026:14:17:59 -0600] "POST /administrator/components/com_jdownloads/assets/upload/upload-handler.php HTTP/1.1" 302 271 "-" "Nx-jDownloads-LAB/2.0"
149.50.208.114 - - [23/Jul/2026:14:17:59 -0600] "POST /administrator/components/com_jdownloads/assets/upload/upload-handler.php HTTP/1.1" 302 271 "-" "Nx-jDownloads-LAB/2.0"
149.50.208.114 - - [23/Jul/2026:14:18:01 -0600] "POST /administrator/components/com_jdownloads/assets/upload/upload-handler.php HTTP/1.1" 302 271 "-" "Nx-jDownloads-LAB/2.0"
149.50.208.114 - - [23/Jul/2026:14:18:01 -0600] "POST /administrator/components/com_jdownloads/assets/upload/upload-handler.php HTTP/1.1" 302 271 "-" "Nx-jDownloads-LAB/2.0"
149.50.208.114 - - [23/Jul/2026:14:18:01 -0600] "POST /administrator/components/com_jdownloads/assets/upload/upload-handler.php HTTP/1.1" 302 271 "-" "Nx-jDownloads-LAB/2.0"
149.50.208.114 - - [23/Jul/2026:14:18:01 -0600] "POST /administrator/components/com_jdownloads/assets/upload/upload-handler.php HTTP/1.1" 302 271 "-" "Nx-jDownloads-LAB/2.0"
