Your IP : 216.73.217.142


Current Path : /proc/2478992/cwd/access-logs/
Upload File :
Current File : //proc/2478992/cwd/access-logs/4uweb.design.4uweb.ca

77.42.64.153 - - [23/Jul/2026:06:05:00 -0600] "GET /03f0f/ HTTP/1.1" 200 25104 "-" "Mozilla/5.0 (iPhone; CPU iPhone OS 18_6 like Mac OS X) AppleWebKit/605.1.15 (KHTML, like Gecko) Version/26.5 Mobile/15E148 Safari/604.1"
97.117.95.25 - - [23/Jul/2026:06:05:00 -0600] "GET /03f0f/ HTTP/1.1" 200 25104 "-" "Mozilla/5.0 (iPhone; CPU iPhone OS 18_6 like Mac OS X) AppleWebKit/605.1.15 (KHTML, like Gecko) Version/26.5 Mobile/15E148 Safari/604.1"
46.62.234.38 - - [23/Jul/2026:06:05:00 -0600] "GET /03f0f/ HTTP/1.1" 200 25104 "-" "Mozilla/5.0 (iPhone; CPU iPhone OS 18_6 like Mac OS X) AppleWebKit/605.1.15 (KHTML, like Gecko) Version/26.5 Mobile/15E148 Safari/604.1"
91.134.142.216 - - [23/Jul/2026:06:05:01 -0600] "GET /03f0f/ HTTP/1.1" 200 25104 "-" "Mozilla/5.0 (iPhone; CPU iPhone OS 18_6 like Mac OS X) AppleWebKit/605.1.15 (KHTML, like Gecko) Version/26.5 Mobile/15E148 Safari/604.1"
164.90.241.135 - - [23/Jul/2026:06:08:01 -0600] "GET /ca5aaa2191d8.php HTTP/1.1" 200 7 "-" "Mozilla/5.0 (Windows NT 10.0; Win64; x64) AppleWebKit/537.36 (KHTML, like Gecko) Chrome/148.0.0.0 Safari/537.36 Edg/148.0.0.0"
57.129.134.182 - - [23/Jul/2026:06:08:01 -0600] "GET /ca5aaa2191d8.php HTTP/1.1" 200 7 "-" "Mozilla/5.0 (Windows NT 10.0; Win64; x64) AppleWebKit/537.36 (KHTML, like Gecko) Chrome/148.0.0.0 Safari/537.36 Edg/148.0.0.0"
65.130.187.39 - - [23/Jul/2026:06:08:02 -0600] "GET /ca5aaa2191d8.php HTTP/1.1" 200 7 "-" "Mozilla/5.0 (Windows NT 10.0; Win64; x64) AppleWebKit/537.36 (KHTML, like Gecko) Chrome/148.0.0.0 Safari/537.36 Edg/148.0.0.0"
57.131.13.95 - - [23/Jul/2026:06:08:04 -0600] "GET /ca5aaa2191d8.php HTTP/1.1" 200 7 "-" "Mozilla/5.0 (Windows NT 10.0; Win64; x64) AppleWebKit/537.36 (KHTML, like Gecko) Chrome/148.0.0.0 Safari/537.36 Edg/148.0.0.0"
159.223.242.210 - - [23/Jul/2026:06:09:25 -0600] "GET /befb1/ HTTP/1.1" 200 10046 "-" "Mozilla/5.0 (Linux; Android 10; K) AppleWebKit/537.36 (KHTML, like Gecko) Chrome/144.0.0.0 Mobile Safari/537.36"
146.190.203.144 - - [23/Jul/2026:06:09:28 -0600] "GET /befb1/ HTTP/1.1" 200 10046 "-" "Mozilla/5.0 (Linux; Android 10; K) AppleWebKit/537.36 (KHTML, like Gecko) Chrome/144.0.0.0 Mobile Safari/537.36"
57.129.137.189 - - [23/Jul/2026:06:12:22 -0600] "GET /93fd15b825index.php HTTP/1.1" 200 55715 "-" "Mozilla/5.0 (Windows NT 10.0; Win64; x64) AppleWebKit/537.36 (KHTML, like Gecko) Chrome/150.0.0.0 Safari/537.36"
206.189.247.132 - - [23/Jul/2026:06:12:22 -0600] "GET /93fd15b825index.php HTTP/1.1" 200 55716 "-" "Mozilla/5.0 (Windows NT 10.0; Win64; x64) AppleWebKit/537.36 (KHTML, like Gecko) Chrome/150.0.0.0 Safari/537.36"
23.80.89.38 - - [23/Jul/2026:06:12:23 -0600] "GET /93fd15b825index.php HTTP/1.1" 200 55712 "-" "Mozilla/5.0 (Windows NT 10.0; Win64; x64) AppleWebKit/537.36 (KHTML, like Gecko) Chrome/150.0.0.0 Safari/537.36"
77.42.64.153 - - [23/Jul/2026:06:12:26 -0600] "GET /93fd15b825index.php HTTP/1.1" 200 55713 "-" "Mozilla/5.0 (Windows NT 10.0; Win64; x64) AppleWebKit/537.36 (KHTML, like Gecko) Chrome/150.0.0.0 Safari/537.36"
23.82.96.181 - - [23/Jul/2026:06:13:19 -0600] "GET /878767604findex.php HTTP/1.1" 200 55713 "-" "Mozilla/5.0 (iPod; U; CPU iPhone OS 4_0 like Mac OS X; hr-HR) AppleWebKit/531.16.1 (KHTML, like Gecko) Version/4.0.5 Mobile/8B112 Safari/6531.16.1"
57.129.137.189 - - [23/Jul/2026:06:13:21 -0600] "GET /878767604findex.php HTTP/1.1" 200 55715 "-" "Mozilla/5.0 (iPod; U; CPU iPhone OS 4_0 like Mac OS X; hr-HR) AppleWebKit/531.16.1 (KHTML, like Gecko) Version/4.0.5 Mobile/8B112 Safari/6531.16.1"
209.38.171.212 - - [23/Jul/2026:06:13:22 -0600] "GET /878767604findex.php HTTP/1.1" 200 55715 "-" "Mozilla/5.0 (iPod; U; CPU iPhone OS 4_0 like Mac OS X; hr-HR) AppleWebKit/531.16.1 (KHTML, like Gecko) Version/4.0.5 Mobile/8B112 Safari/6531.16.1"
91.134.43.151 - - [23/Jul/2026:06:13:24 -0600] "GET /878767604findex.php HTTP/1.1" 200 55714 "-" "Mozilla/5.0 (iPod; U; CPU iPhone OS 4_0 like Mac OS X; hr-HR) AppleWebKit/531.16.1 (KHTML, like Gecko) Version/4.0.5 Mobile/8B112 Safari/6531.16.1"
149.102.229.168 - - [23/Jul/2026:06:15:04 -0600] "GET /media/com_jce/tmp/filter.php HTTP/1.1" 302 271 "-" "Mozilla/5.0"
149.102.229.168 - - [23/Jul/2026:06:15:38 -0600] "GET /media/com_jce/tmp/filter.php HTTP/1.1" 302 271 "-" "Mozilla/5.0"
149.102.229.168 - - [23/Jul/2026:06:16:07 -0600] "GET /media/com_jce/tmp/cache.php HTTP/1.1" 302 271 "-" "Mozilla/5.0"
149.102.229.168 - - [23/Jul/2026:06:16:31 -0600] "GET /media/com_jce/tmp/filter.php HTTP/1.1" 302 271 "-" "Mozilla/5.0"
149.102.229.168 - - [23/Jul/2026:06:17:47 -0600] "GET /media/com_jce/tmp/filter.php HTTP/1.1" 302 271 "-" "Mozilla/5.0"
149.102.229.168 - - [23/Jul/2026:06:17:52 -0600] "GET /media/com_jce/tmp/filter.php HTTP/1.1" 302 271 "-" "Mozilla/5.0"
185.152.67.230 - - [23/Jul/2026:06:19:41 -0600] "GET /6c2ed/ HTTP/1.1" 404 - "-" "Mozilla/5.0 (Linux; Android 10; K) AppleWebKit/537.36 (KHTML, like Gecko) Chrome/143.0.0.0 Mobile Safari/537.36"
77.42.64.153 - - [23/Jul/2026:06:19:41 -0600] "GET /6c2ed/ HTTP/1.1" 404 - "-" "Mozilla/5.0 (Linux; Android 10; K) AppleWebKit/537.36 (KHTML, like Gecko) Chrome/143.0.0.0 Mobile Safari/537.36"
57.131.13.107 - - [23/Jul/2026:06:19:42 -0600] "GET /6c2ed/ HTTP/1.1" 404 - "-" "Mozilla/5.0 (Linux; Android 10; K) AppleWebKit/537.36 (KHTML, like Gecko) Chrome/143.0.0.0 Mobile Safari/537.36"
146.190.203.144 - - [23/Jul/2026:06:19:44 -0600] "GET /6c2ed/ HTTP/1.1" 404 - "-" "Mozilla/5.0 (Linux; Android 10; K) AppleWebKit/537.36 (KHTML, like Gecko) Chrome/143.0.0.0 Mobile Safari/537.36"
57.129.137.254 - - [23/Jul/2026:06:20:20 -0600] "GET /097c2/index.php HTTP/1.1" 200 5168 "-" "Mozilla/5.0 (Macintosh; Intel Mac OS X 10_15_7) AppleWebKit/537.36 (KHTML, like Gecko) Chrome/148.0.0.0 Safari/537.36"
57.131.13.107 - - [23/Jul/2026:06:20:20 -0600] "GET /097c2/index.php HTTP/1.1" 200 5167 "-" "Mozilla/5.0 (Macintosh; Intel Mac OS X 10_15_7) AppleWebKit/537.36 (KHTML, like Gecko) Chrome/148.0.0.0 Safari/537.36"
23.82.96.182 - - [23/Jul/2026:06:20:21 -0600] "GET /097c2/index.php HTTP/1.1" 200 5166 "-" "Mozilla/5.0 (Macintosh; Intel Mac OS X 10_15_7) AppleWebKit/537.36 (KHTML, like Gecko) Chrome/148.0.0.0 Safari/537.36"
68.183.245.101 - - [23/Jul/2026:06:20:22 -0600] "GET /097c2/index.php HTTP/1.1" 200 5168 "-" "Mozilla/5.0 (Macintosh; Intel Mac OS X 10_15_7) AppleWebKit/537.36 (KHTML, like Gecko) Chrome/148.0.0.0 Safari/537.36"
192.30.83.234 - - [23/Jul/2026:06:29:21 -0600] "GET / HTTP/1.1" 200 11286 "-" "Mozilla/5.0 (Windows NT 10.0; Win64; x64; rv:64.0) Gecko/20100101 Firefox/64.0"
62.157.67.110 - - [23/Jul/2026:06:29:21 -0600] "GET / HTTP/1.1" 200 11286 "-" "Mozilla/5.0 (Windows NT 6.1; Win64; x64; rv:96.0) Gecko/20100101 Firefox/96.0"
104.252.3.27 - - [23/Jul/2026:06:29:22 -0600] "GET / HTTP/1.1" 200 11286 "-" "Mozilla/5.0 (Windows NT 10.0; Win64; x64; rv:64.0) Gecko/20100101 Firefox/64.0"
71.6.239.212 - - [23/Jul/2026:06:32:18 -0600] "GET / HTTP/1.1" 200 11286 "-" "RootEvidence/1.0"
47.82.10.196 - - [23/Jul/2026:06:33:24 -0600] "GET /images/2021/09/26/fostertalks-thumb-square.png HTTP/1.1" 200 5052880 "http://4uweb.design/images/2021/09/26/fostertalks-thumb-square.png" "Mozilla/5.0 (Macintosh; Intel Mac OS X 10_15_7) AppleWebKit/537.36 (KHTML, like Gecko) Chrome/138.0.0.0 Safari/537.36"
57.129.137.254 - - [23/Jul/2026:06:37:25 -0600] "GET /7b438268daindex.php HTTP/1.1" 200 55715 "-" "Mozilla/5.0 (Windows NT 10.0; Win64; x64) AppleWebKit/537.36 (KHTML, like Gecko) Chrome/148.0.0.0 Safari/537.36 Edg/148.0.0.0"
23.19.230.168 - - [23/Jul/2026:06:37:26 -0600] "GET /7b438268daindex.php HTTP/1.1" 200 55714 "-" "Mozilla/5.0 (Windows NT 10.0; Win64; x64) AppleWebKit/537.36 (KHTML, like Gecko) Chrome/148.0.0.0 Safari/537.36 Edg/148.0.0.0"
46.62.173.36 - - [23/Jul/2026:06:37:27 -0600] "GET /7b438268daindex.php HTTP/1.1" 200 55713 "-" "Mozilla/5.0 (Windows NT 10.0; Win64; x64) AppleWebKit/537.36 (KHTML, like Gecko) Chrome/148.0.0.0 Safari/537.36 Edg/148.0.0.0"
57.129.134.182 - - [23/Jul/2026:06:37:32 -0600] "GET /7b438268daindex.php HTTP/1.1" 200 55715 "-" "Mozilla/5.0 (Windows NT 10.0; Win64; x64) AppleWebKit/537.36 (KHTML, like Gecko) Chrome/148.0.0.0 Safari/537.36 Edg/148.0.0.0"
159.89.216.7 - - [23/Jul/2026:06:54:35 -0600] "GET /097c2/ HTTP/1.1" 200 5166 "-" "Mozilla/5.0 (Windows NT 10.0; Win64; x64) AppleWebKit/537.36 (KHTML, like Gecko) Chrome/147.0.0.0 Safari/537.36 OPR/131.0.0.0"
209.38.171.212 - - [23/Jul/2026:06:54:35 -0600] "GET /097c2/ HTTP/1.1" 200 5168 "-" "Mozilla/5.0 (Windows NT 10.0; Win64; x64) AppleWebKit/537.36 (KHTML, like Gecko) Chrome/147.0.0.0 Safari/537.36 OPR/131.0.0.0"
159.223.242.210 - - [23/Jul/2026:06:54:38 -0600] "GET /097c2/ HTTP/1.1" 200 5169 "-" "Mozilla/5.0 (Windows NT 10.0; Win64; x64) AppleWebKit/537.36 (KHTML, like Gecko) Chrome/147.0.0.0 Safari/537.36 OPR/131.0.0.0"
77.42.67.200 - - [23/Jul/2026:06:54:40 -0600] "GET /097c2/ HTTP/1.1" 200 5166 "-" "Mozilla/5.0 (Windows NT 10.0; Win64; x64) AppleWebKit/537.36 (KHTML, like Gecko) Chrome/147.0.0.0 Safari/537.36 OPR/131.0.0.0"
91.134.142.216 - - [23/Jul/2026:07:00:07 -0600] "GET /03f0f/ HTTP/1.1" 200 25104 "-" "Mozilla/5.0 (iPhone; CPU iPhone OS 18_6 like Mac OS X) AppleWebKit/605.1.15 (KHTML, like Gecko) Version/26.5 Mobile/15E148 Safari/604.1"
46.62.234.38 - - [23/Jul/2026:07:00:07 -0600] "GET /03f0f/ HTTP/1.1" 200 25101 "-" "Mozilla/5.0 (iPhone; CPU iPhone OS 18_6 like Mac OS X) AppleWebKit/605.1.15 (KHTML, like Gecko) Version/26.5 Mobile/15E148 Safari/604.1"
77.42.64.153 - - [23/Jul/2026:07:00:08 -0600] "GET /03f0f/ HTTP/1.1" 200 25104 "-" "Mozilla/5.0 (iPhone; CPU iPhone OS 18_6 like Mac OS X) AppleWebKit/605.1.15 (KHTML, like Gecko) Version/26.5 Mobile/15E148 Safari/604.1"
97.117.95.25 - - [23/Jul/2026:07:00:14 -0600] "GET /03f0f/ HTTP/1.1" 200 25104 "-" "Mozilla/5.0 (iPhone; CPU iPhone OS 18_6 like Mac OS X) AppleWebKit/605.1.15 (KHTML, like Gecko) Version/26.5 Mobile/15E148 Safari/604.1"
57.129.134.182 - - [23/Jul/2026:07:02:53 -0600] "GET /ca5aaa2191d8.php HTTP/1.1" 200 7 "-" "Mozilla/5.0 (Windows NT 10.0; Win64; x64) AppleWebKit/537.36 (KHTML, like Gecko) Chrome/148.0.0.0 Safari/537.36 Edg/148.0.0.0"
57.131.13.95 - - [23/Jul/2026:07:02:54 -0600] "GET /ca5aaa2191d8.php HTTP/1.1" 200 7 "-" "Mozilla/5.0 (Windows NT 10.0; Win64; x64) AppleWebKit/537.36 (KHTML, like Gecko) Chrome/148.0.0.0 Safari/537.36 Edg/148.0.0.0"
65.130.187.39 - - [23/Jul/2026:07:02:55 -0600] "GET /ca5aaa2191d8.php HTTP/1.1" 200 7 "-" "Mozilla/5.0 (Windows NT 10.0; Win64; x64) AppleWebKit/537.36 (KHTML, like Gecko) Chrome/148.0.0.0 Safari/537.36 Edg/148.0.0.0"
164.90.241.135 - - [23/Jul/2026:07:02:59 -0600] "GET /ca5aaa2191d8.php HTTP/1.1" 200 7 "-" "Mozilla/5.0 (Windows NT 10.0; Win64; x64) AppleWebKit/537.36 (KHTML, like Gecko) Chrome/148.0.0.0 Safari/537.36 Edg/148.0.0.0"
170.80.111.60 - - [23/Jul/2026:07:06:37 -0600] "GET /44f37e2fe2index.php HTTP/1.1" 200 55714 "-" "Mozilla/5.0 (iPhone; CPU iPhone OS 14_0 like Mac OS X) AppleWebKit/605.1.15 (KHTML, like Gecko) Version/14.0 Mobile/15E148 Safari/604.1"
57.129.137.115 - - [23/Jul/2026:07:06:38 -0600] "GET /44f37e2fe2index.php HTTP/1.1" 200 55715 "-" "Mozilla/5.0 (iPhone; CPU iPhone OS 14_0 like Mac OS X) AppleWebKit/605.1.15 (KHTML, like Gecko) Version/14.0 Mobile/15E148 Safari/604.1"
68.183.245.101 - - [23/Jul/2026:07:06:38 -0600] "GET /44f37e2fe2index.php HTTP/1.1" 200 55715 "-" "Mozilla/5.0 (iPhone; CPU iPhone OS 14_0 like Mac OS X) AppleWebKit/605.1.15 (KHTML, like Gecko) Version/14.0 Mobile/15E148 Safari/604.1"
23.82.96.182 - - [23/Jul/2026:07:06:39 -0600] "GET /44f37e2fe2index.php HTTP/1.1" 200 55713 "-" "Mozilla/5.0 (iPhone; CPU iPhone OS 14_0 like Mac OS X) AppleWebKit/605.1.15 (KHTML, like Gecko) Version/14.0 Mobile/15E148 Safari/604.1"
206.189.247.132 - - [23/Jul/2026:07:08:13 -0600] "GET /93fd15b825index.php HTTP/1.1" 200 55716 "-" "Mozilla/5.0 (Windows NT 10.0; Win64; x64) AppleWebKit/537.36 (KHTML, like Gecko) Chrome/150.0.0.0 Safari/537.36"
57.129.137.189 - - [23/Jul/2026:07:08:13 -0600] "GET /93fd15b825index.php HTTP/1.1" 200 55715 "-" "Mozilla/5.0 (Windows NT 10.0; Win64; x64) AppleWebKit/537.36 (KHTML, like Gecko) Chrome/150.0.0.0 Safari/537.36"
23.80.89.38 - - [23/Jul/2026:07:08:13 -0600] "GET /93fd15b825index.php HTTP/1.1" 200 55712 "-" "Mozilla/5.0 (Windows NT 10.0; Win64; x64) AppleWebKit/537.36 (KHTML, like Gecko) Chrome/150.0.0.0 Safari/537.36"
77.42.64.153 - - [23/Jul/2026:07:08:14 -0600] "GET /93fd15b825index.php HTTP/1.1" 200 55713 "-" "Mozilla/5.0 (Windows NT 10.0; Win64; x64) AppleWebKit/537.36 (KHTML, like Gecko) Chrome/150.0.0.0 Safari/537.36"
159.223.242.210 - - [23/Jul/2026:07:11:24 -0600] "GET /befb1/ HTTP/1.1" 200 10046 "-" "Mozilla/5.0 (Linux; Android 10; K) AppleWebKit/537.36 (KHTML, like Gecko) Chrome/144.0.0.0 Mobile Safari/537.36"
170.64.251.156 - - [23/Jul/2026:07:11:26 -0600] "GET /befb1/ HTTP/1.1" 200 10045 "-" "Mozilla/5.0 (Linux; Android 10; K) AppleWebKit/537.36 (KHTML, like Gecko) Chrome/144.0.0.0 Mobile Safari/537.36"
40.77.167.74 - - [23/Jul/2026:07:11:28 -0600] "GET /items/1758367833.htm HTTP/1.1" 302 271 "-" "Mozilla/5.0 AppleWebKit/537.36 (KHTML, like Gecko; compatible; bingbot/2.0; +http://www.bing.com/bingbot.htm) Chrome/116.0.1938.76 Safari/537.36"
146.190.203.144 - - [23/Jul/2026:07:11:31 -0600] "GET /befb1/ HTTP/1.1" 200 10046 "-" "Mozilla/5.0 (Linux; Android 10; K) AppleWebKit/537.36 (KHTML, like Gecko) Chrome/144.0.0.0 Mobile Safari/537.36"
57.129.137.189 - - [23/Jul/2026:07:15:07 -0600] "GET /878767604findex.php HTTP/1.1" 200 55715 "-" "Mozilla/5.0 (iPod; U; CPU iPhone OS 4_0 like Mac OS X; hr-HR) AppleWebKit/531.16.1 (KHTML, like Gecko) Version/4.0.5 Mobile/8B112 Safari/6531.16.1"
91.134.43.151 - - [23/Jul/2026:07:15:07 -0600] "GET /878767604findex.php HTTP/1.1" 200 55714 "-" "Mozilla/5.0 (iPod; U; CPU iPhone OS 4_0 like Mac OS X; hr-HR) AppleWebKit/531.16.1 (KHTML, like Gecko) Version/4.0.5 Mobile/8B112 Safari/6531.16.1"
209.38.171.212 - - [23/Jul/2026:07:15:07 -0600] "GET /878767604findex.php HTTP/1.1" 200 55715 "-" "Mozilla/5.0 (iPod; U; CPU iPhone OS 4_0 like Mac OS X; hr-HR) AppleWebKit/531.16.1 (KHTML, like Gecko) Version/4.0.5 Mobile/8B112 Safari/6531.16.1"
23.82.96.181 - - [23/Jul/2026:07:15:09 -0600] "GET /878767604findex.php HTTP/1.1" 200 55713 "-" "Mozilla/5.0 (iPod; U; CPU iPhone OS 4_0 like Mac OS X; hr-HR) AppleWebKit/531.16.1 (KHTML, like Gecko) Version/4.0.5 Mobile/8B112 Safari/6531.16.1"
57.131.13.107 - - [23/Jul/2026:07:16:45 -0600] "GET /097c2/index.php HTTP/1.1" 200 5167 "-" "Mozilla/5.0 (Macintosh; Intel Mac OS X 10_15_7) AppleWebKit/537.36 (KHTML, like Gecko) Chrome/148.0.0.0 Safari/537.36"
68.183.245.101 - - [23/Jul/2026:07:16:47 -0600] "GET /097c2/index.php HTTP/1.1" 200 5168 "-" "Mozilla/5.0 (Macintosh; Intel Mac OS X 10_15_7) AppleWebKit/537.36 (KHTML, like Gecko) Chrome/148.0.0.0 Safari/537.36"
57.129.137.254 - - [23/Jul/2026:07:16:48 -0600] "GET /097c2/index.php HTTP/1.1" 200 5168 "-" "Mozilla/5.0 (Macintosh; Intel Mac OS X 10_15_7) AppleWebKit/537.36 (KHTML, like Gecko) Chrome/148.0.0.0 Safari/537.36"
23.82.96.182 - - [23/Jul/2026:07:16:49 -0600] "GET /097c2/index.php HTTP/1.1" 200 5166 "-" "Mozilla/5.0 (Macintosh; Intel Mac OS X 10_15_7) AppleWebKit/537.36 (KHTML, like Gecko) Chrome/148.0.0.0 Safari/537.36"
66.249.75.1 - - [23/Jul/2026:07:17:56 -0600] "GET /review/goods/42191529229/ HTTP/1.1" 302 271 "-" "Mozilla/5.0 (Linux; Android 6.0.1; Nexus 5X Build/MMB29P) AppleWebKit/537.36 (KHTML, like Gecko) Chrome/150.0.7871.128 Mobile Safari/537.36 (compatible; GoogleOther)"
66.249.75.2 - - [23/Jul/2026:07:18:00 -0600] "GET /review/goods/42191529229/ HTTP/1.1" 302 271 "-" "Mozilla/5.0 (Linux; Android 6.0.1; Nexus 5X Build/MMB29P) AppleWebKit/537.36 (KHTML, like Gecko) Chrome/150.0.7871.128 Mobile Safari/537.36 (compatible; GoogleOther)"
185.152.67.230 - - [23/Jul/2026:07:21:56 -0600] "GET /6c2ed/ HTTP/1.1" 404 - "-" "Mozilla/5.0 (Linux; Android 10; K) AppleWebKit/537.36 (KHTML, like Gecko) Chrome/143.0.0.0 Mobile Safari/537.36"
77.42.64.153 - - [23/Jul/2026:07:21:56 -0600] "GET /6c2ed/ HTTP/1.1" 404 - "-" "Mozilla/5.0 (Linux; Android 10; K) AppleWebKit/537.36 (KHTML, like Gecko) Chrome/143.0.0.0 Mobile Safari/537.36"
146.190.203.144 - - [23/Jul/2026:07:21:59 -0600] "GET /6c2ed/ HTTP/1.1" 404 - "-" "Mozilla/5.0 (Linux; Android 10; K) AppleWebKit/537.36 (KHTML, like Gecko) Chrome/143.0.0.0 Mobile Safari/537.36"
57.131.13.107 - - [23/Jul/2026:07:22:00 -0600] "GET /6c2ed/ HTTP/1.1" 404 - "-" "Mozilla/5.0 (Linux; Android 10; K) AppleWebKit/537.36 (KHTML, like Gecko) Chrome/143.0.0.0 Mobile Safari/537.36"
51.195.183.83 - - [23/Jul/2026:07:28:18 -0600] "GET /sitemap.xml HTTP/1.1" 302 271 "-" "Mozilla/5.0 (compatible; AhrefsBot/7.0; +http://ahrefs.com/robot/)"
57.129.137.254 - - [23/Jul/2026:07:32:45 -0600] "GET /7b438268daindex.php HTTP/1.1" 200 55715 "-" "Mozilla/5.0 (Windows NT 10.0; Win64; x64) AppleWebKit/537.36 (KHTML, like Gecko) Chrome/148.0.0.0 Safari/537.36 Edg/148.0.0.0"
57.129.134.182 - - [23/Jul/2026:07:32:45 -0600] "GET /7b438268daindex.php HTTP/1.1" 200 55715 "-" "Mozilla/5.0 (Windows NT 10.0; Win64; x64) AppleWebKit/537.36 (KHTML, like Gecko) Chrome/148.0.0.0 Safari/537.36 Edg/148.0.0.0"
46.62.173.36 - - [23/Jul/2026:07:32:46 -0600] "GET /7b438268daindex.php HTTP/1.1" 200 55713 "-" "Mozilla/5.0 (Windows NT 10.0; Win64; x64) AppleWebKit/537.36 (KHTML, like Gecko) Chrome/148.0.0.0 Safari/537.36 Edg/148.0.0.0"
23.19.230.168 - - [23/Jul/2026:07:32:46 -0600] "GET /7b438268daindex.php HTTP/1.1" 200 55714 "-" "Mozilla/5.0 (Windows NT 10.0; Win64; x64) AppleWebKit/537.36 (KHTML, like Gecko) Chrome/148.0.0.0 Safari/537.36 Edg/148.0.0.0"
45.227.253.15 - - [23/Jul/2026:07:33:14 -0600] "GET /index.php/jk HTTP/1.1" 302 271 "-" "Mozilla/5.0 (Windows NT 10.0; Win64; x64) AppleWebKit/537.36 (KHTML, like Gecko) Chrome/80.0.3980 Safari/537.36 Edg/80.0.145.1"
114.119.138.117 - - [23/Jul/2026:07:46:31 -0600] "GET /web.config.txt HTTP/1.1" 200 2974 "http://4uweb.design/" "Mozilla/5.0 (Linux; Android 7.0;) AppleWebKit/537.36 (HTML, like Gecko) Mobile Safari/537.36 (compatible; PetalBot;+https://webmaster.petalsearch.com/site/petalbot)"
114.119.128.218 - - [23/Jul/2026:07:47:22 -0600] "GET /sitemap.json HTTP/1.1" 200 1404 "http://4uweb.design/" "Mozilla/5.0 (Linux; Android 7.0;) AppleWebKit/537.36 (HTML, like Gecko) Mobile Safari/537.36 (compatible; PetalBot;+https://webmaster.petalsearch.com/site/petalbot)"
114.119.137.224 - - [23/Jul/2026:07:48:45 -0600] "GET /items/3323901097.htm HTTP/1.1" 302 271 "http://4uweb.design/items/3323901097.htm" "Mozilla/5.0 (Linux; Android 7.0;) AppleWebKit/537.36 (HTML, like Gecko) Mobile Safari/537.36 (compatible; PetalBot;+https://webmaster.petalsearch.com/site/petalbot)"
77.42.67.200 - - [23/Jul/2026:07:49:09 -0600] "GET /097c2/ HTTP/1.1" 200 5166 "-" "Mozilla/5.0 (Windows NT 10.0; Win64; x64) AppleWebKit/537.36 (KHTML, like Gecko) Chrome/147.0.0.0 Safari/537.36 OPR/131.0.0.0"
209.38.171.212 - - [23/Jul/2026:07:49:09 -0600] "GET /097c2/ HTTP/1.1" 200 5168 "-" "Mozilla/5.0 (Windows NT 10.0; Win64; x64) AppleWebKit/537.36 (KHTML, like Gecko) Chrome/147.0.0.0 Safari/537.36 OPR/131.0.0.0"
159.223.242.210 - - [23/Jul/2026:07:49:09 -0600] "GET /097c2/ HTTP/1.1" 200 5169 "-" "Mozilla/5.0 (Windows NT 10.0; Win64; x64) AppleWebKit/537.36 (KHTML, like Gecko) Chrome/147.0.0.0 Safari/537.36 OPR/131.0.0.0"
159.89.216.7 - - [23/Jul/2026:07:49:15 -0600] "GET /097c2/ HTTP/1.1" 200 5166 "-" "Mozilla/5.0 (Windows NT 10.0; Win64; x64) AppleWebKit/537.36 (KHTML, like Gecko) Chrome/147.0.0.0 Safari/537.36 OPR/131.0.0.0"
114.119.148.208 - - [23/Jul/2026:07:50:13 -0600] "GET /items/3048751360.htm HTTP/1.1" 302 271 "http://4uweb.design/items/3048751360.htm" "Mozilla/5.0 (Linux; Android 7.0;) AppleWebKit/537.36 (HTML, like Gecko) Mobile Safari/537.36 (compatible; PetalBot;+https://webmaster.petalsearch.com/site/petalbot)"
114.119.156.152 - - [23/Jul/2026:07:51:45 -0600] "GET /items/2708240529.htm HTTP/1.1" 302 271 "http://4uweb.design/items/2708240529.htm" "Mozilla/5.0 (Linux; Android 7.0;) AppleWebKit/537.36 (HTML, like Gecko) Mobile Safari/537.36 (compatible; PetalBot;+https://webmaster.petalsearch.com/site/petalbot)"
114.119.138.117 - - [23/Jul/2026:07:53:18 -0600] "GET /items/3471655763.htm HTTP/1.1" 302 271 "http://4uweb.design/items/3471655763.htm" "Mozilla/5.0 (Linux; Android 7.0;) AppleWebKit/537.36 (HTML, like Gecko) Mobile Safari/537.36 (compatible; PetalBot;+https://webmaster.petalsearch.com/site/petalbot)"
45.90.220.252 - - [23/Jul/2026:07:54:13 -0600] "GET /.well-known/acme-challenge/55YU94PHAD3_BFZEPSQ765DK_0W37GA0 HTTP/1.1" 200 64 "-" "Cpanel-HTTP-Client/1.0"
45.90.220.252 - - [23/Jul/2026:07:54:15 -0600] "GET /.well-known/acme-challenge/IEP7D7HZHEIPNQE6O82V-A-9-F_TQA3Q HTTP/1.1" 200 64 "-" "Cpanel-HTTP-Client/1.0"
45.90.220.252 - - [23/Jul/2026:07:54:15 -0600] "GET /.well-known/acme-challenge/1OTRGKAU97NK2W5_H114N2X0_20GCMRA HTTP/1.1" 200 64 "-" "Cpanel-HTTP-Client/1.0"
45.90.220.252 - - [23/Jul/2026:07:54:15 -0600] "GET /.well-known/acme-challenge/-HJ0J5DY7_INQ7AK-3L9UG2P4BAYVP-Y HTTP/1.1" 200 64 "-" "Cpanel-HTTP-Client/1.0"
45.90.220.252 - - [23/Jul/2026:07:54:16 -0600] "GET /.well-known/acme-challenge/_7P126YFNRXKCCSOQ1BSATFNI1IOHNKR HTTP/1.1" 200 64 "-" "Cpanel-HTTP-Client/1.0"
45.90.220.252 - - [23/Jul/2026:07:54:16 -0600] "GET /.well-known/acme-challenge/RP-MNMQW2ILDX6-YX_FWDY06YKSR48T6 HTTP/1.1" 200 64 "-" "Cpanel-HTTP-Client/1.0"
45.90.220.252 - - [23/Jul/2026:07:54:16 -0600] "GET /.well-known/acme-challenge/7RDNG8PJ4RLNLEN8A32P4X_M_9X95P7A HTTP/1.1" 200 64 "-" "Cpanel-HTTP-Client/1.0"
45.90.220.252 - - [23/Jul/2026:07:54:18 -0600] "GET /.well-known/acme-challenge/5N8AYS4GJRVE0T0X25QT81E74O39TB9L HTTP/1.1" 200 64 "-" "Cpanel-HTTP-Client/1.0"
45.90.220.252 - - [23/Jul/2026:07:54:18 -0600] "GET /.well-known/acme-challenge/OE379_-8_VM0U5XWVDEFGZSFS7ZA4NHG HTTP/1.1" 200 64 "-" "Cpanel-HTTP-Client/1.0"
45.90.220.252 - - [23/Jul/2026:07:54:18 -0600] "GET /.well-known/acme-challenge/M1OIXGTJKODMQMIJK7SG454ZBPNLU240 HTTP/1.1" 200 64 "-" "Cpanel-HTTP-Client/1.0"
114.119.138.117 - - [23/Jul/2026:07:54:50 -0600] "GET /items/2258148621.htm HTTP/1.1" 302 271 "http://4uweb.design/items/2258148621.htm" "Mozilla/5.0 (Linux; Android 7.0;) AppleWebKit/537.36 (HTML, like Gecko) Mobile Safari/537.36 (compatible; PetalBot;+https://webmaster.petalsearch.com/site/petalbot)"
114.119.128.218 - - [23/Jul/2026:07:56:23 -0600] "GET /items/3093525632.htm HTTP/1.1" 302 271 "http://4uweb.design/items/3093525632.htm" "Mozilla/5.0 (Linux; Android 7.0;) AppleWebKit/537.36 (HTML, like Gecko) Mobile Safari/537.36 (compatible; PetalBot;+https://webmaster.petalsearch.com/site/petalbot)"
114.119.156.152 - - [23/Jul/2026:07:57:58 -0600] "GET /items/1530351605.htm HTTP/1.1" 302 271 "http://4uweb.design/items/1530351605.htm" "Mozilla/5.0 (Linux; Android 7.0;) AppleWebKit/537.36 (HTML, like Gecko) Mobile Safari/537.36 (compatible; PetalBot;+https://webmaster.petalsearch.com/site/petalbot)"
164.90.241.135 - - [23/Jul/2026:07:59:18 -0600] "GET /ca5aaa2191d8.php HTTP/1.1" 200 7 "-" "Mozilla/5.0 (Windows NT 10.0; Win64; x64) AppleWebKit/537.36 (KHTML, like Gecko) Chrome/148.0.0.0 Safari/537.36 Edg/148.0.0.0"
57.129.134.182 - - [23/Jul/2026:07:59:18 -0600] "GET /ca5aaa2191d8.php HTTP/1.1" 200 7 "-" "Mozilla/5.0 (Windows NT 10.0; Win64; x64) AppleWebKit/537.36 (KHTML, like Gecko) Chrome/148.0.0.0 Safari/537.36 Edg/148.0.0.0"
57.131.13.95 - - [23/Jul/2026:07:59:19 -0600] "GET /ca5aaa2191d8.php HTTP/1.1" 200 7 "-" "Mozilla/5.0 (Windows NT 10.0; Win64; x64) AppleWebKit/537.36 (KHTML, like Gecko) Chrome/148.0.0.0 Safari/537.36 Edg/148.0.0.0"
65.130.187.39 - - [23/Jul/2026:07:59:20 -0600] "GET /ca5aaa2191d8.php HTTP/1.1" 200 7 "-" "Mozilla/5.0 (Windows NT 10.0; Win64; x64) AppleWebKit/537.36 (KHTML, like Gecko) Chrome/148.0.0.0 Safari/537.36 Edg/148.0.0.0"
114.119.142.197 - - [23/Jul/2026:07:59:31 -0600] "GET /items/1258507079.htm HTTP/1.1" 302 271 "http://4uweb.design/items/1258507079.htm" "Mozilla/5.0 (Linux; Android 7.0;) AppleWebKit/537.36 (HTML, like Gecko) Mobile Safari/537.36 (compatible; PetalBot;+https://webmaster.petalsearch.com/site/petalbot)"
114.119.156.152 - - [23/Jul/2026:08:01:02 -0600] "GET /items/1173925046.htm HTTP/1.1" 302 271 "http://4uweb.design/items/1173925046.htm" "Mozilla/5.0 (Linux; Android 7.0;) AppleWebKit/537.36 (HTML, like Gecko) Mobile Safari/537.36 (compatible; PetalBot;+https://webmaster.petalsearch.com/site/petalbot)"
97.117.95.25 - - [23/Jul/2026:08:01:56 -0600] "GET /03f0f/ HTTP/1.1" 200 25104 "-" "Mozilla/5.0 (iPhone; CPU iPhone OS 18_6 like Mac OS X) AppleWebKit/605.1.15 (KHTML, like Gecko) Version/26.5 Mobile/15E148 Safari/604.1"
91.134.142.216 - - [23/Jul/2026:08:01:56 -0600] "GET /03f0f/ HTTP/1.1" 200 25103 "-" "Mozilla/5.0 (iPhone; CPU iPhone OS 18_6 like Mac OS X) AppleWebKit/605.1.15 (KHTML, like Gecko) Version/26.5 Mobile/15E148 Safari/604.1"
77.42.64.153 - - [23/Jul/2026:08:01:57 -0600] "GET /03f0f/ HTTP/1.1" 200 25101 "-" "Mozilla/5.0 (iPhone; CPU iPhone OS 18_6 like Mac OS X) AppleWebKit/605.1.15 (KHTML, like Gecko) Version/26.5 Mobile/15E148 Safari/604.1"
46.62.234.38 - - [23/Jul/2026:08:01:57 -0600] "GET /03f0f/ HTTP/1.1" 200 25101 "-" "Mozilla/5.0 (iPhone; CPU iPhone OS 18_6 like Mac OS X) AppleWebKit/605.1.15 (KHTML, like Gecko) Version/26.5 Mobile/15E148 Safari/604.1"
57.129.137.115 - - [23/Jul/2026:08:02:26 -0600] "GET /44f37e2fe2index.php HTTP/1.1" 200 55715 "-" "Mozilla/5.0 (iPhone; CPU iPhone OS 14_0 like Mac OS X) AppleWebKit/605.1.15 (KHTML, like Gecko) Version/14.0 Mobile/15E148 Safari/604.1"
68.183.245.101 - - [23/Jul/2026:08:02:26 -0600] "GET /44f37e2fe2index.php HTTP/1.1" 200 55715 "-" "Mozilla/5.0 (iPhone; CPU iPhone OS 14_0 like Mac OS X) AppleWebKit/605.1.15 (KHTML, like Gecko) Version/14.0 Mobile/15E148 Safari/604.1"
23.82.96.182 - - [23/Jul/2026:08:02:27 -0600] "GET /44f37e2fe2index.php HTTP/1.1" 200 55713 "-" "Mozilla/5.0 (iPhone; CPU iPhone OS 14_0 like Mac OS X) AppleWebKit/605.1.15 (KHTML, like Gecko) Version/14.0 Mobile/15E148 Safari/604.1"
170.80.111.60 - - [23/Jul/2026:08:02:27 -0600] "GET /44f37e2fe2index.php HTTP/1.1" 200 55714 "-" "Mozilla/5.0 (iPhone; CPU iPhone OS 14_0 like Mac OS X) AppleWebKit/605.1.15 (KHTML, like Gecko) Version/14.0 Mobile/15E148 Safari/604.1"
114.119.133.166 - - [23/Jul/2026:08:02:40 -0600] "GET /w.php HTTP/1.1" 200 70424 "http://4uweb.design/" "Mozilla/5.0 (Linux; Android 7.0;) AppleWebKit/537.36 (HTML, like Gecko) Mobile Safari/537.36 (compatible; PetalBot;+https://webmaster.petalsearch.com/site/petalbot)"
114.119.148.208 - - [23/Jul/2026:08:04:10 -0600] "GET /items/3618198330.htm HTTP/1.1" 302 271 "http://4uweb.design/items/3618198330.htm" "Mozilla/5.0 (Linux; Android 7.0;) AppleWebKit/537.36 (HTML, like Gecko) Mobile Safari/537.36 (compatible; PetalBot;+https://webmaster.petalsearch.com/site/petalbot)"
114.119.138.117 - - [23/Jul/2026:08:05:42 -0600] "GET /items/3472867862.htm HTTP/1.1" 302 271 "http://4uweb.design/items/3472867862.htm" "Mozilla/5.0 (Linux; Android 7.0;) AppleWebKit/537.36 (HTML, like Gecko) Mobile Safari/537.36 (compatible; PetalBot;+https://webmaster.petalsearch.com/site/petalbot)"
23.80.89.38 - - [23/Jul/2026:08:05:55 -0600] "GET /93fd15b825index.php HTTP/1.1" 200 55712 "-" "Mozilla/5.0 (Windows NT 10.0; Win64; x64) AppleWebKit/537.36 (KHTML, like Gecko) Chrome/150.0.0.0 Safari/537.36"
206.189.247.132 - - [23/Jul/2026:08:05:55 -0600] "GET /93fd15b825index.php HTTP/1.1" 200 55716 "-" "Mozilla/5.0 (Windows NT 10.0; Win64; x64) AppleWebKit/537.36 (KHTML, like Gecko) Chrome/150.0.0.0 Safari/537.36"
77.42.64.153 - - [23/Jul/2026:08:05:55 -0600] "GET /93fd15b825index.php HTTP/1.1" 200 55713 "-" "Mozilla/5.0 (Windows NT 10.0; Win64; x64) AppleWebKit/537.36 (KHTML, like Gecko) Chrome/150.0.0.0 Safari/537.36"
57.129.137.189 - - [23/Jul/2026:08:05:56 -0600] "GET /93fd15b825index.php HTTP/1.1" 200 55715 "-" "Mozilla/5.0 (Windows NT 10.0; Win64; x64) AppleWebKit/537.36 (KHTML, like Gecko) Chrome/150.0.0.0 Safari/537.36"
114.119.128.218 - - [23/Jul/2026:08:07:15 -0600] "GET /items/340787157.htm HTTP/1.1" 302 271 "http://4uweb.design/items/340787157.htm" "Mozilla/5.0 (Linux; Android 7.0;) AppleWebKit/537.36 (HTML, like Gecko) Mobile Safari/537.36 (compatible; PetalBot;+https://webmaster.petalsearch.com/site/petalbot)"
114.119.133.166 - - [23/Jul/2026:08:08:47 -0600] "GET /plugins/ HTTP/1.1" 200 31 "http://4uweb.design/" "Mozilla/5.0 (Linux; Android 7.0;) AppleWebKit/537.36 (HTML, like Gecko) Mobile Safari/537.36 (compatible; PetalBot;+https://webmaster.petalsearch.com/site/petalbot)"
114.119.148.208 - - [23/Jul/2026:08:11:53 -0600] "GET /items/590713895.htm HTTP/1.1" 302 271 "http://4uweb.design/items/590713895.htm" "Mozilla/5.0 (Linux; Android 7.0;) AppleWebKit/537.36 (HTML, like Gecko) Mobile Safari/537.36 (compatible; PetalBot;+https://webmaster.petalsearch.com/site/petalbot)"
114.119.142.94 - - [23/Jul/2026:08:13:27 -0600] "GET /items/624161243.htm HTTP/1.1" 302 271 "http://4uweb.design/items/624161243.htm" "Mozilla/5.0 (Linux; Android 7.0;) AppleWebKit/537.36 (HTML, like Gecko) Mobile Safari/537.36 (compatible; PetalBot;+https://webmaster.petalsearch.com/site/petalbot)"
114.119.142.197 - - [23/Jul/2026:08:15:02 -0600] "GET /items/980587786.htm HTTP/1.1" 302 271 "http://4uweb.design/items/980587786.htm" "Mozilla/5.0 (Linux; Android 7.0;) AppleWebKit/537.36 (HTML, like Gecko) Mobile Safari/537.36 (compatible; PetalBot;+https://webmaster.petalsearch.com/site/petalbot)"
159.223.242.210 - - [23/Jul/2026:08:15:36 -0600] "GET /befb1/ HTTP/1.1" 200 10046 "-" "Mozilla/5.0 (Linux; Android 10; K) AppleWebKit/537.36 (KHTML, like Gecko) Chrome/144.0.0.0 Mobile Safari/537.36"
146.190.203.144 - - [23/Jul/2026:08:15:37 -0600] "GET /befb1/ HTTP/1.1" 200 10046 "-" "Mozilla/5.0 (Linux; Android 10; K) AppleWebKit/537.36 (KHTML, like Gecko) Chrome/144.0.0.0 Mobile Safari/537.36"
170.64.251.156 - - [23/Jul/2026:08:15:37 -0600] "GET /befb1/ HTTP/1.1" 200 10045 "-" "Mozilla/5.0 (Linux; Android 10; K) AppleWebKit/537.36 (KHTML, like Gecko) Chrome/144.0.0.0 Mobile Safari/537.36"
114.119.133.166 - - [23/Jul/2026:08:16:38 -0600] "GET /items/838026858.htm HTTP/1.1" 302 271 "http://4uweb.design/items/838026858.htm" "Mozilla/5.0 (Linux; Android 7.0;) AppleWebKit/537.36 (HTML, like Gecko) Mobile Safari/537.36 (compatible; PetalBot;+https://webmaster.petalsearch.com/site/petalbot)"
23.82.96.181 - - [23/Jul/2026:08:16:47 -0600] "GET /878767604findex.php HTTP/1.1" 200 55713 "-" "Mozilla/5.0 (iPod; U; CPU iPhone OS 4_0 like Mac OS X; hr-HR) AppleWebKit/531.16.1 (KHTML, like Gecko) Version/4.0.5 Mobile/8B112 Safari/6531.16.1"
57.129.137.189 - - [23/Jul/2026:08:16:47 -0600] "GET /878767604findex.php HTTP/1.1" 200 55715 "-" "Mozilla/5.0 (iPod; U; CPU iPhone OS 4_0 like Mac OS X; hr-HR) AppleWebKit/531.16.1 (KHTML, like Gecko) Version/4.0.5 Mobile/8B112 Safari/6531.16.1"
91.134.43.151 - - [23/Jul/2026:08:16:48 -0600] "GET /878767604findex.php HTTP/1.1" 200 55714 "-" "Mozilla/5.0 (iPod; U; CPU iPhone OS 4_0 like Mac OS X; hr-HR) AppleWebKit/531.16.1 (KHTML, like Gecko) Version/4.0.5 Mobile/8B112 Safari/6531.16.1"
209.38.171.212 - - [23/Jul/2026:08:16:50 -0600] "GET /878767604findex.php HTTP/1.1" 200 55715 "-" "Mozilla/5.0 (iPod; U; CPU iPhone OS 4_0 like Mac OS X; hr-HR) AppleWebKit/531.16.1 (KHTML, like Gecko) Version/4.0.5 Mobile/8B112 Safari/6531.16.1"
114.119.148.208 - - [23/Jul/2026:08:18:04 -0600] "GET /items/42671824.htm HTTP/1.1" 302 271 "http://4uweb.design/items/42671824.htm" "Mozilla/5.0 (Linux; Android 7.0;) AppleWebKit/537.36 (HTML, like Gecko) Mobile Safari/537.36 (compatible; PetalBot;+https://webmaster.petalsearch.com/site/petalbot)"
57.129.137.254 - - [23/Jul/2026:08:18:56 -0600] "GET /097c2/index.php HTTP/1.1" 200 5168 "-" "Mozilla/5.0 (Macintosh; Intel Mac OS X 10_15_7) AppleWebKit/537.36 (KHTML, like Gecko) Chrome/148.0.0.0 Safari/537.36"
57.131.13.107 - - [23/Jul/2026:08:18:56 -0600] "GET /097c2/index.php HTTP/1.1" 200 5167 "-" "Mozilla/5.0 (Macintosh; Intel Mac OS X 10_15_7) AppleWebKit/537.36 (KHTML, like Gecko) Chrome/148.0.0.0 Safari/537.36"
23.82.96.182 - - [23/Jul/2026:08:18:56 -0600] "GET /097c2/index.php HTTP/1.1" 200 5166 "-" "Mozilla/5.0 (Macintosh; Intel Mac OS X 10_15_7) AppleWebKit/537.36 (KHTML, like Gecko) Chrome/148.0.0.0 Safari/537.36"
68.183.245.101 - - [23/Jul/2026:08:18:57 -0600] "GET /097c2/index.php HTTP/1.1" 200 5168 "-" "Mozilla/5.0 (Macintosh; Intel Mac OS X 10_15_7) AppleWebKit/537.36 (KHTML, like Gecko) Chrome/148.0.0.0 Safari/537.36"
77.42.64.153 - - [23/Jul/2026:08:19:06 -0600] "GET /6c2ed/ HTTP/1.1" 404 - "-" "Mozilla/5.0 (Linux; Android 10; K) AppleWebKit/537.36 (KHTML, like Gecko) Chrome/143.0.0.0 Mobile Safari/537.36"
146.190.203.144 - - [23/Jul/2026:08:19:07 -0600] "GET /6c2ed/ HTTP/1.1" 404 - "-" "Mozilla/5.0 (Linux; Android 10; K) AppleWebKit/537.36 (KHTML, like Gecko) Chrome/143.0.0.0 Mobile Safari/537.36"
57.131.13.107 - - [23/Jul/2026:08:19:11 -0600] "GET /6c2ed/ HTTP/1.1" 404 - "-" "Mozilla/5.0 (Linux; Android 10; K) AppleWebKit/537.36 (KHTML, like Gecko) Chrome/143.0.0.0 Mobile Safari/537.36"
185.152.67.230 - - [23/Jul/2026:08:19:11 -0600] "GET /6c2ed/ HTTP/1.1" 404 - "-" "Mozilla/5.0 (Linux; Android 10; K) AppleWebKit/537.36 (KHTML, like Gecko) Chrome/143.0.0.0 Mobile Safari/537.36"
114.119.138.117 - - [23/Jul/2026:08:19:38 -0600] "GET /items/3279063137.htm HTTP/1.1" 302 271 "http://4uweb.design/items/3279063137.htm" "Mozilla/5.0 (Linux; Android 7.0;) AppleWebKit/537.36 (HTML, like Gecko) Mobile Safari/537.36 (compatible; PetalBot;+https://webmaster.petalsearch.com/site/petalbot)"
114.119.133.166 - - [23/Jul/2026:08:21:09 -0600] "GET /items/3047539261.htm HTTP/1.1" 302 271 "http://4uweb.design/items/3047539261.htm" "Mozilla/5.0 (Linux; Android 7.0;) AppleWebKit/537.36 (HTML, like Gecko) Mobile Safari/537.36 (compatible; PetalBot;+https://webmaster.petalsearch.com/site/petalbot)"
114.119.142.197 - - [23/Jul/2026:08:22:42 -0600] "GET /items/3697632049.htm HTTP/1.1" 302 271 "http://4uweb.design/items/3697632049.htm" "Mozilla/5.0 (Linux; Android 7.0;) AppleWebKit/537.36 (HTML, like Gecko) Mobile Safari/537.36 (compatible; PetalBot;+https://webmaster.petalsearch.com/site/petalbot)"
114.119.148.208 - - [23/Jul/2026:08:24:14 -0600] "GET /items/3571214076.htm HTTP/1.1" 302 271 "http://4uweb.design/items/3571214076.htm" "Mozilla/5.0 (Linux; Android 7.0;) AppleWebKit/537.36 (HTML, like Gecko) Mobile Safari/537.36 (compatible; PetalBot;+https://webmaster.petalsearch.com/site/petalbot)"
114.119.128.218 - - [23/Jul/2026:08:25:48 -0600] "GET /items/3014091913.htm HTTP/1.1" 302 271 "http://4uweb.design/items/3014091913.htm" "Mozilla/5.0 (Linux; Android 7.0;) AppleWebKit/537.36 (HTML, like Gecko) Mobile Safari/537.36 (compatible; PetalBot;+https://webmaster.petalsearch.com/site/petalbot)"
114.119.148.208 - - [23/Jul/2026:08:27:20 -0600] "GET /items/2795637494.htm HTTP/1.1" 302 271 "http://4uweb.design/items/2795637494.htm" "Mozilla/5.0 (Linux; Android 7.0;) AppleWebKit/537.36 (HTML, like Gecko) Mobile Safari/537.36 (compatible; PetalBot;+https://webmaster.petalsearch.com/site/petalbot)"
114.119.133.166 - - [23/Jul/2026:08:28:53 -0600] "GET /preview.html HTTP/1.1" 200 352 "http://4uweb.design/" "Mozilla/5.0 (Linux; Android 7.0;) AppleWebKit/537.36 (HTML, like Gecko) Mobile Safari/537.36 (compatible; PetalBot;+https://webmaster.petalsearch.com/site/petalbot)"
114.119.148.208 - - [23/Jul/2026:08:30:31 -0600] "GET /robots.txt.dist HTTP/1.1" 200 764 "http://4uweb.design/" "Mozilla/5.0 (Linux; Android 7.0;) AppleWebKit/537.36 (HTML, like Gecko) Mobile Safari/537.36 (compatible; PetalBot;+https://webmaster.petalsearch.com/site/petalbot)"
148.113.128.249 - - [23/Jul/2026:08:30:54 -0600] "GET /robots.txt HTTP/1.1" 200 76 "-" "Mozilla/5.0 (compatible; AhrefsBot/7.0; +http://ahrefs.com/robot/)"
142.44.225.248 - - [23/Jul/2026:08:30:58 -0600] "GET /93fd15b825index.php HTTP/1.1" 200 55715 "-" "Mozilla/5.0 (compatible; AhrefsBot/7.0; +http://ahrefs.com/robot/)"
114.119.148.208 - - [23/Jul/2026:08:31:58 -0600] "GET /tmp/ HTTP/1.1" 200 31 "http://4uweb.design/" "Mozilla/5.0 (Linux; Android 7.0;) AppleWebKit/537.36 (HTML, like Gecko) Mobile Safari/537.36 (compatible; PetalBot;+https://webmaster.petalsearch.com/site/petalbot)"
114.119.148.208 - - [23/Jul/2026:08:33:31 -0600] "GET /items/810562232.htm HTTP/1.1" 302 271 "http://4uweb.design/items/810562232.htm" "Mozilla/5.0 (Linux; Android 7.0;) AppleWebKit/537.36 (HTML, like Gecko) Mobile Safari/537.36 (compatible; PetalBot;+https://webmaster.petalsearch.com/site/petalbot)"
114.119.156.152 - - [23/Jul/2026:08:35:03 -0600] "GET /items/4084596732.htm HTTP/1.1" 302 271 "http://4uweb.design/items/4084596732.htm" "Mozilla/5.0 (Linux; Android 7.0;) AppleWebKit/537.36 (HTML, like Gecko) Mobile Safari/537.36 (compatible; PetalBot;+https://webmaster.petalsearch.com/site/petalbot)"
114.119.137.224 - - [23/Jul/2026:08:36:37 -0600] "GET /items/3448336315.htm HTTP/1.1" 302 271 "http://4uweb.design/items/3448336315.htm" "Mozilla/5.0 (Linux; Android 7.0;) AppleWebKit/537.36 (HTML, like Gecko) Mobile Safari/537.36 (compatible; PetalBot;+https://webmaster.petalsearch.com/site/petalbot)"
23.19.230.168 - - [23/Jul/2026:08:37:02 -0600] "GET /7b438268daindex.php HTTP/1.1" 200 55714 "-" "Mozilla/5.0 (Windows NT 10.0; Win64; x64) AppleWebKit/537.36 (KHTML, like Gecko) Chrome/148.0.0.0 Safari/537.36 Edg/148.0.0.0"
46.62.173.36 - - [23/Jul/2026:08:37:02 -0600] "GET /7b438268daindex.php HTTP/1.1" 200 55713 "-" "Mozilla/5.0 (Windows NT 10.0; Win64; x64) AppleWebKit/537.36 (KHTML, like Gecko) Chrome/148.0.0.0 Safari/537.36 Edg/148.0.0.0"
57.129.137.254 - - [23/Jul/2026:08:37:03 -0600] "GET /7b438268daindex.php HTTP/1.1" 200 55715 "-" "Mozilla/5.0 (Windows NT 10.0; Win64; x64) AppleWebKit/537.36 (KHTML, like Gecko) Chrome/148.0.0.0 Safari/537.36 Edg/148.0.0.0"
57.129.134.182 - - [23/Jul/2026:08:37:03 -0600] "GET /7b438268daindex.php HTTP/1.1" 200 55715 "-" "Mozilla/5.0 (Windows NT 10.0; Win64; x64) AppleWebKit/537.36 (KHTML, like Gecko) Chrome/148.0.0.0 Safari/537.36 Edg/148.0.0.0"
114.119.137.224 - - [23/Jul/2026:08:38:09 -0600] "GET /items/3301793732.htm HTTP/1.1" 302 271 "http://4uweb.design/items/3301793732.htm" "Mozilla/5.0 (Linux; Android 7.0;) AppleWebKit/537.36 (HTML, like Gecko) Mobile Safari/537.36 (compatible; PetalBot;+https://webmaster.petalsearch.com/site/petalbot)"
114.119.137.224 - - [23/Jul/2026:08:39:42 -0600] "GET /items/2625915147.htm HTTP/1.1" 302 271 "http://4uweb.design/items/2625915147.htm" "Mozilla/5.0 (Linux; Android 7.0;) AppleWebKit/537.36 (HTML, like Gecko) Mobile Safari/537.36 (compatible; PetalBot;+https://webmaster.petalsearch.com/site/petalbot)"
114.119.128.218 - - [23/Jul/2026:08:41:15 -0600] "GET /items/2477815123.htm HTTP/1.1" 302 271 "http://4uweb.design/items/2477815123.htm" "Mozilla/5.0 (Linux; Android 7.0;) AppleWebKit/537.36 (HTML, like Gecko) Mobile Safari/537.36 (compatible; PetalBot;+https://webmaster.petalsearch.com/site/petalbot)"
114.119.128.218 - - [23/Jul/2026:08:42:47 -0600] "GET /items/1613022329.htm HTTP/1.1" 302 271 "http://4uweb.design/items/1613022329.htm" "Mozilla/5.0 (Linux; Android 7.0;) AppleWebKit/537.36 (HTML, like Gecko) Mobile Safari/537.36 (compatible; PetalBot;+https://webmaster.petalsearch.com/site/petalbot)"
114.119.142.197 - - [23/Jul/2026:08:44:26 -0600] "GET /items/1578729809.htm HTTP/1.1" 302 271 "http://4uweb.design/items/1578729809.htm" "Mozilla/5.0 (Linux; Android 7.0;) AppleWebKit/537.36 (HTML, like Gecko) Mobile Safari/537.36 (compatible; PetalBot;+https://webmaster.petalsearch.com/site/petalbot)"
209.38.171.212 - - [23/Jul/2026:08:44:56 -0600] "GET /097c2/ HTTP/1.1" 200 5168 "-" "Mozilla/5.0 (Windows NT 10.0; Win64; x64) AppleWebKit/537.36 (KHTML, like Gecko) Chrome/147.0.0.0 Safari/537.36 OPR/131.0.0.0"
77.42.67.200 - - [23/Jul/2026:08:44:56 -0600] "GET /097c2/ HTTP/1.1" 200 5166 "-" "Mozilla/5.0 (Windows NT 10.0; Win64; x64) AppleWebKit/537.36 (KHTML, like Gecko) Chrome/147.0.0.0 Safari/537.36 OPR/131.0.0.0"
159.89.216.7 - - [23/Jul/2026:08:44:56 -0600] "GET /097c2/ HTTP/1.1" 200 5166 "-" "Mozilla/5.0 (Windows NT 10.0; Win64; x64) AppleWebKit/537.36 (KHTML, like Gecko) Chrome/147.0.0.0 Safari/537.36 OPR/131.0.0.0"
159.223.242.210 - - [23/Jul/2026:08:44:56 -0600] "GET /097c2/ HTTP/1.1" 200 5169 "-" "Mozilla/5.0 (Windows NT 10.0; Win64; x64) AppleWebKit/537.36 (KHTML, like Gecko) Chrome/147.0.0.0 Safari/537.36 OPR/131.0.0.0"
114.119.137.224 - - [23/Jul/2026:08:45:55 -0600] "GET /items/146982432.htm HTTP/1.1" 302 271 "http://4uweb.design/items/146982432.htm" "Mozilla/5.0 (Linux; Android 7.0;) AppleWebKit/537.36 (HTML, like Gecko) Mobile Safari/537.36 (compatible; PetalBot;+https://webmaster.petalsearch.com/site/petalbot)"
114.119.138.117 - - [23/Jul/2026:08:47:50 -0600] "GET /items/1411291960.htm HTTP/1.1" 302 271 "http://4uweb.design/items/1411291960.htm" "Mozilla/5.0 (Linux; Android 7.0;) AppleWebKit/537.36 (HTML, like Gecko) Mobile Safari/537.36 (compatible; PetalBot;+https://webmaster.petalsearch.com/site/petalbot)"
138.199.21.240 - - [23/Jul/2026:08:48:07 -0600] "GET /media/com_sppagebuilder/assets/iconfont/ty/fonts/ty.PHP HTTP/1.1" 302 271 "-" "Mozilla/5.0 (Macintosh; Intel Mac OS X 10_15_7) AppleWebKit/605.1.15 (KHTML, like Gecko) Version/17.8.1 Mobile/15E148 Safari/604.1"
138.199.21.240 - - [23/Jul/2026:08:48:07 -0600] "GET /media/com_sppagebuilder/assets/iconfont/icosuns/fonts/index.PHP HTTP/1.1" 302 271 "-" "Mozilla/5.0 (Windows NT 10.0; Win64; x64; rv:140.0) Gecko/20100101 Firefox/140.5"
114.119.142.94 - - [23/Jul/2026:08:49:03 -0600] "GET /items/1145411844.htm HTTP/1.1" 302 271 "http://4uweb.design/items/1145411844.htm" "Mozilla/5.0 (Linux; Android 7.0;) AppleWebKit/537.36 (HTML, like Gecko) Mobile Safari/537.36 (compatible; PetalBot;+https://webmaster.petalsearch.com/site/petalbot)"
198.244.240.111 - - [23/Jul/2026:08:49:43 -0600] "GET /sitemap.xml HTTP/1.1" 302 271 "-" "Mozilla/5.0 (compatible; AhrefsBot/7.0; +http://ahrefs.com/robot/)"
114.119.133.166 - - [23/Jul/2026:08:50:34 -0600] "GET /items/1102834559.htm HTTP/1.1" 302 271 "http://4uweb.design/items/1102834559.htm" "Mozilla/5.0 (Linux; Android 7.0;) AppleWebKit/537.36 (HTML, like Gecko) Mobile Safari/537.36 (compatible; PetalBot;+https://webmaster.petalsearch.com/site/petalbot)"
114.119.148.208 - - [23/Jul/2026:08:52:07 -0600] "GET /items/1034159728.htm HTTP/1.1" 302 271 "http://4uweb.design/items/1034159728.htm" "Mozilla/5.0 (Linux; Android 7.0;) AppleWebKit/537.36 (HTML, like Gecko) Mobile Safari/537.36 (compatible; PetalBot;+https://webmaster.petalsearch.com/site/petalbot)"
114.119.138.117 - - [23/Jul/2026:08:53:40 -0600] "GET /items/1006513267.htm HTTP/1.1" 302 271 "http://4uweb.design/items/1006513267.htm" "Mozilla/5.0 (Linux; Android 7.0;) AppleWebKit/537.36 (HTML, like Gecko) Mobile Safari/537.36 (compatible; PetalBot;+https://webmaster.petalsearch.com/site/petalbot)"
51.161.65.178 - - [23/Jul/2026:08:54:32 -0600] "GET /components/ HTTP/1.1" 200 31 "-" "Mozilla/5.0 (compatible; AhrefsBot/7.0; +http://ahrefs.com/robot/)"
114.119.133.166 - - [23/Jul/2026:08:55:12 -0600] "GET /includes/ HTTP/1.1" 200 31 "http://4uweb.design/" "Mozilla/5.0 (Linux; Android 7.0;) AppleWebKit/537.36 (HTML, like Gecko) Mobile Safari/537.36 (compatible; PetalBot;+https://webmaster.petalsearch.com/site/petalbot)"
114.119.137.224 - - [23/Jul/2026:08:56:45 -0600] "GET /cli/ HTTP/1.1" 200 31 "http://4uweb.design/" "Mozilla/5.0 (Linux; Android 7.0;) AppleWebKit/537.36 (HTML, like Gecko) Mobile Safari/537.36 (compatible; PetalBot;+https://webmaster.petalsearch.com/site/petalbot)"
164.90.241.135 - - [23/Jul/2026:08:57:07 -0600] "GET /ca5aaa2191d8.php HTTP/1.1" 200 7 "-" "Mozilla/5.0 (Windows NT 10.0; Win64; x64) AppleWebKit/537.36 (KHTML, like Gecko) Chrome/148.0.0.0 Safari/537.36 Edg/148.0.0.0"
57.129.134.182 - - [23/Jul/2026:08:57:07 -0600] "GET /ca5aaa2191d8.php HTTP/1.1" 200 7 "-" "Mozilla/5.0 (Windows NT 10.0; Win64; x64) AppleWebKit/537.36 (KHTML, like Gecko) Chrome/148.0.0.0 Safari/537.36 Edg/148.0.0.0"
57.131.13.95 - - [23/Jul/2026:08:57:08 -0600] "GET /ca5aaa2191d8.php HTTP/1.1" 200 7 "-" "Mozilla/5.0 (Windows NT 10.0; Win64; x64) AppleWebKit/537.36 (KHTML, like Gecko) Chrome/148.0.0.0 Safari/537.36 Edg/148.0.0.0"
65.130.187.39 - - [23/Jul/2026:08:57:08 -0600] "GET /ca5aaa2191d8.php HTTP/1.1" 200 7 "-" "Mozilla/5.0 (Windows NT 10.0; Win64; x64) AppleWebKit/537.36 (KHTML, like Gecko) Chrome/148.0.0.0 Safari/537.36 Edg/148.0.0.0"
104.222.43.152 - - [23/Jul/2026:08:58:15 -0600] "GET / HTTP/1.1" 200 11286 "-" "Mozilla/5.0 (Windows NT 10.0; Win64; x64; rv:64.0) Gecko/20100101 Firefox/64.0"
104.165.120.239 - - [23/Jul/2026:08:58:16 -0600] "GET / HTTP/1.1" 200 11286 "-" "Mozilla/5.0 (Windows NT 10.0; Win64; x64; rv:64.0) Gecko/20100101 Firefox/64.0"
114.119.138.117 - - [23/Jul/2026:08:58:23 -0600] "GET /cc35df99ca.php HTTP/1.1" 500 - "http://4uweb.design/" "Mozilla/5.0 (Linux; Android 7.0;) AppleWebKit/537.36 (HTML, like Gecko) Mobile Safari/537.36 (compatible; PetalBot;+https://webmaster.petalsearch.com/site/petalbot)"
15.235.27.168 - - [23/Jul/2026:08:58:57 -0600] "GET /images/ HTTP/1.1" 200 31 "-" "Mozilla/5.0 (compatible; AhrefsBot/7.0; +http://ahrefs.com/robot/)"
114.119.142.197 - - [23/Jul/2026:08:59:53 -0600] "GET /administrator/ HTTP/1.1" 200 4022 "http://4uweb.design/" "Mozilla/5.0 (Linux; Android 7.0;) AppleWebKit/537.36 (HTML, like Gecko) Mobile Safari/537.36 (compatible; PetalBot;+https://webmaster.petalsearch.com/site/petalbot)"
114.119.133.166 - - [23/Jul/2026:09:01:25 -0600] "GET /499a8c0499.php HTTP/1.1" 500 - "http://4uweb.design/" "Mozilla/5.0 (Linux; Android 7.0;) AppleWebKit/537.36 (HTML, like Gecko) Mobile Safari/537.36 (compatible; PetalBot;+https://webmaster.petalsearch.com/site/petalbot)"
57.129.137.189 - - [23/Jul/2026:09:02:11 -0600] "GET /93fd15b825index.php HTTP/1.1" 200 55715 "-" "Mozilla/5.0 (Windows NT 10.0; Win64; x64) AppleWebKit/537.36 (KHTML, like Gecko) Chrome/150.0.0.0 Safari/537.36"
23.80.89.38 - - [23/Jul/2026:09:02:11 -0600] "GET /93fd15b825index.php HTTP/1.1" 200 55712 "-" "Mozilla/5.0 (Windows NT 10.0; Win64; x64) AppleWebKit/537.36 (KHTML, like Gecko) Chrome/150.0.0.0 Safari/537.36"
77.42.64.153 - - [23/Jul/2026:09:02:12 -0600] "GET /93fd15b825index.php HTTP/1.1" 200 55713 "-" "Mozilla/5.0 (Windows NT 10.0; Win64; x64) AppleWebKit/537.36 (KHTML, like Gecko) Chrome/150.0.0.0 Safari/537.36"
206.189.247.132 - - [23/Jul/2026:09:02:13 -0600] "GET /93fd15b825index.php HTTP/1.1" 200 55716 "-" "Mozilla/5.0 (Windows NT 10.0; Win64; x64) AppleWebKit/537.36 (KHTML, like Gecko) Chrome/150.0.0.0 Safari/537.36"
148.113.130.238 - - [23/Jul/2026:09:03:03 -0600] "GET /dev/ HTTP/1.1" 302 241 "-" "Mozilla/5.0 (compatible; AhrefsBot/7.0; +http://ahrefs.com/robot/)"
97.117.95.25 - - [23/Jul/2026:09:04:50 -0600] "GET /03f0f/ HTTP/1.1" 200 25104 "-" "Mozilla/5.0 (iPhone; CPU iPhone OS 18_6 like Mac OS X) AppleWebKit/605.1.15 (KHTML, like Gecko) Version/26.5 Mobile/15E148 Safari/604.1"
91.134.142.216 - - [23/Jul/2026:09:04:51 -0600] "GET /03f0f/ HTTP/1.1" 200 25104 "-" "Mozilla/5.0 (iPhone; CPU iPhone OS 18_6 like Mac OS X) AppleWebKit/605.1.15 (KHTML, like Gecko) Version/26.5 Mobile/15E148 Safari/604.1"
77.42.64.153 - - [23/Jul/2026:09:04:51 -0600] "GET /03f0f/ HTTP/1.1" 200 25101 "-" "Mozilla/5.0 (iPhone; CPU iPhone OS 18_6 like Mac OS X) AppleWebKit/605.1.15 (KHTML, like Gecko) Version/26.5 Mobile/15E148 Safari/604.1"
46.62.234.38 - - [23/Jul/2026:09:04:51 -0600] "GET /03f0f/ HTTP/1.1" 200 25101 "-" "Mozilla/5.0 (iPhone; CPU iPhone OS 18_6 like Mac OS X) AppleWebKit/605.1.15 (KHTML, like Gecko) Version/26.5 Mobile/15E148 Safari/604.1"
23.82.96.182 - - [23/Jul/2026:09:06:15 -0600] "GET /44f37e2fe2index.php HTTP/1.1" 200 55713 "-" "Mozilla/5.0 (iPhone; CPU iPhone OS 14_0 like Mac OS X) AppleWebKit/605.1.15 (KHTML, like Gecko) Version/14.0 Mobile/15E148 Safari/604.1"
57.129.137.115 - - [23/Jul/2026:09:06:15 -0600] "GET /44f37e2fe2index.php HTTP/1.1" 200 55715 "-" "Mozilla/5.0 (iPhone; CPU iPhone OS 14_0 like Mac OS X) AppleWebKit/605.1.15 (KHTML, like Gecko) Version/14.0 Mobile/15E148 Safari/604.1"
170.80.111.60 - - [23/Jul/2026:09:06:16 -0600] "GET /44f37e2fe2index.php HTTP/1.1" 200 55714 "-" "Mozilla/5.0 (iPhone; CPU iPhone OS 14_0 like Mac OS X) AppleWebKit/605.1.15 (KHTML, like Gecko) Version/14.0 Mobile/15E148 Safari/604.1"
68.183.245.101 - - [23/Jul/2026:09:06:17 -0600] "GET /44f37e2fe2index.php HTTP/1.1" 200 55715 "-" "Mozilla/5.0 (iPhone; CPU iPhone OS 14_0 like Mac OS X) AppleWebKit/605.1.15 (KHTML, like Gecko) Version/14.0 Mobile/15E148 Safari/604.1"
159.223.242.210 - - [23/Jul/2026:09:10:41 -0600] "GET /befb1/ HTTP/1.1" 200 10046 "-" "Mozilla/5.0 (Linux; Android 10; K) AppleWebKit/537.36 (KHTML, like Gecko) Chrome/144.0.0.0 Mobile Safari/537.36"
146.190.203.144 - - [23/Jul/2026:09:10:42 -0600] "GET /befb1/ HTTP/1.1" 200 10046 "-" "Mozilla/5.0 (Linux; Android 10; K) AppleWebKit/537.36 (KHTML, like Gecko) Chrome/144.0.0.0 Mobile Safari/537.36"
170.64.251.156 - - [23/Jul/2026:09:10:47 -0600] "GET /befb1/ HTTP/1.1" 200 10045 "-" "Mozilla/5.0 (Linux; Android 10; K) AppleWebKit/537.36 (KHTML, like Gecko) Chrome/144.0.0.0 Mobile Safari/537.36"
57.131.13.107 - - [23/Jul/2026:09:16:10 -0600] "GET /6c2ed/ HTTP/1.1" 404 - "-" "Mozilla/5.0 (Linux; Android 10; K) AppleWebKit/537.36 (KHTML, like Gecko) Chrome/143.0.0.0 Mobile Safari/537.36"
185.152.67.230 - - [23/Jul/2026:09:16:13 -0600] "GET /6c2ed/ HTTP/1.1" 404 - "-" "Mozilla/5.0 (Linux; Android 10; K) AppleWebKit/537.36 (KHTML, like Gecko) Chrome/143.0.0.0 Mobile Safari/537.36"
146.190.203.144 - - [23/Jul/2026:09:16:15 -0600] "GET /6c2ed/ HTTP/1.1" 404 - "-" "Mozilla/5.0 (Linux; Android 10; K) AppleWebKit/537.36 (KHTML, like Gecko) Chrome/143.0.0.0 Mobile Safari/537.36"
