Your IP : 216.73.217.142


Current Path : /proc/2364167/cwd/access-logs/
Upload File :
Current File : //proc/2364167/cwd/access-logs/4uweb.design.4uweb.ca-ssl_log

216.73.217.142 - - [23/Jul/2026:06:04:11 -0600] "GET /878767604findex.php?filesrc=%2Fhome%2Fu4uwebca%2Fpublic_html%2F4uweb.design%2Fmedia%2Fmod_languages%2Fimages%2Fen.gif&path=%2Fhome%2Fu4uwebca%2Fpublic_html%2F4uweb.design%2Fmedia%2Fmod_languages%2Fimages HTTP/1.1" 200 3539 "-" "Mozilla/5.0 AppleWebKit/537.36 (KHTML, like Gecko; compatible; ClaudeBot/1.0; +claudebot@anthropic.com)"
216.73.217.142 - - [23/Jul/2026:06:04:14 -0600] "GET /93fd15b825index.php?filesrc=%2F%2Flib%2Ffirmware%2Fcirrus%2Fcs35l41-dsp1-spk-prot-103c8b74.wmfw&path=%2F%2Flib%2Ffirmware%2Fcirrus HTTP/1.1" 200 49239 "-" "Mozilla/5.0 AppleWebKit/537.36 (KHTML, like Gecko; compatible; ClaudeBot/1.0; +claudebot@anthropic.com)"
216.73.217.142 - - [23/Jul/2026:06:04:17 -0600] "GET /878767604findex.php?filesrc=%2Fhome%2Fu4uwebca%2Fpublic_html%2F4uweb.design%2Fmedia%2Fmod_languages%2Fimages%2Fde_lu.gif&path=%2Fhome%2Fu4uwebca%2Fpublic_html%2F4uweb.design%2Fmedia%2Fmod_languages%2Fimages HTTP/1.1" 200 2075 "-" "Mozilla/5.0 AppleWebKit/537.36 (KHTML, like Gecko; compatible; ClaudeBot/1.0; +claudebot@anthropic.com)"
216.73.217.142 - - [23/Jul/2026:06:04:20 -0600] "GET /93fd15b825index.php?filesrc=%2Fhome%2Fu4uwebca%2Fpublic_html%2F4uweb.design%2Fmedia%2Flegacy%2Fjs%2Fjoomla-chosen.js&path=%2Fhome%2Fu4uwebca%2Fpublic_html%2F4uweb.design%2Fmedia%2Flegacy%2Fjs HTTP/1.1" 200 6337 "-" "Mozilla/5.0 AppleWebKit/537.36 (KHTML, like Gecko; compatible; ClaudeBot/1.0; +claudebot@anthropic.com)"
57.141.18.21 - - [23/Jul/2026:06:04:23 -0600] "GET /items/3297790526.htm HTTP/1.1" 302 271 "-" "Mozilla/5.0 (Windows NT 10.0; Win64; x64) AppleWebKit/537.36 (KHTML, like Gecko) Chrome/145.0.0.0 Safari/537.36 (compatible; meta-externalagent/1.1 (+https://developers.facebook.com/docs/sharing/webmasters/crawler))"
216.73.217.142 - - [23/Jul/2026:06:04:23 -0600] "GET /93fd15b825index.php?filesrc=%2F%2Flib%2Ffirmware%2Fcirrus%2Fcs35l41-dsp1-spk-prot-103c8b92.wmfw&path=%2F%2Flib%2Ffirmware%2Fcirrus HTTP/1.1" 200 49239 "-" "Mozilla/5.0 AppleWebKit/537.36 (KHTML, like Gecko; compatible; ClaudeBot/1.0; +claudebot@anthropic.com)"
57.141.18.75 - - [23/Jul/2026:06:04:24 -0600] "GET /items/692497427.htm HTTP/1.1" 302 271 "-" "Mozilla/5.0 (Windows NT 10.0; Win64; x64) AppleWebKit/537.36 (KHTML, like Gecko) Chrome/145.0.0.0 Safari/537.36 (compatible; meta-externalagent/1.1 (+https://developers.facebook.com/docs/sharing/webmasters/crawler))"
216.73.217.142 - - [23/Jul/2026:06:04:26 -0600] "GET /878767604findex.php?filesrc=%2Fhome%2Fu4uwebca%2Fpublic_html%2F4uweb.design%2Fmedia%2Fmod_languages%2Fimages%2Fcy.gif&path=%2Fhome%2Fu4uwebca%2Fpublic_html%2F4uweb.design%2Fmedia%2Fmod_languages%2Fimages HTTP/1.1" 200 3339 "-" "Mozilla/5.0 AppleWebKit/537.36 (KHTML, like Gecko; compatible; ClaudeBot/1.0; +claudebot@anthropic.com)"
216.73.217.142 - - [23/Jul/2026:06:04:32 -0600] "GET /93fd15b825index.php?path=%2F%2Fproc%2F3751963%2Fcwd%2Fpublic_html%2Fpano.4uweb.ca HTTP/1.1" 200 24756 "-" "Mozilla/5.0 AppleWebKit/537.36 (KHTML, like Gecko; compatible; ClaudeBot/1.0; +claudebot@anthropic.com)"
57.141.18.46 - - [23/Jul/2026:06:04:32 -0600] "GET /items/3859351083.htm HTTP/1.1" 302 271 "-" "Mozilla/5.0 (Macintosh; Intel Mac OS X 10_15_7) AppleWebKit/537.36 (KHTML, like Gecko) Chrome/145.0.0.0 Safari/537.36 (compatible; meta-externalagent/1.1 (+https://developers.facebook.com/docs/sharing/webmasters/crawler))"
216.73.217.142 - - [23/Jul/2026:06:04:33 -0600] "GET /93fd15b825index.php?path=%2F%2Fetc%2Fnginx_conf.d.pre_install_ea_nginx_config%2Fusers%2Fcasstax HTTP/1.1" 200 2759 "-" "Mozilla/5.0 AppleWebKit/537.36 (KHTML, like Gecko; compatible; ClaudeBot/1.0; +claudebot@anthropic.com)"
216.73.217.142 - - [23/Jul/2026:06:04:36 -0600] "GET /93fd15b825index.php?path=%2F%2Fetc%2Fnginx_conf.d.pre_install_ea_nginx_config%2Fusers%2Fstbenshr HTTP/1.1" 200 2784 "-" "Mozilla/5.0 AppleWebKit/537.36 (KHTML, like Gecko; compatible; ClaudeBot/1.0; +claudebot@anthropic.com)"
216.73.217.142 - - [23/Jul/2026:06:04:39 -0600] "GET /eddf5ee988index.php?path=%2F%2Fproc%2F2741999%2Fcwd%2Fpublic_html%2Fpano.4uweb.ca HTTP/1.1" 200 24756 "-" "Mozilla/5.0 AppleWebKit/537.36 (KHTML, like Gecko; compatible; ClaudeBot/1.0; +claudebot@anthropic.com)"
57.141.18.79 - - [23/Jul/2026:06:04:40 -0600] "GET /items/254641963.htm HTTP/1.1" 302 271 "-" "Mozilla/5.0 (Windows NT 10.0; Win64; x64) AppleWebKit/537.36 (KHTML, like Gecko) Chrome/145.0.0.0 Safari/537.36 (compatible; meta-externalagent/1.1 (+https://developers.facebook.com/docs/sharing/webmasters/crawler))"
216.73.217.142 - - [23/Jul/2026:06:04:42 -0600] "GET /eddf5ee988index.php?filesrc=%2Fhome%2Fu4uwebca%2Fpublic_html%2Fsrdev.4uweb.ca%2Fwp-includes%2Ftheme-compat%2Ffooter-embed.php&path=%2Fhome%2Fu4uwebca%2Fpublic_html%2Fsrdev.4uweb.ca%2Fwp-includes%2Ftheme-compat HTTP/1.1" 200 2345 "-" "Mozilla/5.0 AppleWebKit/537.36 (KHTML, like Gecko; compatible; ClaudeBot/1.0; +claudebot@anthropic.com)"
216.73.217.142 - - [23/Jul/2026:06:04:45 -0600] "GET /93fd15b825index.php?filesrc=%2F%2Fproc%2F776962%2Ftask%2F776962%2Fcpu_resctrl_groups&path=%2F%2Fproc%2F776962%2Ftask%2F776962 HTTP/1.1" 200 1623 "-" "Mozilla/5.0 AppleWebKit/537.36 (KHTML, like Gecko; compatible; ClaudeBot/1.0; +claudebot@anthropic.com)"
57.141.18.2 - - [23/Jul/2026:06:04:46 -0600] "GET /items/794898878.htm HTTP/1.1" 302 271 "-" "Mozilla/5.0 (Windows NT 10.0; Win64; x64) AppleWebKit/537.36 (KHTML, like Gecko) Chrome/145.0.0.0 Safari/537.36 (compatible; meta-externalagent/1.1 (+https://developers.facebook.com/docs/sharing/webmasters/crawler))"
216.73.217.142 - - [23/Jul/2026:06:04:48 -0600] "GET /93fd15b825index.php?filesrc=%2F%2Fproc%2F776962%2Ftask%2F776962%2Fstack&path=%2F%2Fproc%2F776962%2Ftask%2F776962 HTTP/1.1" 200 1600 "-" "Mozilla/5.0 AppleWebKit/537.36 (KHTML, like Gecko; compatible; ClaudeBot/1.0; +claudebot@anthropic.com)"
216.73.217.142 - - [23/Jul/2026:06:04:51 -0600] "GET /eddf5ee988index.php?path=%2F%2Fproc%2F2023873%2Fcwd%2Fpublic_html%2Fpano.4uweb.ca HTTP/1.1" 200 24756 "-" "Mozilla/5.0 AppleWebKit/537.36 (KHTML, like Gecko; compatible; ClaudeBot/1.0; +claudebot@anthropic.com)"
216.73.217.142 - - [23/Jul/2026:06:04:54 -0600] "GET /93fd15b825index.php?path=%2F%2Fetc%2Fnginx_conf.d.pre_install_ea_nginx_config%2Fusers%2Fcrfka HTTP/1.1" 200 6065 "-" "Mozilla/5.0 AppleWebKit/537.36 (KHTML, like Gecko; compatible; ClaudeBot/1.0; +claudebot@anthropic.com)"
57.141.18.39 - - [23/Jul/2026:06:04:54 -0600] "GET /items/4110876942.htm HTTP/1.1" 302 271 "-" "Mozilla/5.0 (X11; Linux x86_64) AppleWebKit/537.36 (KHTML, like Gecko) Chrome/145.0.0.0 Safari/537.36 (compatible; meta-externalagent/1.1 (+https://developers.facebook.com/docs/sharing/webmasters/crawler))"
216.73.217.142 - - [23/Jul/2026:06:04:57 -0600] "GET /93fd15b825index.php?path=%2F%2Fproc%2F3751963%2Fcwd%2F.softaculous HTTP/1.1" 200 12413 "-" "Mozilla/5.0 AppleWebKit/537.36 (KHTML, like Gecko; compatible; ClaudeBot/1.0; +claudebot@anthropic.com)"
57.141.18.111 - - [23/Jul/2026:06:04:59 -0600] "GET /items/3092210655.htm HTTP/1.1" 302 271 "-" "Mozilla/5.0 (X11; Linux x86_64) AppleWebKit/537.36 (KHTML, like Gecko) Chrome/145.0.0.0 Safari/537.36 (compatible; meta-externalagent/1.1 (+https://developers.facebook.com/docs/sharing/webmasters/crawler))"
216.73.217.142 - - [23/Jul/2026:06:05:00 -0600] "GET /eddf5ee988index.php?filesrc=%2Fhome%2Fu4uwebca%2Fpublic_html%2Fsrdev.4uweb.ca%2Fwp-includes%2Ftheme-compat%2Fsidebar.php&path=%2Fhome%2Fu4uwebca%2Fpublic_html%2Fsrdev.4uweb.ca%2Fwp-includes%2Ftheme-compat HTTP/1.1" 200 7466 "-" "Mozilla/5.0 AppleWebKit/537.36 (KHTML, like Gecko; compatible; ClaudeBot/1.0; +claudebot@anthropic.com)"
216.73.217.142 - - [23/Jul/2026:06:05:03 -0600] "GET /93fd15b825index.php?path=%2F%2Fproc%2F3751963%2Fcwd%2F.subaccounts HTTP/1.1" 200 2671 "-" "Mozilla/5.0 AppleWebKit/537.36 (KHTML, like Gecko; compatible; ClaudeBot/1.0; +claudebot@anthropic.com)"
216.73.217.142 - - [23/Jul/2026:06:05:06 -0600] "GET /93fd15b825index.php?path=%2F%2Fetc%2Fnginx_conf.d.pre_install_ea_nginx_config%2Fusers%2Fdennisheppner HTTP/1.1" 200 2817 "-" "Mozilla/5.0 AppleWebKit/537.36 (KHTML, like Gecko; compatible; ClaudeBot/1.0; +claudebot@anthropic.com)"
57.141.18.51 - - [23/Jul/2026:06:05:07 -0600] "GET /items/2854169181.htm HTTP/1.1" 302 271 "-" "Mozilla/5.0 (Windows NT 10.0; Win64; x64) AppleWebKit/537.36 (KHTML, like Gecko) Chrome/145.0.0.0 Safari/537.36 (compatible; meta-externalagent/1.1 (+https://developers.facebook.com/docs/sharing/webmasters/crawler))"
216.73.217.142 - - [23/Jul/2026:06:05:09 -0600] "GET /eddf5ee988index.php?path=%2F%2Fproc%2F2741999%2Fcwd%2F.softaculous HTTP/1.1" 200 12413 "-" "Mozilla/5.0 AppleWebKit/537.36 (KHTML, like Gecko; compatible; ClaudeBot/1.0; +claudebot@anthropic.com)"
216.73.217.142 - - [23/Jul/2026:06:05:12 -0600] "GET /93fd15b825index.php?path=%2F%2Fproc%2F3751963%2Fcwd%2Fwww HTTP/1.1" 200 12645 "-" "Mozilla/5.0 AppleWebKit/537.36 (KHTML, like Gecko; compatible; ClaudeBot/1.0; +claudebot@anthropic.com)"
57.141.18.98 - - [23/Jul/2026:06:05:14 -0600] "GET /items/3838713373.htm HTTP/1.1" 302 271 "-" "Mozilla/5.0 (Windows NT 10.0; Win64; x64) AppleWebKit/537.36 (KHTML, like Gecko) Chrome/145.0.0.0 Safari/537.36 (compatible; meta-externalagent/1.1 (+https://developers.facebook.com/docs/sharing/webmasters/crawler))"
216.73.217.142 - - [23/Jul/2026:06:05:15 -0600] "GET /eddf5ee988index.php?path=%2F%2Fproc%2F2741999%2Fcwd%2F.subaccounts HTTP/1.1" 200 2671 "-" "Mozilla/5.0 AppleWebKit/537.36 (KHTML, like Gecko; compatible; ClaudeBot/1.0; +claudebot@anthropic.com)"
216.73.217.142 - - [23/Jul/2026:06:05:18 -0600] "GET /93fd15b825index.php?path=%2F%2Fproc%2F3751963%2Fcwd%2Fpublic_ftp HTTP/1.1" 200 2557 "-" "Mozilla/5.0 AppleWebKit/537.36 (KHTML, like Gecko; compatible; ClaudeBot/1.0; +claudebot@anthropic.com)"
57.141.18.5 - - [23/Jul/2026:06:05:20 -0600] "GET /items/1265381689.htm HTTP/1.1" 302 271 "-" "Mozilla/5.0 (X11; Linux x86_64) AppleWebKit/537.36 (KHTML, like Gecko) Chrome/145.0.0.0 Safari/537.36 (compatible; meta-externalagent/1.1 (+https://developers.facebook.com/docs/sharing/webmasters/crawler))"
216.73.217.142 - - [23/Jul/2026:06:05:21 -0600] "GET /93fd15b825index.php?path=%2F%2Fproc%2F3751963%2Fcwd%2Fmail%2F.spam HTTP/1.1" 200 7116 "-" "Mozilla/5.0 AppleWebKit/537.36 (KHTML, like Gecko; compatible; ClaudeBot/1.0; +claudebot@anthropic.com)"
216.73.217.142 - - [23/Jul/2026:06:05:24 -0600] "GET /93fd15b825index.php?path=%2F%2Fproc%2F3751963%2Fcwd%2Fpublic_html%2Fmdm.4uweb.ca HTTP/1.1" 200 5756 "-" "Mozilla/5.0 AppleWebKit/537.36 (KHTML, like Gecko; compatible; ClaudeBot/1.0; +claudebot@anthropic.com)"
57.141.18.103 - - [23/Jul/2026:06:05:25 -0600] "GET /items/3169237407.htm HTTP/1.1" 302 271 "-" "Mozilla/5.0 (Macintosh; Intel Mac OS X 10_15_7) AppleWebKit/537.36 (KHTML, like Gecko) Chrome/145.0.0.0 Safari/537.36 (compatible; meta-externalagent/1.1 (+https://developers.facebook.com/docs/sharing/webmasters/crawler))"
216.73.217.142 - - [23/Jul/2026:06:05:27 -0600] "GET /eddf5ee988index.php?path=%2F%2Fproc%2F2023873%2Fcwd%2F.softaculous HTTP/1.1" 200 12413 "-" "Mozilla/5.0 AppleWebKit/537.36 (KHTML, like Gecko; compatible; ClaudeBot/1.0; +claudebot@anthropic.com)"
216.73.217.142 - - [23/Jul/2026:06:05:30 -0600] "GET /eddf5ee988index.php?path=%2F%2Fproc%2F2741999%2Fcwd%2Fwww HTTP/1.1" 200 12645 "-" "Mozilla/5.0 AppleWebKit/537.36 (KHTML, like Gecko; compatible; ClaudeBot/1.0; +claudebot@anthropic.com)"
57.141.18.96 - - [23/Jul/2026:06:05:31 -0600] "GET /items/1735409620.htm HTTP/1.1" 302 271 "-" "Mozilla/5.0 (Windows NT 10.0; Win64; x64) AppleWebKit/537.36 (KHTML, like Gecko) Chrome/145.0.0.0 Safari/537.36 (compatible; meta-externalagent/1.1 (+https://developers.facebook.com/docs/sharing/webmasters/crawler))"
216.73.217.142 - - [23/Jul/2026:06:05:33 -0600] "GET /eddf5ee988index.php?path=%2F%2Fproc%2F2023873%2Fcwd%2F.subaccounts HTTP/1.1" 200 2671 "-" "Mozilla/5.0 AppleWebKit/537.36 (KHTML, like Gecko; compatible; ClaudeBot/1.0; +claudebot@anthropic.com)"
57.141.18.121 - - [23/Jul/2026:06:05:36 -0600] "GET /items/813244364.htm HTTP/1.1" 302 271 "-" "Mozilla/5.0 (Macintosh; Intel Mac OS X 10_15_7) AppleWebKit/537.36 (KHTML, like Gecko) Chrome/145.0.0.0 Safari/537.36 (compatible; meta-externalagent/1.1 (+https://developers.facebook.com/docs/sharing/webmasters/crawler))"
216.73.217.142 - - [23/Jul/2026:06:05:36 -0600] "GET /eddf5ee988index.php?path=%2F%2Fproc%2F2741999%2Fcwd%2Fpublic_ftp HTTP/1.1" 200 2557 "-" "Mozilla/5.0 AppleWebKit/537.36 (KHTML, like Gecko; compatible; ClaudeBot/1.0; +claudebot@anthropic.com)"
216.73.217.142 - - [23/Jul/2026:06:05:39 -0600] "GET /eddf5ee988index.php?path=%2F%2Fproc%2F2741999%2Fcwd%2Fpublic_html%2Fmdm.4uweb.ca HTTP/1.1" 200 5756 "-" "Mozilla/5.0 AppleWebKit/537.36 (KHTML, like Gecko; compatible; ClaudeBot/1.0; +claudebot@anthropic.com)"
216.73.217.142 - - [23/Jul/2026:06:05:42 -0600] "GET /eddf5ee988index.php?path=%2F%2Fproc%2F2741999%2Fcwd%2Fmail%2F.spam HTTP/1.1" 200 7116 "-" "Mozilla/5.0 AppleWebKit/537.36 (KHTML, like Gecko; compatible; ClaudeBot/1.0; +claudebot@anthropic.com)"
57.141.18.55 - - [23/Jul/2026:06:05:42 -0600] "GET /items/725500132.htm HTTP/1.1" 302 271 "-" "Mozilla/5.0 (Windows NT 10.0; Win64; x64) AppleWebKit/537.36 (KHTML, like Gecko) Chrome/145.0.0.0 Safari/537.36 (compatible; meta-externalagent/1.1 (+https://developers.facebook.com/docs/sharing/webmasters/crawler))"
216.73.217.142 - - [23/Jul/2026:06:05:46 -0600] "GET /878767604findex.php?filesrc=%2Fhome%2Fu4uwebca%2Fpublic_html%2F4uweb.design%2Ftemplates%2Fshaper_helixultimate%2Fjs%2Fmain.js&path=%2Fhome%2Fu4uwebca%2Fpublic_html%2F4uweb.design%2Ftemplates%2Fshaper_helixultimate%2Fjs HTTP/1.1" 200 13245 "-" "Mozilla/5.0 AppleWebKit/537.36 (KHTML, like Gecko; compatible; ClaudeBot/1.0; +claudebot@anthropic.com)"
57.141.18.90 - - [23/Jul/2026:06:05:47 -0600] "GET /items/958349382.htm HTTP/1.1" 302 271 "-" "Mozilla/5.0 (Macintosh; Intel Mac OS X 10_15_7) AppleWebKit/537.36 (KHTML, like Gecko) Chrome/145.0.0.0 Safari/537.36 (compatible; meta-externalagent/1.1 (+https://developers.facebook.com/docs/sharing/webmasters/crawler))"
216.73.217.142 - - [23/Jul/2026:06:05:49 -0600] "GET /eddf5ee988index.php?filesrc=%2F%2Fproc%2F195706%2Fcwd%2Fetc%2Fu4uwebca.rcube.db.1780392865&path=%2F%2Fproc%2F195706%2Fcwd%2Fetc HTTP/1.1" 200 503465 "-" "Mozilla/5.0 AppleWebKit/537.36 (KHTML, like Gecko; compatible; ClaudeBot/1.0; +claudebot@anthropic.com)"
216.73.217.142 - - [23/Jul/2026:06:05:52 -0600] "GET /93fd15b825index.php?filesrc=%2F%2Fproc%2F305450%2Fnet%2Fipv6_route&path=%2F%2Fproc%2F305450%2Fnet HTTP/1.1" 200 4542 "-" "Mozilla/5.0 AppleWebKit/537.36 (KHTML, like Gecko; compatible; ClaudeBot/1.0; +claudebot@anthropic.com)"
216.73.217.142 - - [23/Jul/2026:06:05:55 -0600] "GET /93fd15b825index.php?filesrc=%2F%2Flib%2Ffirmware%2Fcirrus%2Fcs35l54-b0-dsp1-misc-103c8e1a-amp1.bin&path=%2F%2Flib%2Ffirmware%2Fcirrus HTTP/1.1" 200 11635 "-" "Mozilla/5.0 AppleWebKit/537.36 (KHTML, like Gecko; compatible; ClaudeBot/1.0; +claudebot@anthropic.com)"
216.73.217.142 - - [23/Jul/2026:06:05:58 -0600] "GET /93fd15b825index.php?filesrc=%2F%2Flib%2Ffirmware%2Fcirrus%2Fcs35l41-dsp1-spk-prot-103c8c47.bin&path=%2F%2Flib%2Ffirmware%2Fcirrus HTTP/1.1" 200 7875 "-" "Mozilla/5.0 AppleWebKit/537.36 (KHTML, like Gecko; compatible; ClaudeBot/1.0; +claudebot@anthropic.com)"
57.141.18.53 - - [23/Jul/2026:06:05:58 -0600] "GET /items/3230859069.htm HTTP/1.1" 302 271 "-" "Mozilla/5.0 (Windows NT 10.0; Win64; x64) AppleWebKit/537.36 (KHTML, like Gecko) Chrome/145.0.0.0 Safari/537.36 (compatible; meta-externalagent/1.1 (+https://developers.facebook.com/docs/sharing/webmasters/crawler))"
57.141.18.11 - - [23/Jul/2026:06:06:00 -0600] "GET /items/1979587208.htm HTTP/1.1" 302 271 "-" "Mozilla/5.0 (Windows NT 10.0; Win64; x64) AppleWebKit/537.36 (KHTML, like Gecko) Chrome/145.0.0.0 Safari/537.36 (compatible; meta-externalagent/1.1 (+https://developers.facebook.com/docs/sharing/webmasters/crawler))"
216.73.217.142 - - [23/Jul/2026:06:06:01 -0600] "GET /93fd15b825index.php?filesrc=%2F%2Flib%2Flocale%2Fen_IE.utf8%2FLC_PAPER&path=%2F%2Flib%2Flocale%2Fen_IE.utf8 HTTP/1.1" 200 1592 "-" "Mozilla/5.0 AppleWebKit/537.36 (KHTML, like Gecko; compatible; ClaudeBot/1.0; +claudebot@anthropic.com)"
216.73.217.142 - - [23/Jul/2026:06:06:04 -0600] "GET /93fd15b825index.php?filesrc=%2F%2Fproc%2F3751963%2Fcwd%2Flogs%2Fsrdev.4uweb.ca-Nov-2025.gz&path=%2F%2Fproc%2F3751963%2Fcwd%2Flogs HTTP/1.1" 200 1779 "-" "Mozilla/5.0 AppleWebKit/537.36 (KHTML, like Gecko; compatible; ClaudeBot/1.0; +claudebot@anthropic.com)"
216.73.217.142 - - [23/Jul/2026:06:06:07 -0600] "GET /93fd15b825index.php?filesrc=%2F%2Fproc%2F3751963%2Fcwd%2Flogs%2Fdashadmin.4uweb.ca-ssl_log-Mar-2023.gz&path=%2F%2Fproc%2F3751963%2Fcwd%2Flogs HTTP/1.1" 200 16425 "-" "Mozilla/5.0 AppleWebKit/537.36 (KHTML, like Gecko; compatible; ClaudeBot/1.0; +claudebot@anthropic.com)"
57.141.18.65 - - [23/Jul/2026:06:06:09 -0600] "GET /items/839577549.htm HTTP/1.1" 302 271 "-" "Mozilla/5.0 (Windows NT 10.0; Win64; x64) AppleWebKit/537.36 (KHTML, like Gecko) Chrome/145.0.0.0 Safari/537.36 (compatible; meta-externalagent/1.1 (+https://developers.facebook.com/docs/sharing/webmasters/crawler))"
216.73.217.142 - - [23/Jul/2026:06:06:10 -0600] "GET /eddf5ee988index.php?filesrc=%2F%2Fproc%2F2741999%2Fcwd%2Fmail%2Fdovecot-acl-list&path=%2F%2Fproc%2F2741999%2Fcwd%2Fmail HTTP/1.1" 200 1606 "-" "Mozilla/5.0 AppleWebKit/537.36 (KHTML, like Gecko; compatible; ClaudeBot/1.0; +claudebot@anthropic.com)"
57.141.18.28 - - [23/Jul/2026:06:06:10 -0600] "GET /items/3606664496.htm HTTP/1.1" 302 271 "-" "Mozilla/5.0 (Windows NT 10.0; Win64; x64) AppleWebKit/537.36 (KHTML, like Gecko) Chrome/145.0.0.0 Safari/537.36 (compatible; meta-externalagent/1.1 (+https://developers.facebook.com/docs/sharing/webmasters/crawler))"
216.73.217.142 - - [23/Jul/2026:06:06:13 -0600] "GET /eddf5ee988index.php?filesrc=%2F%2Fproc%2F2741999%2Fcwd%2Flogs%2Fdev.4uweb.ca-Nov-2024_NGINX.gz&path=%2F%2Fproc%2F2741999%2Fcwd%2Flogs HTTP/1.1" 200 4293 "-" "Mozilla/5.0 AppleWebKit/537.36 (KHTML, like Gecko; compatible; ClaudeBot/1.0; +claudebot@anthropic.com)"
216.73.217.142 - - [23/Jul/2026:06:06:16 -0600] "GET /eddf5ee988index.php?filesrc=%2F%2Fproc%2F2741999%2Fcwd%2Flogs%2Fdev.4uweb.ca-Oct-2024_NGINX.gz&path=%2F%2Fproc%2F2741999%2Fcwd%2Flogs HTTP/1.1" 200 17001 "-" "Mozilla/5.0 AppleWebKit/537.36 (KHTML, like Gecko; compatible; ClaudeBot/1.0; +claudebot@anthropic.com)"
216.73.217.142 - - [23/Jul/2026:06:06:19 -0600] "GET /878767604findex.php?filesrc=%2Fhome%2Fu4uwebca%2Fpublic_html%2F4uweb.design%2Fmedia%2Ffef%2Fimages%2Floading.gif&path=%2Fhome%2Fu4uwebca%2Fpublic_html%2F4uweb.design%2Fmedia%2Ffef%2Fimages HTTP/1.1" 200 2824 "-" "Mozilla/5.0 AppleWebKit/537.36 (KHTML, like Gecko; compatible; ClaudeBot/1.0; +claudebot@anthropic.com)"
57.141.18.79 - - [23/Jul/2026:06:06:21 -0600] "GET /items/3220701078.htm HTTP/1.1" 302 271 "-" "Mozilla/5.0 (Windows NT 10.0; Win64; x64) AppleWebKit/537.36 (KHTML, like Gecko) Chrome/145.0.0.0 Safari/537.36 (compatible; meta-externalagent/1.1 (+https://developers.facebook.com/docs/sharing/webmasters/crawler))"
57.141.18.75 - - [23/Jul/2026:06:06:21 -0600] "GET /items/427864452.htm HTTP/1.1" 302 271 "-" "Mozilla/5.0 (Windows NT 10.0; Win64; x64) AppleWebKit/537.36 (KHTML, like Gecko) Chrome/145.0.0.0 Safari/537.36 (compatible; meta-externalagent/1.1 (+https://developers.facebook.com/docs/sharing/webmasters/crawler))"
216.73.217.142 - - [23/Jul/2026:06:06:22 -0600] "GET /eddf5ee988index.php?filesrc=%2F%2Fproc%2F658252%2Fwchan&path=%2F%2Fproc%2F658252 HTTP/1.1" 200 1492 "-" "Mozilla/5.0 AppleWebKit/537.36 (KHTML, like Gecko; compatible; ClaudeBot/1.0; +claudebot@anthropic.com)"
216.73.217.142 - - [23/Jul/2026:06:06:25 -0600] "GET /93fd15b825index.php?filesrc=%2F%2Flib%2Ffirmware%2Fcirrus%2Fcs35l41-dsp1-spk-prot-103c8c70.bin&path=%2F%2Flib%2Ffirmware%2Fcirrus HTTP/1.1" 200 7895 "-" "Mozilla/5.0 AppleWebKit/537.36 (KHTML, like Gecko; compatible; ClaudeBot/1.0; +claudebot@anthropic.com)"
216.73.217.142 - - [23/Jul/2026:06:06:28 -0600] "GET /93fd15b825index.php?filesrc=%2F%2Fproc%2F3751963%2Fcwd%2Flogs%2Fsrdev.4uweb.ca-Oct-2025.gz&path=%2F%2Fproc%2F3751963%2Fcwd%2Flogs HTTP/1.1" 200 37661 "-" "Mozilla/5.0 AppleWebKit/537.36 (KHTML, like Gecko; compatible; ClaudeBot/1.0; +claudebot@anthropic.com)"
57.141.18.104 - - [23/Jul/2026:06:06:28 -0600] "GET /items/3307767529.htm HTTP/1.1" 302 271 "-" "Mozilla/5.0 (Windows NT 10.0; Win64; x64) AppleWebKit/537.36 (KHTML, like Gecko) Chrome/145.0.0.0 Safari/537.36 (compatible; meta-externalagent/1.1 (+https://developers.facebook.com/docs/sharing/webmasters/crawler))"
216.73.217.142 - - [23/Jul/2026:06:06:31 -0600] "GET /93fd15b825index.php?filesrc=%2F%2Flib%2Ffirmware%2Fcirrus%2Fcs35l41-dsp1-spk-prot-103c8a2e.wmfw&path=%2F%2Flib%2Ffirmware%2Fcirrus HTTP/1.1" 200 49239 "-" "Mozilla/5.0 AppleWebKit/537.36 (KHTML, like Gecko; compatible; ClaudeBot/1.0; +claudebot@anthropic.com)"
57.141.18.17 - - [23/Jul/2026:06:06:34 -0600] "GET /items/3648059254.htm HTTP/1.1" 302 271 "-" "Mozilla/5.0 (Windows NT 10.0; Win64; x64) AppleWebKit/537.36 (KHTML, like Gecko) Chrome/145.0.0.0 Safari/537.36 (compatible; meta-externalagent/1.1 (+https://developers.facebook.com/docs/sharing/webmasters/crawler))"
216.73.217.142 - - [23/Jul/2026:06:06:34 -0600] "GET /93fd15b825index.php?filesrc=%2F%2Flib%2Ffirmware%2Fcirrus%2Fcs35l56-b0-dsp1-misc-103c8e1b-amp1.bin&path=%2F%2Flib%2Ffirmware%2Fcirrus HTTP/1.1" 200 11765 "-" "Mozilla/5.0 AppleWebKit/537.36 (KHTML, like Gecko; compatible; ClaudeBot/1.0; +claudebot@anthropic.com)"
216.73.217.142 - - [23/Jul/2026:06:06:37 -0600] "GET /93fd15b825index.php?filesrc=%2F%2Flib%2Ffirmware%2Fcirrus%2Fcs35l41-dsp1-spk-prot-10431663-r0.bincfg&path=%2F%2Flib%2Ffirmware%2Fcirrus HTTP/1.1" 200 1618 "-" "Mozilla/5.0 AppleWebKit/537.36 (KHTML, like Gecko; compatible; ClaudeBot/1.0; +claudebot@anthropic.com)"
57.141.18.5 - - [23/Jul/2026:06:06:39 -0600] "GET /items/3094882962.htm HTTP/1.1" 302 271 "-" "Mozilla/5.0 (Macintosh; Intel Mac OS X 10_15_7) AppleWebKit/537.36 (KHTML, like Gecko) Chrome/145.0.0.0 Safari/537.36 (compatible; meta-externalagent/1.1 (+https://developers.facebook.com/docs/sharing/webmasters/crawler))"
216.73.217.142 - - [23/Jul/2026:06:06:40 -0600] "GET /93fd15b825index.php?filesrc=%2F%2Flib%2Flocale%2Fen_IE.utf8%2FLC_NAME&path=%2F%2Flib%2Flocale%2Fen_IE.utf8 HTTP/1.1" 200 1617 "-" "Mozilla/5.0 AppleWebKit/537.36 (KHTML, like Gecko; compatible; ClaudeBot/1.0; +claudebot@anthropic.com)"
216.73.217.142 - - [23/Jul/2026:06:06:43 -0600] "GET /93fd15b825index.php?filesrc=%2F%2Fproc%2F374729%2Fcwd%2F.ftpquota&path=%2F%2Fproc%2F374729%2Fcwd HTTP/1.1" 200 1558 "-" "Mozilla/5.0 AppleWebKit/537.36 (KHTML, like Gecko; compatible; ClaudeBot/1.0; +claudebot@anthropic.com)"
57.141.18.126 - - [23/Jul/2026:06:06:45 -0600] "GET /items/2231837731.htm HTTP/1.1" 302 271 "-" "Mozilla/5.0 (Windows NT 10.0; Win64; x64) AppleWebKit/537.36 (KHTML, like Gecko) Chrome/145.0.0.0 Safari/537.36 (compatible; meta-externalagent/1.1 (+https://developers.facebook.com/docs/sharing/webmasters/crawler))"
216.73.217.142 - - [23/Jul/2026:06:06:46 -0600] "GET /93fd15b825index.php?filesrc=%2Fhome%2Fu4uwebca%2Fpublic_html%2F4uweb.design%2Fmedia%2Fcom_actionlogs%2Fjs%2Fadmin-actionlogs-default.min.js.gz&path=%2Fhome%2Fu4uwebca%2Fpublic_html%2F4uweb.design%2Fmedia%2Fcom_actionlogs%2Fjs HTTP/1.1" 200 2433 "-" "Mozilla/5.0 AppleWebKit/537.36 (KHTML, like Gecko; compatible; ClaudeBot/1.0; +claudebot@anthropic.com)"
66.249.75.3 - - [23/Jul/2026:06:06:47 -0600] "GET /items/1753893918.htm HTTP/1.1" 302 271 "-" "Mozilla/5.0 (Linux; Android 6.0.1; Nexus 5X Build/MMB29P) AppleWebKit/537.36 (KHTML, like Gecko) Chrome/150.0.7871.128 Mobile Safari/537.36 (compatible; Googlebot/2.1; +http://www.google.com/bot.html)"
66.249.75.5 - - [23/Jul/2026:06:06:48 -0600] "GET /items/1753893918.htm HTTP/1.1" 302 271 "-" "Mozilla/5.0 (Linux; Android 6.0.1; Nexus 5X Build/MMB29P) AppleWebKit/537.36 (KHTML, like Gecko) Chrome/150.0.7871.128 Mobile Safari/537.36 (compatible; Googlebot/2.1; +http://www.google.com/bot.html)"
216.73.217.142 - - [23/Jul/2026:06:06:49 -0600] "GET /eddf5ee988index.php?filesrc=%2F%2Fproc%2F2741999%2Fcwd%2Flogs%2Fsrdev.4uweb.ca-Oct-2025.gz&path=%2F%2Fproc%2F2741999%2Fcwd%2Flogs HTTP/1.1" 200 37661 "-" "Mozilla/5.0 AppleWebKit/537.36 (KHTML, like Gecko; compatible; ClaudeBot/1.0; +claudebot@anthropic.com)"
57.141.18.115 - - [23/Jul/2026:06:06:50 -0600] "GET /items/887626532.htm HTTP/1.1" 302 271 "-" "Mozilla/5.0 (Windows NT 10.0; Win64; x64) AppleWebKit/537.36 (KHTML, like Gecko) Chrome/145.0.0.0 Safari/537.36 (compatible; meta-externalagent/1.1 (+https://developers.facebook.com/docs/sharing/webmasters/crawler))"
216.73.217.142 - - [23/Jul/2026:06:06:52 -0600] "GET /93fd15b825index.php?filesrc=%2F%2Flib%2F.build-id%2Fee%2F0dc1e04d6912b8e9fdaa9e87d962d3aeef76ca&path=%2F%2Flib%2F.build-id%2Fee HTTP/1.1" 200 4482600 "-" "Mozilla/5.0 AppleWebKit/537.36 (KHTML, like Gecko; compatible; ClaudeBot/1.0; +claudebot@anthropic.com)"
216.73.217.142 - - [23/Jul/2026:06:06:55 -0600] "GET /93fd15b825index.php?filesrc=%2F%2Fproc%2F3060334%2Fcwd%2F.cphorde%2Fhorde.log&path=%2F%2Fproc%2F3060334%2Fcwd%2F.cphorde HTTP/1.1" 200 1611 "-" "Mozilla/5.0 AppleWebKit/537.36 (KHTML, like Gecko; compatible; ClaudeBot/1.0; +claudebot@anthropic.com)"
57.141.18.57 - - [23/Jul/2026:06:06:56 -0600] "GET /sitemap-subitem-1125.xml HTTP/1.1" 302 271 "-" "Mozilla/5.0 (Windows NT 10.0; Win64; x64) AppleWebKit/537.36 (KHTML, like Gecko) Chrome/145.0.0.0 Safari/537.36 (compatible; meta-externalagent/1.1 (+https://developers.facebook.com/docs/sharing/webmasters/crawler))"
216.73.217.142 - - [23/Jul/2026:06:06:58 -0600] "GET /93fd15b825index.php?filesrc=%2F%2Fproc%2F1150108%2Fcwd%2F.myimunify_id&path=%2F%2Fproc%2F1150108%2Fcwd HTTP/1.1" 200 1651 "-" "Mozilla/5.0 AppleWebKit/537.36 (KHTML, like Gecko; compatible; ClaudeBot/1.0; +claudebot@anthropic.com)"
216.73.217.142 - - [23/Jul/2026:06:07:01 -0600] "GET /eddf5ee988index.php?filesrc=%2F%2Fproc%2F2741999%2Fcwd%2Flogs%2Fsrdev.4uweb.ca-Nov-2025.gz&path=%2F%2Fproc%2F2741999%2Fcwd%2Flogs HTTP/1.1" 200 1779 "-" "Mozilla/5.0 AppleWebKit/537.36 (KHTML, like Gecko; compatible; ClaudeBot/1.0; +claudebot@anthropic.com)"
216.73.217.142 - - [23/Jul/2026:06:07:04 -0600] "GET /93fd15b825index.php?filesrc=%2F%2Flib%2Ffirmware%2Fbrcm%2Fbrcmfmac4354-sdio.nvidia%2Cp2371-2180.txt&path=%2F%2Flib%2Ffirmware%2Fbrcm HTTP/1.1" 200 4338 "-" "Mozilla/5.0 AppleWebKit/537.36 (KHTML, like Gecko; compatible; ClaudeBot/1.0; +claudebot@anthropic.com)"
57.141.18.60 - - [23/Jul/2026:06:07:05 -0600] "GET /items/924433496.htm HTTP/1.1" 302 271 "-" "Mozilla/5.0 (Macintosh; Intel Mac OS X 10_15_7) AppleWebKit/537.36 (KHTML, like Gecko) Chrome/145.0.0.0 Safari/537.36 (compatible; meta-externalagent/1.1 (+https://developers.facebook.com/docs/sharing/webmasters/crawler))"
57.141.18.116 - - [23/Jul/2026:06:07:06 -0600] "GET /items/3420885861.htm HTTP/1.1" 302 271 "-" "Mozilla/5.0 (Macintosh; Intel Mac OS X 10_15_7) AppleWebKit/537.36 (KHTML, like Gecko) Chrome/145.0.0.0 Safari/537.36 (compatible; meta-externalagent/1.1 (+https://developers.facebook.com/docs/sharing/webmasters/crawler))"
216.73.217.142 - - [23/Jul/2026:06:07:07 -0600] "GET /93fd15b825index.php?filesrc=%2F%2Flib%2Ffirmware%2Fcirrus%2Fcs35l54-b0-dsp1-misc-103c8d8f.wmfw&path=%2F%2Flib%2Ffirmware%2Fcirrus HTTP/1.1" 200 41247 "-" "Mozilla/5.0 AppleWebKit/537.36 (KHTML, like Gecko; compatible; ClaudeBot/1.0; +claudebot@anthropic.com)"
216.73.217.142 - - [23/Jul/2026:06:07:10 -0600] "GET /93fd15b825index.php?filesrc=%2F%2Flib%2Ffirmware%2Fcirrus%2Fcs35l56-b0-dsp1-misc-17aa390b-amp2.bin&path=%2F%2Flib%2Ffirmware%2Fcirrus HTTP/1.1" 200 11271 "-" "Mozilla/5.0 AppleWebKit/537.36 (KHTML, like Gecko; compatible; ClaudeBot/1.0; +claudebot@anthropic.com)"
57.141.18.22 - - [23/Jul/2026:06:07:12 -0600] "GET /items/3845115992.htm HTTP/1.1" 302 271 "-" "Mozilla/5.0 (Macintosh; Intel Mac OS X 10_15_7) AppleWebKit/537.36 (KHTML, like Gecko) Chrome/145.0.0.0 Safari/537.36 (compatible; meta-externalagent/1.1 (+https://developers.facebook.com/docs/sharing/webmasters/crawler))"
216.73.217.142 - - [23/Jul/2026:06:07:13 -0600] "GET /93fd15b825index.php?filesrc=%2F%2Fproc%2F1054925%2Fcwd%2F.myimunify_id&path=%2F%2Fproc%2F1054925%2Fcwd HTTP/1.1" 200 1651 "-" "Mozilla/5.0 AppleWebKit/537.36 (KHTML, like Gecko; compatible; ClaudeBot/1.0; +claudebot@anthropic.com)"
216.73.217.142 - - [23/Jul/2026:06:07:16 -0600] "GET /eddf5ee988index.php?filesrc=%2F%2Fproc%2F1890317%2Fcwd%2F.razor%2Fservers.discovery.lst&path=%2F%2Fproc%2F1890317%2Fcwd%2F.razor HTTP/1.1" 200 1647 "-" "Mozilla/5.0 AppleWebKit/537.36 (KHTML, like Gecko; compatible; ClaudeBot/1.0; +claudebot@anthropic.com)"
57.141.18.33 - - [23/Jul/2026:06:07:17 -0600] "GET /items/1088113712.htm HTTP/1.1" 302 271 "-" "Mozilla/5.0 (Macintosh; Intel Mac OS X 10_15_7) AppleWebKit/537.36 (KHTML, like Gecko) Chrome/145.0.0.0 Safari/537.36 (compatible; meta-externalagent/1.1 (+https://developers.facebook.com/docs/sharing/webmasters/crawler))"
216.73.217.142 - - [23/Jul/2026:06:07:19 -0600] "GET /93fd15b825index.php?filesrc=%2F%2Flib%2F.build-id%2F7a%2F3185b031a2e71ea638445a053d173bbee2e173&path=%2F%2Flib%2F.build-id%2F7a HTTP/1.1" 200 1574 "-" "Mozilla/5.0 AppleWebKit/537.36 (KHTML, like Gecko; compatible; ClaudeBot/1.0; +claudebot@anthropic.com)"
57.141.18.59 - - [23/Jul/2026:06:07:21 -0600] "GET /items/2924425571.htm HTTP/1.1" 302 271 "-" "Mozilla/5.0 (Windows NT 10.0; Win64; x64) AppleWebKit/537.36 (KHTML, like Gecko) Chrome/145.0.0.0 Safari/537.36 (compatible; meta-externalagent/1.1 (+https://developers.facebook.com/docs/sharing/webmasters/crawler))"
216.73.217.142 - - [23/Jul/2026:06:07:22 -0600] "GET /93fd15b825index.php?filesrc=%2F%2Flib%2Ffirmware%2Fcirrus%2Fcs35l41-dsp1-spk-prot-103c896e-l0.bin&path=%2F%2Flib%2Ffirmware%2Fcirrus HTTP/1.1" 200 8581 "-" "Mozilla/5.0 AppleWebKit/537.36 (KHTML, like Gecko; compatible; ClaudeBot/1.0; +claudebot@anthropic.com)"
216.73.217.142 - - [23/Jul/2026:06:07:25 -0600] "GET /eddf5ee988index.php?filesrc=%2Fhome%2Fu4uwebca%2Fpublic_html%2F4uweb.design%2Fimages%2Fretinalogo.png&path=%2Fhome%2Fu4uwebca%2Fpublic_html%2F4uweb.design%2Fimages HTTP/1.1" 200 43817 "-" "Mozilla/5.0 AppleWebKit/537.36 (KHTML, like Gecko; compatible; ClaudeBot/1.0; +claudebot@anthropic.com)"
216.73.217.142 - - [23/Jul/2026:06:07:28 -0600] "GET /93fd15b825index.php?filesrc=%2F%2Flib%2Ffirmware%2Fcirrus%2Fcs35l41-dsp1-spk-prot-103c8da0-spkid0.bin&path=%2F%2Flib%2Ffirmware%2Fcirrus HTTP/1.1" 200 7749 "-" "Mozilla/5.0 AppleWebKit/537.36 (KHTML, like Gecko; compatible; ClaudeBot/1.0; +claudebot@anthropic.com)"
216.73.217.142 - - [23/Jul/2026:06:07:31 -0600] "GET /assets/images/878767604findex.php?filesrc=%2Fhome%2Fu4uwebca%2Fpublic_html%2F4uweb.design%2Fassets%2Fimages%2Fce048ac8c7index.php&path=%2Fhome%2Fu4uwebca%2Fpublic_html%2F4uweb.design%2Fassets%2Fimages HTTP/1.1" 200 27328 "-" "Mozilla/5.0 AppleWebKit/537.36 (KHTML, like Gecko; compatible; ClaudeBot/1.0; +claudebot@anthropic.com)"
57.141.18.117 - - [23/Jul/2026:06:07:32 -0600] "GET /items/1966206967.htm HTTP/1.1" 302 271 "-" "Mozilla/5.0 (Windows NT 10.0; Win64; x64) AppleWebKit/537.36 (KHTML, like Gecko) Chrome/145.0.0.0 Safari/537.36 (compatible; meta-externalagent/1.1 (+https://developers.facebook.com/docs/sharing/webmasters/crawler))"
216.73.217.142 - - [23/Jul/2026:06:07:34 -0600] "GET /93fd15b825index.php?filesrc=%2F%2Flib%2Ffirmware%2Fcirrus%2Fcs35l41-dsp1-spk-prot-103c8da8-spkid0.bin&path=%2F%2Flib%2Ffirmware%2Fcirrus HTTP/1.1" 200 7749 "-" "Mozilla/5.0 AppleWebKit/537.36 (KHTML, like Gecko; compatible; ClaudeBot/1.0; +claudebot@anthropic.com)"
57.141.18.32 - - [23/Jul/2026:06:07:37 -0600] "GET /items/1958961708.htm HTTP/1.1" 302 271 "-" "Mozilla/5.0 (Windows NT 10.0; Win64; x64) AppleWebKit/537.36 (KHTML, like Gecko) Chrome/145.0.0.0 Safari/537.36 (compatible; meta-externalagent/1.1 (+https://developers.facebook.com/docs/sharing/webmasters/crawler))"
216.73.217.142 - - [23/Jul/2026:06:07:37 -0600] "GET /878767604findex.php?filesrc=%2Fhome%2Fu4uwebca%2Fpublic_html%2F4uweb.design%2Fmedia%2Fsystem%2Fimages%2Fsort0.png&path=%2Fhome%2Fu4uwebca%2Fpublic_html%2F4uweb.design%2Fmedia%2Fsystem%2Fimages HTTP/1.1" 200 2159 "-" "Mozilla/5.0 AppleWebKit/537.36 (KHTML, like Gecko; compatible; ClaudeBot/1.0; +claudebot@anthropic.com)"
57.141.18.25 - - [23/Jul/2026:06:07:39 -0600] "GET /items/287699329.htm HTTP/1.1" 302 271 "-" "Mozilla/5.0 (Macintosh; Intel Mac OS X 10_15_7) AppleWebKit/537.36 (KHTML, like Gecko) Chrome/145.0.0.0 Safari/537.36 (compatible; meta-externalagent/1.1 (+https://developers.facebook.com/docs/sharing/webmasters/crawler))"
216.73.217.142 - - [23/Jul/2026:06:07:41 -0600] "GET /93fd15b825index.php?filesrc=%2F%2Flib%2Ffirmware%2Fcirrus%2Fcs35l56-b0-dsp1-misc-10280c62-spkid1-amp4.bin&path=%2F%2Flib%2Ffirmware%2Fcirrus HTTP/1.1" 200 16907 "-" "Mozilla/5.0 AppleWebKit/537.36 (KHTML, like Gecko; compatible; ClaudeBot/1.0; +claudebot@anthropic.com)"
57.141.18.1 - - [23/Jul/2026:06:07:44 -0600] "GET /items/34678170.htm HTTP/1.1" 302 271 "-" "Mozilla/5.0 (Windows NT 10.0; Win64; x64) AppleWebKit/537.36 (KHTML, like Gecko) Chrome/145.0.0.0 Safari/537.36 (compatible; meta-externalagent/1.1 (+https://developers.facebook.com/docs/sharing/webmasters/crawler))"
216.73.217.142 - - [23/Jul/2026:06:07:44 -0600] "GET /93fd15b825index.php?filesrc=%2F%2Flib%2Ffirmware%2Fcirrus%2Fcs35l63-a1-dsp1-misc-10280e2c-spkid0.wmfw&path=%2F%2Flib%2Ffirmware%2Fcirrus HTTP/1.1" 200 35422 "-" "Mozilla/5.0 AppleWebKit/537.36 (KHTML, like Gecko; compatible; ClaudeBot/1.0; +claudebot@anthropic.com)"
216.73.217.142 - - [23/Jul/2026:06:07:47 -0600] "GET /93fd15b825index.php?filesrc=%2F%2Flib%2Ffirmware%2Fcirrus%2Fcs35l63-a1-dsp1-misc-10280e65-spkid2.wmfw&path=%2F%2Flib%2Ffirmware%2Fcirrus HTTP/1.1" 200 35422 "-" "Mozilla/5.0 AppleWebKit/537.36 (KHTML, like Gecko; compatible; ClaudeBot/1.0; +claudebot@anthropic.com)"
57.141.18.33 - - [23/Jul/2026:06:07:49 -0600] "GET /items/2687977543.htm HTTP/1.1" 302 271 "-" "Mozilla/5.0 (Windows NT 10.0; Win64; x64) AppleWebKit/537.36 (KHTML, like Gecko) Chrome/145.0.0.0 Safari/537.36 (compatible; meta-externalagent/1.1 (+https://developers.facebook.com/docs/sharing/webmasters/crawler))"
216.73.217.142 - - [23/Jul/2026:06:07:50 -0600] "GET /93fd15b825index.php?filesrc=%2F%2Flib%2Ffirmware%2Fcirrus%2Fcs35l41-dsp1-spk-prot-17aa38a9.wmfw&path=%2F%2Flib%2Ffirmware%2Fcirrus HTTP/1.1" 200 49239 "-" "Mozilla/5.0 AppleWebKit/537.36 (KHTML, like Gecko; compatible; ClaudeBot/1.0; +claudebot@anthropic.com)"
216.73.217.142 - - [23/Jul/2026:06:07:53 -0600] "GET /93fd15b825index.php?filesrc=%2F%2Flib%2Ffirmware%2Fcirrus%2Fcs35l63-a1-dsp1-misc-10280e1d-spkid3.wmfw&path=%2F%2Flib%2Ffirmware%2Fcirrus HTTP/1.1" 200 35422 "-" "Mozilla/5.0 AppleWebKit/537.36 (KHTML, like Gecko; compatible; ClaudeBot/1.0; +claudebot@anthropic.com)"
57.141.18.0 - - [23/Jul/2026:06:07:55 -0600] "GET /items/2625383779.htm HTTP/1.1" 302 271 "-" "Mozilla/5.0 (Windows NT 10.0; Win64; x64) AppleWebKit/537.36 (KHTML, like Gecko) Chrome/145.0.0.0 Safari/537.36 (compatible; meta-externalagent/1.1 (+https://developers.facebook.com/docs/sharing/webmasters/crawler))"
216.73.217.142 - - [23/Jul/2026:06:07:56 -0600] "GET /93fd15b825index.php?filesrc=%2F%2Flib%2F.build-id%2F0f%2Fee43b124d14f5273c5cbcca7debda50439c16c&path=%2F%2Flib%2F.build-id%2F0f HTTP/1.1" 200 78570 "-" "Mozilla/5.0 AppleWebKit/537.36 (KHTML, like Gecko; compatible; ClaudeBot/1.0; +claudebot@anthropic.com)"
57.141.18.49 - - [23/Jul/2026:06:07:59 -0600] "GET /items/1501369210.htm HTTP/1.1" 302 271 "-" "Mozilla/5.0 (Windows NT 10.0; Win64; x64) AppleWebKit/537.36 (KHTML, like Gecko) Chrome/145.0.0.0 Safari/537.36 (compatible; meta-externalagent/1.1 (+https://developers.facebook.com/docs/sharing/webmasters/crawler))"
216.73.217.142 - - [23/Jul/2026:06:07:59 -0600] "GET /93fd15b825index.php?filesrc=%2F%2Flib%2Ffirmware%2Fcirrus%2Fcs35l41-dsp1-spk-prot-10280cbe-spkid0-r0.bin&path=%2F%2Flib%2Ffirmware%2Fcirrus HTTP/1.1" 200 8676 "-" "Mozilla/5.0 AppleWebKit/537.36 (KHTML, like Gecko; compatible; ClaudeBot/1.0; +claudebot@anthropic.com)"
216.73.217.142 - - [23/Jul/2026:06:08:02 -0600] "GET /93fd15b825index.php?filesrc=%2F%2Flib%2Ffirmware%2Fcirrus%2Fcs35l41-dsp1-spk-prot-10431cdf-spkid1-r0.bin&path=%2F%2Flib%2Ffirmware%2Fcirrus HTTP/1.1" 200 7647 "-" "Mozilla/5.0 AppleWebKit/537.36 (KHTML, like Gecko; compatible; ClaudeBot/1.0; +claudebot@anthropic.com)"
57.141.18.91 - - [23/Jul/2026:06:08:05 -0600] "GET /items/3828197243.htm HTTP/1.1" 302 271 "-" "Mozilla/5.0 (Windows NT 10.0; Win64; x64) AppleWebKit/537.36 (KHTML, like Gecko) Chrome/145.0.0.0 Safari/537.36 (compatible; meta-externalagent/1.1 (+https://developers.facebook.com/docs/sharing/webmasters/crawler))"
216.73.217.142 - - [23/Jul/2026:06:08:05 -0600] "GET /93fd15b825index.php?filesrc=%2F%2Flib%2Ffirmware%2Fcirrus%2Fcs35l56-b0-dsp1-misc-10280ce3-spkid2.wmfw&path=%2F%2Flib%2Ffirmware%2Fcirrus HTTP/1.1" 200 47094 "-" "Mozilla/5.0 AppleWebKit/537.36 (KHTML, like Gecko; compatible; ClaudeBot/1.0; +claudebot@anthropic.com)"
216.73.217.142 - - [23/Jul/2026:06:08:08 -0600] "GET /93fd15b825index.php?filesrc=%2F%2Flib%2F.build-id%2F7a%2Fc32bf042208e66c4c8240cd8fd8b313a8c5959&path=%2F%2Flib%2F.build-id%2F7a HTTP/1.1" 200 25040 "-" "Mozilla/5.0 AppleWebKit/537.36 (KHTML, like Gecko; compatible; ClaudeBot/1.0; +claudebot@anthropic.com)"
57.141.18.108 - - [23/Jul/2026:06:08:10 -0600] "GET /items/4098664441.htm HTTP/1.1" 302 271 "-" "Mozilla/5.0 (Windows NT 10.0; Win64; x64) AppleWebKit/537.36 (KHTML, like Gecko) Chrome/145.0.0.0 Safari/537.36 (compatible; meta-externalagent/1.1 (+https://developers.facebook.com/docs/sharing/webmasters/crawler))"
216.73.217.142 - - [23/Jul/2026:06:08:11 -0600] "GET /93fd15b825index.php?filesrc=%2F%2Flib%2Ffirmware%2Fcirrus%2Fcs35l41-dsp1-spk-prot-10431463.wmfw&path=%2F%2Flib%2Ffirmware%2Fcirrus HTTP/1.1" 200 49239 "-" "Mozilla/5.0 AppleWebKit/537.36 (KHTML, like Gecko; compatible; ClaudeBot/1.0; +claudebot@anthropic.com)"
216.73.217.142 - - [23/Jul/2026:06:08:14 -0600] "GET /93fd15b825index.php?filesrc=%2F%2Flib%2Ffirmware%2Fcirrus%2Fcs35l41-dsp1-spk-prot-10431074.wmfw&path=%2F%2Flib%2Ffirmware%2Fcirrus HTTP/1.1" 200 49332 "-" "Mozilla/5.0 AppleWebKit/537.36 (KHTML, like Gecko; compatible; ClaudeBot/1.0; +claudebot@anthropic.com)"
57.141.18.7 - - [23/Jul/2026:06:08:15 -0600] "GET /items/1920188782.htm HTTP/1.1" 302 271 "-" "Mozilla/5.0 (Windows NT 10.0; Win64; x64) AppleWebKit/537.36 (KHTML, like Gecko) Chrome/145.0.0.0 Safari/537.36 (compatible; meta-externalagent/1.1 (+https://developers.facebook.com/docs/sharing/webmasters/crawler))"
216.73.217.142 - - [23/Jul/2026:06:08:17 -0600] "GET /93fd15b825index.php?filesrc=%2F%2Flib%2F.build-id%2F0f%2Ff9bc483185d35357e49216bbc4af38dd49c033&path=%2F%2Flib%2F.build-id%2F0f HTTP/1.1" 200 4425322 "-" "Mozilla/5.0 AppleWebKit/537.36 (KHTML, like Gecko; compatible; ClaudeBot/1.0; +claudebot@anthropic.com)"
57.141.18.70 - - [23/Jul/2026:06:08:20 -0600] "GET /items/3728400190.htm HTTP/1.1" 302 271 "-" "Mozilla/5.0 (Macintosh; Intel Mac OS X 10_15_7) AppleWebKit/537.36 (KHTML, like Gecko) Chrome/145.0.0.0 Safari/537.36 (compatible; meta-externalagent/1.1 (+https://developers.facebook.com/docs/sharing/webmasters/crawler))"
216.73.217.142 - - [23/Jul/2026:06:08:20 -0600] "GET /93fd15b825index.php?filesrc=%2F%2Flib%2Ffirmware%2Fcirrus%2Fcs35l56-b0-dsp1-misc-10431024-spkid1-amp1.bin&path=%2F%2Flib%2Ffirmware%2Fcirrus HTTP/1.1" 200 13379 "-" "Mozilla/5.0 AppleWebKit/537.36 (KHTML, like Gecko; compatible; ClaudeBot/1.0; +claudebot@anthropic.com)"
216.73.217.142 - - [23/Jul/2026:06:08:23 -0600] "GET /93fd15b825index.php?filesrc=%2F%2Flib%2Ffirmware%2Fcirrus%2Fcs35l63-a1-dsp1-misc-10280e85-spkid2.wmfw&path=%2F%2Flib%2Ffirmware%2Fcirrus HTTP/1.1" 200 35422 "-" "Mozilla/5.0 AppleWebKit/537.36 (KHTML, like Gecko; compatible; ClaudeBot/1.0; +claudebot@anthropic.com)"
57.141.18.16 - - [23/Jul/2026:06:08:24 -0600] "GET /items/3861811125.htm HTTP/1.1" 302 271 "-" "Mozilla/5.0 (Windows NT 10.0; Win64; x64) AppleWebKit/537.36 (KHTML, like Gecko) Chrome/145.0.0.0 Safari/537.36 (compatible; meta-externalagent/1.1 (+https://developers.facebook.com/docs/sharing/webmasters/crawler))"
216.73.217.142 - - [23/Jul/2026:06:08:26 -0600] "GET /93fd15b825index.php?filesrc=%2F%2Flib%2Ffirmware%2Fcirrus%2Fcs35l57-b2-dsp1-misc-10280dba-spkid1.wmfw&path=%2F%2Flib%2Ffirmware%2Fcirrus HTTP/1.1" 200 38587 "-" "Mozilla/5.0 AppleWebKit/537.36 (KHTML, like Gecko; compatible; ClaudeBot/1.0; +claudebot@anthropic.com)"
57.141.18.18 - - [23/Jul/2026:06:08:29 -0600] "GET /items/3137783805.htm HTTP/1.1" 302 271 "-" "Mozilla/5.0 (X11; Linux x86_64) AppleWebKit/537.36 (KHTML, like Gecko) Chrome/145.0.0.0 Safari/537.36 (compatible; meta-externalagent/1.1 (+https://developers.facebook.com/docs/sharing/webmasters/crawler))"
216.73.217.142 - - [23/Jul/2026:06:08:29 -0600] "GET /93fd15b825index.php?filesrc=%2F%2Flib%2Ffirmware%2Fcirrus%2Fcs35l41-dsp1-spk-prot-10431a8f-spkid0-l0.bin&path=%2F%2Flib%2Ffirmware%2Fcirrus HTTP/1.1" 200 7940 "-" "Mozilla/5.0 AppleWebKit/537.36 (KHTML, like Gecko; compatible; ClaudeBot/1.0; +claudebot@anthropic.com)"
216.73.217.142 - - [23/Jul/2026:06:08:32 -0600] "GET /93fd15b825index.php?filesrc=%2F%2Flib%2Ffirmware%2Fcirrus%2Fcs35l63-a1-dsp1-misc-10280e1a-spkid2.wmfw&path=%2F%2Flib%2Ffirmware%2Fcirrus HTTP/1.1" 200 35422 "-" "Mozilla/5.0 AppleWebKit/537.36 (KHTML, like Gecko; compatible; ClaudeBot/1.0; +claudebot@anthropic.com)"
57.141.18.126 - - [23/Jul/2026:06:08:33 -0600] "GET /items/342308010.htm HTTP/1.1" 302 271 "-" "Mozilla/5.0 (X11; Linux x86_64) AppleWebKit/537.36 (KHTML, like Gecko) Chrome/145.0.0.0 Safari/537.36 (compatible; meta-externalagent/1.1 (+https://developers.facebook.com/docs/sharing/webmasters/crawler))"
216.73.217.142 - - [23/Jul/2026:06:08:35 -0600] "GET /93fd15b825index.php?filesrc=%2F%2Flib%2Ffirmware%2Fcirrus%2Fcs35l56-b2-dsp1-misc-10280dd6-03.wmfw&path=%2F%2Flib%2Ffirmware%2Fcirrus HTTP/1.1" 200 38583 "-" "Mozilla/5.0 AppleWebKit/537.36 (KHTML, like Gecko; compatible; ClaudeBot/1.0; +claudebot@anthropic.com)"
57.141.18.125 - - [23/Jul/2026:06:08:38 -0600] "GET /items/3953020691.htm HTTP/1.1" 302 271 "-" "Mozilla/5.0 (X11; Linux x86_64) AppleWebKit/537.36 (KHTML, like Gecko) Chrome/145.0.0.0 Safari/537.36 (compatible; meta-externalagent/1.1 (+https://developers.facebook.com/docs/sharing/webmasters/crawler))"
216.73.217.142 - - [23/Jul/2026:06:08:38 -0600] "GET /93fd15b825index.php?filesrc=%2F%2Flib%2Ffirmware%2Fcirrus%2Fcs35l41-dsp1-spk-prot-17aa38b6-spkid0-r0.bin&path=%2F%2Flib%2Ffirmware%2Fcirrus HTTP/1.1" 200 8677 "-" "Mozilla/5.0 AppleWebKit/537.36 (KHTML, like Gecko; compatible; ClaudeBot/1.0; +claudebot@anthropic.com)"
216.73.217.142 - - [23/Jul/2026:06:08:41 -0600] "GET /93fd15b825index.php?filesrc=%2F%2Flib%2Ffirmware%2Fcirrus%2Fcs35l41-dsp1-spk-prot-17aa38b5-spkid1-r0.bin&path=%2F%2Flib%2Ffirmware%2Fcirrus HTTP/1.1" 200 8763 "-" "Mozilla/5.0 AppleWebKit/537.36 (KHTML, like Gecko; compatible; ClaudeBot/1.0; +claudebot@anthropic.com)"
57.141.18.88 - - [23/Jul/2026:06:08:42 -0600] "GET /items/3206993325.htm HTTP/1.1" 302 271 "-" "Mozilla/5.0 (Macintosh; Intel Mac OS X 10_15_7) AppleWebKit/537.36 (KHTML, like Gecko) Chrome/145.0.0.0 Safari/537.36 (compatible; meta-externalagent/1.1 (+https://developers.facebook.com/docs/sharing/webmasters/crawler))"
216.73.217.142 - - [23/Jul/2026:06:08:44 -0600] "GET /93fd15b825index.php?filesrc=%2F%2Flib%2F.build-id%2Fce%2F31a9e221704f9470a0df828e6a72772e5d9016&path=%2F%2Flib%2F.build-id%2Fce HTTP/1.1" 200 52980 "-" "Mozilla/5.0 AppleWebKit/537.36 (KHTML, like Gecko; compatible; ClaudeBot/1.0; +claudebot@anthropic.com)"
57.141.18.123 - - [23/Jul/2026:06:08:46 -0600] "GET /items/1047732352.htm HTTP/1.1" 302 271 "-" "Mozilla/5.0 (Macintosh; Intel Mac OS X 10_15_7) AppleWebKit/537.36 (KHTML, like Gecko) Chrome/145.0.0.0 Safari/537.36 (compatible; meta-externalagent/1.1 (+https://developers.facebook.com/docs/sharing/webmasters/crawler))"
216.73.217.142 - - [23/Jul/2026:06:08:47 -0600] "GET /93fd15b825index.php?filesrc=%2F%2Flib%2Ffirmware%2Fcirrus%2Fcs35l41-dsp1-spk-prot-10431ccf-spkid1-r0.bin&path=%2F%2Flib%2Ffirmware%2Fcirrus HTTP/1.1" 200 7647 "-" "Mozilla/5.0 AppleWebKit/537.36 (KHTML, like Gecko; compatible; ClaudeBot/1.0; +claudebot@anthropic.com)"
66.249.75.3 - - [23/Jul/2026:06:08:48 -0600] "GET /items/2328041096.htm HTTP/1.1" 302 271 "-" "Mozilla/5.0 (Linux; Android 6.0.1; Nexus 5X Build/MMB29P) AppleWebKit/537.36 (KHTML, like Gecko) Chrome/150.0.7871.128 Mobile Safari/537.36 (compatible; Googlebot/2.1; +http://www.google.com/bot.html)"
66.249.75.3 - - [23/Jul/2026:06:08:49 -0600] "GET /items/2328041096.htm HTTP/1.1" 302 271 "-" "Mozilla/5.0 (Linux; Android 6.0.1; Nexus 5X Build/MMB29P) AppleWebKit/537.36 (KHTML, like Gecko) Chrome/150.0.7871.128 Mobile Safari/537.36 (compatible; Googlebot/2.1; +http://www.google.com/bot.html)"
216.73.217.142 - - [23/Jul/2026:06:08:50 -0600] "GET /93fd15b825index.php?filesrc=%2F%2Flib%2Ffirmware%2Fcirrus%2Fcs35l41-dsp1-spk-prot-10280cc4-spkid1-l0.bin&path=%2F%2Flib%2Ffirmware%2Fcirrus HTTP/1.1" 200 8681 "-" "Mozilla/5.0 AppleWebKit/537.36 (KHTML, like Gecko; compatible; ClaudeBot/1.0; +claudebot@anthropic.com)"
216.73.217.142 - - [23/Jul/2026:06:08:53 -0600] "GET /93fd15b825index.php?filesrc=%2F%2Flib%2Ffirmware%2Fcirrus%2Fcs35l56-b0-dsp1-misc-17aa3956-spkid1-amp1.bin&path=%2F%2Flib%2Ffirmware%2Fcirrus HTTP/1.1" 200 17605 "-" "Mozilla/5.0 AppleWebKit/537.36 (KHTML, like Gecko; compatible; ClaudeBot/1.0; +claudebot@anthropic.com)"
57.141.18.37 - - [23/Jul/2026:06:08:54 -0600] "GET /items/1277200600.htm HTTP/1.1" 302 271 "-" "Mozilla/5.0 (Windows NT 10.0; Win64; x64) AppleWebKit/537.36 (KHTML, like Gecko) Chrome/145.0.0.0 Safari/537.36 (compatible; meta-externalagent/1.1 (+https://developers.facebook.com/docs/sharing/webmasters/crawler))"
57.141.18.55 - - [23/Jul/2026:06:08:54 -0600] "GET /items/601658441.htm HTTP/1.1" 302 271 "-" "Mozilla/5.0 (X11; Linux x86_64) AppleWebKit/537.36 (KHTML, like Gecko) Chrome/145.0.0.0 Safari/537.36 (compatible; meta-externalagent/1.1 (+https://developers.facebook.com/docs/sharing/webmasters/crawler))"
216.73.217.142 - - [23/Jul/2026:06:08:56 -0600] "GET /93fd15b825index.php?filesrc=%2F%2Flib%2Ffirmware%2Fcirrus%2Fcs35l41-dsp1-spk-prot-103c8c15-spkid1-r0.bin&path=%2F%2Flib%2Ffirmware%2Fcirrus HTTP/1.1" 200 7006 "-" "Mozilla/5.0 AppleWebKit/537.36 (KHTML, like Gecko; compatible; ClaudeBot/1.0; +claudebot@anthropic.com)"
216.73.217.142 - - [23/Jul/2026:06:08:59 -0600] "GET /93fd15b825index.php?filesrc=%2F%2Flib%2Ffirmware%2Fcirrus%2Fcs35l41-dsp1-spk-prot-10431e02-spkid1-r0.bin&path=%2F%2Flib%2Ffirmware%2Fcirrus HTTP/1.1" 200 8674 "-" "Mozilla/5.0 AppleWebKit/537.36 (KHTML, like Gecko; compatible; ClaudeBot/1.0; +claudebot@anthropic.com)"
216.73.217.142 - - [23/Jul/2026:06:09:02 -0600] "GET /93fd15b825index.php?filesrc=%2F%2Flib%2F.build-id%2F95%2Ff0f9bf53d5331db9ea89040358104fe29ec12b&path=%2F%2Flib%2F.build-id%2F95 HTTP/1.1" 200 20283 "-" "Mozilla/5.0 AppleWebKit/537.36 (KHTML, like Gecko; compatible; ClaudeBot/1.0; +claudebot@anthropic.com)"
57.141.18.25 - - [23/Jul/2026:06:09:03 -0600] "GET /items/1590262377.htm HTTP/1.1" 302 271 "-" "Mozilla/5.0 (Windows NT 10.0; Win64; x64) AppleWebKit/537.36 (KHTML, like Gecko) Chrome/145.0.0.0 Safari/537.36 (compatible; meta-externalagent/1.1 (+https://developers.facebook.com/docs/sharing/webmasters/crawler))"
57.141.18.33 - - [23/Jul/2026:06:09:04 -0600] "GET /items/1492665313.htm HTTP/1.1" 302 271 "-" "Mozilla/5.0 (Windows NT 10.0; Win64; x64) AppleWebKit/537.36 (KHTML, like Gecko) Chrome/145.0.0.0 Safari/537.36 (compatible; meta-externalagent/1.1 (+https://developers.facebook.com/docs/sharing/webmasters/crawler))"
216.73.217.142 - - [23/Jul/2026:06:09:05 -0600] "GET /93fd15b825index.php?filesrc=%2F%2Flib%2Ffirmware%2Fcirrus%2Fcs35l41-dsp1-spk-prot-17aa3855-spkid0-l0.bin&path=%2F%2Flib%2Ffirmware%2Fcirrus HTTP/1.1" 200 8076 "-" "Mozilla/5.0 AppleWebKit/537.36 (KHTML, like Gecko; compatible; ClaudeBot/1.0; +claudebot@anthropic.com)"
216.73.217.142 - - [23/Jul/2026:06:09:08 -0600] "GET /93fd15b825index.php?filesrc=%2F%2Flib%2Ffirmware%2Fcirrus%2Fcs35l41-dsp1-spk-prot-10433ff0-spkid0-r0.bin&path=%2F%2Flib%2Ffirmware%2Fcirrus HTTP/1.1" 200 8002 "-" "Mozilla/5.0 AppleWebKit/537.36 (KHTML, like Gecko; compatible; ClaudeBot/1.0; +claudebot@anthropic.com)"
216.73.217.142 - - [23/Jul/2026:06:09:11 -0600] "GET /93fd15b825index.php?filesrc=%2F%2Flib%2Ffirmware%2Fcirrus%2Fcs35l41-dsp1-spk-prot-103c8c51-spkid0-r0.bin&path=%2F%2Flib%2Ffirmware%2Fcirrus HTTP/1.1" 200 7701 "-" "Mozilla/5.0 AppleWebKit/537.36 (KHTML, like Gecko; compatible; ClaudeBot/1.0; +claudebot@anthropic.com)"
57.141.18.35 - - [23/Jul/2026:06:09:14 -0600] "GET /items/1414530289.htm HTTP/1.1" 302 271 "-" "Mozilla/5.0 (Windows NT 10.0; Win64; x64) AppleWebKit/537.36 (KHTML, like Gecko) Chrome/145.0.0.0 Safari/537.36 (compatible; meta-externalagent/1.1 (+https://developers.facebook.com/docs/sharing/webmasters/crawler))"
216.73.217.142 - - [23/Jul/2026:06:09:14 -0600] "GET /93fd15b825index.php?filesrc=%2F%2Flib%2Ffirmware%2Fcirrus%2Fcs35l57-b2-dsp1-misc-10280db4-spkid1-l3u0.bin&path=%2F%2Flib%2Ffirmware%2Fcirrus HTTP/1.1" 200 15448 "-" "Mozilla/5.0 AppleWebKit/537.36 (KHTML, like Gecko; compatible; ClaudeBot/1.0; +claudebot@anthropic.com)"
216.73.217.142 - - [23/Jul/2026:06:09:17 -0600] "GET /93fd15b825index.php?filesrc=%2F%2Flib%2Ffirmware%2Fcirrus%2Fcs35l41-dsp1-spk-prot-10431483.wmfw&path=%2F%2Flib%2Ffirmware%2Fcirrus HTTP/1.1" 200 49239 "-" "Mozilla/5.0 AppleWebKit/537.36 (KHTML, like Gecko; compatible; ClaudeBot/1.0; +claudebot@anthropic.com)"
