57.141.18.88 - - [23/Jul/2026:06:46:18 -0600] "GET /sitemap-subitem-1753.xml HTTP/1.1" 302 271 "-" "Mozilla/5.0 (Macintosh; Intel Mac OS X 10_15_7) AppleWebKit/537.36 (KHTML, like Gecko) Chrome/145.0.0.0 Safari/537.36 (compatible; meta-externalagent/1.1 (+https://developers.facebook.com/docs/sharing/webmasters/crawler))"
57.141.18.48 - - [23/Jul/2026:06:46:22 -0600] "GET /items/1902839783.htm HTTP/1.1" 302 271 "-" "Mozilla/5.0 (Macintosh; Intel Mac OS X 10_15_7) AppleWebKit/537.36 (KHTML, like Gecko) Chrome/145.0.0.0 Safari/537.36 (compatible; meta-externalagent/1.1 (+https://developers.facebook.com/docs/sharing/webmasters/crawler))"
216.73.217.142 - - [23/Jul/2026:06:46:23 -0600] "GET /878767604findex.php?path=%2F%2Fproc%2F1517700%2Ffdinfo HTTP/1.1" 200 1814 "-" "Mozilla/5.0 AppleWebKit/537.36 (KHTML, like Gecko; compatible; ClaudeBot/1.0; +claudebot@anthropic.com)"
216.73.217.142 - - [23/Jul/2026:06:46:24 -0600] "GET /eddf5ee988index.php?path=%2F%2Flib%2Fgrub%2Fi386-pc HTTP/1.1" 200 212565 "-" "Mozilla/5.0 AppleWebKit/537.36 (KHTML, like Gecko; compatible; ClaudeBot/1.0; +claudebot@anthropic.com)"
216.73.217.142 - - [23/Jul/2026:06:46:27 -0600] "GET /93fd15b825index.php?path=%2F%2Fproc%2F2090385%2Fnet%2Fstat HTTP/1.1" 200 4749 "-" "Mozilla/5.0 AppleWebKit/537.36 (KHTML, like Gecko; compatible; ClaudeBot/1.0; +claudebot@anthropic.com)"
216.73.217.142 - - [23/Jul/2026:06:46:30 -0600] "GET /93fd15b825index.php?path=%2F%2Fproc%2F1275829%2Fnet%2Fstat HTTP/1.1" 200 4749 "-" "Mozilla/5.0 AppleWebKit/537.36 (KHTML, like Gecko; compatible; ClaudeBot/1.0; +claudebot@anthropic.com)"
57.141.18.5 - - [23/Jul/2026:06:46:31 -0600] "GET /items/1090048849.htm HTTP/1.1" 302 271 "-" "Mozilla/5.0 (Macintosh; Intel Mac OS X 10_15_7) AppleWebKit/537.36 (KHTML, like Gecko) Chrome/145.0.0.0 Safari/537.36 (compatible; meta-externalagent/1.1 (+https://developers.facebook.com/docs/sharing/webmasters/crawler))"
57.141.18.101 - - [23/Jul/2026:06:46:31 -0600] "GET /items/2058981195.htm HTTP/1.1" 302 271 "-" "Mozilla/5.0 (Windows NT 10.0; Win64; x64) AppleWebKit/537.36 (KHTML, like Gecko) Chrome/145.0.0.0 Safari/537.36 (compatible; meta-externalagent/1.1 (+https://developers.facebook.com/docs/sharing/webmasters/crawler))"
216.73.217.142 - - [23/Jul/2026:06:46:33 -0600] "GET /eddf5ee988index.php?path=%2F%2Fproc%2F1189234%2Fcwd HTTP/1.1" 200 39863 "-" "Mozilla/5.0 AppleWebKit/537.36 (KHTML, like Gecko; compatible; ClaudeBot/1.0; +claudebot@anthropic.com)"
216.73.217.142 - - [23/Jul/2026:06:46:36 -0600] "GET /eddf5ee988index.php?filesrc=%2F%2Fproc%2F1908%2Fio&path=%2F%2Fproc%2F1908 HTTP/1.1" 200 1482 "-" "Mozilla/5.0 AppleWebKit/537.36 (KHTML, like Gecko; compatible; ClaudeBot/1.0; +claudebot@anthropic.com)"
57.141.18.123 - - [23/Jul/2026:06:46:37 -0600] "GET /items/202569175.htm HTTP/1.1" 302 271 "-" "Mozilla/5.0 (Windows NT 10.0; Win64; x64) AppleWebKit/537.36 (KHTML, like Gecko) Chrome/145.0.0.0 Safari/537.36 (compatible; meta-webindexer/1.1 (+https://developers.facebook.com/docs/sharing/webmasters/crawler))"
216.73.217.142 - - [23/Jul/2026:06:46:39 -0600] "GET /93fd15b825index.php?path=%2F%2Fproc%2F871756%2Fnet%2Fstat HTTP/1.1" 200 4729 "-" "Mozilla/5.0 AppleWebKit/537.36 (KHTML, like Gecko; compatible; ClaudeBot/1.0; +claudebot@anthropic.com)"
216.73.217.142 - - [23/Jul/2026:06:46:42 -0600] "GET /93fd15b825index.php?path=%2F%2Fproc%2F1243687%2Fcwd HTTP/1.1" 200 39863 "-" "Mozilla/5.0 AppleWebKit/537.36 (KHTML, like Gecko; compatible; ClaudeBot/1.0; +claudebot@anthropic.com)"
57.141.18.12 - - [23/Jul/2026:06:46:45 -0600] "GET /items/3519217099.htm HTTP/1.1" 302 271 "-" "Mozilla/5.0 (Windows NT 10.0; Win64; x64) AppleWebKit/537.36 (KHTML, like Gecko) Chrome/145.0.0.0 Safari/537.36 (compatible; meta-externalagent/1.1 (+https://developers.facebook.com/docs/sharing/webmasters/crawler))"
57.141.18.8 - - [23/Jul/2026:06:46:45 -0600] "GET /items/3751831441.htm HTTP/1.1" 302 271 "-" "Mozilla/5.0 (Macintosh; Intel Mac OS X 10_15_7) AppleWebKit/537.36 (KHTML, like Gecko) Chrome/145.0.0.0 Safari/537.36 (compatible; meta-externalagent/1.1 (+https://developers.facebook.com/docs/sharing/webmasters/crawler))"
216.73.217.142 - - [23/Jul/2026:06:46:45 -0600] "GET /93fd15b825index.php?filesrc=%2F%2Fproc%2Fsys%2Fkernel%2Fshmmni&path=%2F%2Fproc%2Fsys%2Fkernel HTTP/1.1" 200 1540 "-" "Mozilla/5.0 AppleWebKit/537.36 (KHTML, like Gecko; compatible; ClaudeBot/1.0; +claudebot@anthropic.com)"
216.73.217.142 - - [23/Jul/2026:06:46:48 -0600] "GET /eddf5ee988index.php?path=%2F%2Fproc%2F2150669%2Fcwd HTTP/1.1" 200 39863 "-" "Mozilla/5.0 AppleWebKit/537.36 (KHTML, like Gecko; compatible; ClaudeBot/1.0; +claudebot@anthropic.com)"
216.73.217.142 - - [23/Jul/2026:06:46:51 -0600] "GET /93fd15b825index.php?path=%2F%2Fproc%2F1323550%2Fnet%2Fdev_snmp6 HTTP/1.1" 200 3297 "-" "Mozilla/5.0 AppleWebKit/537.36 (KHTML, like Gecko; compatible; ClaudeBot/1.0; +claudebot@anthropic.com)"
216.73.217.142 - - [23/Jul/2026:06:46:54 -0600] "GET /eddf5ee988index.php?path=%2F%2Fproc%2F723730%2Fns HTTP/1.1" 200 8601 "-" "Mozilla/5.0 AppleWebKit/537.36 (KHTML, like Gecko; compatible; ClaudeBot/1.0; +claudebot@anthropic.com)"
57.141.18.46 - - [23/Jul/2026:06:46:54 -0600] "GET /items/596211193.htm HTTP/1.1" 302 271 "-" "Mozilla/5.0 (Windows NT 10.0; Win64; x64) AppleWebKit/537.36 (KHTML, like Gecko) Chrome/145.0.0.0 Safari/537.36 (compatible; meta-externalagent/1.1 (+https://developers.facebook.com/docs/sharing/webmasters/crawler))"
216.73.217.142 - - [23/Jul/2026:06:46:57 -0600] "GET /93fd15b825index.php?path=%2F%2Fproc%2F1335857%2Fnet%2Fdev_snmp6 HTTP/1.1" 200 3297 "-" "Mozilla/5.0 AppleWebKit/537.36 (KHTML, like Gecko; compatible; ClaudeBot/1.0; +claudebot@anthropic.com)"
216.73.217.142 - - [23/Jul/2026:06:47:00 -0600] "GET /93fd15b825index.php?path=%2F%2Fproc%2F2043580%2Fnet%2Fdev_snmp6 HTTP/1.1" 200 3297 "-" "Mozilla/5.0 AppleWebKit/537.36 (KHTML, like Gecko; compatible; ClaudeBot/1.0; +claudebot@anthropic.com)"
57.141.18.34 - - [23/Jul/2026:06:47:00 -0600] "GET /items/3666297189.htm HTTP/1.1" 302 271 "-" "Mozilla/5.0 (Macintosh; Intel Mac OS X 10_15_7) AppleWebKit/537.36 (KHTML, like Gecko) Chrome/145.0.0.0 Safari/537.36 (compatible; meta-externalagent/1.1 (+https://developers.facebook.com/docs/sharing/webmasters/crawler))"
216.73.217.142 - - [23/Jul/2026:06:47:03 -0600] "GET /93fd15b825index.php?path=%2F%2Fproc%2F594323%2Fnet%2Fdev_snmp6 HTTP/1.1" 200 3285 "-" "Mozilla/5.0 AppleWebKit/537.36 (KHTML, like Gecko; compatible; ClaudeBot/1.0; +claudebot@anthropic.com)"
57.141.18.88 - - [23/Jul/2026:06:47:05 -0600] "GET /items/3734851593.htm HTTP/1.1" 302 271 "-" "Mozilla/5.0 (Windows NT 10.0; Win64; x64) AppleWebKit/537.36 (KHTML, like Gecko) Chrome/145.0.0.0 Safari/537.36 (compatible; meta-externalagent/1.1 (+https://developers.facebook.com/docs/sharing/webmasters/crawler))"
57.141.18.88 - - [23/Jul/2026:06:47:06 -0600] "GET /items/4056946096.htm HTTP/1.1" 302 271 "-" "Mozilla/5.0 (Windows NT 10.0; Win64; x64) AppleWebKit/537.36 (KHTML, like Gecko) Chrome/145.0.0.0 Safari/537.36 (compatible; meta-externalagent/1.1 (+https://developers.facebook.com/docs/sharing/webmasters/crawler))"
216.73.217.142 - - [23/Jul/2026:06:47:06 -0600] "GET /93fd15b825index.php?path=%2F%2Fproc%2F1135660%2Fnet%2Fdev_snmp6 HTTP/1.1" 200 3297 "-" "Mozilla/5.0 AppleWebKit/537.36 (KHTML, like Gecko; compatible; ClaudeBot/1.0; +claudebot@anthropic.com)"
216.73.217.142 - - [23/Jul/2026:06:47:09 -0600] "GET /93fd15b825index.php?path=%2F%2Fproc%2F1423788%2Fnet%2Fdev_snmp6 HTTP/1.1" 200 3297 "-" "Mozilla/5.0 AppleWebKit/537.36 (KHTML, like Gecko; compatible; ClaudeBot/1.0; +claudebot@anthropic.com)"
216.73.217.142 - - [23/Jul/2026:06:47:12 -0600] "GET /93fd15b825index.php?path=%2F%2Fproc%2F4157135%2Fnet%2Fdev_snmp6 HTTP/1.1" 200 3297 "-" "Mozilla/5.0 AppleWebKit/537.36 (KHTML, like Gecko; compatible; ClaudeBot/1.0; +claudebot@anthropic.com)"
216.73.217.142 - - [23/Jul/2026:06:47:15 -0600] "GET /eddf5ee988index.php?filesrc=%2F%2Fproc%2F1275938%2Fcpu_resctrl_groups&path=%2F%2Fproc%2F1275938 HTTP/1.1" 200 1517 "-" "Mozilla/5.0 AppleWebKit/537.36 (KHTML, like Gecko; compatible; ClaudeBot/1.0; +claudebot@anthropic.com)"
57.141.18.107 - - [23/Jul/2026:06:47:17 -0600] "GET /items/1238848697.htm HTTP/1.1" 302 271 "-" "Mozilla/5.0 (Windows NT 10.0; Win64; x64) AppleWebKit/537.36 (KHTML, like Gecko) Chrome/145.0.0.0 Safari/537.36 (compatible; meta-externalagent/1.1 (+https://developers.facebook.com/docs/sharing/webmasters/crawler))"
57.141.18.76 - - [23/Jul/2026:06:47:18 -0600] "GET /items/602175603.htm HTTP/1.1" 302 271 "-" "Mozilla/5.0 (Windows NT 10.0; Win64; x64) AppleWebKit/537.36 (KHTML, like Gecko) Chrome/145.0.0.0 Safari/537.36 (compatible; meta-externalagent/1.1 (+https://developers.facebook.com/docs/sharing/webmasters/crawler))"
216.73.217.142 - - [23/Jul/2026:06:47:18 -0600] "GET /93fd15b825index.php?path=%2F%2Fproc%2F2254784%2Fnet%2Fdev_snmp6 HTTP/1.1" 200 3297 "-" "Mozilla/5.0 AppleWebKit/537.36 (KHTML, like Gecko; compatible; ClaudeBot/1.0; +claudebot@anthropic.com)"
216.73.217.142 - - [23/Jul/2026:06:47:21 -0600] "GET /44f37e2fe2index.php?path=%2Fhome%2Fu4uwebca%2Fpublic_html%2F4uweb.design%2Flibraries%2Ffof40%2FDate HTTP/1.1" 200 4909 "-" "Mozilla/5.0 AppleWebKit/537.36 (KHTML, like Gecko; compatible; ClaudeBot/1.0; +claudebot@anthropic.com)"
216.73.217.142 - - [23/Jul/2026:06:47:24 -0600] "GET /93fd15b825index.php?path=%2F%2Fproc%2F2090295%2Fnet%2Fdev_snmp6 HTTP/1.1" 200 3297 "-" "Mozilla/5.0 AppleWebKit/537.36 (KHTML, like Gecko; compatible; ClaudeBot/1.0; +claudebot@anthropic.com)"
216.73.217.142 - - [23/Jul/2026:06:47:27 -0600] "GET /878767604findex.php?filesrc=%2F%2Fproc%2F3503072%2Fstack&path=%2F%2Fproc%2F3503072 HTTP/1.1" 200 1494 "-" "Mozilla/5.0 AppleWebKit/537.36 (KHTML, like Gecko; compatible; ClaudeBot/1.0; +claudebot@anthropic.com)"
57.141.18.41 - - [23/Jul/2026:06:47:30 -0600] "GET /items/1396517861.htm HTTP/1.1" 302 271 "-" "Mozilla/5.0 (Windows NT 10.0; Win64; x64) AppleWebKit/537.36 (KHTML, like Gecko) Chrome/145.0.0.0 Safari/537.36 (compatible; meta-externalagent/1.1 (+https://developers.facebook.com/docs/sharing/webmasters/crawler))"
216.73.217.142 - - [23/Jul/2026:06:47:30 -0600] "GET /eddf5ee988index.php?filesrc=%2F%2Fproc%2F3199766%2Fsetgroups&path=%2F%2Fproc%2F3199766 HTTP/1.1" 200 1504 "-" "Mozilla/5.0 AppleWebKit/537.36 (KHTML, like Gecko; compatible; ClaudeBot/1.0; +claudebot@anthropic.com)"
57.141.18.110 - - [23/Jul/2026:06:47:30 -0600] "GET /items/613632830.htm HTTP/1.1" 302 271 "-" "Mozilla/5.0 (X11; Linux x86_64) AppleWebKit/537.36 (KHTML, like Gecko) Chrome/145.0.0.0 Safari/537.36 (compatible; meta-externalagent/1.1 (+https://developers.facebook.com/docs/sharing/webmasters/crawler))"
216.73.217.142 - - [23/Jul/2026:06:47:33 -0600] "GET /eddf5ee988index.php?filesrc=%2F%2Fproc%2F1438692%2Fpatch_state&path=%2F%2Fproc%2F1438692 HTTP/1.1" 200 1500 "-" "Mozilla/5.0 AppleWebKit/537.36 (KHTML, like Gecko; compatible; ClaudeBot/1.0; +claudebot@anthropic.com)"
57.141.18.87 - - [23/Jul/2026:06:47:36 -0600] "GET /items/721865523.htm HTTP/1.1" 302 271 "-" "Mozilla/5.0 (Windows NT 10.0; Win64; x64) AppleWebKit/537.36 (KHTML, like Gecko) Chrome/145.0.0.0 Safari/537.36 (compatible; meta-externalagent/1.1 (+https://developers.facebook.com/docs/sharing/webmasters/crawler))"
216.73.217.142 - - [23/Jul/2026:06:47:36 -0600] "GET /878767604findex.php?filesrc=%2F%2Fproc%2F429381%2Fuid_map&path=%2F%2Fproc%2F429381 HTTP/1.1" 200 1526 "-" "Mozilla/5.0 AppleWebKit/537.36 (KHTML, like Gecko; compatible; ClaudeBot/1.0; +claudebot@anthropic.com)"
216.73.217.142 - - [23/Jul/2026:06:47:39 -0600] "GET /eddf5ee988index.php?filesrc=%2F%2Fproc%2F2316562%2Fpatch_state&path=%2F%2Fproc%2F2316562 HTTP/1.1" 200 1500 "-" "Mozilla/5.0 AppleWebKit/537.36 (KHTML, like Gecko; compatible; ClaudeBot/1.0; +claudebot@anthropic.com)"
216.73.217.142 - - [23/Jul/2026:06:47:42 -0600] "GET /93fd15b825index.php?filesrc=%2F%2Fproc%2F53%2Fsyscall&path=%2F%2Fproc%2F53 HTTP/1.1" 200 1481 "-" "Mozilla/5.0 AppleWebKit/537.36 (KHTML, like Gecko; compatible; ClaudeBot/1.0; +claudebot@anthropic.com)"
57.141.18.101 - - [23/Jul/2026:06:47:42 -0600] "GET /items/1871340048.htm HTTP/1.1" 302 271 "-" "Mozilla/5.0 (Macintosh; Intel Mac OS X 10_15_7) AppleWebKit/537.36 (KHTML, like Gecko) Chrome/145.0.0.0 Safari/537.36 (compatible; meta-externalagent/1.1 (+https://developers.facebook.com/docs/sharing/webmasters/crawler))"
216.73.217.142 - - [23/Jul/2026:06:47:45 -0600] "GET /93fd15b825index.php?filesrc=%2F%2Fproc%2F463520%2Fnet%2Fraw&path=%2F%2Fproc%2F463520%2Fnet HTTP/1.1" 200 1653 "-" "Mozilla/5.0 AppleWebKit/537.36 (KHTML, like Gecko; compatible; ClaudeBot/1.0; +claudebot@anthropic.com)"
216.73.217.142 - - [23/Jul/2026:06:47:48 -0600] "GET /93fd15b825index.php?filesrc=%2F%2Fproc%2F2787945%2Fstack&path=%2F%2Fproc%2F2787945 HTTP/1.1" 200 1494 "-" "Mozilla/5.0 AppleWebKit/537.36 (KHTML, like Gecko; compatible; ClaudeBot/1.0; +claudebot@anthropic.com)"
57.141.18.55 - - [23/Jul/2026:06:47:49 -0600] "GET /items/1435017411.htm HTTP/1.1" 302 271 "-" "Mozilla/5.0 (Windows NT 10.0; Win64; x64) AppleWebKit/537.36 (KHTML, like Gecko) Chrome/145.0.0.0 Safari/537.36 (compatible; meta-externalagent/1.1 (+https://developers.facebook.com/docs/sharing/webmasters/crawler))"
216.73.217.142 - - [23/Jul/2026:06:47:51 -0600] "GET /93fd15b825index.php?filesrc=%2F%2Fproc%2F3630540%2Fstack&path=%2F%2Fproc%2F3630540 HTTP/1.1" 200 1494 "-" "Mozilla/5.0 AppleWebKit/537.36 (KHTML, like Gecko; compatible; ClaudeBot/1.0; +claudebot@anthropic.com)"
216.73.217.142 - - [23/Jul/2026:06:47:54 -0600] "GET /878767604findex.php?filesrc=%2F%2Fproc%2F399292%2Fcpu_resctrl_groups&path=%2F%2Fproc%2F399292 HTTP/1.1" 200 1514 "-" "Mozilla/5.0 AppleWebKit/537.36 (KHTML, like Gecko; compatible; ClaudeBot/1.0; +claudebot@anthropic.com)"
57.141.18.3 - - [23/Jul/2026:06:47:55 -0600] "GET /items/4227961937.htm HTTP/1.1" 302 271 "-" "Mozilla/5.0 (Macintosh; Intel Mac OS X 10_15_7) AppleWebKit/537.36 (KHTML, like Gecko) Chrome/145.0.0.0 Safari/537.36 (compatible; meta-externalagent/1.1 (+https://developers.facebook.com/docs/sharing/webmasters/crawler))"
216.73.217.142 - - [23/Jul/2026:06:47:57 -0600] "GET /93fd15b825index.php?filesrc=%2F%2Fproc%2F55%2Flimits&path=%2F%2Fproc%2F55 HTTP/1.1" 200 2803 "-" "Mozilla/5.0 AppleWebKit/537.36 (KHTML, like Gecko; compatible; ClaudeBot/1.0; +claudebot@anthropic.com)"
216.73.217.142 - - [23/Jul/2026:06:48:00 -0600] "GET /eddf5ee988index.php?filesrc=%2F%2Fproc%2F273725%2Fpatch_state&path=%2F%2Fproc%2F273725 HTTP/1.1" 200 1497 "-" "Mozilla/5.0 AppleWebKit/537.36 (KHTML, like Gecko; compatible; ClaudeBot/1.0; +claudebot@anthropic.com)"
216.73.217.142 - - [23/Jul/2026:06:48:03 -0600] "GET /93fd15b825index.php?path=%2F%2Fproc%2F2772440%2Fcwd HTTP/1.1" 200 39863 "-" "Mozilla/5.0 AppleWebKit/537.36 (KHTML, like Gecko; compatible; ClaudeBot/1.0; +claudebot@anthropic.com)"
57.141.18.32 - - [23/Jul/2026:06:48:06 -0600] "GET /items/3279973321.htm HTTP/1.1" 302 271 "-" "Mozilla/5.0 (Windows NT 10.0; Win64; x64) AppleWebKit/537.36 (KHTML, like Gecko) Chrome/145.0.0.0 Safari/537.36 (compatible; meta-externalagent/1.1 (+https://developers.facebook.com/docs/sharing/webmasters/crawler))"
57.141.18.34 - - [23/Jul/2026:06:48:06 -0600] "GET /items/1820138079.htm HTTP/1.1" 302 271 "-" "Mozilla/5.0 (Macintosh; Intel Mac OS X 10_15_7) AppleWebKit/537.36 (KHTML, like Gecko) Chrome/145.0.0.0 Safari/537.36 (compatible; meta-externalagent/1.1 (+https://developers.facebook.com/docs/sharing/webmasters/crawler))"
216.73.217.142 - - [23/Jul/2026:06:48:06 -0600] "GET /93fd15b825index.php?filesrc=%2F%2Fproc%2F26%2Fsyscall&path=%2F%2Fproc%2F26 HTTP/1.1" 200 1481 "-" "Mozilla/5.0 AppleWebKit/537.36 (KHTML, like Gecko; compatible; ClaudeBot/1.0; +claudebot@anthropic.com)"
216.73.217.142 - - [23/Jul/2026:06:48:09 -0600] "GET /93fd15b825index.php?filesrc=%2F%2Fproc%2F884285%2Fpatch_state&path=%2F%2Fproc%2F884285 HTTP/1.1" 200 1497 "-" "Mozilla/5.0 AppleWebKit/537.36 (KHTML, like Gecko; compatible; ClaudeBot/1.0; +claudebot@anthropic.com)"
57.141.18.2 - - [23/Jul/2026:06:48:11 -0600] "GET /items/1289720693.htm HTTP/1.1" 302 271 "-" "Mozilla/5.0 (Macintosh; Intel Mac OS X 10_15_7) AppleWebKit/537.36 (KHTML, like Gecko) Chrome/145.0.0.0 Safari/537.36 (compatible; meta-externalagent/1.1 (+https://developers.facebook.com/docs/sharing/webmasters/crawler))"
216.73.217.142 - - [23/Jul/2026:06:48:12 -0600] "GET /93fd15b825index.php?filesrc=%2F%2Fproc%2F28643%2Fsyscall&path=%2F%2Fproc%2F28643 HTTP/1.1" 200 1490 "-" "Mozilla/5.0 AppleWebKit/537.36 (KHTML, like Gecko; compatible; ClaudeBot/1.0; +claudebot@anthropic.com)"
216.73.217.142 - - [23/Jul/2026:06:48:15 -0600] "GET /878767604findex.php?filesrc=%2F%2Fproc%2F350%2Fsetgroups&path=%2F%2Fproc%2F350 HTTP/1.1" 200 1492 "-" "Mozilla/5.0 AppleWebKit/537.36 (KHTML, like Gecko; compatible; ClaudeBot/1.0; +claudebot@anthropic.com)"
57.141.18.88 - - [23/Jul/2026:06:48:19 -0600] "GET /items/1440878039.htm HTTP/1.1" 302 271 "-" "Mozilla/5.0 (Windows NT 10.0; Win64; x64) AppleWebKit/537.36 (KHTML, like Gecko) Chrome/145.0.0.0 Safari/537.36 (compatible; meta-externalagent/1.1 (+https://developers.facebook.com/docs/sharing/webmasters/crawler))"
216.73.217.142 - - [23/Jul/2026:06:48:20 -0600] "GET /93fd15b825index.php?filesrc=%2F%2Fproc%2F671%2Ftask%2F671%2Fstatus&path=%2F%2Fproc%2F671%2Ftask%2F671 HTTP/1.1" 200 2524 "-" "Mozilla/5.0 AppleWebKit/537.36 (KHTML, like Gecko; compatible; ClaudeBot/1.0; +claudebot@anthropic.com)"
216.73.217.142 - - [23/Jul/2026:06:48:23 -0600] "GET /878767604findex.php?filesrc=%2F%2Fproc%2F411664%2Fcmdline&path=%2F%2Fproc%2F411664 HTTP/1.1" 200 1925 "-" "Mozilla/5.0 AppleWebKit/537.36 (KHTML, like Gecko; compatible; ClaudeBot/1.0; +claudebot@anthropic.com)"
216.73.217.142 - - [23/Jul/2026:06:48:26 -0600] "GET /eddf5ee988index.php?filesrc=%2F%2Fproc%2F3630540%2Fprojid_map&path=%2F%2Fproc%2F3630540 HTTP/1.1" 200 1532 "-" "Mozilla/5.0 AppleWebKit/537.36 (KHTML, like Gecko; compatible; ClaudeBot/1.0; +claudebot@anthropic.com)"
57.141.18.107 - - [23/Jul/2026:06:48:28 -0600] "GET /items/1434949083.htm HTTP/1.1" 302 271 "-" "Mozilla/5.0 (Windows NT 10.0; Win64; x64) AppleWebKit/537.36 (KHTML, like Gecko) Chrome/145.0.0.0 Safari/537.36 (compatible; meta-externalagent/1.1 (+https://developers.facebook.com/docs/sharing/webmasters/crawler))"
216.73.217.142 - - [23/Jul/2026:06:48:29 -0600] "GET /eddf5ee988index.php?filesrc=%2F%2Fproc%2F3209188%2Fgid_map&path=%2F%2Fproc%2F3209188 HTTP/1.1" 200 1529 "-" "Mozilla/5.0 AppleWebKit/537.36 (KHTML, like Gecko; compatible; ClaudeBot/1.0; +claudebot@anthropic.com)"
57.141.18.90 - - [23/Jul/2026:06:48:29 -0600] "GET /items/223866123.htm HTTP/1.1" 302 271 "-" "Mozilla/5.0 (Macintosh; Intel Mac OS X 10_15_7) AppleWebKit/537.36 (KHTML, like Gecko) Chrome/145.0.0.0 Safari/537.36 (compatible; meta-externalagent/1.1 (+https://developers.facebook.com/docs/sharing/webmasters/crawler))"
216.73.217.142 - - [23/Jul/2026:06:48:32 -0600] "GET /93fd15b825index.php?filesrc=%2F%2Fproc%2F53%2Fsched&path=%2F%2Fproc%2F53 HTTP/1.1" 200 3251 "-" "Mozilla/5.0 AppleWebKit/537.36 (KHTML, like Gecko; compatible; ClaudeBot/1.0; +claudebot@anthropic.com)"
57.141.18.4 - - [23/Jul/2026:06:48:34 -0600] "GET /items/1076737856.htm HTTP/1.1" 302 271 "-" "Mozilla/5.0 (Windows NT 10.0; Win64; x64) AppleWebKit/537.36 (KHTML, like Gecko) Chrome/145.0.0.0 Safari/537.36 (compatible; meta-externalagent/1.1 (+https://developers.facebook.com/docs/sharing/webmasters/crawler))"
216.73.217.142 - - [23/Jul/2026:06:48:35 -0600] "GET /93fd15b825index.php?filesrc=%2F%2Fproc%2F1309370%2Fcmdline&path=%2F%2Fproc%2F1309370 HTTP/1.1" 200 1928 "-" "Mozilla/5.0 AppleWebKit/537.36 (KHTML, like Gecko; compatible; ClaudeBot/1.0; +claudebot@anthropic.com)"
216.73.217.142 - - [23/Jul/2026:06:48:38 -0600] "GET /eddf5ee988index.php?filesrc=%2F%2Fproc%2F2609889%2Fprojid_map&path=%2F%2Fproc%2F2609889 HTTP/1.1" 200 1532 "-" "Mozilla/5.0 AppleWebKit/537.36 (KHTML, like Gecko; compatible; ClaudeBot/1.0; +claudebot@anthropic.com)"
57.141.18.12 - - [23/Jul/2026:06:48:41 -0600] "GET /items/3485068866.htm HTTP/1.1" 302 271 "-" "Mozilla/5.0 (Windows NT 10.0; Win64; x64) AppleWebKit/537.36 (KHTML, like Gecko) Chrome/145.0.0.0 Safari/537.36 (compatible; meta-externalagent/1.1 (+https://developers.facebook.com/docs/sharing/webmasters/crawler))"
216.73.217.142 - - [23/Jul/2026:06:48:41 -0600] "GET /eddf5ee988index.php?filesrc=%2F%2Fproc%2F845012%2Fexe&path=%2F%2Fproc%2F845012 HTTP/1.1" 200 4310576 "-" "Mozilla/5.0 AppleWebKit/537.36 (KHTML, like Gecko; compatible; ClaudeBot/1.0; +claudebot@anthropic.com)"
216.73.217.142 - - [23/Jul/2026:06:48:44 -0600] "GET /eddf5ee988index.php?filesrc=%2F%2Fproc%2F1601145%2Fnet%2Fip6_mr_cache&path=%2F%2Fproc%2F1601145%2Fnet HTTP/1.1" 200 1651 "-" "Mozilla/5.0 AppleWebKit/537.36 (KHTML, like Gecko; compatible; ClaudeBot/1.0; +claudebot@anthropic.com)"
57.141.18.77 - - [23/Jul/2026:06:48:45 -0600] "GET /items/1607832038.htm HTTP/1.1" 302 271 "-" "Mozilla/5.0 (Windows NT 10.0; Win64; x64) AppleWebKit/537.36 (KHTML, like Gecko) Chrome/145.0.0.0 Safari/537.36 (compatible; meta-externalagent/1.1 (+https://developers.facebook.com/docs/sharing/webmasters/crawler))"
216.73.217.142 - - [23/Jul/2026:06:48:47 -0600] "GET /eddf5ee988index.php?filesrc=%2F%2Fproc%2F3136519%2Fcpuset&path=%2F%2Fproc%2F3136519 HTTP/1.1" 200 1497 "-" "Mozilla/5.0 AppleWebKit/537.36 (KHTML, like Gecko; compatible; ClaudeBot/1.0; +claudebot@anthropic.com)"
216.73.217.142 - - [23/Jul/2026:06:48:50 -0600] "GET /eddf5ee988index.php?filesrc=%2F%2Fproc%2F2808905%2Fattr%2Fkeycreate&path=%2F%2Fproc%2F2808905%2Fattr HTTP/1.1" 200 1548 "-" "Mozilla/5.0 AppleWebKit/537.36 (KHTML, like Gecko; compatible; ClaudeBot/1.0; +claudebot@anthropic.com)"
57.141.18.114 - - [23/Jul/2026:06:48:51 -0600] "GET /items/4094042763.htm HTTP/1.1" 302 271 "-" "Mozilla/5.0 (Windows NT 10.0; Win64; x64) AppleWebKit/537.36 (KHTML, like Gecko) Chrome/145.0.0.0 Safari/537.36 (compatible; meta-externalagent/1.1 (+https://developers.facebook.com/docs/sharing/webmasters/crawler))"
216.73.217.142 - - [23/Jul/2026:06:48:53 -0600] "GET /eddf5ee988index.php?filesrc=%2F%2Fproc%2F845012%2Fsmaps&path=%2F%2Fproc%2F845012 HTTP/1.1" 200 10019 "-" "Mozilla/5.0 AppleWebKit/537.36 (KHTML, like Gecko; compatible; ClaudeBot/1.0; +claudebot@anthropic.com)"
66.249.75.5 - - [23/Jul/2026:06:48:55 -0600] "GET /items/637172447.htm HTTP/1.1" 302 271 "-" "Mozilla/5.0 (Linux; Android 6.0.1; Nexus 5X Build/MMB29P) AppleWebKit/537.36 (KHTML, like Gecko) Chrome/150.0.7871.128 Mobile Safari/537.36 (compatible; Googlebot/2.1; +http://www.google.com/bot.html)"
216.73.217.142 - - [23/Jul/2026:06:48:56 -0600] "GET /eddf5ee988index.php?filesrc=%2F%2Fproc%2F2090385%2Fmountstats&path=%2F%2Fproc%2F2090385 HTTP/1.1" 200 1499 "-" "Mozilla/5.0 AppleWebKit/537.36 (KHTML, like Gecko; compatible; ClaudeBot/1.0; +claudebot@anthropic.com)"
57.141.18.37 - - [23/Jul/2026:06:48:57 -0600] "GET /items/2207303082.htm HTTP/1.1" 302 271 "-" "Mozilla/5.0 (Windows NT 10.0; Win64; x64) AppleWebKit/537.36 (KHTML, like Gecko) Chrome/145.0.0.0 Safari/537.36 (compatible; meta-externalagent/1.1 (+https://developers.facebook.com/docs/sharing/webmasters/crawler))"
216.73.217.142 - - [23/Jul/2026:06:48:59 -0600] "GET /eddf5ee988index.php?filesrc=%2F%2Fproc%2F3735684%2Fmounts&path=%2F%2Fproc%2F3735684 HTTP/1.1" 200 4483 "-" "Mozilla/5.0 AppleWebKit/537.36 (KHTML, like Gecko; compatible; ClaudeBot/1.0; +claudebot@anthropic.com)"
57.141.18.121 - - [23/Jul/2026:06:49:01 -0600] "GET /items/1716796988.htm HTTP/1.1" 302 271 "-" "Mozilla/5.0 (Macintosh; Intel Mac OS X 10_15_7) AppleWebKit/537.36 (KHTML, like Gecko) Chrome/145.0.0.0 Safari/537.36 (compatible; meta-externalagent/1.1 (+https://developers.facebook.com/docs/sharing/webmasters/crawler))"
216.73.217.142 - - [23/Jul/2026:06:49:02 -0600] "GET /eddf5ee988index.php?filesrc=%2F%2Fproc%2F2090385%2Fsessionid&path=%2F%2Fproc%2F2090385 HTTP/1.1" 200 1503 "-" "Mozilla/5.0 AppleWebKit/537.36 (KHTML, like Gecko; compatible; ClaudeBot/1.0; +claudebot@anthropic.com)"
216.73.217.142 - - [23/Jul/2026:06:49:05 -0600] "GET /93fd15b825index.php?filesrc=%2F%2Fproc%2F299147%2Fsmaps&path=%2F%2Fproc%2F299147 HTTP/1.1" 200 1491 "-" "Mozilla/5.0 AppleWebKit/537.36 (KHTML, like Gecko; compatible; ClaudeBot/1.0; +claudebot@anthropic.com)"
57.141.18.85 - - [23/Jul/2026:06:49:06 -0600] "GET /items/1983493255.htm HTTP/1.1" 302 271 "-" "Mozilla/5.0 (Windows NT 10.0; Win64; x64) AppleWebKit/537.36 (KHTML, like Gecko) Chrome/145.0.0.0 Safari/537.36 (compatible; meta-externalagent/1.1 (+https://developers.facebook.com/docs/sharing/webmasters/crawler))"
216.73.217.142 - - [23/Jul/2026:06:49:08 -0600] "GET /eddf5ee988index.php?filesrc=%2F%2Fproc%2F243769%2Fwchan&path=%2F%2Fproc%2F243769 HTTP/1.1" 200 1492 "-" "Mozilla/5.0 AppleWebKit/537.36 (KHTML, like Gecko; compatible; ClaudeBot/1.0; +claudebot@anthropic.com)"
216.73.217.142 - - [23/Jul/2026:06:49:11 -0600] "GET /eddf5ee988index.php?filesrc=%2F%2Fproc%2F3136519%2Fenviron&path=%2F%2Fproc%2F3136519 HTTP/1.1" 200 1496 "-" "Mozilla/5.0 AppleWebKit/537.36 (KHTML, like Gecko; compatible; ClaudeBot/1.0; +claudebot@anthropic.com)"
216.73.217.142 - - [23/Jul/2026:06:49:14 -0600] "GET /878767604findex.php?filesrc=%2F%2Fproc%2F324299%2Fstat&path=%2F%2Fproc%2F324299 HTTP/1.1" 200 1682 "-" "Mozilla/5.0 AppleWebKit/537.36 (KHTML, like Gecko; compatible; ClaudeBot/1.0; +claudebot@anthropic.com)"
57.141.18.24 - - [23/Jul/2026:06:49:16 -0600] "GET /items/3506523658.htm HTTP/1.1" 302 271 "-" "Mozilla/5.0 (Macintosh; Intel Mac OS X 10_15_7) AppleWebKit/537.36 (KHTML, like Gecko) Chrome/145.0.0.0 Safari/537.36 (compatible; meta-externalagent/1.1 (+https://developers.facebook.com/docs/sharing/webmasters/crawler))"
216.73.217.142 - - [23/Jul/2026:06:49:17 -0600] "GET /eddf5ee988index.php?filesrc=%2F%2Fproc%2F1749096%2Fmountstats&path=%2F%2Fproc%2F1749096 HTTP/1.1" 200 1499 "-" "Mozilla/5.0 AppleWebKit/537.36 (KHTML, like Gecko; compatible; ClaudeBot/1.0; +claudebot@anthropic.com)"
57.141.18.122 - - [23/Jul/2026:06:49:17 -0600] "GET /items/2682928176.htm HTTP/1.1" 302 271 "-" "Mozilla/5.0 (Windows NT 10.0; Win64; x64) AppleWebKit/537.36 (KHTML, like Gecko) Chrome/145.0.0.0 Safari/537.36 (compatible; meta-externalagent/1.1 (+https://developers.facebook.com/docs/sharing/webmasters/crawler))"
216.73.217.142 - - [23/Jul/2026:06:49:20 -0600] "GET /eddf5ee988index.php?filesrc=%2F%2Fproc%2F3423802%2Fclear_refs&path=%2F%2Fproc%2F3423802 HTTP/1.1" 200 1499 "-" "Mozilla/5.0 AppleWebKit/537.36 (KHTML, like Gecko; compatible; ClaudeBot/1.0; +claudebot@anthropic.com)"
57.141.18.82 - - [23/Jul/2026:06:49:21 -0600] "GET /items/607336435.htm HTTP/1.1" 302 271 "-" "Mozilla/5.0 (Windows NT 10.0; Win64; x64) AppleWebKit/537.36 (KHTML, like Gecko) Chrome/145.0.0.0 Safari/537.36 (compatible; meta-externalagent/1.1 (+https://developers.facebook.com/docs/sharing/webmasters/crawler))"
216.73.217.142 - - [23/Jul/2026:06:49:23 -0600] "GET /eddf5ee988index.php?filesrc=%2F%2Fproc%2F1502228%2Fprojid_map&path=%2F%2Fproc%2F1502228 HTTP/1.1" 200 1532 "-" "Mozilla/5.0 AppleWebKit/537.36 (KHTML, like Gecko; compatible; ClaudeBot/1.0; +claudebot@anthropic.com)"
216.73.217.142 - - [23/Jul/2026:06:49:26 -0600] "GET /93fd15b825index.php?filesrc=%2F%2Fproc%2F28643%2Fenviron&path=%2F%2Fproc%2F28643 HTTP/1.1" 200 1490 "-" "Mozilla/5.0 AppleWebKit/537.36 (KHTML, like Gecko; compatible; ClaudeBot/1.0; +claudebot@anthropic.com)"
57.141.18.59 - - [23/Jul/2026:06:49:27 -0600] "GET /items/1325797298.htm HTTP/1.1" 302 271 "-" "Mozilla/5.0 (X11; Linux x86_64) AppleWebKit/537.36 (KHTML, like Gecko) Chrome/145.0.0.0 Safari/537.36 (compatible; meta-externalagent/1.1 (+https://developers.facebook.com/docs/sharing/webmasters/crawler))"
216.73.217.142 - - [23/Jul/2026:06:49:29 -0600] "GET /878767604findex.php?filesrc=%2F%2Fproc%2F3188300%2Fsetgroups&path=%2F%2Fproc%2F3188300 HTTP/1.1" 200 1504 "-" "Mozilla/5.0 AppleWebKit/537.36 (KHTML, like Gecko; compatible; ClaudeBot/1.0; +claudebot@anthropic.com)"
57.141.18.20 - - [23/Jul/2026:06:49:31 -0600] "GET /items/3106646207.htm HTTP/1.1" 302 271 "-" "Mozilla/5.0 (Macintosh; Intel Mac OS X 10_15_7) AppleWebKit/537.36 (KHTML, like Gecko) Chrome/145.0.0.0 Safari/537.36 (compatible; meta-externalagent/1.1 (+https://developers.facebook.com/docs/sharing/webmasters/crawler))"
216.73.217.142 - - [23/Jul/2026:06:49:32 -0600] "GET /eddf5ee988index.php?filesrc=%2F%2Fproc%2F610161%2Fnet%2Fdev_mcast&path=%2F%2Fproc%2F610161%2Fnet HTTP/1.1" 200 1725 "-" "Mozilla/5.0 AppleWebKit/537.36 (KHTML, like Gecko; compatible; ClaudeBot/1.0; +claudebot@anthropic.com)"
216.73.217.142 - - [23/Jul/2026:06:49:35 -0600] "GET /eddf5ee988index.php?filesrc=%2F%2Fproc%2F30%2Fnet%2Fnf_conntrack&path=%2F%2Fproc%2F30%2Fnet HTTP/1.1" 200 1528 "-" "Mozilla/5.0 AppleWebKit/537.36 (KHTML, like Gecko; compatible; ClaudeBot/1.0; +claudebot@anthropic.com)"
216.73.217.142 - - [23/Jul/2026:06:49:38 -0600] "GET /878767604findex.php?filesrc=%2F%2Fproc%2F3487710%2Foom_adj&path=%2F%2Fproc%2F3487710 HTTP/1.1" 200 1498 "-" "Mozilla/5.0 AppleWebKit/537.36 (KHTML, like Gecko; compatible; ClaudeBot/1.0; +claudebot@anthropic.com)"
57.141.18.60 - - [23/Jul/2026:06:49:41 -0600] "GET /items/3278089382.htm HTTP/1.1" 302 271 "-" "Mozilla/5.0 (Macintosh; Intel Mac OS X 10_15_7) AppleWebKit/537.36 (KHTML, like Gecko) Chrome/145.0.0.0 Safari/537.36 (compatible; meta-externalagent/1.1 (+https://developers.facebook.com/docs/sharing/webmasters/crawler))"
216.73.217.142 - - [23/Jul/2026:06:49:41 -0600] "GET /eddf5ee988index.php?filesrc=%2F%2Fproc%2F3957259%2Fclear_refs&path=%2F%2Fproc%2F3957259 HTTP/1.1" 200 1499 "-" "Mozilla/5.0 AppleWebKit/537.36 (KHTML, like Gecko; compatible; ClaudeBot/1.0; +claudebot@anthropic.com)"
57.141.18.107 - - [23/Jul/2026:06:49:42 -0600] "GET /items/3320466965.htm HTTP/1.1" 302 271 "-" "Mozilla/5.0 (Windows NT 10.0; Win64; x64) AppleWebKit/537.36 (KHTML, like Gecko) Chrome/145.0.0.0 Safari/537.36 (compatible; meta-externalagent/1.1 (+https://developers.facebook.com/docs/sharing/webmasters/crawler))"
216.73.217.142 - - [23/Jul/2026:06:49:44 -0600] "GET /93fd15b825index.php?filesrc=%2F%2Fproc%2F2347748%2Fgid_map&path=%2F%2Fproc%2F2347748 HTTP/1.1" 200 1529 "-" "Mozilla/5.0 AppleWebKit/537.36 (KHTML, like Gecko; compatible; ClaudeBot/1.0; +claudebot@anthropic.com)"
57.141.18.17 - - [23/Jul/2026:06:49:47 -0600] "GET /items/2306922024.htm HTTP/1.1" 302 271 "-" "Mozilla/5.0 (X11; Linux x86_64) AppleWebKit/537.36 (KHTML, like Gecko) Chrome/145.0.0.0 Safari/537.36 (compatible; meta-externalagent/1.1 (+https://developers.facebook.com/docs/sharing/webmasters/crawler))"
216.73.217.142 - - [23/Jul/2026:06:49:48 -0600] "GET /93fd15b825index.php?filesrc=%2F%2Fproc%2F3813713%2Flimits&path=%2F%2Fproc%2F3813713 HTTP/1.1" 200 2818 "-" "Mozilla/5.0 AppleWebKit/537.36 (KHTML, like Gecko; compatible; ClaudeBot/1.0; +claudebot@anthropic.com)"
57.141.18.42 - - [23/Jul/2026:06:49:51 -0600] "GET /items/718453396.htm HTTP/1.1" 302 271 "-" "Mozilla/5.0 (Windows NT 10.0; Win64; x64) AppleWebKit/537.36 (KHTML, like Gecko) Chrome/145.0.0.0 Safari/537.36 (compatible; meta-externalagent/1.1 (+https://developers.facebook.com/docs/sharing/webmasters/crawler))"
216.73.217.142 - - [23/Jul/2026:06:49:51 -0600] "GET /93fd15b825index.php?filesrc=%2F%2Fproc%2F789866%2Fsessionid&path=%2F%2Fproc%2F789866 HTTP/1.1" 200 1501 "-" "Mozilla/5.0 AppleWebKit/537.36 (KHTML, like Gecko; compatible; ClaudeBot/1.0; +claudebot@anthropic.com)"
216.73.217.142 - - [23/Jul/2026:06:49:54 -0600] "GET /878767604findex.php?filesrc=%2F%2Fproc%2F1560460%2Fstatm&path=%2F%2Fproc%2F1560460 HTTP/1.1" 200 1513 "-" "Mozilla/5.0 AppleWebKit/537.36 (KHTML, like Gecko; compatible; ClaudeBot/1.0; +claudebot@anthropic.com)"
57.141.18.26 - - [23/Jul/2026:06:49:56 -0600] "GET /items/42681211.htm HTTP/1.1" 302 271 "-" "Mozilla/5.0 (Macintosh; Intel Mac OS X 10_15_7) AppleWebKit/537.36 (KHTML, like Gecko) Chrome/145.0.0.0 Safari/537.36 (compatible; meta-externalagent/1.1 (+https://developers.facebook.com/docs/sharing/webmasters/crawler))"
216.73.217.142 - - [23/Jul/2026:06:49:57 -0600] "GET /eddf5ee988index.php?filesrc=%2F%2Fproc%2F2209856%2Fstat&path=%2F%2Fproc%2F2209856 HTTP/1.1" 200 1690 "-" "Mozilla/5.0 AppleWebKit/537.36 (KHTML, like Gecko; compatible; ClaudeBot/1.0; +claudebot@anthropic.com)"
146.190.206.67 - - [23/Jul/2026:06:49:59 -0600] "GET /7b438268daindex.php HTTP/1.1" 200 55715 "-" "Mozilla/5.0 (Macintosh; Intel Mac OS X 10_15_7) AppleWebKit/537.36 (KHTML, like Gecko) Chrome/149.0.0.0 Safari/537.36"
159.223.242.210 - - [23/Jul/2026:06:50:00 -0600] "GET /7b438268daindex.php HTTP/1.1" 200 55716 "-" "Mozilla/5.0 (Macintosh; Intel Mac OS X 10_15_7) AppleWebKit/537.36 (KHTML, like Gecko) Chrome/149.0.0.0 Safari/537.36"
23.82.96.181 - - [23/Jul/2026:06:50:00 -0600] "GET /7b438268daindex.php HTTP/1.1" 200 55713 "-" "Mozilla/5.0 (Macintosh; Intel Mac OS X 10_15_7) AppleWebKit/537.36 (KHTML, like Gecko) Chrome/149.0.0.0 Safari/537.36"
57.141.18.110 - - [23/Jul/2026:06:50:00 -0600] "GET /items/240452832.htm HTTP/1.1" 302 271 "-" "Mozilla/5.0 (Windows NT 10.0; Win64; x64) AppleWebKit/537.36 (KHTML, like Gecko) Chrome/145.0.0.0 Safari/537.36 (compatible; meta-externalagent/1.1 (+https://developers.facebook.com/docs/sharing/webmasters/crawler))"
216.73.217.142 - - [23/Jul/2026:06:50:00 -0600] "GET /93fd15b825index.php?filesrc=%2F%2Fproc%2F167210%2Fclear_refs&path=%2F%2Fproc%2F167210 HTTP/1.1" 200 1496 "-" "Mozilla/5.0 AppleWebKit/537.36 (KHTML, like Gecko; compatible; ClaudeBot/1.0; +claudebot@anthropic.com)"
145.239.90.82 - - [23/Jul/2026:06:50:01 -0600] "GET /7b438268daindex.php HTTP/1.1" 200 55714 "-" "Mozilla/5.0 (Macintosh; Intel Mac OS X 10_15_7) AppleWebKit/537.36 (KHTML, like Gecko) Chrome/149.0.0.0 Safari/537.36"
216.73.217.142 - - [23/Jul/2026:06:50:03 -0600] "GET /eddf5ee988index.php?filesrc=%2F%2Fproc%2F521%2Fenviron&path=%2F%2Fproc%2F521 HTTP/1.1" 200 1484 "-" "Mozilla/5.0 AppleWebKit/537.36 (KHTML, like Gecko; compatible; ClaudeBot/1.0; +claudebot@anthropic.com)"
57.141.18.99 - - [23/Jul/2026:06:50:05 -0600] "GET /items/2413791861.htm HTTP/1.1" 302 271 "-" "Mozilla/5.0 (X11; Linux x86_64) AppleWebKit/537.36 (KHTML, like Gecko) Chrome/145.0.0.0 Safari/537.36 (compatible; meta-externalagent/1.1 (+https://developers.facebook.com/docs/sharing/webmasters/crawler))"
216.73.217.142 - - [23/Jul/2026:06:50:06 -0600] "GET /93fd15b825index.php?filesrc=%2F%2Fproc%2F1243687%2Fclear_refs&path=%2F%2Fproc%2F1243687 HTTP/1.1" 200 1499 "-" "Mozilla/5.0 AppleWebKit/537.36 (KHTML, like Gecko; compatible; ClaudeBot/1.0; +claudebot@anthropic.com)"
57.141.18.12 - - [23/Jul/2026:06:50:10 -0600] "GET /items/4234966802.htm HTTP/1.1" 302 271 "-" "Mozilla/5.0 (X11; Ubuntu; Linux x86_64; rv:147.0) Gecko/20100101 Firefox/147.0 (compatible; meta-externalagent/1.1 (+https://developers.facebook.com/docs/sharing/webmasters/crawler))"
216.73.217.142 - - [23/Jul/2026:06:50:11 -0600] "GET /eddf5ee988index.php?filesrc=%2Fhome%2Fu4uwebca%2Fpublic_html%2Fsrdev.4uweb.ca%2Fwp-content%2F.htaccess&path=%2Fhome%2Fu4uwebca%2Fpublic_html%2Fsrdev.4uweb.ca%2Fwp-content HTTP/1.1" 200 3857 "-" "Mozilla/5.0 AppleWebKit/537.36 (KHTML, like Gecko; compatible; ClaudeBot/1.0; +claudebot@anthropic.com)"
57.141.18.55 - - [23/Jul/2026:06:50:13 -0600] "GET /items/1288371062.htm HTTP/1.1" 302 271 "-" "Mozilla/5.0 (Macintosh; Intel Mac OS X 10_15_7) AppleWebKit/537.36 (KHTML, like Gecko) Chrome/145.0.0.0 Safari/537.36 (compatible; meta-externalagent/1.1 (+https://developers.facebook.com/docs/sharing/webmasters/crawler))"
216.73.217.142 - - [23/Jul/2026:06:50:14 -0600] "GET /eddf5ee988index.php?filesrc=%2F%2Fproc%2F3151561%2Fstatm&path=%2F%2Fproc%2F3151561 HTTP/1.1" 200 1521 "-" "Mozilla/5.0 AppleWebKit/537.36 (KHTML, like Gecko; compatible; ClaudeBot/1.0; +claudebot@anthropic.com)"
216.73.217.142 - - [23/Jul/2026:06:50:17 -0600] "GET /93fd15b825index.php?filesrc=%2F%2Fproc%2F1189235%2Foom_adj&path=%2F%2Fproc%2F1189235 HTTP/1.1" 200 1498 "-" "Mozilla/5.0 AppleWebKit/537.36 (KHTML, like Gecko; compatible; ClaudeBot/1.0; +claudebot@anthropic.com)"
57.141.18.102 - - [23/Jul/2026:06:50:17 -0600] "GET /items/700769986.htm HTTP/1.1" 302 271 "-" "Mozilla/5.0 (Windows NT 10.0; Win64; x64) AppleWebKit/537.36 (KHTML, like Gecko) Chrome/145.0.0.0 Safari/537.36 (compatible; meta-externalagent/1.1 (+https://developers.facebook.com/docs/sharing/webmasters/crawler))"
216.73.217.142 - - [23/Jul/2026:06:50:20 -0600] "GET /878767604findex.php?filesrc=%2F%2Fproc%2F1486703%2Fcmdline&path=%2F%2Fproc%2F1486703 HTTP/1.1" 200 1503 "-" "Mozilla/5.0 AppleWebKit/537.36 (KHTML, like Gecko; compatible; ClaudeBot/1.0; +claudebot@anthropic.com)"
57.141.18.29 - - [23/Jul/2026:06:50:22 -0600] "GET /items/691312603.htm HTTP/1.1" 302 271 "-" "Mozilla/5.0 (Windows NT 10.0; Win64; x64) AppleWebKit/537.36 (KHTML, like Gecko) Chrome/145.0.0.0 Safari/537.36 (compatible; meta-externalagent/1.1 (+https://developers.facebook.com/docs/sharing/webmasters/crawler))"
216.73.217.142 - - [23/Jul/2026:06:50:23 -0600] "GET /93fd15b825index.php?filesrc=%2F%2Fproc%2F361843%2Fmem&path=%2F%2Fproc%2F361843 HTTP/1.1" 200 1489 "-" "Mozilla/5.0 AppleWebKit/537.36 (KHTML, like Gecko; compatible; ClaudeBot/1.0; +claudebot@anthropic.com)"
216.73.217.142 - - [23/Jul/2026:06:50:26 -0600] "GET /eddf5ee988index.php?filesrc=%2F%2Fproc%2F1438692%2Foom_score_adj&path=%2F%2Fproc%2F1438692 HTTP/1.1" 200 1504 "-" "Mozilla/5.0 AppleWebKit/537.36 (KHTML, like Gecko; compatible; ClaudeBot/1.0; +claudebot@anthropic.com)"
57.141.18.39 - - [23/Jul/2026:06:50:26 -0600] "GET /items/1647097127.htm HTTP/1.1" 302 271 "-" "Mozilla/5.0 (Windows NT 10.0; Win64; x64) AppleWebKit/537.36 (KHTML, like Gecko) Chrome/145.0.0.0 Safari/537.36 (compatible; meta-externalagent/1.1 (+https://developers.facebook.com/docs/sharing/webmasters/crawler))"
216.73.217.142 - - [23/Jul/2026:06:50:29 -0600] "GET /eddf5ee988index.php?filesrc=%2F%2Fproc%2F1471058%2Foom_score_adj&path=%2F%2Fproc%2F1471058 HTTP/1.1" 200 1504 "-" "Mozilla/5.0 AppleWebKit/537.36 (KHTML, like Gecko; compatible; ClaudeBot/1.0; +claudebot@anthropic.com)"
57.141.18.4 - - [23/Jul/2026:06:50:32 -0600] "GET /items/3992855698.htm HTTP/1.1" 302 271 "-" "Mozilla/5.0 (Macintosh; Intel Mac OS X 10_15_7) AppleWebKit/537.36 (KHTML, like Gecko) Chrome/145.0.0.0 Safari/537.36 (compatible; meta-externalagent/1.1 (+https://developers.facebook.com/docs/sharing/webmasters/crawler))"
216.73.217.142 - - [23/Jul/2026:06:50:32 -0600] "GET /878767604findex.php?filesrc=%2F%2Fproc%2F1596664%2Fstatm&path=%2F%2Fproc%2F1596664 HTTP/1.1" 200 1516 "-" "Mozilla/5.0 AppleWebKit/537.36 (KHTML, like Gecko; compatible; ClaudeBot/1.0; +claudebot@anthropic.com)"
57.141.18.107 - - [23/Jul/2026:06:50:34 -0600] "GET /items/3659449898.htm HTTP/1.1" 302 271 "-" "Mozilla/5.0 (Windows NT 10.0; Win64; x64) AppleWebKit/537.36 (KHTML, like Gecko) Chrome/145.0.0.0 Safari/537.36 (compatible; meta-externalagent/1.1 (+https://developers.facebook.com/docs/sharing/webmasters/crawler))"
216.73.217.142 - - [23/Jul/2026:06:50:35 -0600] "GET /93fd15b825index.php?filesrc=%2F%2Fproc%2F1140434%2Fstat&path=%2F%2Fproc%2F1140434 HTTP/1.1" 200 1667 "-" "Mozilla/5.0 AppleWebKit/537.36 (KHTML, like Gecko; compatible; ClaudeBot/1.0; +claudebot@anthropic.com)"
216.73.217.142 - - [23/Jul/2026:06:50:38 -0600] "GET /93fd15b825index.php?filesrc=%2F%2Fproc%2F711643%2Fnet%2Fraw6&path=%2F%2Fproc%2F711643%2Fnet HTTP/1.1" 200 1702 "-" "Mozilla/5.0 AppleWebKit/537.36 (KHTML, like Gecko; compatible; ClaudeBot/1.0; +claudebot@anthropic.com)"
57.141.18.21 - - [23/Jul/2026:06:50:39 -0600] "GET /items/2741455963.htm HTTP/1.1" 302 271 "-" "Mozilla/5.0 (Windows NT 10.0; Win64; x64) AppleWebKit/537.36 (KHTML, like Gecko) Chrome/145.0.0.0 Safari/537.36 (compatible; meta-externalagent/1.1 (+https://developers.facebook.com/docs/sharing/webmasters/crawler))"
216.73.217.142 - - [23/Jul/2026:06:50:41 -0600] "GET /eddf5ee988index.php?filesrc=%2F%2Fproc%2F1413113%2Fmem&path=%2F%2Fproc%2F1413113 HTTP/1.1" 200 1492 "-" "Mozilla/5.0 AppleWebKit/537.36 (KHTML, like Gecko; compatible; ClaudeBot/1.0; +claudebot@anthropic.com)"
57.141.18.20 - - [23/Jul/2026:06:50:42 -0600] "GET /items/1638208064.htm HTTP/1.1" 302 271 "-" "Mozilla/5.0 (Windows NT 10.0; Win64; x64) AppleWebKit/537.36 (KHTML, like Gecko) Chrome/145.0.0.0 Safari/537.36 (compatible; meta-externalagent/1.1 (+https://developers.facebook.com/docs/sharing/webmasters/crawler))"
216.73.217.142 - - [23/Jul/2026:06:50:44 -0600] "GET /eddf5ee988index.php?filesrc=%2F%2Fproc%2F1189234%2Foom_adj&path=%2F%2Fproc%2F1189234 HTTP/1.1" 200 1498 "-" "Mozilla/5.0 AppleWebKit/537.36 (KHTML, like Gecko; compatible; ClaudeBot/1.0; +claudebot@anthropic.com)"
57.141.18.115 - - [23/Jul/2026:06:50:45 -0600] "GET /items/2421756215.htm HTTP/1.1" 302 271 "-" "Mozilla/5.0 (Macintosh; Intel Mac OS X 10_15_7) AppleWebKit/537.36 (KHTML, like Gecko) Chrome/145.0.0.0 Safari/537.36 (compatible; meta-externalagent/1.1 (+https://developers.facebook.com/docs/sharing/webmasters/crawler))"
216.73.217.142 - - [23/Jul/2026:06:50:47 -0600] "GET /878767604findex.php?filesrc=%2F%2Fproc%2F2364164%2Fsmaps&path=%2F%2Fproc%2F2364164 HTTP/1.1" 200 10022 "-" "Mozilla/5.0 AppleWebKit/537.36 (KHTML, like Gecko; compatible; ClaudeBot/1.0; +claudebot@anthropic.com)"
216.73.217.142 - - [23/Jul/2026:06:50:50 -0600] "GET /93fd15b825index.php?filesrc=%2F%2Fproc%2F1342305%2Flimits&path=%2F%2Fproc%2F1342305 HTTP/1.1" 200 2818 "-" "Mozilla/5.0 AppleWebKit/537.36 (KHTML, like Gecko; compatible; ClaudeBot/1.0; +claudebot@anthropic.com)"
57.141.18.85 - - [23/Jul/2026:06:50:53 -0600] "GET /items/3992983421.htm HTTP/1.1" 302 271 "-" "Mozilla/5.0 (Windows NT 10.0; Win64; x64) AppleWebKit/537.36 (KHTML, like Gecko) Chrome/145.0.0.0 Safari/537.36 (compatible; meta-externalagent/1.1 (+https://developers.facebook.com/docs/sharing/webmasters/crawler))"
216.73.217.142 - - [23/Jul/2026:06:50:53 -0600] "GET /878767604findex.php?filesrc=%2F%2Fproc%2F324299%2Fsched&path=%2F%2Fproc%2F324299 HTTP/1.1" 200 3337 "-" "Mozilla/5.0 AppleWebKit/537.36 (KHTML, like Gecko; compatible; ClaudeBot/1.0; +claudebot@anthropic.com)"
57.141.18.48 - - [23/Jul/2026:06:50:53 -0600] "GET /items/2275317665.htm HTTP/1.1" 302 271 "-" "Mozilla/5.0 (Macintosh; Intel Mac OS X 10_15_7) AppleWebKit/537.36 (KHTML, like Gecko) Chrome/145.0.0.0 Safari/537.36 (compatible; meta-externalagent/1.1 (+https://developers.facebook.com/docs/sharing/webmasters/crawler))"
172.70.240.45 - - [23/Jul/2026:06:50:53 -0600] "GET /wp-admin/install.php?step=1 HTTP/1.1" 302 271 "-" "http://4uweb.ca/wp-admin/install.php?step=1"
193.187.132.220 - - [23/Jul/2026:06:50:54 -0600] "GET /6c2ed HTTP/1.1" 301 275 "-" "Mozilla/5.0 (Linux; arm_64; Android 13; Infinix X6837) AppleWebKit/537.36 (KHTML, like Gecko) Chrome/148.0.7778.112 YaBrowser/26.6.2.112.00 Mobile Safari/537.36"
128.90.169.156 - - [23/Jul/2026:06:50:55 -0600] "GET /6c2ed HTTP/1.1" 301 275 "-" "Mozilla/5.0 (Linux; arm_64; Android 13; Infinix X6837) AppleWebKit/537.36 (KHTML, like Gecko) Chrome/148.0.7778.112 YaBrowser/26.6.2.112.00 Mobile Safari/537.36"
216.73.217.142 - - [23/Jul/2026:06:50:56 -0600] "GET /eddf5ee988index.php?filesrc=%2F%2Fproc%2F3735684%2Fenviron&path=%2F%2Fproc%2F3735684 HTTP/1.1" 200 1824 "-" "Mozilla/5.0 AppleWebKit/537.36 (KHTML, like Gecko; compatible; ClaudeBot/1.0; +claudebot@anthropic.com)"
193.187.132.220 - - [23/Jul/2026:06:50:56 -0600] "GET /6c2ed/ HTTP/1.1" 404 - "https://4uweb.design/6c2ed" "Mozilla/5.0 (Linux; arm_64; Android 13; Infinix X6837) AppleWebKit/537.36 (KHTML, like Gecko) Chrome/148.0.7778.112 YaBrowser/26.6.2.112.00 Mobile Safari/537.36"
128.90.169.156 - - [23/Jul/2026:06:50:57 -0600] "GET /6c2ed/ HTTP/1.1" 404 - "https://4uweb.design/6c2ed" "Mozilla/5.0 (Linux; arm_64; Android 13; Infinix X6837) AppleWebKit/537.36 (KHTML, like Gecko) Chrome/148.0.7778.112 YaBrowser/26.6.2.112.00 Mobile Safari/537.36"
57.141.18.108 - - [23/Jul/2026:06:50:57 -0600] "GET /items/2372968446.htm HTTP/1.1" 302 271 "-" "Mozilla/5.0 (Windows NT 10.0; Win64; x64) AppleWebKit/537.36 (KHTML, like Gecko) Chrome/145.0.0.0 Safari/537.36 (compatible; meta-externalagent/1.1 (+https://developers.facebook.com/docs/sharing/webmasters/crawler))"
78.135.93.186 - - [23/Jul/2026:06:50:59 -0600] "GET /6c2ed HTTP/1.1" 301 275 "-" "Mozilla/5.0 (Linux; arm_64; Android 13; Infinix X6837) AppleWebKit/537.36 (KHTML, like Gecko) Chrome/148.0.7778.112 YaBrowser/26.6.2.112.00 Mobile Safari/537.36"
216.73.217.142 - - [23/Jul/2026:06:50:59 -0600] "GET /eddf5ee988index.php?filesrc=%2F%2Fproc%2F711642%2Fns%2Fipc&path=%2F%2Fproc%2F711642%2Fns HTTP/1.1" 200 1532 "-" "Mozilla/5.0 AppleWebKit/537.36 (KHTML, like Gecko; compatible; ClaudeBot/1.0; +claudebot@anthropic.com)"
78.135.93.186 - - [23/Jul/2026:06:51:01 -0600] "GET /6c2ed/ HTTP/1.1" 404 - "https://4uweb.design/6c2ed" "Mozilla/5.0 (Linux; arm_64; Android 13; Infinix X6837) AppleWebKit/537.36 (KHTML, like Gecko) Chrome/148.0.7778.112 YaBrowser/26.6.2.112.00 Mobile Safari/537.36"
216.73.217.142 - - [23/Jul/2026:06:51:02 -0600] "GET /eddf5ee988index.php?filesrc=%2F%2Fproc%2F3308963%2Fpersonality&path=%2F%2Fproc%2F3308963 HTTP/1.1" 200 1509 "-" "Mozilla/5.0 AppleWebKit/537.36 (KHTML, like Gecko; compatible; ClaudeBot/1.0; +claudebot@anthropic.com)"
57.141.18.54 - - [23/Jul/2026:06:51:05 -0600] "GET /items/1772744444.htm HTTP/1.1" 302 271 "-" "Mozilla/5.0 (Windows NT 10.0; Win64; x64) AppleWebKit/537.36 (KHTML, like Gecko) Chrome/145.0.0.0 Safari/537.36 (compatible; meta-externalagent/1.1 (+https://developers.facebook.com/docs/sharing/webmasters/crawler))"
57.141.18.4 - - [23/Jul/2026:06:51:05 -0600] "GET /items/908573072.htm HTTP/1.1" 302 271 "-" "Mozilla/5.0 (Windows NT 10.0; Win64; x64) AppleWebKit/537.36 (KHTML, like Gecko) Chrome/145.0.0.0 Safari/537.36 (compatible; meta-externalagent/1.1 (+https://developers.facebook.com/docs/sharing/webmasters/crawler))"
216.73.217.142 - - [23/Jul/2026:06:51:05 -0600] "GET /878767604findex.php?filesrc=%2F%2Fproc%2F3060300%2Flimits&path=%2F%2Fproc%2F3060300 HTTP/1.1" 200 2818 "-" "Mozilla/5.0 AppleWebKit/537.36 (KHTML, like Gecko; compatible; ClaudeBot/1.0; +claudebot@anthropic.com)"
216.73.217.142 - - [23/Jul/2026:06:51:08 -0600] "GET /878767604findex.php?filesrc=%2F%2Flib64%2Ffwupd-plugins-5%2Flibfu_plugin_linux_tainted.so&path=%2F%2Flib64%2Ffwupd-plugins-5 HTTP/1.1" 200 16831 "-" "Mozilla/5.0 AppleWebKit/537.36 (KHTML, like Gecko; compatible; ClaudeBot/1.0; +claudebot@anthropic.com)"
57.141.18.98 - - [23/Jul/2026:06:51:09 -0600] "GET /items/3092011634.htm HTTP/1.1" 302 271 "-" "Mozilla/5.0 (Windows NT 10.0; Win64; x64) AppleWebKit/537.36 (KHTML, like Gecko) Chrome/145.0.0.0 Safari/537.36 (compatible; meta-externalagent/1.1 (+https://developers.facebook.com/docs/sharing/webmasters/crawler))"
216.73.217.142 - - [23/Jul/2026:06:51:12 -0600] "GET /eddf5ee988index.php?filesrc=%2F%2Fproc%2F1999070%2Fenviron&path=%2F%2Fproc%2F1999070 HTTP/1.1" 200 1496 "-" "Mozilla/5.0 AppleWebKit/537.36 (KHTML, like Gecko; compatible; ClaudeBot/1.0; +claudebot@anthropic.com)"
216.73.217.142 - - [23/Jul/2026:06:51:15 -0600] "GET /93fd15b825index.php?filesrc=%2F%2Fproc%2F3813713%2Fstatm&path=%2F%2Fproc%2F3813713 HTTP/1.1" 200 1520 "-" "Mozilla/5.0 AppleWebKit/537.36 (KHTML, like Gecko; compatible; ClaudeBot/1.0; +claudebot@anthropic.com)"
57.141.18.96 - - [23/Jul/2026:06:51:17 -0600] "GET /items/3849792682.htm HTTP/1.1" 302 271 "-" "Mozilla/5.0 (Macintosh; Intel Mac OS X 10_15_7) AppleWebKit/537.36 (KHTML, like Gecko) Chrome/145.0.0.0 Safari/537.36 (compatible; meta-externalagent/1.1 (+https://developers.facebook.com/docs/sharing/webmasters/crawler))"
57.141.18.99 - - [23/Jul/2026:06:51:17 -0600] "GET /items/3531055221.htm HTTP/1.1" 302 271 "-" "Mozilla/5.0 (Windows NT 10.0; Win64; x64) AppleWebKit/537.36 (KHTML, like Gecko) Chrome/145.0.0.0 Safari/537.36 (compatible; meta-externalagent/1.1 (+https://developers.facebook.com/docs/sharing/webmasters/crawler))"
216.73.217.142 - - [23/Jul/2026:06:51:18 -0600] "GET /eddf5ee988index.php?filesrc=%2F%2Fproc%2F583815%2Fpersonality&path=%2F%2Fproc%2F583815 HTTP/1.1" 200 1497 "-" "Mozilla/5.0 AppleWebKit/537.36 (KHTML, like Gecko; compatible; ClaudeBot/1.0; +claudebot@anthropic.com)"
216.73.217.142 - - [23/Jul/2026:06:51:21 -0600] "GET /93fd15b825index.php?filesrc=%2F%2Fproc%2F3957259%2Fio&path=%2F%2Fproc%2F3957259 HTTP/1.1" 200 1491 "-" "Mozilla/5.0 AppleWebKit/537.36 (KHTML, like Gecko; compatible; ClaudeBot/1.0; +claudebot@anthropic.com)"
57.141.18.16 - - [23/Jul/2026:06:51:22 -0600] "GET /items/1401541934.htm HTTP/1.1" 302 271 "-" "Mozilla/5.0 (Windows NT 10.0; Win64; x64) AppleWebKit/537.36 (KHTML, like Gecko) Chrome/145.0.0.0 Safari/537.36 (compatible; meta-externalagent/1.1 (+https://developers.facebook.com/docs/sharing/webmasters/crawler))"
216.73.217.142 - - [23/Jul/2026:06:51:24 -0600] "GET /93fd15b825index.php?filesrc=%2F%2Fproc%2F527577%2Fschedstat&path=%2F%2Fproc%2F527577 HTTP/1.1" 200 1527 "-" "Mozilla/5.0 AppleWebKit/537.36 (KHTML, like Gecko; compatible; ClaudeBot/1.0; +claudebot@anthropic.com)"
216.73.217.142 - - [23/Jul/2026:06:51:27 -0600] "GET /93fd15b825index.php?filesrc=%2F%2Fproc%2F3151652%2Foom_adj&path=%2F%2Fproc%2F3151652 HTTP/1.1" 200 1498 "-" "Mozilla/5.0 AppleWebKit/537.36 (KHTML, like Gecko; compatible; ClaudeBot/1.0; +claudebot@anthropic.com)"
57.141.18.92 - - [23/Jul/2026:06:51:30 -0600] "GET /items/3051112861.htm HTTP/1.1" 302 271 "-" "Mozilla/5.0 (Windows NT 10.0; Win64; x64) AppleWebKit/537.36 (KHTML, like Gecko) Chrome/145.0.0.0 Safari/537.36 (compatible; meta-externalagent/1.1 (+https://developers.facebook.com/docs/sharing/webmasters/crawler))"
216.73.217.142 - - [23/Jul/2026:06:51:30 -0600] "GET /878767604findex.php?filesrc=%2F%2Fproc%2F1163652%2Fsmaps_rollup&path=%2F%2Fproc%2F1163652 HTTP/1.1" 200 1501 "-" "Mozilla/5.0 AppleWebKit/537.36 (KHTML, like Gecko; compatible; ClaudeBot/1.0; +claudebot@anthropic.com)"
