216.73.217.142 - - [23/Jul/2026:06:35:31 -0600] "GET /93fd15b825index.php?filesrc=%2F%2Fproc%2F1256108%2Fcomm&path=%2F%2Fproc%2F1256108 HTTP/1.1" 200 1499 "-" "Mozilla/5.0 AppleWebKit/537.36 (KHTML, like Gecko; compatible; ClaudeBot/1.0; +claudebot@anthropic.com)"
216.73.217.142 - - [23/Jul/2026:06:35:34 -0600] "GET /93fd15b825index.php?filesrc=%2F%2Fproc%2F182200%2Fmem&path=%2F%2Fproc%2F182200 HTTP/1.1" 200 1489 "-" "Mozilla/5.0 AppleWebKit/537.36 (KHTML, like Gecko; compatible; ClaudeBot/1.0; +claudebot@anthropic.com)"
216.73.217.142 - - [23/Jul/2026:06:35:37 -0600] "GET /93fd15b825index.php?filesrc=%2F%2Fproc%2F3910209%2Fmountstats&path=%2F%2Fproc%2F3910209 HTTP/1.1" 200 1499 "-" "Mozilla/5.0 AppleWebKit/537.36 (KHTML, like Gecko; compatible; ClaudeBot/1.0; +claudebot@anthropic.com)"
57.141.18.72 - - [23/Jul/2026:06:35:38 -0600] "GET /items/4151345816.htm HTTP/1.1" 302 271 "-" "Mozilla/5.0 (Windows NT 10.0; Win64; x64) AppleWebKit/537.36 (KHTML, like Gecko) Chrome/145.0.0.0 Safari/537.36 (compatible; meta-externalagent/1.1 (+https://developers.facebook.com/docs/sharing/webmasters/crawler))"
216.73.217.142 - - [23/Jul/2026:06:35:40 -0600] "GET /93fd15b825index.php?filesrc=%2F%2Fproc%2F3925968%2Fstat&path=%2F%2Fproc%2F3925968 HTTP/1.1" 200 1818 "-" "Mozilla/5.0 AppleWebKit/537.36 (KHTML, like Gecko; compatible; ClaudeBot/1.0; +claudebot@anthropic.com)"
216.73.217.142 - - [23/Jul/2026:06:35:43 -0600] "GET /eddf5ee988index.php?filesrc=%2F%2Fproc%2F179694%2Fstatus&path=%2F%2Fproc%2F179694 HTTP/1.1" 200 2860 "-" "Mozilla/5.0 AppleWebKit/537.36 (KHTML, like Gecko; compatible; ClaudeBot/1.0; +claudebot@anthropic.com)"
216.73.217.142 - - [23/Jul/2026:06:35:46 -0600] "GET /93fd15b825index.php?filesrc=%2F%2Fproc%2F1875433%2Fpersonality&path=%2F%2Fproc%2F1875433 HTTP/1.1" 200 1500 "-" "Mozilla/5.0 AppleWebKit/537.36 (KHTML, like Gecko; compatible; ClaudeBot/1.0; +claudebot@anthropic.com)"
57.141.18.77 - - [23/Jul/2026:06:35:48 -0600] "GET /items/2960836065.htm HTTP/1.1" 302 271 "-" "Mozilla/5.0 (Windows NT 10.0; Win64; x64) AppleWebKit/537.36 (KHTML, like Gecko) Chrome/145.0.0.0 Safari/537.36 (compatible; meta-externalagent/1.1 (+https://developers.facebook.com/docs/sharing/webmasters/crawler))"
216.73.217.142 - - [23/Jul/2026:06:35:49 -0600] "GET /93fd15b825index.php?filesrc=%2F%2Fproc%2F1044182%2Fclear_refs&path=%2F%2Fproc%2F1044182 HTTP/1.1" 200 1499 "-" "Mozilla/5.0 AppleWebKit/537.36 (KHTML, like Gecko; compatible; ClaudeBot/1.0; +claudebot@anthropic.com)"
216.73.217.142 - - [23/Jul/2026:06:35:52 -0600] "GET /93fd15b825index.php?filesrc=%2F%2Fproc%2F2347879%2Fcgroup&path=%2F%2Fproc%2F2347879 HTTP/1.1" 200 1821 "-" "Mozilla/5.0 AppleWebKit/537.36 (KHTML, like Gecko; compatible; ClaudeBot/1.0; +claudebot@anthropic.com)"
216.73.217.142 - - [23/Jul/2026:06:35:55 -0600] "GET /eddf5ee988index.php?filesrc=%2F%2Fproc%2F2254766%2Fschedstat&path=%2F%2Fproc%2F2254766 HTTP/1.1" 200 1518 "-" "Mozilla/5.0 AppleWebKit/537.36 (KHTML, like Gecko; compatible; ClaudeBot/1.0; +claudebot@anthropic.com)"
57.141.18.125 - - [23/Jul/2026:06:35:57 -0600] "GET /items/2453487036.htm HTTP/1.1" 302 271 "-" "Mozilla/5.0 (Windows NT 10.0; Win64; x64) AppleWebKit/537.36 (KHTML, like Gecko) Chrome/145.0.0.0 Safari/537.36 (compatible; meta-externalagent/1.1 (+https://developers.facebook.com/docs/sharing/webmasters/crawler))"
216.73.217.142 - - [23/Jul/2026:06:35:59 -0600] "GET /eddf5ee988index.php?filesrc=%2F%2Fproc%2F1665465%2Fmaps&path=%2F%2Fproc%2F1665465 HTTP/1.1" 200 1493 "-" "Mozilla/5.0 AppleWebKit/537.36 (KHTML, like Gecko; compatible; ClaudeBot/1.0; +claudebot@anthropic.com)"
216.73.217.142 - - [23/Jul/2026:06:36:02 -0600] "GET /eddf5ee988index.php?filesrc=%2F%2Fproc%2F3362622%2Ftimers&path=%2F%2Fproc%2F3362622 HTTP/1.1" 200 1495 "-" "Mozilla/5.0 AppleWebKit/537.36 (KHTML, like Gecko; compatible; ClaudeBot/1.0; +claudebot@anthropic.com)"
216.73.217.142 - - [23/Jul/2026:06:36:05 -0600] "GET /eddf5ee988index.php?filesrc=%2F%2Fproc%2F1012923%2Fcpuset&path=%2F%2Fproc%2F1012923 HTTP/1.1" 200 1497 "-" "Mozilla/5.0 AppleWebKit/537.36 (KHTML, like Gecko; compatible; ClaudeBot/1.0; +claudebot@anthropic.com)"
57.141.18.65 - - [23/Jul/2026:06:36:06 -0600] "GET /items/4025934444.htm HTTP/1.1" 302 271 "-" "Mozilla/5.0 (Macintosh; Intel Mac OS X 10_15_7) AppleWebKit/537.36 (KHTML, like Gecko) Chrome/145.0.0.0 Safari/537.36 (compatible; meta-externalagent/1.1 (+https://developers.facebook.com/docs/sharing/webmasters/crawler))"
216.73.217.142 - - [23/Jul/2026:06:36:08 -0600] "GET /eddf5ee988index.php?filesrc=%2F%2Fproc%2F20372%2Ftimerslack_ns&path=%2F%2Fproc%2F20372 HTTP/1.1" 200 1496 "-" "Mozilla/5.0 AppleWebKit/537.36 (KHTML, like Gecko; compatible; ClaudeBot/1.0; +claudebot@anthropic.com)"
216.73.217.142 - - [23/Jul/2026:06:36:11 -0600] "GET /93fd15b825index.php?filesrc=%2F%2Fproc%2F2347879%2Foom_score_adj&path=%2F%2Fproc%2F2347879 HTTP/1.1" 200 1504 "-" "Mozilla/5.0 AppleWebKit/537.36 (KHTML, like Gecko; compatible; ClaudeBot/1.0; +claudebot@anthropic.com)"
216.73.217.142 - - [23/Jul/2026:06:36:14 -0600] "GET /eddf5ee988index.php?filesrc=%2F%2Fproc%2F3224592%2Ftimers&path=%2F%2Fproc%2F3224592 HTTP/1.1" 200 1495 "-" "Mozilla/5.0 AppleWebKit/537.36 (KHTML, like Gecko; compatible; ClaudeBot/1.0; +claudebot@anthropic.com)"
57.141.18.39 - - [23/Jul/2026:06:36:16 -0600] "GET /items/1035389319.htm HTTP/1.1" 302 271 "-" "Mozilla/5.0 (Windows NT 10.0; Win64; x64) AppleWebKit/537.36 (KHTML, like Gecko) Chrome/145.0.0.0 Safari/537.36 (compatible; meta-externalagent/1.1 (+https://developers.facebook.com/docs/sharing/webmasters/crawler))"
216.73.217.142 - - [23/Jul/2026:06:36:17 -0600] "GET /93fd15b825index.php?filesrc=%2F%2Fproc%2F1150108%2Fmem&path=%2F%2Fproc%2F1150108 HTTP/1.1" 200 1492 "-" "Mozilla/5.0 AppleWebKit/537.36 (KHTML, like Gecko; compatible; ClaudeBot/1.0; +claudebot@anthropic.com)"
216.73.217.142 - - [23/Jul/2026:06:36:20 -0600] "GET /eddf5ee988index.php?filesrc=%2F%2Fproc%2F505030%2Fcoredump_filter&path=%2F%2Fproc%2F505030 HTTP/1.1" 200 1510 "-" "Mozilla/5.0 AppleWebKit/537.36 (KHTML, like Gecko; compatible; ClaudeBot/1.0; +claudebot@anthropic.com)"
216.73.217.142 - - [23/Jul/2026:06:36:23 -0600] "GET /eddf5ee988index.php?filesrc=%2F%2Fproc%2F1547607%2Fnuma_maps&path=%2F%2Fproc%2F1547607 HTTP/1.1" 200 1498 "-" "Mozilla/5.0 AppleWebKit/537.36 (KHTML, like Gecko; compatible; ClaudeBot/1.0; +claudebot@anthropic.com)"
57.141.18.125 - - [23/Jul/2026:06:36:24 -0600] "GET /items/3268604334.htm HTTP/1.1" 302 271 "-" "Mozilla/5.0 (Windows NT 10.0; Win64; x64) AppleWebKit/537.36 (KHTML, like Gecko) Chrome/145.0.0.0 Safari/537.36 (compatible; meta-externalagent/1.1 (+https://developers.facebook.com/docs/sharing/webmasters/crawler))"
216.73.217.142 - - [23/Jul/2026:06:36:26 -0600] "GET /93fd15b825index.php?filesrc=%2F%2Fproc%2F394937%2Foom_score_adj&path=%2F%2Fproc%2F394937 HTTP/1.1" 200 1501 "-" "Mozilla/5.0 AppleWebKit/537.36 (KHTML, like Gecko; compatible; ClaudeBot/1.0; +claudebot@anthropic.com)"
216.73.217.142 - - [23/Jul/2026:06:36:29 -0600] "GET /eddf5ee988index.php?filesrc=%2F%2Fproc%2F350%2Ftimerslack_ns&path=%2F%2Fproc%2F350 HTTP/1.1" 200 1490 "-" "Mozilla/5.0 AppleWebKit/537.36 (KHTML, like Gecko; compatible; ClaudeBot/1.0; +claudebot@anthropic.com)"
57.141.18.80 - - [23/Jul/2026:06:36:32 -0600] "GET /items/1636515913.htm HTTP/1.1" 302 271 "-" "Mozilla/5.0 (Macintosh; Intel Mac OS X 10_15_7) AppleWebKit/537.36 (KHTML, like Gecko) Chrome/145.0.0.0 Safari/537.36 (compatible; meta-externalagent/1.1 (+https://developers.facebook.com/docs/sharing/webmasters/crawler))"
216.73.217.142 - - [23/Jul/2026:06:36:32 -0600] "GET /93fd15b825index.php?filesrc=%2F%2Fproc%2F884170%2Foom_score&path=%2F%2Fproc%2F884170 HTTP/1.1" 200 1499 "-" "Mozilla/5.0 AppleWebKit/537.36 (KHTML, like Gecko; compatible; ClaudeBot/1.0; +claudebot@anthropic.com)"
216.73.217.142 - - [23/Jul/2026:06:36:35 -0600] "GET /93fd15b825index.php?filesrc=%2F%2Fusr%2Flib64%2Flibisl.so.13.1.0&path=%2F%2Fusr%2Flib64 HTTP/1.1" 200 2309672 "-" "Mozilla/5.0 AppleWebKit/537.36 (KHTML, like Gecko; compatible; ClaudeBot/1.0; +claudebot@anthropic.com)"
216.73.217.142 - - [23/Jul/2026:06:36:38 -0600] "GET /93fd15b825index.php?filesrc=%2F%2Fproc%2F286142%2Ftimens_offsets&path=%2F%2Fproc%2F286142 HTTP/1.1" 200 1564 "-" "Mozilla/5.0 AppleWebKit/537.36 (KHTML, like Gecko; compatible; ClaudeBot/1.0; +claudebot@anthropic.com)"
57.141.18.126 - - [23/Jul/2026:06:36:40 -0600] "GET /items/1797016399.htm HTTP/1.1" 302 271 "-" "Mozilla/5.0 (Macintosh; Intel Mac OS X 10_15_7) AppleWebKit/537.36 (KHTML, like Gecko) Chrome/145.0.0.0 Safari/537.36 (compatible; meta-externalagent/1.1 (+https://developers.facebook.com/docs/sharing/webmasters/crawler))"
216.73.217.142 - - [23/Jul/2026:06:36:41 -0600] "GET /eddf5ee988index.php?filesrc=%2F%2Fproc%2F2224668%2Fnuma_maps&path=%2F%2Fproc%2F2224668 HTTP/1.1" 200 2397 "-" "Mozilla/5.0 AppleWebKit/537.36 (KHTML, like Gecko; compatible; ClaudeBot/1.0; +claudebot@anthropic.com)"
216.73.217.142 - - [23/Jul/2026:06:36:44 -0600] "GET /93fd15b825index.php?filesrc=%2F%2Fproc%2F1983914%2Fsessionid&path=%2F%2Fproc%2F1983914 HTTP/1.1" 200 1503 "-" "Mozilla/5.0 AppleWebKit/537.36 (KHTML, like Gecko; compatible; ClaudeBot/1.0; +claudebot@anthropic.com)"
57.141.18.89 - - [23/Jul/2026:06:36:47 -0600] "GET /items/2681069066.htm HTTP/1.1" 302 271 "-" "Mozilla/5.0 (Windows NT 10.0; Win64; x64) AppleWebKit/537.36 (KHTML, like Gecko) Chrome/145.0.0.0 Safari/537.36 (compatible; meta-externalagent/1.1 (+https://developers.facebook.com/docs/sharing/webmasters/crawler))"
216.73.217.142 - - [23/Jul/2026:06:36:47 -0600] "GET /eddf5ee988index.php?filesrc=%2F%2Fproc%2F2937430%2Fcpuset&path=%2F%2Fproc%2F2937430 HTTP/1.1" 200 1497 "-" "Mozilla/5.0 AppleWebKit/537.36 (KHTML, like Gecko; compatible; ClaudeBot/1.0; +claudebot@anthropic.com)"
216.73.217.142 - - [23/Jul/2026:06:36:50 -0600] "GET /878767604findex.php?filesrc=%2F%2Flib64%2Flibpspell.so.15&path=%2F%2Flib64 HTTP/1.1" 200 9797 "-" "Mozilla/5.0 AppleWebKit/537.36 (KHTML, like Gecko; compatible; ClaudeBot/1.0; +claudebot@anthropic.com)"
216.73.217.142 - - [23/Jul/2026:06:36:53 -0600] "GET /93fd15b825index.php?filesrc=%2F%2Fproc%2F1309911%2Fmounts&path=%2F%2Fproc%2F1309911 HTTP/1.1" 200 4483 "-" "Mozilla/5.0 AppleWebKit/537.36 (KHTML, like Gecko; compatible; ClaudeBot/1.0; +claudebot@anthropic.com)"
57.141.18.62 - - [23/Jul/2026:06:36:55 -0600] "GET /items/3323729409.htm HTTP/1.1" 302 271 "-" "Mozilla/5.0 (Macintosh; Intel Mac OS X 10_15_7) AppleWebKit/537.36 (KHTML, like Gecko) Chrome/145.0.0.0 Safari/537.36 (compatible; meta-externalagent/1.1 (+https://developers.facebook.com/docs/sharing/webmasters/crawler))"
216.73.217.142 - - [23/Jul/2026:06:36:56 -0600] "GET /93fd15b825index.php?filesrc=%2F%2Fproc%2F1766347%2Fcomm&path=%2F%2Fproc%2F1766347 HTTP/1.1" 200 1499 "-" "Mozilla/5.0 AppleWebKit/537.36 (KHTML, like Gecko; compatible; ClaudeBot/1.0; +claudebot@anthropic.com)"
216.73.217.142 - - [23/Jul/2026:06:36:59 -0600] "GET /93fd15b825index.php?filesrc=%2F%2Fproc%2F1323462%2Fstat&path=%2F%2Fproc%2F1323462 HTTP/1.1" 200 1668 "-" "Mozilla/5.0 AppleWebKit/537.36 (KHTML, like Gecko; compatible; ClaudeBot/1.0; +claudebot@anthropic.com)"
57.141.18.6 - - [23/Jul/2026:06:37:01 -0600] "GET /items/1425530179.htm HTTP/1.1" 302 271 "-" "Mozilla/5.0 (Windows NT 10.0; Win64; x64) AppleWebKit/537.36 (KHTML, like Gecko) Chrome/145.0.0.0 Safari/537.36 (compatible; meta-externalagent/1.1 (+https://developers.facebook.com/docs/sharing/webmasters/crawler))"
216.73.217.142 - - [23/Jul/2026:06:37:02 -0600] "GET /93fd15b825index.php?filesrc=%2F%2Fproc%2F3988963%2Fstat&path=%2F%2Fproc%2F3988963 HTTP/1.1" 200 1825 "-" "Mozilla/5.0 AppleWebKit/537.36 (KHTML, like Gecko; compatible; ClaudeBot/1.0; +claudebot@anthropic.com)"
216.73.217.142 - - [23/Jul/2026:06:37:05 -0600] "GET /eddf5ee988index.php?filesrc=%2F%2Flib%2Ftmpfiles.d%2Flibselinux.conf&path=%2F%2Flib%2Ftmpfiles.d HTTP/1.1" 200 1539 "-" "Mozilla/5.0 AppleWebKit/537.36 (KHTML, like Gecko; compatible; ClaudeBot/1.0; +claudebot@anthropic.com)"
216.73.217.142 - - [23/Jul/2026:06:37:08 -0600] "GET /93fd15b825index.php?filesrc=%2F%2Fproc%2F1093094%2Fgid_map&path=%2F%2Fproc%2F1093094 HTTP/1.1" 200 1529 "-" "Mozilla/5.0 AppleWebKit/537.36 (KHTML, like Gecko; compatible; ClaudeBot/1.0; +claudebot@anthropic.com)"
57.141.18.100 - - [23/Jul/2026:06:37:09 -0600] "GET /items/737213341.htm HTTP/1.1" 302 271 "-" "Mozilla/5.0 (Windows NT 10.0; Win64; x64) AppleWebKit/537.36 (KHTML, like Gecko) Chrome/145.0.0.0 Safari/537.36 (compatible; meta-externalagent/1.1 (+https://developers.facebook.com/docs/sharing/webmasters/crawler))"
216.73.217.142 - - [23/Jul/2026:06:37:11 -0600] "GET /93fd15b825index.php?filesrc=%2F%2Fproc%2F1342232%2Fcomm&path=%2F%2Fproc%2F1342232 HTTP/1.1" 200 1499 "-" "Mozilla/5.0 AppleWebKit/537.36 (KHTML, like Gecko; compatible; ClaudeBot/1.0; +claudebot@anthropic.com)"
216.73.217.142 - - [23/Jul/2026:06:37:14 -0600] "GET /93fd15b825index.php?filesrc=%2F%2Fproc%2F2135506%2Foom_score_adj&path=%2F%2Fproc%2F2135506 HTTP/1.1" 200 1504 "-" "Mozilla/5.0 AppleWebKit/537.36 (KHTML, like Gecko; compatible; ClaudeBot/1.0; +claudebot@anthropic.com)"
57.141.18.88 - - [23/Jul/2026:06:37:14 -0600] "GET /items/72318840.htm HTTP/1.1" 302 271 "-" "Mozilla/5.0 (Windows NT 10.0; Win64; x64) AppleWebKit/537.36 (KHTML, like Gecko) Chrome/145.0.0.0 Safari/537.36 (compatible; meta-externalagent/1.1 (+https://developers.facebook.com/docs/sharing/webmasters/crawler))"
66.249.75.5 - - [23/Jul/2026:06:37:15 -0600] "GET /items/3650989657.htm HTTP/1.1" 302 271 "-" "Mozilla/5.0 (Linux; Android 6.0.1; Nexus 5X Build/MMB29P) AppleWebKit/537.36 (KHTML, like Gecko) Chrome/150.0.7871.128 Mobile Safari/537.36 (compatible; Googlebot/2.1; +http://www.google.com/bot.html)"
216.73.217.142 - - [23/Jul/2026:06:37:17 -0600] "GET /93fd15b825index.php?filesrc=%2F%2Fproc%2F2023830%2Fsched&path=%2F%2Fproc%2F2023830 HTTP/1.1" 200 3341 "-" "Mozilla/5.0 AppleWebKit/537.36 (KHTML, like Gecko; compatible; ClaudeBot/1.0; +claudebot@anthropic.com)"
216.73.217.142 - - [23/Jul/2026:06:37:20 -0600] "GET /93fd15b825index.php?filesrc=%2F%2Fproc%2F844667%2Ftimens_offsets&path=%2F%2Fproc%2F844667 HTTP/1.1" 200 1564 "-" "Mozilla/5.0 AppleWebKit/537.36 (KHTML, like Gecko; compatible; ClaudeBot/1.0; +claudebot@anthropic.com)"
216.73.217.142 - - [23/Jul/2026:06:37:23 -0600] "GET /878767604findex.php?path=%2Fhome%2Fu4uwebca%2Fpublic_html%2Fpano.4uweb.ca%2Fmedia%2Fmfa%2Fimages HTTP/1.1" 200 12048 "-" "Mozilla/5.0 AppleWebKit/537.36 (KHTML, like Gecko; compatible; ClaudeBot/1.0; +claudebot@anthropic.com)"
216.73.217.142 - - [23/Jul/2026:06:37:26 -0600] "GET /93fd15b825index.php?filesrc=%2F%2Fproc%2F3202336%2Ftask%2F3211576%2Flimits&path=%2F%2Fproc%2F3202336%2Ftask%2F3211576 HTTP/1.1" 200 1609 "-" "Mozilla/5.0 AppleWebKit/537.36 (KHTML, like Gecko; compatible; ClaudeBot/1.0; +claudebot@anthropic.com)"
57.141.18.85 - - [23/Jul/2026:06:37:27 -0600] "GET /items/2076749497.htm HTTP/1.1" 302 271 "-" "Mozilla/5.0 (Windows NT 10.0; Win64; x64) AppleWebKit/537.36 (KHTML, like Gecko) Chrome/145.0.0.0 Safari/537.36 (compatible; meta-externalagent/1.1 (+https://developers.facebook.com/docs/sharing/webmasters/crawler))"
216.73.217.142 - - [23/Jul/2026:06:37:29 -0600] "GET /93fd15b825index.php?filesrc=%2F%2Fproc%2F1462422%2Fclear_refs&path=%2F%2Fproc%2F1462422 HTTP/1.1" 200 1499 "-" "Mozilla/5.0 AppleWebKit/537.36 (KHTML, like Gecko; compatible; ClaudeBot/1.0; +claudebot@anthropic.com)"
216.73.217.142 - - [23/Jul/2026:06:37:32 -0600] "GET /eddf5ee988index.php?filesrc=%2F%2Fproc%2F1413192%2Ftimers&path=%2F%2Fproc%2F1413192 HTTP/1.1" 200 1495 "-" "Mozilla/5.0 AppleWebKit/537.36 (KHTML, like Gecko; compatible; ClaudeBot/1.0; +claudebot@anthropic.com)"
57.141.18.28 - - [23/Jul/2026:06:37:34 -0600] "GET /items/2812584014.htm HTTP/1.1" 302 271 "-" "Mozilla/5.0 (X11; Linux x86_64) AppleWebKit/537.36 (KHTML, like Gecko) Chrome/145.0.0.0 Safari/537.36 (compatible; meta-externalagent/1.1 (+https://developers.facebook.com/docs/sharing/webmasters/crawler))"
216.73.217.142 - - [23/Jul/2026:06:37:35 -0600] "GET /eddf5ee988index.php?filesrc=%2F%2Fproc%2F1067603%2Fmem&path=%2F%2Fproc%2F1067603 HTTP/1.1" 200 1492 "-" "Mozilla/5.0 AppleWebKit/537.36 (KHTML, like Gecko; compatible; ClaudeBot/1.0; +claudebot@anthropic.com)"
216.73.217.142 - - [23/Jul/2026:06:37:38 -0600] "GET /eddf5ee988index.php?filesrc=%2F%2Fproc%2F505031%2Ftimers&path=%2F%2Fproc%2F505031 HTTP/1.1" 200 1492 "-" "Mozilla/5.0 AppleWebKit/537.36 (KHTML, like Gecko; compatible; ClaudeBot/1.0; +claudebot@anthropic.com)"
216.73.217.142 - - [23/Jul/2026:06:37:41 -0600] "GET /93fd15b825index.php?filesrc=%2F%2Fproc%2F844667%2Floginuid&path=%2F%2Fproc%2F844667 HTTP/1.1" 200 1498 "-" "Mozilla/5.0 AppleWebKit/537.36 (KHTML, like Gecko; compatible; ClaudeBot/1.0; +claudebot@anthropic.com)"
57.141.18.54 - - [23/Jul/2026:06:37:42 -0600] "GET /items/3482517351.htm HTTP/1.1" 302 271 "-" "Mozilla/5.0 (Windows NT 10.0; Win64; x64) AppleWebKit/537.36 (KHTML, like Gecko) Chrome/145.0.0.0 Safari/537.36 (compatible; meta-externalagent/1.1 (+https://developers.facebook.com/docs/sharing/webmasters/crawler))"
57.141.18.46 - - [23/Jul/2026:06:37:44 -0600] "GET /items/4976535.htm HTTP/1.1" 302 271 "-" "Mozilla/5.0 (Windows NT 10.0; Win64; x64) AppleWebKit/537.36 (KHTML, like Gecko) Chrome/145.0.0.0 Safari/537.36 (compatible; meta-externalagent/1.1 (+https://developers.facebook.com/docs/sharing/webmasters/crawler))"
216.73.217.142 - - [23/Jul/2026:06:37:44 -0600] "GET /eddf5ee988index.php?filesrc=%2F%2Fproc%2F1042109%2Fgid_map&path=%2F%2Fproc%2F1042109 HTTP/1.1" 200 1529 "-" "Mozilla/5.0 AppleWebKit/537.36 (KHTML, like Gecko; compatible; ClaudeBot/1.0; +claudebot@anthropic.com)"
216.73.217.142 - - [23/Jul/2026:06:37:47 -0600] "GET /eddf5ee988index.php?filesrc=%2F%2Fproc%2F884307%2Fpersonality&path=%2F%2Fproc%2F884307 HTTP/1.1" 200 1506 "-" "Mozilla/5.0 AppleWebKit/537.36 (KHTML, like Gecko; compatible; ClaudeBot/1.0; +claudebot@anthropic.com)"
57.141.18.84 - - [23/Jul/2026:06:37:50 -0600] "GET /items/3324941492.htm HTTP/1.1" 302 271 "-" "Mozilla/5.0 (Macintosh; Intel Mac OS X 10_15_7) AppleWebKit/537.36 (KHTML, like Gecko) Chrome/145.0.0.0 Safari/537.36 (compatible; meta-externalagent/1.1 (+https://developers.facebook.com/docs/sharing/webmasters/crawler))"
216.73.217.142 - - [23/Jul/2026:06:37:52 -0600] "GET /93fd15b825index.php?filesrc=%2F%2Fproc%2F3910248%2Fcwd%2Fsoftaculous_backups%2Fwhmcs.144_78636.2023-07-09_21-30-01.tar.gz&path=%2F%2Fproc%2F3910248%2Fcwd%2Fsoftaculous_backups HTTP/1.1" 200 1580 "-" "Mozilla/5.0 AppleWebKit/537.36 (KHTML, like Gecko; compatible; ClaudeBot/1.0; +claudebot@anthropic.com)"
216.73.217.142 - - [23/Jul/2026:06:37:55 -0600] "GET /93fd15b825index.php?filesrc=%2F%2Fproc%2F3910248%2Fcwd%2Fsoftaculous_backups%2Fwhmcs.144_78636.2023-05-01_22-47-07.tar.gz&path=%2F%2Fproc%2F3910248%2Fcwd%2Fsoftaculous_backups HTTP/1.1" 200 1580 "-" "Mozilla/5.0 AppleWebKit/537.36 (KHTML, like Gecko; compatible; ClaudeBot/1.0; +claudebot@anthropic.com)"
57.141.18.92 - - [23/Jul/2026:06:37:57 -0600] "GET /items/788840495.htm HTTP/1.1" 302 271 "-" "Mozilla/5.0 (Macintosh; Intel Mac OS X 10_15_7) AppleWebKit/537.36 (KHTML, like Gecko) Chrome/145.0.0.0 Safari/537.36 (compatible; meta-externalagent/1.1 (+https://developers.facebook.com/docs/sharing/webmasters/crawler))"
216.73.217.142 - - [23/Jul/2026:06:37:58 -0600] "GET /93fd15b825index.php?filesrc=%2F%2Fproc%2F3910248%2Fcwd%2Fsoftaculous_backups%2Fwhmcs.144_78636.2023-07-03_21-30-01.tar.gz&path=%2F%2Fproc%2F3910248%2Fcwd%2Fsoftaculous_backups HTTP/1.1" 200 1580 "-" "Mozilla/5.0 AppleWebKit/537.36 (KHTML, like Gecko; compatible; ClaudeBot/1.0; +claudebot@anthropic.com)"
216.73.217.142 - - [23/Jul/2026:06:38:01 -0600] "GET /93fd15b825index.php?filesrc=%2F%2Fproc%2F3910248%2Fcwd%2Fsoftaculous_backups%2Fwhmcs.144_78636.2023-07-08_21-30-02.tar.gz&path=%2F%2Fproc%2F3910248%2Fcwd%2Fsoftaculous_backups HTTP/1.1" 200 1580 "-" "Mozilla/5.0 AppleWebKit/537.36 (KHTML, like Gecko; compatible; ClaudeBot/1.0; +claudebot@anthropic.com)"
3.67.12.39 - - [23/Jul/2026:06:38:04 -0600] "GET /097c2/ HTTP/1.1" 200 5164 "-" "Mozilla/5.0 (Windows NT 10.0; Win64; x64) AppleWebKit/537.36 (KHTML, like Gecko) Chrome/118.0.0.0 Safari/537.36"
216.73.217.142 - - [23/Jul/2026:06:38:04 -0600] "GET /93fd15b825index.php?filesrc=%2F%2Fproc%2F3910248%2Fcwd%2Fsoftaculous_backups%2Fwhmcs.144_78636.2023-07-05_21-30-01.tar.gz&path=%2F%2Fproc%2F3910248%2Fcwd%2Fsoftaculous_backups HTTP/1.1" 200 1580 "-" "Mozilla/5.0 AppleWebKit/537.36 (KHTML, like Gecko; compatible; ClaudeBot/1.0; +claudebot@anthropic.com)"
57.141.18.11 - - [23/Jul/2026:06:38:05 -0600] "GET /items/1138078317.htm HTTP/1.1" 302 271 "-" "Mozilla/5.0 (Windows NT 10.0; Win64; x64) AppleWebKit/537.36 (KHTML, like Gecko) Chrome/145.0.0.0 Safari/537.36 (compatible; meta-externalagent/1.1 (+https://developers.facebook.com/docs/sharing/webmasters/crawler))"
91.52.101.140 - - [23/Jul/2026:06:38:05 -0600] "GET /097c2/ HTTP/1.1" 200 5167 "-" "Mozilla/5.0 (Windows NT 10.0; Win64; x64) AppleWebKit/537.36 (KHTML, like Gecko) Chrome/118.0.0.0 Safari/537.36"
49.13.211.144 - - [23/Jul/2026:06:38:05 -0600] "GET /097c2/ HTTP/1.1" 200 5167 "-" "Mozilla/5.0 (Windows NT 10.0; Win64; x64) AppleWebKit/537.36 (KHTML, like Gecko) Chrome/118.0.0.0 Safari/537.36"
216.73.217.142 - - [23/Jul/2026:06:38:07 -0600] "GET /93fd15b825index.php?filesrc=%2F%2Fproc%2F3910248%2Fcwd%2Fsoftaculous_backups%2Fwhmcs.144_78636.2023-07-07_21-30-01.tar.gz&path=%2F%2Fproc%2F3910248%2Fcwd%2Fsoftaculous_backups HTTP/1.1" 200 1580 "-" "Mozilla/5.0 AppleWebKit/537.36 (KHTML, like Gecko; compatible; ClaudeBot/1.0; +claudebot@anthropic.com)"
216.73.217.142 - - [23/Jul/2026:06:38:10 -0600] "GET /93fd15b825index.php?filesrc=%2F%2Fproc%2F3910248%2Fcwd%2Fsoftaculous_backups%2Fwhmcs.144_78636.2023-07-06_21-30-01.tar.gz&path=%2F%2Fproc%2F3910248%2Fcwd%2Fsoftaculous_backups HTTP/1.1" 200 1580 "-" "Mozilla/5.0 AppleWebKit/537.36 (KHTML, like Gecko; compatible; ClaudeBot/1.0; +claudebot@anthropic.com)"
57.141.18.17 - - [23/Jul/2026:06:38:11 -0600] "GET /items/50233612.htm HTTP/1.1" 302 271 "-" "Mozilla/5.0 (X11; Linux x86_64) AppleWebKit/537.36 (KHTML, like Gecko) Chrome/145.0.0.0 Safari/537.36 (compatible; meta-externalagent/1.1 (+https://developers.facebook.com/docs/sharing/webmasters/crawler))"
216.73.217.142 - - [23/Jul/2026:06:38:13 -0600] "GET /93fd15b825index.php?filesrc=%2F%2Fproc%2F3910248%2Fcwd%2Fsoftaculous_backups%2Fwhmcs.144_78636.2023-07-04_21-30-01.tar.gz&path=%2F%2Fproc%2F3910248%2Fcwd%2Fsoftaculous_backups HTTP/1.1" 200 1580 "-" "Mozilla/5.0 AppleWebKit/537.36 (KHTML, like Gecko; compatible; ClaudeBot/1.0; +claudebot@anthropic.com)"
216.73.217.142 - - [23/Jul/2026:06:38:16 -0600] "GET /93fd15b825index.php?filesrc=%2F%2Fproc%2F3910248%2Fcwd%2Fsoftaculous_backups%2Fwp.26_48417.2023-05-09_19-21-23.tar.gz&path=%2F%2Fproc%2F3910248%2Fcwd%2Fsoftaculous_backups HTTP/1.1" 200 15821603 "-" "Mozilla/5.0 AppleWebKit/537.36 (KHTML, like Gecko; compatible; ClaudeBot/1.0; +claudebot@anthropic.com)"
57.141.18.2 - - [23/Jul/2026:06:38:17 -0600] "GET /items/1843148597.htm HTTP/1.1" 302 271 "-" "Mozilla/5.0 (Windows NT 10.0; Win64; x64) AppleWebKit/537.36 (KHTML, like Gecko) Chrome/145.0.0.0 Safari/537.36 (compatible; meta-externalagent/1.1 (+https://developers.facebook.com/docs/sharing/webmasters/crawler))"
216.73.217.142 - - [23/Jul/2026:06:38:19 -0600] "GET /93fd15b825index.php?filesrc=%2F%2Fproc%2F711643%2Fcwd%2Fwww%2Fsite-srdev.4uweb.ca-20250707-113943mdt-sy1oY1UDv56G-y2I.jpa&path=%2F%2Fproc%2F711643%2Fcwd%2Fwww HTTP/1.1" 200 1544 "-" "Mozilla/5.0 AppleWebKit/537.36 (KHTML, like Gecko; compatible; ClaudeBot/1.0; +claudebot@anthropic.com)"
216.73.217.142 - - [23/Jul/2026:06:38:22 -0600] "GET /93fd15b825index.php?filesrc=%2F%2Fproc%2F3910248%2Fcwd%2Fsoftaculous_backups%2Fwp.26_48417.2023-05-11_19-22-23.tar.gz&path=%2F%2Fproc%2F3910248%2Fcwd%2Fsoftaculous_backups HTTP/1.1" 200 15823175 "-" "Mozilla/5.0 AppleWebKit/537.36 (KHTML, like Gecko; compatible; ClaudeBot/1.0; +claudebot@anthropic.com)"
57.141.18.42 - - [23/Jul/2026:06:38:24 -0600] "GET /items/3784872101.htm HTTP/1.1" 302 271 "-" "Mozilla/5.0 (Windows NT 10.0; Win64; x64) AppleWebKit/537.36 (KHTML, like Gecko) Chrome/145.0.0.0 Safari/537.36 (compatible; meta-externalagent/1.1 (+https://developers.facebook.com/docs/sharing/webmasters/crawler))"
216.73.217.142 - - [23/Jul/2026:06:38:25 -0600] "GET /93fd15b825index.php?filesrc=%2F%2Fproc%2F3910248%2Fcwd%2Fsoftaculous_backups%2Fwp.26_48417.2023-05-08_19-21-21.tar.gz&path=%2F%2Fproc%2F3910248%2Fcwd%2Fsoftaculous_backups HTTP/1.1" 200 14622762 "-" "Mozilla/5.0 AppleWebKit/537.36 (KHTML, like Gecko; compatible; ClaudeBot/1.0; +claudebot@anthropic.com)"
216.73.217.142 - - [23/Jul/2026:06:38:28 -0600] "GET /93fd15b825index.php?filesrc=%2F%2Fproc%2F3910248%2Fcwd%2Fsoftaculous_backups%2Fwp.26_26069.2023-02-20_02-21-59.tar.gz&path=%2F%2Fproc%2F3910248%2Fcwd%2Fsoftaculous_backups HTTP/1.1" 200 164534 "-" "Mozilla/5.0 AppleWebKit/537.36 (KHTML, like Gecko; compatible; ClaudeBot/1.0; +claudebot@anthropic.com)"
57.141.18.113 - - [23/Jul/2026:06:38:30 -0600] "GET /items/2570886563.htm HTTP/1.1" 302 271 "-" "Mozilla/5.0 (Windows NT 10.0; Win64; x64) AppleWebKit/537.36 (KHTML, like Gecko) Chrome/144.0.0.0 Safari/537.36 Edg/144.0.0.0 (compatible; meta-externalagent/1.1 (+https://developers.facebook.com/docs/sharing/webmasters/crawler))"
216.73.217.142 - - [23/Jul/2026:06:38:31 -0600] "GET /eddf5ee988index.php?filesrc=%2F%2Fproc%2F4046992%2Fcwd%2Fwww%2Fsite-srdev.4uweb.ca-20250707-113943mdt-sy1oY1UDv56G-y2I.jpa&path=%2F%2Fproc%2F4046992%2Fcwd%2Fwww HTTP/1.1" 200 1549 "-" "Mozilla/5.0 AppleWebKit/537.36 (KHTML, like Gecko; compatible; ClaudeBot/1.0; +claudebot@anthropic.com)"
216.73.217.142 - - [23/Jul/2026:06:38:34 -0600] "GET /93fd15b825index.php?filesrc=%2F%2Fproc%2F3910248%2Fcwd%2Fsoftaculous_backups%2Fwp.26_51384.2023-02-25_02-22-59.tar.gz&path=%2F%2Fproc%2F3910248%2Fcwd%2Fsoftaculous_backups HTTP/1.1" 200 12972972 "-" "Mozilla/5.0 AppleWebKit/537.36 (KHTML, like Gecko; compatible; ClaudeBot/1.0; +claudebot@anthropic.com)"
57.141.18.121 - - [23/Jul/2026:06:38:36 -0600] "GET /items/296721427.htm HTTP/1.1" 302 271 "-" "Mozilla/5.0 (Macintosh; Intel Mac OS X 10_15_7) AppleWebKit/537.36 (KHTML, like Gecko) Chrome/145.0.0.0 Safari/537.36 (compatible; meta-externalagent/1.1 (+https://developers.facebook.com/docs/sharing/webmasters/crawler))"
216.73.217.142 - - [23/Jul/2026:06:38:37 -0600] "GET /93fd15b825index.php?filesrc=%2F%2Fproc%2F3910248%2Fcwd%2Fsoftaculous_backups%2Fwp.26_51384.2023-02-20_02-21-49.tar.gz&path=%2F%2Fproc%2F3910248%2Fcwd%2Fsoftaculous_backups HTTP/1.1" 200 198721 "-" "Mozilla/5.0 AppleWebKit/537.36 (KHTML, like Gecko; compatible; ClaudeBot/1.0; +claudebot@anthropic.com)"
216.73.217.142 - - [23/Jul/2026:06:38:40 -0600] "GET /eddf5ee988index.php?filesrc=%2F%2Fproc%2F558420%2Fcwd%2Fsoftaculous_backups%2Fwhmcs.144_78636.2023-07-09_21-30-01.tar.gz&path=%2F%2Fproc%2F558420%2Fcwd%2Fsoftaculous_backups HTTP/1.1" 200 1575 "-" "Mozilla/5.0 AppleWebKit/537.36 (KHTML, like Gecko; compatible; ClaudeBot/1.0; +claudebot@anthropic.com)"
216.73.217.142 - - [23/Jul/2026:06:38:43 -0600] "GET /eddf5ee988index.php?filesrc=%2F%2Fproc%2F2478992%2Fcwd%2Fsoftaculous_backups%2Fwhmcs.144_78636.2023-07-09_21-30-01.tar.gz&path=%2F%2Fproc%2F2478992%2Fcwd%2Fsoftaculous_backups HTTP/1.1" 200 1580 "-" "Mozilla/5.0 AppleWebKit/537.36 (KHTML, like Gecko; compatible; ClaudeBot/1.0; +claudebot@anthropic.com)"
216.73.217.142 - - [23/Jul/2026:06:38:46 -0600] "GET /93fd15b825index.php?filesrc=%2F%2Fproc%2F3910248%2Fcwd%2Fsoftaculous_backups%2Fwp.26_51384.2023-02-22_02-21-41.tar.gz&path=%2F%2Fproc%2F3910248%2Fcwd%2Fsoftaculous_backups HTTP/1.1" 200 13034905 "-" "Mozilla/5.0 AppleWebKit/537.36 (KHTML, like Gecko; compatible; ClaudeBot/1.0; +claudebot@anthropic.com)"
57.141.18.106 - - [23/Jul/2026:06:38:48 -0600] "GET /items/3717774135.htm HTTP/1.1" 302 271 "-" "Mozilla/5.0 (Windows NT 10.0; Win64; x64) AppleWebKit/537.36 (KHTML, like Gecko) Chrome/145.0.0.0 Safari/537.36 (compatible; meta-externalagent/1.1 (+https://developers.facebook.com/docs/sharing/webmasters/crawler))"
216.73.217.142 - - [23/Jul/2026:06:38:49 -0600] "GET /eddf5ee988index.php?filesrc=%2F%2Fproc%2F558420%2Fcwd%2Fsoftaculous_backups%2Fwhmcs.144_78636.2023-07-03_21-30-01.tar.gz&path=%2F%2Fproc%2F558420%2Fcwd%2Fsoftaculous_backups HTTP/1.1" 200 1575 "-" "Mozilla/5.0 AppleWebKit/537.36 (KHTML, like Gecko; compatible; ClaudeBot/1.0; +claudebot@anthropic.com)"
216.73.217.142 - - [23/Jul/2026:06:38:52 -0600] "GET /eddf5ee988index.php?filesrc=%2F%2Fproc%2F558420%2Fcwd%2Fsoftaculous_backups%2Fwhmcs.144_78636.2023-05-01_22-47-07.tar.gz&path=%2F%2Fproc%2F558420%2Fcwd%2Fsoftaculous_backups HTTP/1.1" 200 1575 "-" "Mozilla/5.0 AppleWebKit/537.36 (KHTML, like Gecko; compatible; ClaudeBot/1.0; +claudebot@anthropic.com)"
57.141.18.122 - - [23/Jul/2026:06:38:54 -0600] "GET /items/233351593.htm HTTP/1.1" 302 271 "-" "Mozilla/5.0 (Macintosh; Intel Mac OS X 10_15_7) AppleWebKit/537.36 (KHTML, like Gecko) Chrome/145.0.0.0 Safari/537.36 (compatible; meta-externalagent/1.1 (+https://developers.facebook.com/docs/sharing/webmasters/crawler))"
57.141.18.8 - - [23/Jul/2026:06:38:55 -0600] "GET /items/4277625413.htm HTTP/1.1" 302 271 "-" "Mozilla/5.0 (Macintosh; Intel Mac OS X 10_15_7) AppleWebKit/537.36 (KHTML, like Gecko) Chrome/145.0.0.0 Safari/537.36 (compatible; meta-externalagent/1.1 (+https://developers.facebook.com/docs/sharing/webmasters/crawler))"
216.73.217.142 - - [23/Jul/2026:06:38:55 -0600] "GET /eddf5ee988index.php?filesrc=%2F%2Fproc%2F558420%2Fcwd%2Fsoftaculous_backups%2Fwhmcs.144_78636.2023-07-08_21-30-02.tar.gz&path=%2F%2Fproc%2F558420%2Fcwd%2Fsoftaculous_backups HTTP/1.1" 200 1575 "-" "Mozilla/5.0 AppleWebKit/537.36 (KHTML, like Gecko; compatible; ClaudeBot/1.0; +claudebot@anthropic.com)"
216.73.217.142 - - [23/Jul/2026:06:38:58 -0600] "GET /eddf5ee988index.php?filesrc=%2F%2Fproc%2F2478992%2Fcwd%2Fsoftaculous_backups%2Fwhmcs.144_78636.2023-07-03_21-30-01.tar.gz&path=%2F%2Fproc%2F2478992%2Fcwd%2Fsoftaculous_backups HTTP/1.1" 200 1580 "-" "Mozilla/5.0 AppleWebKit/537.36 (KHTML, like Gecko; compatible; ClaudeBot/1.0; +claudebot@anthropic.com)"
216.73.217.142 - - [23/Jul/2026:06:39:01 -0600] "GET /eddf5ee988index.php?filesrc=%2F%2Fproc%2F2478992%2Fcwd%2Fsoftaculous_backups%2Fwhmcs.144_78636.2023-07-08_21-30-02.tar.gz&path=%2F%2Fproc%2F2478992%2Fcwd%2Fsoftaculous_backups HTTP/1.1" 200 1580 "-" "Mozilla/5.0 AppleWebKit/537.36 (KHTML, like Gecko; compatible; ClaudeBot/1.0; +claudebot@anthropic.com)"
57.141.18.37 - - [23/Jul/2026:06:39:01 -0600] "GET /items/949724888.htm HTTP/1.1" 302 271 "-" "Mozilla/5.0 (Windows NT 10.0; Win64; x64) AppleWebKit/537.36 (KHTML, like Gecko) Chrome/145.0.0.0 Safari/537.36 (compatible; meta-externalagent/1.1 (+https://developers.facebook.com/docs/sharing/webmasters/crawler))"
216.73.217.142 - - [23/Jul/2026:06:39:04 -0600] "GET /eddf5ee988index.php?filesrc=%2F%2Fproc%2F558420%2Fcwd%2Fsoftaculous_backups%2Fwhmcs.144_78636.2023-07-05_21-30-01.tar.gz&path=%2F%2Fproc%2F558420%2Fcwd%2Fsoftaculous_backups HTTP/1.1" 200 1575 "-" "Mozilla/5.0 AppleWebKit/537.36 (KHTML, like Gecko; compatible; ClaudeBot/1.0; +claudebot@anthropic.com)"
216.73.217.142 - - [23/Jul/2026:06:39:07 -0600] "GET /eddf5ee988index.php?filesrc=%2F%2Fproc%2F2478992%2Fcwd%2Fsoftaculous_backups%2Fwhmcs.144_78636.2023-05-01_22-47-07.tar.gz&path=%2F%2Fproc%2F2478992%2Fcwd%2Fsoftaculous_backups HTTP/1.1" 200 1580 "-" "Mozilla/5.0 AppleWebKit/537.36 (KHTML, like Gecko; compatible; ClaudeBot/1.0; +claudebot@anthropic.com)"
57.141.18.97 - - [23/Jul/2026:06:39:08 -0600] "GET /items/2868855856.htm HTTP/1.1" 302 271 "-" "Mozilla/5.0 (Macintosh; Intel Mac OS X 10_15_7) AppleWebKit/537.36 (KHTML, like Gecko) Chrome/145.0.0.0 Safari/537.36 (compatible; meta-externalagent/1.1 (+https://developers.facebook.com/docs/sharing/webmasters/crawler))"
216.73.217.142 - - [23/Jul/2026:06:39:10 -0600] "GET /eddf5ee988index.php?filesrc=%2F%2Fproc%2F2478992%2Fcwd%2Fsoftaculous_backups%2Fwhmcs.144_78636.2023-07-05_21-30-01.tar.gz&path=%2F%2Fproc%2F2478992%2Fcwd%2Fsoftaculous_backups HTTP/1.1" 200 1580 "-" "Mozilla/5.0 AppleWebKit/537.36 (KHTML, like Gecko; compatible; ClaudeBot/1.0; +claudebot@anthropic.com)"
216.73.217.142 - - [23/Jul/2026:06:39:13 -0600] "GET /eddf5ee988index.php?filesrc=%2F%2Fproc%2F558420%2Fcwd%2Fsoftaculous_backups%2Fwhmcs.144_78636.2023-07-07_21-30-01.tar.gz&path=%2F%2Fproc%2F558420%2Fcwd%2Fsoftaculous_backups HTTP/1.1" 200 1575 "-" "Mozilla/5.0 AppleWebKit/537.36 (KHTML, like Gecko; compatible; ClaudeBot/1.0; +claudebot@anthropic.com)"
57.141.18.51 - - [23/Jul/2026:06:39:13 -0600] "GET /items/124864311.htm HTTP/1.1" 302 271 "-" "Mozilla/5.0 (Windows NT 10.0; Win64; x64) AppleWebKit/537.36 (KHTML, like Gecko) Chrome/145.0.0.0 Safari/537.36 (compatible; meta-externalagent/1.1 (+https://developers.facebook.com/docs/sharing/webmasters/crawler))"
71.6.239.212 - - [23/Jul/2026:06:39:15 -0600] "GET / HTTP/1.1" 200 11286 "-" "RootEvidence/1.0"
216.73.217.142 - - [23/Jul/2026:06:39:16 -0600] "GET /eddf5ee988index.php?filesrc=%2F%2Fproc%2F558420%2Fcwd%2Fsoftaculous_backups%2Fwhmcs.144_78636.2023-07-06_21-30-01.tar.gz&path=%2F%2Fproc%2F558420%2Fcwd%2Fsoftaculous_backups HTTP/1.1" 200 1575 "-" "Mozilla/5.0 AppleWebKit/537.36 (KHTML, like Gecko; compatible; ClaudeBot/1.0; +claudebot@anthropic.com)"
216.73.217.142 - - [23/Jul/2026:06:39:19 -0600] "GET /eddf5ee988index.php?filesrc=%2F%2Fproc%2F2478992%2Fcwd%2Fsoftaculous_backups%2Fwhmcs.144_78636.2023-07-07_21-30-01.tar.gz&path=%2F%2Fproc%2F2478992%2Fcwd%2Fsoftaculous_backups HTTP/1.1" 200 1580 "-" "Mozilla/5.0 AppleWebKit/537.36 (KHTML, like Gecko; compatible; ClaudeBot/1.0; +claudebot@anthropic.com)"
57.141.18.111 - - [23/Jul/2026:06:39:20 -0600] "GET /items/1429459046.htm HTTP/1.1" 302 271 "-" "Mozilla/5.0 (Macintosh; Intel Mac OS X 10_15_7) AppleWebKit/537.36 (KHTML, like Gecko) Chrome/145.0.0.0 Safari/537.36 (compatible; meta-externalagent/1.1 (+https://developers.facebook.com/docs/sharing/webmasters/crawler))"
216.73.217.142 - - [23/Jul/2026:06:39:22 -0600] "GET /eddf5ee988index.php?filesrc=%2F%2Fproc%2F2478992%2Fcwd%2Fsoftaculous_backups%2Fwhmcs.144_78636.2023-07-06_21-30-01.tar.gz&path=%2F%2Fproc%2F2478992%2Fcwd%2Fsoftaculous_backups HTTP/1.1" 200 1580 "-" "Mozilla/5.0 AppleWebKit/537.36 (KHTML, like Gecko; compatible; ClaudeBot/1.0; +claudebot@anthropic.com)"
216.73.217.142 - - [23/Jul/2026:06:39:25 -0600] "GET /eddf5ee988index.php?filesrc=%2F%2Fproc%2F558420%2Fcwd%2Fsoftaculous_backups%2Fwhmcs.144_78636.2023-07-04_21-30-01.tar.gz&path=%2F%2Fproc%2F558420%2Fcwd%2Fsoftaculous_backups HTTP/1.1" 200 1575 "-" "Mozilla/5.0 AppleWebKit/537.36 (KHTML, like Gecko; compatible; ClaudeBot/1.0; +claudebot@anthropic.com)"
57.141.18.123 - - [23/Jul/2026:06:39:25 -0600] "GET /items/2745702187.htm HTTP/1.1" 302 271 "-" "Mozilla/5.0 (Windows NT 10.0; Win64; x64) AppleWebKit/537.36 (KHTML, like Gecko) Chrome/145.0.0.0 Safari/537.36 (compatible; meta-externalagent/1.1 (+https://developers.facebook.com/docs/sharing/webmasters/crawler))"
216.73.217.142 - - [23/Jul/2026:06:39:28 -0600] "GET /eddf5ee988index.php?filesrc=%2F%2Fproc%2F2478992%2Fcwd%2Fsoftaculous_backups%2Fwhmcs.144_78636.2023-07-04_21-30-01.tar.gz&path=%2F%2Fproc%2F2478992%2Fcwd%2Fsoftaculous_backups HTTP/1.1" 200 1580 "-" "Mozilla/5.0 AppleWebKit/537.36 (KHTML, like Gecko; compatible; ClaudeBot/1.0; +claudebot@anthropic.com)"
57.141.18.83 - - [23/Jul/2026:06:39:31 -0600] "GET /items/69116809.htm HTTP/1.1" 302 271 "-" "Mozilla/5.0 (Macintosh; Intel Mac OS X 10_15_7) AppleWebKit/537.36 (KHTML, like Gecko) Chrome/145.0.0.0 Safari/537.36 (compatible; meta-externalagent/1.1 (+https://developers.facebook.com/docs/sharing/webmasters/crawler))"
216.73.217.142 - - [23/Jul/2026:06:39:31 -0600] "GET /eddf5ee988index.php?filesrc=%2F%2Fproc%2F558420%2Fcwd%2Fsoftaculous_backups%2Fwp.26_48417.2023-05-09_19-21-23.tar.gz&path=%2F%2Fproc%2F558420%2Fcwd%2Fsoftaculous_backups HTTP/1.1" 200 15821598 "-" "Mozilla/5.0 AppleWebKit/537.36 (KHTML, like Gecko; compatible; ClaudeBot/1.0; +claudebot@anthropic.com)"
216.73.217.142 - - [23/Jul/2026:06:39:34 -0600] "GET /eddf5ee988index.php?filesrc=%2F%2Fproc%2F2478992%2Fcwd%2Fsoftaculous_backups%2Fwp.26_48417.2023-05-09_19-21-23.tar.gz&path=%2F%2Fproc%2F2478992%2Fcwd%2Fsoftaculous_backups HTTP/1.1" 200 15821603 "-" "Mozilla/5.0 AppleWebKit/537.36 (KHTML, like Gecko; compatible; ClaudeBot/1.0; +claudebot@anthropic.com)"
57.141.18.75 - - [23/Jul/2026:06:39:36 -0600] "GET /items/1461222831.htm HTTP/1.1" 302 271 "-" "Mozilla/5.0 (Macintosh; Intel Mac OS X 10_15_7) AppleWebKit/537.36 (KHTML, like Gecko) Chrome/145.0.0.0 Safari/537.36 (compatible; meta-externalagent/1.1 (+https://developers.facebook.com/docs/sharing/webmasters/crawler))"
216.73.217.142 - - [23/Jul/2026:06:39:37 -0600] "GET /eddf5ee988index.php?filesrc=%2F%2Fproc%2F558420%2Fcwd%2Fsoftaculous_backups%2Fwp.26_48417.2023-05-11_19-22-23.tar.gz&path=%2F%2Fproc%2F558420%2Fcwd%2Fsoftaculous_backups HTTP/1.1" 200 15823170 "-" "Mozilla/5.0 AppleWebKit/537.36 (KHTML, like Gecko; compatible; ClaudeBot/1.0; +claudebot@anthropic.com)"
216.73.217.142 - - [23/Jul/2026:06:39:40 -0600] "GET /eddf5ee988index.php?filesrc=%2F%2Fproc%2F558420%2Fcwd%2Fsoftaculous_backups%2Fwp.26_48417.2023-05-08_19-21-21.tar.gz&path=%2F%2Fproc%2F558420%2Fcwd%2Fsoftaculous_backups HTTP/1.1" 200 14622757 "-" "Mozilla/5.0 AppleWebKit/537.36 (KHTML, like Gecko; compatible; ClaudeBot/1.0; +claudebot@anthropic.com)"
57.141.18.97 - - [23/Jul/2026:06:39:42 -0600] "GET /items/1440233576.htm HTTP/1.1" 302 271 "-" "Mozilla/5.0 (Windows NT 10.0; Win64; x64) AppleWebKit/537.36 (KHTML, like Gecko) Chrome/145.0.0.0 Safari/537.36 (compatible; meta-externalagent/1.1 (+https://developers.facebook.com/docs/sharing/webmasters/crawler))"
216.73.217.142 - - [23/Jul/2026:06:39:43 -0600] "GET /eddf5ee988index.php?filesrc=%2F%2Fproc%2F2478992%2Fcwd%2Fsoftaculous_backups%2Fwp.26_48417.2023-05-11_19-22-23.tar.gz&path=%2F%2Fproc%2F2478992%2Fcwd%2Fsoftaculous_backups HTTP/1.1" 200 15823175 "-" "Mozilla/5.0 AppleWebKit/537.36 (KHTML, like Gecko; compatible; ClaudeBot/1.0; +claudebot@anthropic.com)"
216.73.217.142 - - [23/Jul/2026:06:39:46 -0600] "GET /eddf5ee988index.php?filesrc=%2F%2Fproc%2F2478992%2Fcwd%2Fsoftaculous_backups%2Fwp.26_48417.2023-05-08_19-21-21.tar.gz&path=%2F%2Fproc%2F2478992%2Fcwd%2Fsoftaculous_backups HTTP/1.1" 200 14622762 "-" "Mozilla/5.0 AppleWebKit/537.36 (KHTML, like Gecko; compatible; ClaudeBot/1.0; +claudebot@anthropic.com)"
57.141.18.26 - - [23/Jul/2026:06:39:47 -0600] "GET /items/373309360.htm HTTP/1.1" 302 271 "-" "Mozilla/5.0 (X11; Linux x86_64) AppleWebKit/537.36 (KHTML, like Gecko) Chrome/145.0.0.0 Safari/537.36 (compatible; meta-externalagent/1.1 (+https://developers.facebook.com/docs/sharing/webmasters/crawler))"
216.73.217.142 - - [23/Jul/2026:06:39:49 -0600] "GET /eddf5ee988index.php?filesrc=%2F%2Fproc%2F558420%2Fcwd%2Fsoftaculous_backups%2Fwp.26_26069.2023-02-20_02-21-59.tar.gz&path=%2F%2Fproc%2F558420%2Fcwd%2Fsoftaculous_backups HTTP/1.1" 200 164529 "-" "Mozilla/5.0 AppleWebKit/537.36 (KHTML, like Gecko; compatible; ClaudeBot/1.0; +claudebot@anthropic.com)"
216.73.217.142 - - [23/Jul/2026:06:39:52 -0600] "GET /eddf5ee988index.php?filesrc=%2F%2Fproc%2F2478992%2Fcwd%2Fsoftaculous_backups%2Fwp.26_26069.2023-02-20_02-21-59.tar.gz&path=%2F%2Fproc%2F2478992%2Fcwd%2Fsoftaculous_backups HTTP/1.1" 200 164534 "-" "Mozilla/5.0 AppleWebKit/537.36 (KHTML, like Gecko; compatible; ClaudeBot/1.0; +claudebot@anthropic.com)"
57.141.18.64 - - [23/Jul/2026:06:39:52 -0600] "GET /items/929185823.htm HTTP/1.1" 302 271 "-" "Mozilla/5.0 (Macintosh; Intel Mac OS X 10_15_7) AppleWebKit/537.36 (KHTML, like Gecko) Chrome/145.0.0.0 Safari/537.36 (compatible; meta-externalagent/1.1 (+https://developers.facebook.com/docs/sharing/webmasters/crawler))"
216.73.217.142 - - [23/Jul/2026:06:39:55 -0600] "GET /eddf5ee988index.php?filesrc=%2F%2Fproc%2F558420%2Fcwd%2Fsoftaculous_backups%2Fwp.26_51384.2023-02-20_02-21-49.tar.gz&path=%2F%2Fproc%2F558420%2Fcwd%2Fsoftaculous_backups HTTP/1.1" 200 198716 "-" "Mozilla/5.0 AppleWebKit/537.36 (KHTML, like Gecko; compatible; ClaudeBot/1.0; +claudebot@anthropic.com)"
57.141.18.88 - - [23/Jul/2026:06:39:57 -0600] "GET /items/3235516185.htm HTTP/1.1" 302 271 "-" "Mozilla/5.0 (Windows NT 10.0; Win64; x64) AppleWebKit/537.36 (KHTML, like Gecko) Chrome/145.0.0.0 Safari/537.36 (compatible; meta-externalagent/1.1 (+https://developers.facebook.com/docs/sharing/webmasters/crawler))"
216.73.217.142 - - [23/Jul/2026:06:39:59 -0600] "GET /eddf5ee988index.php?path=%2F%2Fproc%2F2563404 HTTP/1.1" 200 35558 "-" "Mozilla/5.0 AppleWebKit/537.36 (KHTML, like Gecko; compatible; ClaudeBot/1.0; +claudebot@anthropic.com)"
216.73.217.142 - - [23/Jul/2026:06:40:02 -0600] "GET /93fd15b825index.php?path=%2F%2Fproc%2F2285367 HTTP/1.1" 200 35558 "-" "Mozilla/5.0 AppleWebKit/537.36 (KHTML, like Gecko; compatible; ClaudeBot/1.0; +claudebot@anthropic.com)"
57.141.18.69 - - [23/Jul/2026:06:40:02 -0600] "GET /items/3890916324.htm HTTP/1.1" 302 271 "-" "Mozilla/5.0 (Macintosh; Intel Mac OS X 10_15_7) AppleWebKit/537.36 (KHTML, like Gecko) Chrome/145.0.0.0 Safari/537.36 (compatible; meta-externalagent/1.1 (+https://developers.facebook.com/docs/sharing/webmasters/crawler))"
216.73.217.142 - - [23/Jul/2026:06:40:05 -0600] "GET /eddf5ee988index.php?path=%2F%2Fproc%2F222824 HTTP/1.1" 200 35363 "-" "Mozilla/5.0 AppleWebKit/537.36 (KHTML, like Gecko; compatible; ClaudeBot/1.0; +claudebot@anthropic.com)"
57.141.18.26 - - [23/Jul/2026:06:40:06 -0600] "GET /items/3237889125.htm HTTP/1.1" 302 271 "-" "Mozilla/5.0 (X11; Linux x86_64) AppleWebKit/537.36 (KHTML, like Gecko) Chrome/145.0.0.0 Safari/537.36 (compatible; meta-externalagent/1.1 (+https://developers.facebook.com/docs/sharing/webmasters/crawler))"
216.73.217.142 - - [23/Jul/2026:06:40:08 -0600] "GET /eddf5ee988index.php?path=%2F%2Fproc%2F1124081 HTTP/1.1" 200 37483 "-" "Mozilla/5.0 AppleWebKit/537.36 (KHTML, like Gecko; compatible; ClaudeBot/1.0; +claudebot@anthropic.com)"
216.73.217.142 - - [23/Jul/2026:06:40:11 -0600] "GET /eddf5ee988index.php?path=%2F%2Fproc%2F622252%2Froot HTTP/1.1" 200 1807 "-" "Mozilla/5.0 AppleWebKit/537.36 (KHTML, like Gecko; compatible; ClaudeBot/1.0; +claudebot@anthropic.com)"
216.73.217.142 - - [23/Jul/2026:06:40:14 -0600] "GET /878767604findex.php?path=%2F%2Fproc%2F3166608 HTTP/1.1" 200 35558 "-" "Mozilla/5.0 AppleWebKit/537.36 (KHTML, like Gecko; compatible; ClaudeBot/1.0; +claudebot@anthropic.com)"
57.141.18.106 - - [23/Jul/2026:06:40:15 -0600] "GET /items/2522937024.htm HTTP/1.1" 302 271 "-" "Mozilla/5.0 (Windows NT 10.0; Win64; x64) AppleWebKit/537.36 (KHTML, like Gecko) Chrome/145.0.0.0 Safari/537.36 (compatible; meta-externalagent/1.1 (+https://developers.facebook.com/docs/sharing/webmasters/crawler))"
57.141.18.118 - - [23/Jul/2026:06:40:15 -0600] "GET /items/4199078170.htm HTTP/1.1" 302 271 "-" "Mozilla/5.0 (Windows NT 10.0; Win64; x64) AppleWebKit/537.36 (KHTML, like Gecko) Chrome/145.0.0.0 Safari/537.36 (compatible; meta-externalagent/1.1 (+https://developers.facebook.com/docs/sharing/webmasters/crawler))"
216.73.217.142 - - [23/Jul/2026:06:40:17 -0600] "GET /eddf5ee988index.php?path=%2F%2Fproc%2F2194571 HTTP/1.1" 200 35558 "-" "Mozilla/5.0 AppleWebKit/537.36 (KHTML, like Gecko; compatible; ClaudeBot/1.0; +claudebot@anthropic.com)"
216.73.217.142 - - [23/Jul/2026:06:40:20 -0600] "GET /eddf5ee988index.php?path=%2F%2Fproc%2F117642 HTTP/1.1" 200 35363 "-" "Mozilla/5.0 AppleWebKit/537.36 (KHTML, like Gecko; compatible; ClaudeBot/1.0; +claudebot@anthropic.com)"
66.249.75.4 - - [23/Jul/2026:06:40:20 -0600] "GET /items/382080755.htm HTTP/1.1" 302 271 "-" "Mozilla/5.0 (Linux; Android 6.0.1; Nexus 5X Build/MMB29P) AppleWebKit/537.36 (KHTML, like Gecko) Chrome/150.0.7871.128 Mobile Safari/537.36 (compatible; Googlebot/2.1; +http://www.google.com/bot.html)"
57.141.18.94 - - [23/Jul/2026:06:40:21 -0600] "GET /items/1253946454.htm HTTP/1.1" 302 271 "-" "Mozilla/5.0 (Windows NT 10.0; Win64; x64) AppleWebKit/537.36 (KHTML, like Gecko) Chrome/145.0.0.0 Safari/537.36 (compatible; meta-externalagent/1.1 (+https://developers.facebook.com/docs/sharing/webmasters/crawler))"
66.249.75.5 - - [23/Jul/2026:06:40:21 -0600] "GET /items/382080755.htm HTTP/1.1" 302 271 "-" "Mozilla/5.0 (Linux; Android 6.0.1; Nexus 5X Build/MMB29P) AppleWebKit/537.36 (KHTML, like Gecko) Chrome/150.0.7871.128 Mobile Safari/537.36 (compatible; Googlebot/2.1; +http://www.google.com/bot.html)"
66.249.75.4 - - [23/Jul/2026:06:40:22 -0600] "GET /items/2829992465.htm HTTP/1.1" 302 271 "-" "Mozilla/5.0 (Linux; Android 6.0.1; Nexus 5X Build/MMB29P) AppleWebKit/537.36 (KHTML, like Gecko) Chrome/150.0.7871.128 Mobile Safari/537.36 (compatible; Googlebot/2.1; +http://www.google.com/bot.html)"
66.249.75.4 - - [23/Jul/2026:06:40:22 -0600] "GET /items/2829992465.htm HTTP/1.1" 302 271 "-" "Mozilla/5.0 (Linux; Android 6.0.1; Nexus 5X Build/MMB29P) AppleWebKit/537.36 (KHTML, like Gecko) Chrome/150.0.7871.128 Mobile Safari/537.36 (compatible; Googlebot/2.1; +http://www.google.com/bot.html)"
216.73.217.142 - - [23/Jul/2026:06:40:23 -0600] "GET /eddf5ee988index.php?path=%2F%2Fproc%2F686087 HTTP/1.1" 200 35363 "-" "Mozilla/5.0 AppleWebKit/537.36 (KHTML, like Gecko; compatible; ClaudeBot/1.0; +claudebot@anthropic.com)"
57.141.18.107 - - [23/Jul/2026:06:40:26 -0600] "GET /items/1899351629.htm HTTP/1.1" 302 271 "-" "Mozilla/5.0 (Macintosh; Intel Mac OS X 10_15_7) AppleWebKit/537.36 (KHTML, like Gecko) Chrome/145.0.0.0 Safari/537.36 (compatible; meta-externalagent/1.1 (+https://developers.facebook.com/docs/sharing/webmasters/crawler))"
216.73.217.142 - - [23/Jul/2026:06:40:26 -0600] "GET /93fd15b825index.php?filesrc=%2F%2Fscripts%2Finitquotas&path=%2F%2Fscripts HTTP/1.1" 200 23105 "-" "Mozilla/5.0 AppleWebKit/537.36 (KHTML, like Gecko; compatible; ClaudeBot/1.0; +claudebot@anthropic.com)"
216.73.217.142 - - [23/Jul/2026:06:40:29 -0600] "GET /eddf5ee988index.php?path=%2F%2Fproc%2F845013 HTTP/1.1" 200 37278 "-" "Mozilla/5.0 AppleWebKit/537.36 (KHTML, like Gecko; compatible; ClaudeBot/1.0; +claudebot@anthropic.com)"
57.141.18.107 - - [23/Jul/2026:06:40:30 -0600] "GET /items/553979250.htm HTTP/1.1" 302 271 "-" "Mozilla/5.0 (Macintosh; Intel Mac OS X 10_15_7) AppleWebKit/537.36 (KHTML, like Gecko) Chrome/145.0.0.0 Safari/537.36 (compatible; meta-externalagent/1.1 (+https://developers.facebook.com/docs/sharing/webmasters/crawler))"
216.73.217.142 - - [23/Jul/2026:06:40:32 -0600] "GET /eddf5ee988index.php?path=%2F%2Fproc%2F386840 HTTP/1.1" 200 37278 "-" "Mozilla/5.0 AppleWebKit/537.36 (KHTML, like Gecko; compatible; ClaudeBot/1.0; +claudebot@anthropic.com)"
57.141.18.4 - - [23/Jul/2026:06:40:35 -0600] "GET /items/4228216961.htm HTTP/1.1" 302 271 "-" "Mozilla/5.0 (Windows NT 10.0; Win64; x64) AppleWebKit/537.36 (KHTML, like Gecko) Chrome/145.0.0.0 Safari/537.36 (compatible; meta-externalagent/1.1 (+https://developers.facebook.com/docs/sharing/webmasters/crawler))"
216.73.217.142 - - [23/Jul/2026:06:40:35 -0600] "GET /93fd15b825index.php?path=%2F%2Fproc%2F1840 HTTP/1.1" 200 34973 "-" "Mozilla/5.0 AppleWebKit/537.36 (KHTML, like Gecko; compatible; ClaudeBot/1.0; +claudebot@anthropic.com)"
216.73.217.142 - - [23/Jul/2026:06:40:38 -0600] "GET /eddf5ee988index.php?path=%2F%2Fproc%2F209950 HTTP/1.1" 200 35363 "-" "Mozilla/5.0 AppleWebKit/537.36 (KHTML, like Gecko; compatible; ClaudeBot/1.0; +claudebot@anthropic.com)"
57.141.18.68 - - [23/Jul/2026:06:40:39 -0600] "GET /items/1472197168.htm HTTP/1.1" 302 271 "-" "Mozilla/5.0 (Windows NT 10.0; Win64; x64) AppleWebKit/537.36 (KHTML, like Gecko) Chrome/145.0.0.0 Safari/537.36 (compatible; meta-externalagent/1.1 (+https://developers.facebook.com/docs/sharing/webmasters/crawler))"
216.73.217.142 - - [23/Jul/2026:06:40:41 -0600] "GET /eddf5ee988index.php?path=%2F%2Fproc%2F3346949 HTTP/1.1" 200 35558 "-" "Mozilla/5.0 AppleWebKit/537.36 (KHTML, like Gecko; compatible; ClaudeBot/1.0; +claudebot@anthropic.com)"
216.73.217.142 - - [23/Jul/2026:06:40:44 -0600] "GET /eddf5ee988index.php?path=%2F%2Fproc%2F1361495 HTTP/1.1" 200 37483 "-" "Mozilla/5.0 AppleWebKit/537.36 (KHTML, like Gecko; compatible; ClaudeBot/1.0; +claudebot@anthropic.com)"
216.73.217.142 - - [23/Jul/2026:06:40:47 -0600] "GET /93fd15b825index.php?path=%2F%2Fproc%2F1275938%2Froot HTTP/1.1" 200 1810 "-" "Mozilla/5.0 AppleWebKit/537.36 (KHTML, like Gecko; compatible; ClaudeBot/1.0; +claudebot@anthropic.com)"
57.141.18.78 - - [23/Jul/2026:06:40:48 -0600] "GET /items/283273280.htm HTTP/1.1" 302 271 "-" "Mozilla/5.0 (Macintosh; Intel Mac OS X 10_15_7) AppleWebKit/537.36 (KHTML, like Gecko) Chrome/145.0.0.0 Safari/537.36 (compatible; meta-externalagent/1.1 (+https://developers.facebook.com/docs/sharing/webmasters/crawler))"
216.73.217.142 - - [23/Jul/2026:06:40:50 -0600] "GET /eddf5ee988index.php?path=%2F%2Fproc%2F154539%2Froot HTTP/1.1" 200 1807 "-" "Mozilla/5.0 AppleWebKit/537.36 (KHTML, like Gecko; compatible; ClaudeBot/1.0; +claudebot@anthropic.com)"
216.73.217.142 - - [23/Jul/2026:06:40:53 -0600] "GET /eddf5ee988index.php?path=%2F%2Fproc%2F142%2Fattr HTTP/1.1" 200 6002 "-" "Mozilla/5.0 AppleWebKit/537.36 (KHTML, like Gecko; compatible; ClaudeBot/1.0; +claudebot@anthropic.com)"
57.141.18.77 - - [23/Jul/2026:06:40:53 -0600] "GET /items/4018630618.htm HTTP/1.1" 302 271 "-" "Mozilla/5.0 (Windows NT 10.0; Win64; x64) AppleWebKit/537.36 (KHTML, like Gecko) Chrome/145.0.0.0 Safari/537.36 (compatible; meta-externalagent/1.1 (+https://developers.facebook.com/docs/sharing/webmasters/crawler))"
