216.73.217.142 - - [23/Jul/2026:07:16:45 -0600] "GET /eddf5ee988index.php?filesrc=%2F%2Fproc%2F658266%2Flimits&path=%2F%2Fproc%2F658266 HTTP/1.1" 200 2815 "-" "Mozilla/5.0 AppleWebKit/537.36 (KHTML, like Gecko; compatible; ClaudeBot/1.0; +claudebot@anthropic.com)"
216.73.217.142 - - [23/Jul/2026:07:16:48 -0600] "GET /878767604findex.php?filesrc=%2F%2Flib64%2Flibssh_threads.so.4.8.7&path=%2F%2Flib64 HTTP/1.1" 200 731263 "-" "Mozilla/5.0 AppleWebKit/537.36 (KHTML, like Gecko; compatible; ClaudeBot/1.0; +claudebot@anthropic.com)"
57.141.18.81 - - [23/Jul/2026:07:16:49 -0600] "GET /items/3711930973.htm HTTP/1.1" 302 271 "-" "Mozilla/5.0 (Macintosh; Intel Mac OS X 10_15_7) AppleWebKit/537.36 (KHTML, like Gecko) Chrome/145.0.0.0 Safari/537.36 (compatible; meta-externalagent/1.1 (+https://developers.facebook.com/docs/sharing/webmasters/crawler))"
216.73.217.142 - - [23/Jul/2026:07:16:51 -0600] "GET /93fd15b825index.php?filesrc=%2F%2Fproc%2F711643%2Fsyscall&path=%2F%2Fproc%2F711643 HTTP/1.1" 200 1583 "-" "Mozilla/5.0 AppleWebKit/537.36 (KHTML, like Gecko; compatible; ClaudeBot/1.0; +claudebot@anthropic.com)"
216.73.217.142 - - [23/Jul/2026:07:16:54 -0600] "GET /93fd15b825index.php?filesrc=%2F%2Fproc%2F699079%2Fcmdline&path=%2F%2Fproc%2F699079 HTTP/1.1" 200 1500 "-" "Mozilla/5.0 AppleWebKit/537.36 (KHTML, like Gecko; compatible; ClaudeBot/1.0; +claudebot@anthropic.com)"
57.141.18.22 - - [23/Jul/2026:07:16:54 -0600] "GET /items/2082800851.htm HTTP/1.1" 302 271 "-" "Mozilla/5.0 (Macintosh; Intel Mac OS X 10_15_7) AppleWebKit/537.36 (KHTML, like Gecko) Chrome/145.0.0.0 Safari/537.36 (compatible; meta-externalagent/1.1 (+https://developers.facebook.com/docs/sharing/webmasters/crawler))"
216.73.217.142 - - [23/Jul/2026:07:16:57 -0600] "GET /93fd15b825index.php?filesrc=%2F%2Fbin%2Fsystemd-umount&path=%2F%2Fbin HTTP/1.1" 200 79862 "-" "Mozilla/5.0 AppleWebKit/537.36 (KHTML, like Gecko; compatible; ClaudeBot/1.0; +claudebot@anthropic.com)"
216.73.217.142 - - [23/Jul/2026:07:17:00 -0600] "GET /eddf5ee988index.php?filesrc=%2F%2Fproc%2F1890317%2Fsetgroups&path=%2F%2Fproc%2F1890317 HTTP/1.1" 200 1504 "-" "Mozilla/5.0 AppleWebKit/537.36 (KHTML, like Gecko; compatible; ClaudeBot/1.0; +claudebot@anthropic.com)"
57.141.18.22 - - [23/Jul/2026:07:17:03 -0600] "GET /items/918385286.htm HTTP/1.1" 302 271 "-" "Mozilla/5.0 (Windows NT 10.0; Win64; x64) AppleWebKit/537.36 (KHTML, like Gecko) Chrome/145.0.0.0 Safari/537.36 (compatible; meta-externalagent/1.1 (+https://developers.facebook.com/docs/sharing/webmasters/crawler))"
216.73.217.142 - - [23/Jul/2026:07:17:03 -0600] "GET /93fd15b825index.php?filesrc=%2F%2Fproc%2F17%2Fmounts&path=%2F%2Fproc%2F17 HTTP/1.1" 200 11327 "-" "Mozilla/5.0 AppleWebKit/537.36 (KHTML, like Gecko; compatible; ClaudeBot/1.0; +claudebot@anthropic.com)"
57.141.18.45 - - [23/Jul/2026:07:17:03 -0600] "GET /items/3258636628.htm HTTP/1.1" 302 271 "-" "Mozilla/5.0 (Windows NT 10.0; Win64; x64) AppleWebKit/537.36 (KHTML, like Gecko) Chrome/145.0.0.0 Safari/537.36 (compatible; meta-externalagent/1.1 (+https://developers.facebook.com/docs/sharing/webmasters/crawler))"
216.73.217.142 - - [23/Jul/2026:07:17:06 -0600] "GET /93fd15b825index.php?filesrc=%2F%2Fusr%2Flib64%2Flibauparse.so&path=%2F%2Fusr%2Flib64 HTTP/1.1" 200 216543 "-" "Mozilla/5.0 AppleWebKit/537.36 (KHTML, like Gecko; compatible; ClaudeBot/1.0; +claudebot@anthropic.com)"
216.73.217.142 - - [23/Jul/2026:07:17:09 -0600] "GET /93fd15b825index.php?filesrc=%2F%2Fproc%2F6071%2Fsessionid&path=%2F%2Fproc%2F6071 HTTP/1.1" 200 1491 "-" "Mozilla/5.0 AppleWebKit/537.36 (KHTML, like Gecko; compatible; ClaudeBot/1.0; +claudebot@anthropic.com)"
82.102.17.184 - - [23/Jul/2026:07:17:10 -0600] "GET /878767604findex.php HTTP/1.1" 200 55714 "-" "Mozilla/5.0 (iPhone; CPU iPhone OS 26_5_2 like Mac OS X) AppleWebKit/605.1.15 (KHTML, like Gecko) Version/26.0 YaBrowser/26.6.4.619.10 SA/3 Mobile/15E148 Safari/604.1"
90.166.166.178 - - [23/Jul/2026:07:17:10 -0600] "GET /878767604findex.php HTTP/1.1" 200 55715 "-" "Mozilla/5.0 (iPhone; CPU iPhone OS 26_5_2 like Mac OS X) AppleWebKit/605.1.15 (KHTML, like Gecko) Version/26.0 YaBrowser/26.6.4.619.10 SA/3 Mobile/15E148 Safari/604.1"
57.141.18.26 - - [23/Jul/2026:07:17:12 -0600] "GET /items/3346758643.htm HTTP/1.1" 302 271 "-" "Mozilla/5.0 (Windows NT 10.0; Win64; x64) AppleWebKit/537.36 (KHTML, like Gecko) Chrome/145.0.0.0 Safari/537.36 (compatible; meta-externalagent/1.1 (+https://developers.facebook.com/docs/sharing/webmasters/crawler))"
216.73.217.142 - - [23/Jul/2026:07:17:12 -0600] "GET /878767604findex.php?filesrc=%2F%2Flib64%2Flibcom_err.so.2.1&path=%2F%2Flib64 HTTP/1.1" 200 23074 "-" "Mozilla/5.0 AppleWebKit/537.36 (KHTML, like Gecko; compatible; ClaudeBot/1.0; +claudebot@anthropic.com)"
57.141.18.64 - - [23/Jul/2026:07:17:13 -0600] "GET /items/1936875604.htm HTTP/1.1" 302 271 "-" "Mozilla/5.0 (Windows NT 10.0; Win64; x64) AppleWebKit/537.36 (KHTML, like Gecko) Chrome/145.0.0.0 Safari/537.36 (compatible; meta-externalagent/1.1 (+https://developers.facebook.com/docs/sharing/webmasters/crawler))"
194.146.92.61 - - [23/Jul/2026:07:17:15 -0600] "GET /878767604findex.php HTTP/1.1" 200 55714 "-" "Mozilla/5.0 (iPhone; CPU iPhone OS 26_5_2 like Mac OS X) AppleWebKit/605.1.15 (KHTML, like Gecko) Version/26.0 YaBrowser/26.6.4.619.10 SA/3 Mobile/15E148 Safari/604.1"
154.60.231.179 - - [23/Jul/2026:07:17:16 -0600] "GET /878767604findex.php HTTP/1.1" 200 55715 "-" "Mozilla/5.0 (iPhone; CPU iPhone OS 26_5_2 like Mac OS X) AppleWebKit/605.1.15 (KHTML, like Gecko) Version/26.0 YaBrowser/26.6.4.619.10 SA/3 Mobile/15E148 Safari/604.1"
57.141.18.33 - - [23/Jul/2026:07:17:18 -0600] "GET /items/3709730565.htm HTTP/1.1" 302 271 "-" "Mozilla/5.0 (Macintosh; Intel Mac OS X 10_15_7) AppleWebKit/537.36 (KHTML, like Gecko) Chrome/145.0.0.0 Safari/537.36 (compatible; meta-externalagent/1.1 (+https://developers.facebook.com/docs/sharing/webmasters/crawler))"
216.73.217.142 - - [23/Jul/2026:07:17:19 -0600] "GET /93fd15b825index.php?filesrc=%2F%2Fproc%2F1601191%2Fsyscall&path=%2F%2Fproc%2F1601191 HTTP/1.1" 200 1586 "-" "Mozilla/5.0 AppleWebKit/537.36 (KHTML, like Gecko; compatible; ClaudeBot/1.0; +claudebot@anthropic.com)"
216.73.217.142 - - [23/Jul/2026:07:17:22 -0600] "GET /eddf5ee988index.php?filesrc=%2F%2Fproc%2F3735571%2Fcmdline&path=%2F%2Fproc%2F3735571 HTTP/1.1" 200 1515 "-" "Mozilla/5.0 AppleWebKit/537.36 (KHTML, like Gecko; compatible; ClaudeBot/1.0; +claudebot@anthropic.com)"
57.141.18.22 - - [23/Jul/2026:07:17:22 -0600] "GET /items/1174805163.htm HTTP/1.1" 302 271 "-" "Mozilla/5.0 (Windows NT 10.0; Win64; x64) AppleWebKit/537.36 (KHTML, like Gecko) Chrome/145.0.0.0 Safari/537.36 (compatible; meta-externalagent/1.1 (+https://developers.facebook.com/docs/sharing/webmasters/crawler))"
216.73.217.142 - - [23/Jul/2026:07:17:25 -0600] "GET /93fd15b825index.php?filesrc=%2F%2Fproc%2F324320%2Fprojid_map&path=%2F%2Fproc%2F324320 HTTP/1.1" 200 1529 "-" "Mozilla/5.0 AppleWebKit/537.36 (KHTML, like Gecko; compatible; ClaudeBot/1.0; +claudebot@anthropic.com)"
216.73.217.142 - - [23/Jul/2026:07:17:28 -0600] "GET /eddf5ee988index.php?filesrc=%2F%2Fproc%2F6071%2Fnuma_maps&path=%2F%2Fproc%2F6071 HTTP/1.1" 200 1489 "-" "Mozilla/5.0 AppleWebKit/537.36 (KHTML, like Gecko; compatible; ClaudeBot/1.0; +claudebot@anthropic.com)"
57.141.18.99 - - [23/Jul/2026:07:17:28 -0600] "GET /items/1177064512.htm HTTP/1.1" 302 271 "-" "Mozilla/5.0 (Windows NT 10.0; Win64; x64) AppleWebKit/537.36 (KHTML, like Gecko) Chrome/145.0.0.0 Safari/537.36 (compatible; meta-externalagent/1.1 (+https://developers.facebook.com/docs/sharing/webmasters/crawler))"
216.73.217.142 - - [23/Jul/2026:07:17:31 -0600] "GET /93fd15b825index.php?filesrc=%2F%2Fproc%2F50%2Fmountinfo&path=%2F%2Fproc%2F50 HTTP/1.1" 200 14680 "-" "Mozilla/5.0 AppleWebKit/537.36 (KHTML, like Gecko; compatible; ClaudeBot/1.0; +claudebot@anthropic.com)"
57.141.18.45 - - [23/Jul/2026:07:17:32 -0600] "GET /items/2796022773.htm HTTP/1.1" 302 271 "-" "Mozilla/5.0 (X11; Linux x86_64) AppleWebKit/537.36 (KHTML, like Gecko) Chrome/145.0.0.0 Safari/537.36 (compatible; meta-externalagent/1.1 (+https://developers.facebook.com/docs/sharing/webmasters/crawler))"
216.73.217.142 - - [23/Jul/2026:07:17:34 -0600] "GET /eddf5ee988index.php?filesrc=%2F%2Fproc%2F976808%2Fio&path=%2F%2Fproc%2F976808 HTTP/1.1" 200 1578 "-" "Mozilla/5.0 AppleWebKit/537.36 (KHTML, like Gecko; compatible; ClaudeBot/1.0; +claudebot@anthropic.com)"
216.73.217.142 - - [23/Jul/2026:07:17:37 -0600] "GET /eddf5ee988index.php?filesrc=%2F%2Fproc%2F222860%2Fgid_map&path=%2F%2Fproc%2F222860 HTTP/1.1" 200 1526 "-" "Mozilla/5.0 AppleWebKit/537.36 (KHTML, like Gecko; compatible; ClaudeBot/1.0; +claudebot@anthropic.com)"
216.73.217.142 - - [23/Jul/2026:07:17:40 -0600] "GET /eddf5ee988index.php?path=%2Fhome%2Fu4uwebca%2Fpublic_html%2F4uweb.design%2Fmedia%2Flegacy HTTP/1.1" 200 3679 "-" "Mozilla/5.0 AppleWebKit/537.36 (KHTML, like Gecko; compatible; ClaudeBot/1.0; +claudebot@anthropic.com)"
57.141.18.0 - - [23/Jul/2026:07:17:42 -0600] "GET /items/2167811006.htm HTTP/1.1" 302 271 "-" "Mozilla/5.0 (X11; Linux x86_64) AppleWebKit/537.36 (KHTML, like Gecko) Chrome/145.0.0.0 Safari/537.36 (compatible; meta-externalagent/1.1 (+https://developers.facebook.com/docs/sharing/webmasters/crawler))"
57.141.18.51 - - [23/Jul/2026:07:17:42 -0600] "GET /items/1168396691.htm HTTP/1.1" 302 271 "-" "Mozilla/5.0 (Macintosh; Intel Mac OS X 10_15_7) AppleWebKit/537.36 (KHTML, like Gecko) Chrome/145.0.0.0 Safari/537.36 (compatible; meta-externalagent/1.1 (+https://developers.facebook.com/docs/sharing/webmasters/crawler))"
216.73.217.142 - - [23/Jul/2026:07:17:43 -0600] "GET /eddf5ee988index.php?filesrc=%2F%2Fproc%2F394886%2Fmountstats&path=%2F%2Fproc%2F394886 HTTP/1.1" 200 1496 "-" "Mozilla/5.0 AppleWebKit/537.36 (KHTML, like Gecko; compatible; ClaudeBot/1.0; +claudebot@anthropic.com)"
216.73.217.142 - - [23/Jul/2026:07:17:46 -0600] "GET /eddf5ee988index.php?filesrc=%2F%2Fproc%2F963609%2Fcmdline&path=%2F%2Fproc%2F963609 HTTP/1.1" 200 1500 "-" "Mozilla/5.0 AppleWebKit/537.36 (KHTML, like Gecko; compatible; ClaudeBot/1.0; +claudebot@anthropic.com)"
57.141.18.125 - - [23/Jul/2026:07:17:47 -0600] "GET /items/3524506933.htm HTTP/1.1" 302 271 "-" "Mozilla/5.0 (Windows NT 10.0; Win64; x64) AppleWebKit/537.36 (KHTML, like Gecko) Chrome/145.0.0.0 Safari/537.36 (compatible; meta-externalagent/1.1 (+https://developers.facebook.com/docs/sharing/webmasters/crawler))"
216.73.217.142 - - [23/Jul/2026:07:17:49 -0600] "GET /878767604findex.php?filesrc=%2F%2Flib64%2Flibdebuginfod.so.1&path=%2F%2Flib64 HTTP/1.1" 200 47444 "-" "Mozilla/5.0 AppleWebKit/537.36 (KHTML, like Gecko; compatible; ClaudeBot/1.0; +claudebot@anthropic.com)"
57.141.18.47 - - [23/Jul/2026:07:17:51 -0600] "GET /items/3480944760.htm HTTP/1.1" 302 271 "-" "Mozilla/5.0 (Windows NT 10.0; Win64; x64) AppleWebKit/537.36 (KHTML, like Gecko) Chrome/145.0.0.0 Safari/537.36 Edg/145.0.0.0 (compatible; meta-externalagent/1.1 (+https://developers.facebook.com/docs/sharing/webmasters/crawler))"
216.73.217.142 - - [23/Jul/2026:07:17:54 -0600] "GET /93fd15b825index.php?filesrc=%2F%2Fproc%2F335690%2Fprojid_map&path=%2F%2Fproc%2F335690 HTTP/1.1" 200 1529 "-" "Mozilla/5.0 AppleWebKit/537.36 (KHTML, like Gecko; compatible; ClaudeBot/1.0; +claudebot@anthropic.com)"
57.141.18.12 - - [23/Jul/2026:07:17:56 -0600] "GET /items/4060559555.htm HTTP/1.1" 302 271 "-" "Mozilla/5.0 (Windows NT 10.0; Win64; x64) AppleWebKit/537.36 (KHTML, like Gecko) Chrome/145.0.0.0 Safari/537.36 (compatible; meta-externalagent/1.1 (+https://developers.facebook.com/docs/sharing/webmasters/crawler))"
216.73.217.142 - - [23/Jul/2026:07:17:57 -0600] "GET /93fd15b825index.php?filesrc=%2F%2Fbin%2Fmyisamlog&path=%2F%2Fbin HTTP/1.1" 200 8667805 "-" "Mozilla/5.0 AppleWebKit/537.36 (KHTML, like Gecko; compatible; ClaudeBot/1.0; +claudebot@anthropic.com)"
66.249.75.5 - - [23/Jul/2026:07:17:59 -0600] "GET /items/1363669790.htm HTTP/1.1" 302 271 "-" "Mozilla/5.0 (Linux; Android 6.0.1; Nexus 5X Build/MMB29P) AppleWebKit/537.36 (KHTML, like Gecko) Chrome/150.0.7871.128 Mobile Safari/537.36 (compatible; Googlebot/2.1; +http://www.google.com/bot.html)"
216.73.217.142 - - [23/Jul/2026:07:18:00 -0600] "GET /eddf5ee988index.php?filesrc=%2F%2Fproc%2F1890296%2Fgid_map&path=%2F%2Fproc%2F1890296 HTTP/1.1" 200 1529 "-" "Mozilla/5.0 AppleWebKit/537.36 (KHTML, like Gecko; compatible; ClaudeBot/1.0; +claudebot@anthropic.com)"
216.73.217.142 - - [23/Jul/2026:07:18:03 -0600] "GET /eddf5ee988index.php?filesrc=%2F%2Fproc%2F527566%2Fuid_map&path=%2F%2Fproc%2F527566 HTTP/1.1" 200 1526 "-" "Mozilla/5.0 AppleWebKit/537.36 (KHTML, like Gecko; compatible; ClaudeBot/1.0; +claudebot@anthropic.com)"
57.141.18.102 - - [23/Jul/2026:07:18:05 -0600] "GET /items/1065932868.htm HTTP/1.1" 302 271 "-" "Mozilla/5.0 (Macintosh; Intel Mac OS X 10_15_7) AppleWebKit/537.36 (KHTML, like Gecko) Chrome/145.0.0.0 Safari/537.36 (compatible; meta-externalagent/1.1 (+https://developers.facebook.com/docs/sharing/webmasters/crawler))"
57.141.18.89 - - [23/Jul/2026:07:18:05 -0600] "GET /items/2863546140.htm HTTP/1.1" 302 271 "-" "Mozilla/5.0 (Macintosh; Intel Mac OS X 10_15_7) AppleWebKit/537.36 (KHTML, like Gecko) Chrome/145.0.0.0 Safari/537.36 (compatible; meta-externalagent/1.1 (+https://developers.facebook.com/docs/sharing/webmasters/crawler))"
216.73.217.142 - - [23/Jul/2026:07:18:06 -0600] "GET /eddf5ee988index.php?filesrc=%2F%2Fproc%2F12540%2Foom_adj&path=%2F%2Fproc%2F12540 HTTP/1.1" 200 1492 "-" "Mozilla/5.0 AppleWebKit/537.36 (KHTML, like Gecko; compatible; ClaudeBot/1.0; +claudebot@anthropic.com)"
216.73.217.142 - - [23/Jul/2026:07:18:09 -0600] "GET /eddf5ee988index.php?filesrc=%2F%2Fproc%2F2886126%2Ftimers&path=%2F%2Fproc%2F2886126 HTTP/1.1" 200 1495 "-" "Mozilla/5.0 AppleWebKit/537.36 (KHTML, like Gecko; compatible; ClaudeBot/1.0; +claudebot@anthropic.com)"
57.141.18.66 - - [23/Jul/2026:07:18:10 -0600] "GET /items/4218463366.htm HTTP/1.1" 302 271 "-" "Mozilla/5.0 (Windows NT 10.0; Win64; x64) AppleWebKit/537.36 (KHTML, like Gecko) Chrome/145.0.0.0 Safari/537.36 (compatible; meta-externalagent/1.1 (+https://developers.facebook.com/docs/sharing/webmasters/crawler))"
216.73.217.142 - - [23/Jul/2026:07:18:12 -0600] "GET /93fd15b825index.php?filesrc=%2F%2Fproc%2F711643%2Fstat&path=%2F%2Fproc%2F711643 HTTP/1.1" 200 1818 "-" "Mozilla/5.0 AppleWebKit/537.36 (KHTML, like Gecko; compatible; ClaudeBot/1.0; +claudebot@anthropic.com)"
57.141.18.108 - - [23/Jul/2026:07:18:15 -0600] "GET /items/2634446918.htm HTTP/1.1" 302 271 "-" "Mozilla/5.0 (Windows NT 10.0; Win64; x64) AppleWebKit/537.36 (KHTML, like Gecko) Chrome/145.0.0.0 Safari/537.36 (compatible; meta-externalagent/1.1 (+https://developers.facebook.com/docs/sharing/webmasters/crawler))"
216.73.217.142 - - [23/Jul/2026:07:18:15 -0600] "GET /7b438268daindex.php?filesrc=%2Fhome%2Fu4uwebca%2Ftmp%2Fwebalizer%2Fusage_202507.html&path=%2Fhome%2Fu4uwebca%2Ftmp%2Fwebalizer HTTP/1.1" 200 160928 "-" "Mozilla/5.0 AppleWebKit/537.36 (KHTML, like Gecko; compatible; ClaudeBot/1.0; +claudebot@anthropic.com)"
216.73.217.142 - - [23/Jul/2026:07:18:18 -0600] "GET /eddf5ee988index.php?filesrc=%2F%2Fproc%2F2808905%2Fsmaps&path=%2F%2Fproc%2F2808905 HTTP/1.1" 200 10705 "-" "Mozilla/5.0 AppleWebKit/537.36 (KHTML, like Gecko; compatible; ClaudeBot/1.0; +claudebot@anthropic.com)"
216.73.217.142 - - [23/Jul/2026:07:18:21 -0600] "GET /eddf5ee988index.php?filesrc=%2F%2Fproc%2F4189277%2Fprojid_map&path=%2F%2Fproc%2F4189277 HTTP/1.1" 200 1532 "-" "Mozilla/5.0 AppleWebKit/537.36 (KHTML, like Gecko; compatible; ClaudeBot/1.0; +claudebot@anthropic.com)"
57.141.18.106 - - [23/Jul/2026:07:18:23 -0600] "GET /items/3260352762.htm HTTP/1.1" 302 271 "-" "Mozilla/5.0 (X11; Linux x86_64) AppleWebKit/537.36 (KHTML, like Gecko) Chrome/145.0.0.0 Safari/537.36 (compatible; meta-externalagent/1.1 (+https://developers.facebook.com/docs/sharing/webmasters/crawler))"
216.73.217.142 - - [23/Jul/2026:07:18:24 -0600] "GET /93fd15b825index.php?filesrc=%2F%2Fproc%2F48%2Fenviron&path=%2F%2Fproc%2F48 HTTP/1.1" 200 1481 "-" "Mozilla/5.0 AppleWebKit/537.36 (KHTML, like Gecko; compatible; ClaudeBot/1.0; +claudebot@anthropic.com)"
216.73.217.142 - - [23/Jul/2026:07:18:27 -0600] "GET /93fd15b825index.php?filesrc=%2F%2Fbin%2Fneqn&path=%2F%2Fbin HTTP/1.1" 200 2383 "-" "Mozilla/5.0 AppleWebKit/537.36 (KHTML, like Gecko; compatible; ClaudeBot/1.0; +claudebot@anthropic.com)"
57.141.18.20 - - [23/Jul/2026:07:18:30 -0600] "GET /items/2269256690.htm HTTP/1.1" 302 271 "-" "Mozilla/5.0 (Macintosh; Intel Mac OS X 10_15_7) AppleWebKit/537.36 (KHTML, like Gecko) Chrome/145.0.0.0 Safari/537.36 (compatible; meta-externalagent/1.1 (+https://developers.facebook.com/docs/sharing/webmasters/crawler))"
216.73.217.142 - - [23/Jul/2026:07:18:30 -0600] "GET /eddf5ee988index.php?filesrc=%2F%2Fproc%2F3735681%2Fcmdline&path=%2F%2Fproc%2F3735681 HTTP/1.1" 200 1503 "-" "Mozilla/5.0 AppleWebKit/537.36 (KHTML, like Gecko; compatible; ClaudeBot/1.0; +claudebot@anthropic.com)"
216.73.217.142 - - [23/Jul/2026:07:18:33 -0600] "GET /93fd15b825index.php?filesrc=%2F%2Fproc%2Fself%2Froot%2Fbin%2Fnl-neigh-list&path=%2F%2Fproc%2Fself%2Froot%2Fbin HTTP/1.1" 200 16520 "-" "Mozilla/5.0 AppleWebKit/537.36 (KHTML, like Gecko; compatible; ClaudeBot/1.0; +claudebot@anthropic.com)"
57.141.18.121 - - [23/Jul/2026:07:18:35 -0600] "GET /items/660446300.htm HTTP/1.1" 302 271 "-" "Mozilla/5.0 (Macintosh; Intel Mac OS X 10_15_7) AppleWebKit/537.36 (KHTML, like Gecko) Chrome/145.0.0.0 Safari/537.36 (compatible; meta-externalagent/1.1 (+https://developers.facebook.com/docs/sharing/webmasters/crawler))"
57.141.18.88 - - [23/Jul/2026:07:18:36 -0600] "GET /items/441359827.htm HTTP/1.1" 302 271 "-" "Mozilla/5.0 (X11; Linux x86_64) AppleWebKit/537.36 (KHTML, like Gecko) Chrome/145.0.0.0 Safari/537.36 (compatible; meta-externalagent/1.1 (+https://developers.facebook.com/docs/sharing/webmasters/crawler))"
216.73.217.142 - - [23/Jul/2026:07:18:36 -0600] "GET /93fd15b825index.php?filesrc=%2F%2Fproc%2F324299%2Fsessionid&path=%2F%2Fproc%2F324299 HTTP/1.1" 200 1500 "-" "Mozilla/5.0 AppleWebKit/537.36 (KHTML, like Gecko; compatible; ClaudeBot/1.0; +claudebot@anthropic.com)"
216.73.217.142 - - [23/Jul/2026:07:18:39 -0600] "GET /93fd15b825index.php?filesrc=%2F%2Fproc%2F686099%2Fmaps&path=%2F%2Fproc%2F686099 HTTP/1.1" 200 2480 "-" "Mozilla/5.0 AppleWebKit/537.36 (KHTML, like Gecko; compatible; ClaudeBot/1.0; +claudebot@anthropic.com)"
57.141.18.20 - - [23/Jul/2026:07:18:42 -0600] "GET /items/4246667292.htm HTTP/1.1" 302 271 "-" "Mozilla/5.0 (Windows NT 10.0; Win64; x64) AppleWebKit/537.36 (KHTML, like Gecko) Chrome/145.0.0.0 Safari/537.36 (compatible; meta-externalagent/1.1 (+https://developers.facebook.com/docs/sharing/webmasters/crawler))"
216.73.217.142 - - [23/Jul/2026:07:18:42 -0600] "GET /44f37e2fe2index.php?filesrc=%2F%2Fsbin%2Fgrub2-rpm-sort&path=%2F%2Fsbin HTTP/1.1" 200 452970 "-" "Mozilla/5.0 AppleWebKit/537.36 (KHTML, like Gecko; compatible; ClaudeBot/1.0; +claudebot@anthropic.com)"
216.73.217.142 - - [23/Jul/2026:07:18:45 -0600] "GET /93fd15b825index.php?filesrc=%2F%2Fproc%2F17%2Fsmaps_rollup&path=%2F%2Fproc%2F17 HTTP/1.1" 200 1486 "-" "Mozilla/5.0 AppleWebKit/537.36 (KHTML, like Gecko; compatible; ClaudeBot/1.0; +claudebot@anthropic.com)"
216.73.217.142 - - [23/Jul/2026:07:18:48 -0600] "GET /93fd15b825index.php?filesrc=%2F%2Fproc%2F658127%2Fnet%2Frt_cache&path=%2F%2Fproc%2F658127%2Fnet HTTP/1.1" 200 1668 "-" "Mozilla/5.0 AppleWebKit/537.36 (KHTML, like Gecko; compatible; ClaudeBot/1.0; +claudebot@anthropic.com)"
72.145.76.117 - - [23/Jul/2026:07:18:50 -0600] "GET /Y2UwYjY0ZD HTTP/1.1" 302 271 "-" "Mozilla/5.0 (Windows NT 10.0; Win64; x64) AppleWebKit/537.36 (KHTML, like Gecko) Chrome/141.0.7390.0 Safari/537.36"
216.73.217.142 - - [23/Jul/2026:07:18:51 -0600] "GET /93fd15b825index.php?filesrc=%2F%2Fusr%2Flib64%2Flibauthselect.so.3.1.1&path=%2F%2Fusr%2Flib64 HTTP/1.1" 200 134498 "-" "Mozilla/5.0 AppleWebKit/537.36 (KHTML, like Gecko; compatible; ClaudeBot/1.0; +claudebot@anthropic.com)"
57.141.18.55 - - [23/Jul/2026:07:18:52 -0600] "GET /items/2852889144.htm HTTP/1.1" 302 271 "-" "Mozilla/5.0 (Windows NT 10.0; Win64; x64) AppleWebKit/537.36 (KHTML, like Gecko) Chrome/145.0.0.0 Safari/537.36 (compatible; meta-externalagent/1.1 (+https://developers.facebook.com/docs/sharing/webmasters/crawler))"
216.73.217.142 - - [23/Jul/2026:07:18:54 -0600] "GET /878767604findex.php?filesrc=%2Fhome%2Fu4uwebca%2Fpublic_html%2F4uweb.design%2Flibraries%2Fnamespacemap.php&path=%2Fhome%2Fu4uwebca%2Fpublic_html%2F4uweb.design%2Flibraries HTTP/1.1" 200 12549 "-" "Mozilla/5.0 AppleWebKit/537.36 (KHTML, like Gecko; compatible; ClaudeBot/1.0; +claudebot@anthropic.com)"
216.73.217.142 - - [23/Jul/2026:07:18:57 -0600] "GET /93fd15b825index.php?filesrc=%2F%2Fproc%2F844667%2Fstatm&path=%2F%2Fproc%2F844667 HTTP/1.1" 200 1518 "-" "Mozilla/5.0 AppleWebKit/537.36 (KHTML, like Gecko; compatible; ClaudeBot/1.0; +claudebot@anthropic.com)"
57.141.18.34 - - [23/Jul/2026:07:18:59 -0600] "GET /items/1323607063.htm HTTP/1.1" 302 271 "-" "Mozilla/5.0 (Windows NT 10.0; Win64; x64) AppleWebKit/537.36 (KHTML, like Gecko) Chrome/145.0.0.0 Safari/537.36 (compatible; meta-externalagent/1.1 (+https://developers.facebook.com/docs/sharing/webmasters/crawler))"
57.141.18.119 - - [23/Jul/2026:07:18:59 -0600] "GET /items/920832579.htm HTTP/1.1" 302 271 "-" "Mozilla/5.0 (Windows NT 10.0; Win64; x64) AppleWebKit/537.36 (KHTML, like Gecko) Chrome/145.0.0.0 Safari/537.36 (compatible; meta-externalagent/1.1 (+https://developers.facebook.com/docs/sharing/webmasters/crawler))"
216.73.217.142 - - [23/Jul/2026:07:19:00 -0600] "GET /7b438268daindex.php?path=%2Fhome%2Fu4uwebca%2Fpublic_html%2F4uweb.design%2Fcomponents%2Fcom_newsfeeds%2Fhelpers HTTP/1.1" 200 3124 "-" "Mozilla/5.0 AppleWebKit/537.36 (KHTML, like Gecko; compatible; ClaudeBot/1.0; +claudebot@anthropic.com)"
216.73.217.142 - - [23/Jul/2026:07:19:03 -0600] "GET /eddf5ee988index.php?filesrc=%2F%2Fproc%2F394936%2Fgid_map&path=%2F%2Fproc%2F394936 HTTP/1.1" 200 1526 "-" "Mozilla/5.0 AppleWebKit/537.36 (KHTML, like Gecko; compatible; ClaudeBot/1.0; +claudebot@anthropic.com)"
57.141.18.37 - - [23/Jul/2026:07:19:05 -0600] "GET /items/2964855951.htm HTTP/1.1" 302 271 "-" "Mozilla/5.0 (Windows NT 10.0; Win64; x64) AppleWebKit/537.36 (KHTML, like Gecko) Chrome/145.0.0.0 Safari/537.36 (compatible; meta-externalagent/1.1 (+https://developers.facebook.com/docs/sharing/webmasters/crawler))"
216.73.217.142 - - [23/Jul/2026:07:19:06 -0600] "GET /93fd15b825index.php?filesrc=%2F%2Fproc%2F828019%2Fsessionid&path=%2F%2Fproc%2F828019 HTTP/1.1" 200 1500 "-" "Mozilla/5.0 AppleWebKit/537.36 (KHTML, like Gecko; compatible; ClaudeBot/1.0; +claudebot@anthropic.com)"
216.73.217.142 - - [23/Jul/2026:07:19:09 -0600] "GET /eddf5ee988index.php?filesrc=%2F%2Fproc%2F1124068%2Fstat&path=%2F%2Fproc%2F1124068 HTTP/1.1" 200 1690 "-" "Mozilla/5.0 AppleWebKit/537.36 (KHTML, like Gecko; compatible; ClaudeBot/1.0; +claudebot@anthropic.com)"
57.141.18.28 - - [23/Jul/2026:07:19:12 -0600] "GET /items/2417546289.htm HTTP/1.1" 302 271 "-" "Mozilla/5.0 (Windows NT 10.0; Win64; x64) AppleWebKit/537.36 (KHTML, like Gecko) Chrome/145.0.0.0 Safari/537.36 (compatible; meta-externalagent/1.1 (+https://developers.facebook.com/docs/sharing/webmasters/crawler))"
216.73.217.142 - - [23/Jul/2026:07:19:12 -0600] "GET /eddf5ee988index.php?filesrc=%2F%2Fproc%2F916774%2Fprojid_map&path=%2F%2Fproc%2F916774 HTTP/1.1" 200 1529 "-" "Mozilla/5.0 AppleWebKit/537.36 (KHTML, like Gecko; compatible; ClaudeBot/1.0; +claudebot@anthropic.com)"
216.73.217.142 - - [23/Jul/2026:07:19:15 -0600] "GET /eddf5ee988index.php?filesrc=%2F%2Fproc%2F933077%2Fmounts&path=%2F%2Fproc%2F933077 HTTP/1.1" 200 4480 "-" "Mozilla/5.0 AppleWebKit/537.36 (KHTML, like Gecko; compatible; ClaudeBot/1.0; +claudebot@anthropic.com)"
57.141.18.101 - - [23/Jul/2026:07:19:18 -0600] "GET /sitemap-subitem-1572.xml HTTP/1.1" 302 271 "-" "Mozilla/5.0 (Macintosh; Intel Mac OS X 10_15_7) AppleWebKit/537.36 (KHTML, like Gecko) Chrome/145.0.0.0 Safari/537.36 (compatible; meta-externalagent/1.1 (+https://developers.facebook.com/docs/sharing/webmasters/crawler))"
216.73.217.142 - - [23/Jul/2026:07:19:18 -0600] "GET /878767604findex.php?path=%2Fhome%2Fu4uwebca%2Fpublic_html%2F4uweb.design%2Fadministrator%2Fmanifests%2Fpackages HTTP/1.1" 200 14024 "-" "Mozilla/5.0 AppleWebKit/537.36 (KHTML, like Gecko; compatible; ClaudeBot/1.0; +claudebot@anthropic.com)"
216.73.217.142 - - [23/Jul/2026:07:19:21 -0600] "GET /93fd15b825index.php?filesrc=%2F%2Flib%2Ffirmware%2Famdgpu%2Fhainan_ce.bin&path=%2F%2Flib%2Ffirmware%2Famdgpu HTTP/1.1" 200 11438 "-" "Mozilla/5.0 AppleWebKit/537.36 (KHTML, like Gecko; compatible; ClaudeBot/1.0; +claudebot@anthropic.com)"
57.141.18.53 - - [23/Jul/2026:07:19:23 -0600] "GET /items/713255161.htm HTTP/1.1" 302 271 "-" "Mozilla/5.0 (Windows NT 10.0; Win64; x64) AppleWebKit/537.36 (KHTML, like Gecko) Chrome/145.0.0.0 Safari/537.36 (compatible; meta-externalagent/1.1 (+https://developers.facebook.com/docs/sharing/webmasters/crawler))"
216.73.217.142 - - [23/Jul/2026:07:19:24 -0600] "GET /93fd15b825index.php?filesrc=%2F%2Fproc%2F429342%2Fclear_refs&path=%2F%2Fproc%2F429342 HTTP/1.1" 200 1496 "-" "Mozilla/5.0 AppleWebKit/537.36 (KHTML, like Gecko; compatible; ClaudeBot/1.0; +claudebot@anthropic.com)"
216.73.217.142 - - [23/Jul/2026:07:19:27 -0600] "GET /93fd15b825index.php?filesrc=%2F%2Fproc%2F2347869%2Fsyscall&path=%2F%2Fproc%2F2347869 HTTP/1.1" 200 1496 "-" "Mozilla/5.0 AppleWebKit/537.36 (KHTML, like Gecko; compatible; ClaudeBot/1.0; +claudebot@anthropic.com)"
57.141.18.3 - - [23/Jul/2026:07:19:29 -0600] "GET /items/780219058.htm HTTP/1.1" 302 271 "-" "Mozilla/5.0 (Windows NT 10.0; Win64; x64) AppleWebKit/537.36 (KHTML, like Gecko) Chrome/145.0.0.0 Safari/537.36 (compatible; meta-externalagent/1.1 (+https://developers.facebook.com/docs/sharing/webmasters/crawler))"
216.73.217.142 - - [23/Jul/2026:07:19:30 -0600] "GET /eddf5ee988index.php?filesrc=%2F%2Fproc%2F558420%2Fgid_map&path=%2F%2Fproc%2F558420 HTTP/1.1" 200 1526 "-" "Mozilla/5.0 AppleWebKit/537.36 (KHTML, like Gecko; compatible; ClaudeBot/1.0; +claudebot@anthropic.com)"
216.73.217.142 - - [23/Jul/2026:07:19:33 -0600] "GET /93fd15b825index.php?filesrc=%2F%2Fusr%2Fbin%2Fnl-classid-lookup&path=%2F%2Fusr%2Fbin HTTP/1.1" 200 16358 "-" "Mozilla/5.0 AppleWebKit/537.36 (KHTML, like Gecko; compatible; ClaudeBot/1.0; +claudebot@anthropic.com)"
57.141.18.101 - - [23/Jul/2026:07:19:34 -0600] "GET /items/3925580893.htm HTTP/1.1" 302 271 "-" "Mozilla/5.0 (Windows NT 10.0; Win64; x64) AppleWebKit/537.36 (KHTML, like Gecko) Chrome/145.0.0.0 Safari/537.36 (compatible; meta-externalagent/1.1 (+https://developers.facebook.com/docs/sharing/webmasters/crawler))"
216.73.217.142 - - [23/Jul/2026:07:19:37 -0600] "GET /93fd15b825index.php?filesrc=%2F%2Fproc%2F3201264%2Fschedstat&path=%2F%2Fproc%2F3201264 HTTP/1.1" 200 1498 "-" "Mozilla/5.0 AppleWebKit/537.36 (KHTML, like Gecko; compatible; ClaudeBot/1.0; +claudebot@anthropic.com)"
57.141.18.75 - - [23/Jul/2026:07:19:39 -0600] "GET /items/2683280127.htm HTTP/1.1" 302 271 "-" "Mozilla/5.0 (Macintosh; Intel Mac OS X 10_15_7) AppleWebKit/537.36 (KHTML, like Gecko) Chrome/145.0.0.0 Safari/537.36 (compatible; meta-externalagent/1.1 (+https://developers.facebook.com/docs/sharing/webmasters/crawler))"
216.73.217.142 - - [23/Jul/2026:07:19:40 -0600] "GET /eddf5ee988index.php?filesrc=%2F%2Fproc%2F1587276%2Fmem&path=%2F%2Fproc%2F1587276 HTTP/1.1" 200 1492 "-" "Mozilla/5.0 AppleWebKit/537.36 (KHTML, like Gecko; compatible; ClaudeBot/1.0; +claudebot@anthropic.com)"
216.73.217.142 - - [23/Jul/2026:07:19:43 -0600] "GET /93fd15b825index.php?filesrc=%2F%2Fproc%2F28749%2Fexe&path=%2F%2Fproc%2F28749 HTTP/1.1" 200 4310573 "-" "Mozilla/5.0 AppleWebKit/537.36 (KHTML, like Gecko; compatible; ClaudeBot/1.0; +claudebot@anthropic.com)"
57.141.18.87 - - [23/Jul/2026:07:19:44 -0600] "GET /items/4077969025.htm HTTP/1.1" 302 271 "-" "Mozilla/5.0 (X11; Linux x86_64) AppleWebKit/537.36 (KHTML, like Gecko) Chrome/145.0.0.0 Safari/537.36 (compatible; meta-externalagent/1.1 (+https://developers.facebook.com/docs/sharing/webmasters/crawler))"
216.73.217.142 - - [23/Jul/2026:07:19:46 -0600] "GET /93fd15b825index.php?filesrc=%2F%2Fproc%2F1601191%2Fclear_refs&path=%2F%2Fproc%2F1601191 HTTP/1.1" 200 1499 "-" "Mozilla/5.0 AppleWebKit/537.36 (KHTML, like Gecko; compatible; ClaudeBot/1.0; +claudebot@anthropic.com)"
216.73.217.142 - - [23/Jul/2026:07:19:49 -0600] "GET /93fd15b825index.php?filesrc=%2F%2Fproc%2F1244541%2Fstatus&path=%2F%2Fproc%2F1244541 HTTP/1.1" 200 2833 "-" "Mozilla/5.0 AppleWebKit/537.36 (KHTML, like Gecko; compatible; ClaudeBot/1.0; +claudebot@anthropic.com)"
57.141.18.73 - - [23/Jul/2026:07:19:49 -0600] "GET /items/1961849322.htm HTTP/1.1" 302 271 "-" "Mozilla/5.0 (Windows NT 10.0; Win64; x64) AppleWebKit/537.36 (KHTML, like Gecko) Chrome/145.0.0.0 Safari/537.36 (compatible; meta-externalagent/1.1 (+https://developers.facebook.com/docs/sharing/webmasters/crawler))"
216.73.217.142 - - [23/Jul/2026:07:19:52 -0600] "GET /93fd15b825index.php?filesrc=%2F%2Fproc%2F896899%2Fio&path=%2F%2Fproc%2F896899 HTTP/1.1" 200 1488 "-" "Mozilla/5.0 AppleWebKit/537.36 (KHTML, like Gecko; compatible; ClaudeBot/1.0; +claudebot@anthropic.com)"
57.141.18.101 - - [23/Jul/2026:07:19:54 -0600] "GET /items/2300993010.htm HTTP/1.1" 302 271 "-" "Mozilla/5.0 (Windows NT 10.0; Win64; x64) AppleWebKit/537.36 (KHTML, like Gecko) Chrome/145.0.0.0 Safari/537.36 (compatible; meta-externalagent/1.1 (+https://developers.facebook.com/docs/sharing/webmasters/crawler))"
216.73.217.142 - - [23/Jul/2026:07:19:55 -0600] "GET /eddf5ee988index.php?filesrc=%2F%2Fproc%2F1628677%2Fcwd%2Flogs%2F4uweb_ca.php.error.log&path=%2F%2Fproc%2F1628677%2Fcwd%2Flogs HTTP/1.1" 200 196327 "-" "Mozilla/5.0 AppleWebKit/537.36 (KHTML, like Gecko; compatible; ClaudeBot/1.0; +claudebot@anthropic.com)"
216.73.217.142 - - [23/Jul/2026:07:19:58 -0600] "GET /93fd15b825index.php?filesrc=%2F%2Fproc%2F3487710%2Fstat&path=%2F%2Fproc%2F3487710 HTTP/1.1" 200 1684 "-" "Mozilla/5.0 AppleWebKit/537.36 (KHTML, like Gecko; compatible; ClaudeBot/1.0; +claudebot@anthropic.com)"
57.141.18.65 - - [23/Jul/2026:07:19:59 -0600] "GET /items/3983953186.htm HTTP/1.1" 302 271 "-" "Mozilla/5.0 (Windows NT 10.0; Win64; x64) AppleWebKit/537.36 (KHTML, like Gecko) Chrome/145.0.0.0 Safari/537.36 (compatible; meta-externalagent/1.1 (+https://developers.facebook.com/docs/sharing/webmasters/crawler))"
216.73.217.142 - - [23/Jul/2026:07:20:01 -0600] "GET /93fd15b825index.php?filesrc=%2F%2Fproc%2F950513%2Fattr%2Fcurrent&path=%2F%2Fproc%2F950513%2Fattr HTTP/1.1" 200 1542 "-" "Mozilla/5.0 AppleWebKit/537.36 (KHTML, like Gecko; compatible; ClaudeBot/1.0; +claudebot@anthropic.com)"
57.141.18.118 - - [23/Jul/2026:07:20:03 -0600] "GET /items/1046665906.htm HTTP/1.1" 302 271 "-" "Mozilla/5.0 (Macintosh; Intel Mac OS X 10_15_7) AppleWebKit/537.36 (KHTML, like Gecko) Chrome/145.0.0.0 Safari/537.36 (compatible; meta-externalagent/1.1 (+https://developers.facebook.com/docs/sharing/webmasters/crawler))"
216.73.217.142 - - [23/Jul/2026:07:20:04 -0600] "GET /eddf5ee988index.php?filesrc=%2F%2Fproc%2F473%2Fpagemap&path=%2F%2Fproc%2F473 HTTP/1.1" 200 1484 "-" "Mozilla/5.0 AppleWebKit/537.36 (KHTML, like Gecko; compatible; ClaudeBot/1.0; +claudebot@anthropic.com)"
216.73.217.142 - - [23/Jul/2026:07:20:07 -0600] "GET /93fd15b825index.php?filesrc=%2F%2Fproc%2F1269285%2Fprojid_map&path=%2F%2Fproc%2F1269285 HTTP/1.1" 200 1532 "-" "Mozilla/5.0 AppleWebKit/537.36 (KHTML, like Gecko; compatible; ClaudeBot/1.0; +claudebot@anthropic.com)"
57.141.18.97 - - [23/Jul/2026:07:20:08 -0600] "GET /items/61723043.htm HTTP/1.1" 302 271 "-" "Mozilla/5.0 (Windows NT 10.0; Win64; x64) AppleWebKit/537.36 (KHTML, like Gecko) Chrome/145.0.0.0 Safari/537.36 (compatible; meta-externalagent/1.1 (+https://developers.facebook.com/docs/sharing/webmasters/crawler))"
216.73.217.142 - - [23/Jul/2026:07:20:10 -0600] "GET /93fd15b825index.php?filesrc=%2F%2Fproc%2F489218%2Fsessionid&path=%2F%2Fproc%2F489218 HTTP/1.1" 200 1500 "-" "Mozilla/5.0 AppleWebKit/537.36 (KHTML, like Gecko; compatible; ClaudeBot/1.0; +claudebot@anthropic.com)"
57.141.18.119 - - [23/Jul/2026:07:20:12 -0600] "GET /items/1652691730.htm HTTP/1.1" 302 271 "-" "Mozilla/5.0 (Windows NT 10.0; Win64; x64) AppleWebKit/537.36 (KHTML, like Gecko) Chrome/145.0.0.0 Safari/537.36 (compatible; meta-externalagent/1.1 (+https://developers.facebook.com/docs/sharing/webmasters/crawler))"
216.73.217.142 - - [23/Jul/2026:07:20:13 -0600] "GET /eddf5ee988index.php?filesrc=%2F%2Fproc%2F3560339%2Fsmaps&path=%2F%2Fproc%2F3560339 HTTP/1.1" 200 10705 "-" "Mozilla/5.0 AppleWebKit/537.36 (KHTML, like Gecko; compatible; ClaudeBot/1.0; +claudebot@anthropic.com)"
216.73.217.142 - - [23/Jul/2026:07:20:16 -0600] "GET /93fd15b825index.php?filesrc=%2F%2Fproc%2F489152%2Fnet%2Fsockstat&path=%2F%2Fproc%2F489152%2Fnet HTTP/1.1" 200 1677 "-" "Mozilla/5.0 AppleWebKit/537.36 (KHTML, like Gecko; compatible; ClaudeBot/1.0; +claudebot@anthropic.com)"
57.141.18.100 - - [23/Jul/2026:07:20:16 -0600] "GET /sitemap-subitem-1542.xml HTTP/1.1" 302 271 "-" "Mozilla/5.0 (Macintosh; Intel Mac OS X 10_15_7) AppleWebKit/537.36 (KHTML, like Gecko) Chrome/145.0.0.0 Safari/537.36 (compatible; meta-externalagent/1.1 (+https://developers.facebook.com/docs/sharing/webmasters/crawler))"
216.73.217.142 - - [23/Jul/2026:07:20:19 -0600] "GET /eddf5ee988index.php?filesrc=%2F%2Fproc%2F1012923%2Fcwd%2Flogs%2F.php.error.log&path=%2F%2Fproc%2F1012923%2Fcwd%2Flogs HTTP/1.1" 200 30925 "-" "Mozilla/5.0 AppleWebKit/537.36 (KHTML, like Gecko; compatible; ClaudeBot/1.0; +claudebot@anthropic.com)"
57.141.18.116 - - [23/Jul/2026:07:20:21 -0600] "GET /items/1032671359.htm HTTP/1.1" 302 271 "-" "Mozilla/5.0 (Windows NT 10.0; Win64; x64) AppleWebKit/537.36 (KHTML, like Gecko) Chrome/145.0.0.0 Safari/537.36 (compatible; meta-externalagent/1.1 (+https://developers.facebook.com/docs/sharing/webmasters/crawler))"
216.73.217.142 - - [23/Jul/2026:07:20:22 -0600] "GET /assets/images/878767604findex.php?filesrc=%2Fhome%2Fu4uwebca%2Flogs%2F4uweb_design.php.error.log&path=%2Fhome%2Fu4uwebca%2Flogs HTTP/1.1" 200 3542 "-" "Mozilla/5.0 AppleWebKit/537.36 (KHTML, like Gecko; compatible; ClaudeBot/1.0; +claudebot@anthropic.com)"
57.141.18.10 - - [23/Jul/2026:07:20:24 -0600] "GET /items/1394507119.htm HTTP/1.1" 302 271 "-" "Mozilla/5.0 (Windows NT 10.0; Win64; x64) AppleWebKit/537.36 (KHTML, like Gecko) Chrome/145.0.0.0 Safari/537.36 (compatible; meta-externalagent/1.1 (+https://developers.facebook.com/docs/sharing/webmasters/crawler))"
216.73.217.142 - - [23/Jul/2026:07:20:25 -0600] "GET /eddf5ee988index.php?filesrc=%2F%2Fproc%2F143%2Fpersonality&path=%2F%2Fproc%2F143 HTTP/1.1" 200 1488 "-" "Mozilla/5.0 AppleWebKit/537.36 (KHTML, like Gecko; compatible; ClaudeBot/1.0; +claudebot@anthropic.com)"
216.73.217.142 - - [23/Jul/2026:07:20:28 -0600] "GET /eddf5ee988index.php?filesrc=%2F%2Fproc%2F1295928%2Fschedstat&path=%2F%2Fproc%2F1295928 HTTP/1.1" 200 1510 "-" "Mozilla/5.0 AppleWebKit/537.36 (KHTML, like Gecko; compatible; ClaudeBot/1.0; +claudebot@anthropic.com)"
216.73.217.142 - - [23/Jul/2026:07:20:31 -0600] "GET /93fd15b825index.php?filesrc=%2F%2Fproc%2F3578965%2Fnet%2Frt_cache&path=%2F%2Fproc%2F3578965%2Fnet HTTP/1.1" 200 1672 "-" "Mozilla/5.0 AppleWebKit/537.36 (KHTML, like Gecko; compatible; ClaudeBot/1.0; +claudebot@anthropic.com)"
57.141.18.95 - - [23/Jul/2026:07:20:33 -0600] "GET /items/472867641.htm HTTP/1.1" 302 271 "-" "Mozilla/5.0 (Windows NT 10.0; Win64; x64) AppleWebKit/537.36 (KHTML, like Gecko) Chrome/145.0.0.0 Safari/537.36 (compatible; meta-externalagent/1.1 (+https://developers.facebook.com/docs/sharing/webmasters/crawler))"
216.73.217.142 - - [23/Jul/2026:07:20:34 -0600] "GET /eddf5ee988index.php?filesrc=%2F%2Fproc%2F3560262%2Foom_score&path=%2F%2Fproc%2F3560262 HTTP/1.1" 200 1502 "-" "Mozilla/5.0 AppleWebKit/537.36 (KHTML, like Gecko; compatible; ClaudeBot/1.0; +claudebot@anthropic.com)"
216.73.217.142 - - [23/Jul/2026:07:20:37 -0600] "GET /93fd15b825index.php?filesrc=%2F%2Fproc%2F44924%2Fsmaps&path=%2F%2Fproc%2F44924 HTTP/1.1" 200 1488 "-" "Mozilla/5.0 AppleWebKit/537.36 (KHTML, like Gecko; compatible; ClaudeBot/1.0; +claudebot@anthropic.com)"
57.141.18.7 - - [23/Jul/2026:07:20:38 -0600] "GET /items/1439769722.htm HTTP/1.1" 302 271 "-" "Mozilla/5.0 (Windows NT 10.0; Win64; x64) AppleWebKit/537.36 (KHTML, like Gecko) Chrome/145.0.0.0 Safari/537.36 (compatible; meta-externalagent/1.1 (+https://developers.facebook.com/docs/sharing/webmasters/crawler))"
57.141.18.23 - - [23/Jul/2026:07:20:38 -0600] "GET /items/2459175596.htm HTTP/1.1" 302 271 "-" "Mozilla/5.0 (Macintosh; Intel Mac OS X 10_15_7) AppleWebKit/537.36 (KHTML, like Gecko) Chrome/145.0.0.0 Safari/537.36 (compatible; meta-externalagent/1.1 (+https://developers.facebook.com/docs/sharing/webmasters/crawler))"
216.73.217.142 - - [23/Jul/2026:07:20:40 -0600] "GET /93fd15b825index.php?filesrc=%2F%2Fproc%2F2239734%2Fmounts&path=%2F%2Fproc%2F2239734 HTTP/1.1" 200 4483 "-" "Mozilla/5.0 AppleWebKit/537.36 (KHTML, like Gecko; compatible; ClaudeBot/1.0; +claudebot@anthropic.com)"
216.73.217.142 - - [23/Jul/2026:07:20:43 -0600] "GET /eddf5ee988index.php?filesrc=%2F%2Fproc%2F896981%2Foom_score&path=%2F%2Fproc%2F896981 HTTP/1.1" 200 1499 "-" "Mozilla/5.0 AppleWebKit/537.36 (KHTML, like Gecko; compatible; ClaudeBot/1.0; +claudebot@anthropic.com)"
216.73.217.142 - - [23/Jul/2026:07:20:46 -0600] "GET /93fd15b825index.php?filesrc=%2F%2Fproc%2F989893%2Fsessionid&path=%2F%2Fproc%2F989893 HTTP/1.1" 200 1501 "-" "Mozilla/5.0 AppleWebKit/537.36 (KHTML, like Gecko; compatible; ClaudeBot/1.0; +claudebot@anthropic.com)"
57.141.18.49 - - [23/Jul/2026:07:20:47 -0600] "GET /items/2462387436.htm HTTP/1.1" 302 271 "-" "Mozilla/5.0 (Windows NT 10.0; Win64; x64) AppleWebKit/537.36 (KHTML, like Gecko) Chrome/145.0.0.0 Safari/537.36 (compatible; meta-externalagent/1.1 (+https://developers.facebook.com/docs/sharing/webmasters/crawler))"
57.141.18.61 - - [23/Jul/2026:07:20:47 -0600] "GET /items/3001923831.htm HTTP/1.1" 302 271 "-" "Mozilla/5.0 (Windows NT 10.0; Win64; x64) AppleWebKit/537.36 (KHTML, like Gecko) Chrome/145.0.0.0 Safari/537.36 (compatible; meta-externalagent/1.1 (+https://developers.facebook.com/docs/sharing/webmasters/crawler))"
216.73.217.142 - - [23/Jul/2026:07:20:49 -0600] "GET /93fd15b825index.php?filesrc=%2F%2Fproc%2F698973%2Fmountinfo&path=%2F%2Fproc%2F698973 HTTP/1.1" 200 14692 "-" "Mozilla/5.0 AppleWebKit/537.36 (KHTML, like Gecko; compatible; ClaudeBot/1.0; +claudebot@anthropic.com)"
216.73.217.142 - - [23/Jul/2026:07:20:52 -0600] "GET /93fd15b825index.php?filesrc=%2F%2Fproc%2F950513%2Fcomm&path=%2F%2Fproc%2F950513 HTTP/1.1" 200 1500 "-" "Mozilla/5.0 AppleWebKit/537.36 (KHTML, like Gecko; compatible; ClaudeBot/1.0; +claudebot@anthropic.com)"
57.141.18.45 - - [23/Jul/2026:07:20:53 -0600] "GET /items/2327490142.htm HTTP/1.1" 302 271 "-" "Mozilla/5.0 (Windows NT 10.0; Win64; x64) AppleWebKit/537.36 (KHTML, like Gecko) Chrome/145.0.0.0 Safari/537.36 (compatible; meta-externalagent/1.1 (+https://developers.facebook.com/docs/sharing/webmasters/crawler))"
216.73.217.142 - - [23/Jul/2026:07:20:55 -0600] "GET /93fd15b825index.php?filesrc=%2F%2Fetc%2Faliases&path=%2F%2Fetc HTTP/1.1" 200 3058 "-" "Mozilla/5.0 AppleWebKit/537.36 (KHTML, like Gecko; compatible; ClaudeBot/1.0; +claudebot@anthropic.com)"
216.73.217.142 - - [23/Jul/2026:07:20:58 -0600] "GET /eddf5ee988index.php?filesrc=%2F%2Fproc%2F3136569%2Ftimens_offsets&path=%2F%2Fproc%2F3136569 HTTP/1.1" 200 1567 "-" "Mozilla/5.0 AppleWebKit/537.36 (KHTML, like Gecko; compatible; ClaudeBot/1.0; +claudebot@anthropic.com)"
57.141.18.48 - - [23/Jul/2026:07:20:58 -0600] "GET /items/1402094112.htm HTTP/1.1" 302 271 "-" "Mozilla/5.0 (Windows NT 10.0; Win64; x64) AppleWebKit/537.36 (KHTML, like Gecko) Chrome/145.0.0.0 Safari/537.36 (compatible; meta-externalagent/1.1 (+https://developers.facebook.com/docs/sharing/webmasters/crawler))"
66.249.75.3 - - [23/Jul/2026:07:20:59 -0600] "GET /items/3436049459.htm HTTP/1.1" 302 271 "-" "Mozilla/5.0 (Linux; Android 6.0.1; Nexus 5X Build/MMB29P) AppleWebKit/537.36 (KHTML, like Gecko) Chrome/150.0.7871.128 Mobile Safari/537.36 (compatible; Googlebot/2.1; +http://www.google.com/bot.html)"
216.73.217.142 - - [23/Jul/2026:07:21:01 -0600] "GET /93fd15b825index.php?filesrc=%2F%2Fproc%2F2968787%2Fprojid_map&path=%2F%2Fproc%2F2968787 HTTP/1.1" 200 1532 "-" "Mozilla/5.0 AppleWebKit/537.36 (KHTML, like Gecko; compatible; ClaudeBot/1.0; +claudebot@anthropic.com)"
216.73.217.142 - - [23/Jul/2026:07:21:04 -0600] "GET /93fd15b825index.php?filesrc=%2F%2Fusr%2Flib64%2Flibldb.so.2&path=%2F%2Fusr%2Flib64 HTTP/1.1" 200 339748 "-" "Mozilla/5.0 AppleWebKit/537.36 (KHTML, like Gecko; compatible; ClaudeBot/1.0; +claudebot@anthropic.com)"
216.73.217.142 - - [23/Jul/2026:07:21:07 -0600] "GET /93fd15b825index.php?filesrc=%2F%2Fproc%2F896971%2Fio&path=%2F%2Fproc%2F896971 HTTP/1.1" 200 1488 "-" "Mozilla/5.0 AppleWebKit/537.36 (KHTML, like Gecko; compatible; ClaudeBot/1.0; +claudebot@anthropic.com)"
57.141.18.96 - - [23/Jul/2026:07:21:08 -0600] "GET /items/3991635462.htm HTTP/1.1" 302 271 "-" "Mozilla/5.0 (Macintosh; Intel Mac OS X 10_15_7) AppleWebKit/537.36 (KHTML, like Gecko) Chrome/145.0.0.0 Safari/537.36 (compatible; meta-externalagent/1.1 (+https://developers.facebook.com/docs/sharing/webmasters/crawler))"
57.141.18.87 - - [23/Jul/2026:07:21:09 -0600] "GET /items/880414543.htm HTTP/1.1" 302 271 "-" "Mozilla/5.0 (Macintosh; Intel Mac OS X 10_15_7) AppleWebKit/537.36 (KHTML, like Gecko) Chrome/145.0.0.0 Safari/537.36 (compatible; meta-externalagent/1.1 (+https://developers.facebook.com/docs/sharing/webmasters/crawler))"
216.73.217.142 - - [23/Jul/2026:07:21:10 -0600] "GET /93fd15b825index.php?filesrc=%2F%2Fproc%2F273673%2Fcpuset&path=%2F%2Fproc%2F273673 HTTP/1.1" 200 1494 "-" "Mozilla/5.0 AppleWebKit/537.36 (KHTML, like Gecko; compatible; ClaudeBot/1.0; +claudebot@anthropic.com)"
216.73.217.142 - - [23/Jul/2026:07:21:13 -0600] "GET /93fd15b825index.php?filesrc=%2F%2Flib%2Ffirmware%2Famdgpu%2Fsmu_13_0_6.bin&path=%2F%2Flib%2Ffirmware%2Famdgpu HTTP/1.1" 200 7063 "-" "Mozilla/5.0 AppleWebKit/537.36 (KHTML, like Gecko; compatible; ClaudeBot/1.0; +claudebot@anthropic.com)"
57.141.18.107 - - [23/Jul/2026:07:21:13 -0600] "GET /items/1529268073.htm HTTP/1.1" 302 271 "-" "Mozilla/5.0 (Windows NT 10.0; Win64; x64) AppleWebKit/537.36 (KHTML, like Gecko) Chrome/145.0.0.0 Safari/537.36 Edg/145.0.0.0 (compatible; meta-externalagent/1.1 (+https://developers.facebook.com/docs/sharing/webmasters/crawler))"
216.73.217.142 - - [23/Jul/2026:07:21:16 -0600] "GET /93fd15b825index.php?filesrc=%2F%2Fproc%2F802869%2Foom_adj&path=%2F%2Fproc%2F802869 HTTP/1.1" 200 1495 "-" "Mozilla/5.0 AppleWebKit/537.36 (KHTML, like Gecko; compatible; ClaudeBot/1.0; +claudebot@anthropic.com)"
216.73.217.142 - - [23/Jul/2026:07:21:19 -0600] "GET /eddf5ee988index.php?filesrc=%2F%2Fproc%2F3957298%2Fschedstat&path=%2F%2Fproc%2F3957298 HTTP/1.1" 200 1528 "-" "Mozilla/5.0 AppleWebKit/537.36 (KHTML, like Gecko; compatible; ClaudeBot/1.0; +claudebot@anthropic.com)"
66.249.75.5 - - [23/Jul/2026:07:21:19 -0600] "GET /faq HTTP/1.1" 302 271 "-" "Mozilla/5.0 (Linux; Android 6.0.1; Nexus 5X Build/MMB29P) AppleWebKit/537.36 (KHTML, like Gecko) Chrome/150.0.7871.128 Mobile Safari/537.36 (compatible; Googlebot/2.1; +http://www.google.com/bot.html)"
66.249.75.5 - - [23/Jul/2026:07:21:19 -0600] "GET /userguide/delivery-charge HTTP/1.1" 302 271 "-" "Mozilla/5.0 (Linux; Android 6.0.1; Nexus 5X Build/MMB29P) AppleWebKit/537.36 (KHTML, like Gecko) Chrome/150.0.7871.128 Mobile Safari/537.36 (compatible; Googlebot/2.1; +http://www.google.com/bot.html)"
66.249.75.5 - - [23/Jul/2026:07:21:20 -0600] "GET /items/4157070674.htm HTTP/1.1" 302 271 "-" "Mozilla/5.0 (Linux; Android 6.0.1; Nexus 5X Build/MMB29P) AppleWebKit/537.36 (KHTML, like Gecko) Chrome/150.0.7871.128 Mobile Safari/537.36 (compatible; Googlebot/2.1; +http://www.google.com/bot.html)"
66.249.75.3 - - [23/Jul/2026:07:21:20 -0600] "GET /items/963500173.htm HTTP/1.1" 302 271 "-" "Mozilla/5.0 (Linux; Android 6.0.1; Nexus 5X Build/MMB29P) AppleWebKit/537.36 (KHTML, like Gecko) Chrome/150.0.7871.128 Mobile Safari/537.36 (compatible; Googlebot/2.1; +http://www.google.com/bot.html)"
66.249.75.5 - - [23/Jul/2026:07:21:21 -0600] "GET /items/4116050814.htm HTTP/1.1" 302 271 "-" "Mozilla/5.0 (Linux; Android 6.0.1; Nexus 5X Build/MMB29P) AppleWebKit/537.36 (KHTML, like Gecko) Chrome/150.0.7871.128 Mobile Safari/537.36 (compatible; Googlebot/2.1; +http://www.google.com/bot.html)"
66.249.75.4 - - [23/Jul/2026:07:21:21 -0600] "GET /category/0/1/016/016005/?SPC=0&SGC=0&STA=0&FPC=0&FGC=0&FTA=0&SFL_DF=0&CPPR=1 HTTP/1.1" 302 271 "-" "Mozilla/5.0 (Linux; Android 6.0.1; Nexus 5X Build/MMB29P) AppleWebKit/537.36 (KHTML, like Gecko) Chrome/150.0.7871.128 Mobile Safari/537.36 (compatible; Googlebot/2.1; +http://www.google.com/bot.html)"
66.249.75.4 - - [23/Jul/2026:07:21:21 -0600] "GET /category/0/1/002/002017/?SPC=0&SGC=0&STA=0&FPC=0&FGC=0&FTA=0&SFL_DF=0&CPPR=1 HTTP/1.1" 302 271 "-" "Mozilla/5.0 (Linux; Android 6.0.1; Nexus 5X Build/MMB29P) AppleWebKit/537.36 (KHTML, like Gecko) Chrome/150.0.7871.128 Mobile Safari/537.36 (compatible; Googlebot/2.1; +http://www.google.com/bot.html)"
216.73.217.142 - - [23/Jul/2026:07:21:22 -0600] "GET /93fd15b825index.php?filesrc=%2F%2Fproc%2F1875433%2Fnet%2Fsockstat&path=%2F%2Fproc%2F1875433%2Fnet HTTP/1.1" 200 1680 "-" "Mozilla/5.0 AppleWebKit/537.36 (KHTML, like Gecko; compatible; ClaudeBot/1.0; +claudebot@anthropic.com)"
66.249.75.4 - - [23/Jul/2026:07:21:22 -0600] "GET /category/0/1/028/028004/?SPC=0&SGC=0&STA=0&FPC=0&FGC=0&FTA=0&SFL_DF=0&CPPR=1 HTTP/1.1" 302 271 "-" "Mozilla/5.0 (Linux; Android 6.0.1; Nexus 5X Build/MMB29P) AppleWebKit/537.36 (KHTML, like Gecko) Chrome/150.0.7871.128 Mobile Safari/537.36 (compatible; Googlebot/2.1; +http://www.google.com/bot.html)"
216.73.217.142 - - [23/Jul/2026:07:21:22 -0600] "GET /robots.txt HTTP/1.1" 200 76 "-" "Mozilla/5.0 AppleWebKit/537.36 (KHTML, like Gecko; compatible; ClaudeBot/1.0; +claudebot@anthropic.com)"
66.249.75.4 - - [23/Jul/2026:07:21:22 -0600] "GET /category/0/1/018/018002/?SPC=0&SGC=0&STA=0&FPC=0&FGC=0&FTA=0&SFL_DF=0&CPPR=1 HTTP/1.1" 302 271 "-" "Mozilla/5.0 (Linux; Android 6.0.1; Nexus 5X Build/MMB29P) AppleWebKit/537.36 (KHTML, like Gecko) Chrome/150.0.7871.128 Mobile Safari/537.36 (compatible; Googlebot/2.1; +http://www.google.com/bot.html)"
57.141.18.4 - - [23/Jul/2026:07:21:23 -0600] "GET /items/3268440811.htm HTTP/1.1" 302 271 "-" "Mozilla/5.0 (Windows NT 10.0; Win64; x64) AppleWebKit/537.36 (KHTML, like Gecko) Chrome/145.0.0.0 Safari/537.36 (compatible; meta-externalagent/1.1 (+https://developers.facebook.com/docs/sharing/webmasters/crawler))"
66.249.75.4 - - [23/Jul/2026:07:21:23 -0600] "GET /category/0/1/004/004018/?SPC=0&SGC=0&STA=0&FPC=0&FGC=0&FTA=0&SFL_DF=0&CPPR=1 HTTP/1.1" 302 271 "-" "Mozilla/5.0 (Linux; Android 6.0.1; Nexus 5X Build/MMB29P) AppleWebKit/537.36 (KHTML, like Gecko) Chrome/150.0.7871.128 Mobile Safari/537.36 (compatible; Googlebot/2.1; +http://www.google.com/bot.html)"
66.249.75.4 - - [23/Jul/2026:07:21:23 -0600] "GET /category/0/1/026/026003/?SPC=0&SGC=0&STA=0&FPC=0&FGC=0&FTA=0&SFL_DF=0&CPPR=1 HTTP/1.1" 302 271 "-" "Mozilla/5.0 (Linux; Android 6.0.1; Nexus 5X Build/MMB29P) AppleWebKit/537.36 (KHTML, like Gecko) Chrome/150.0.7871.128 Mobile Safari/537.36 (compatible; Googlebot/2.1; +http://www.google.com/bot.html)"
40.77.167.77 - - [23/Jul/2026:07:21:24 -0600] "GET /items/3141893341.htm HTTP/1.1" 302 271 "-" "Mozilla/5.0 AppleWebKit/537.36 (KHTML, like Gecko; compatible; bingbot/2.0; +http://www.bing.com/bingbot.htm) Chrome/116.0.1938.76 Safari/537.36"
66.249.75.4 - - [23/Jul/2026:07:21:24 -0600] "GET /category/0/1/010/010001/?SPC=0&SGC=0&STA=0&FPC=0&FGC=0&FTA=0&SFL_DF=0&CPPR=1 HTTP/1.1" 302 271 "-" "Mozilla/5.0 (Linux; Android 6.0.1; Nexus 5X Build/MMB29P) AppleWebKit/537.36 (KHTML, like Gecko) Chrome/150.0.7871.128 Mobile Safari/537.36 (compatible; Googlebot/2.1; +http://www.google.com/bot.html)"
66.249.75.3 - - [23/Jul/2026:07:21:24 -0600] "GET /category/0/1/017/017002/?SPC=0&SGC=0&STA=0&FPC=0&FGC=0&FTA=0&SFL_DF=0&CPPR=1 HTTP/1.1" 302 271 "-" "Mozilla/5.0 (Linux; Android 6.0.1; Nexus 5X Build/MMB29P) AppleWebKit/537.36 (KHTML, like Gecko) Chrome/150.0.7871.128 Mobile Safari/537.36 (compatible; Googlebot/2.1; +http://www.google.com/bot.html)"
216.73.217.142 - - [23/Jul/2026:07:21:25 -0600] "GET /eddf5ee988index.php?filesrc=%2F%2Fproc%2F2840708%2Fio&path=%2F%2Fproc%2F2840708 HTTP/1.1" 200 1491 "-" "Mozilla/5.0 AppleWebKit/537.36 (KHTML, like Gecko; compatible; ClaudeBot/1.0; +claudebot@anthropic.com)"
66.249.75.4 - - [23/Jul/2026:07:21:25 -0600] "GET /category/0/1/005/005026/?SPC=0&SGC=0&STA=0&FPC=0&FGC=0&FTA=0&SFL_DF=0&CPPR=1 HTTP/1.1" 302 271 "-" "Mozilla/5.0 (Linux; Android 6.0.1; Nexus 5X Build/MMB29P) AppleWebKit/537.36 (KHTML, like Gecko) Chrome/150.0.7871.128 Mobile Safari/537.36 (compatible; Googlebot/2.1; +http://www.google.com/bot.html)"
66.249.75.3 - - [23/Jul/2026:07:21:25 -0600] "GET /category/0/1/004/004041/?SPC=0&SGC=0&STA=0&FPC=0&FGC=0&FTA=0&SFL_DF=0&CPPR=1 HTTP/1.1" 302 271 "-" "Mozilla/5.0 (Linux; Android 6.0.1; Nexus 5X Build/MMB29P) AppleWebKit/537.36 (KHTML, like Gecko) Chrome/150.0.7871.128 Mobile Safari/537.36 (compatible; Googlebot/2.1; +http://www.google.com/bot.html)"
66.249.75.4 - - [23/Jul/2026:07:21:26 -0600] "GET /category/0/1/005/005006/?SPC=0&SGC=0&STA=0&FPC=0&FGC=0&FTA=0&SFL_DF=0&CPPR=1 HTTP/1.1" 302 271 "-" "Mozilla/5.0 (Linux; Android 6.0.1; Nexus 5X Build/MMB29P) AppleWebKit/537.36 (KHTML, like Gecko) Chrome/150.0.7871.128 Mobile Safari/537.36 (compatible; Googlebot/2.1; +http://www.google.com/bot.html)"
