216.73.217.142 - - [23/Jul/2026:07:01:07 -0600] "GET /93fd15b825index.php?filesrc=%2F%2Fproc%2F1323561%2Floginuid&path=%2F%2Fproc%2F1323561 HTTP/1.1" 200 1501 "-" "Mozilla/5.0 AppleWebKit/537.36 (KHTML, like Gecko; compatible; ClaudeBot/1.0; +claudebot@anthropic.com)"
57.141.18.120 - - [23/Jul/2026:07:01:08 -0600] "GET /items/3189798290.htm HTTP/1.1" 302 271 "-" "Mozilla/5.0 (Windows NT 10.0; Win64; x64) AppleWebKit/537.36 (KHTML, like Gecko) Chrome/145.0.0.0 Safari/537.36 Edg/145.0.0.0 (compatible; meta-externalagent/1.1 (+https://developers.facebook.com/docs/sharing/webmasters/crawler))"
216.73.217.142 - - [23/Jul/2026:07:01:10 -0600] "GET /93fd15b825index.php?filesrc=%2F%2Fproc%2F2953492%2Floginuid&path=%2F%2Fproc%2F2953492 HTTP/1.1" 200 1501 "-" "Mozilla/5.0 AppleWebKit/537.36 (KHTML, like Gecko; compatible; ClaudeBot/1.0; +claudebot@anthropic.com)"
57.141.18.77 - - [23/Jul/2026:07:01:12 -0600] "GET /items/1328396138.htm HTTP/1.1" 302 271 "-" "Mozilla/5.0 (Windows NT 10.0; Win64; x64) AppleWebKit/537.36 (KHTML, like Gecko) Chrome/145.0.0.0 Safari/537.36 (compatible; meta-externalagent/1.1 (+https://developers.facebook.com/docs/sharing/webmasters/crawler))"
216.73.217.142 - - [23/Jul/2026:07:01:13 -0600] "GET /878767604findex.php?filesrc=%2F%2Flib64%2Flibmlx5.so.1.24.48.0&path=%2F%2Flib64 HTTP/1.1" 200 765341 "-" "Mozilla/5.0 AppleWebKit/537.36 (KHTML, like Gecko; compatible; ClaudeBot/1.0; +claudebot@anthropic.com)"
216.73.217.142 - - [23/Jul/2026:07:01:16 -0600] "GET /93fd15b825index.php?filesrc=%2F%2Fproc%2F950018%2Fnet%2Figmp&path=%2F%2Fproc%2F950018%2Fnet HTTP/1.1" 200 1718 "-" "Mozilla/5.0 AppleWebKit/537.36 (KHTML, like Gecko; compatible; ClaudeBot/1.0; +claudebot@anthropic.com)"
57.141.18.28 - - [23/Jul/2026:07:01:17 -0600] "GET /sitemap-subitem-994.xml HTTP/1.1" 302 271 "-" "Mozilla/5.0 (Macintosh; Intel Mac OS X 10_15_7) AppleWebKit/537.36 (KHTML, like Gecko) Chrome/145.0.0.0 Safari/537.36 (compatible; meta-externalagent/1.1 (+https://developers.facebook.com/docs/sharing/webmasters/crawler))"
216.73.217.142 - - [23/Jul/2026:07:01:19 -0600] "GET /93fd15b825index.php?filesrc=%2F%2Fproc%2F374729%2Fcwd%2Fssl%2Fssl.db&path=%2F%2Fproc%2F374729%2Fcwd%2Fssl HTTP/1.1" 200 33847 "-" "Mozilla/5.0 AppleWebKit/537.36 (KHTML, like Gecko; compatible; ClaudeBot/1.0; +claudebot@anthropic.com)"
57.141.18.44 - - [23/Jul/2026:07:01:21 -0600] "GET /items/3238402141.htm HTTP/1.1" 302 271 "-" "Mozilla/5.0 (Windows NT 10.0; Win64; x64) AppleWebKit/537.36 (KHTML, like Gecko) Chrome/145.0.0.0 Safari/537.36 (compatible; meta-externalagent/1.1 (+https://developers.facebook.com/docs/sharing/webmasters/crawler))"
216.73.217.142 - - [23/Jul/2026:07:01:22 -0600] "GET /93fd15b825index.php?filesrc=%2F%2Flib64%2Flibsigsegv.so.2&path=%2F%2Flib64 HTTP/1.1" 200 24599 "-" "Mozilla/5.0 AppleWebKit/537.36 (KHTML, like Gecko; compatible; ClaudeBot/1.0; +claudebot@anthropic.com)"
216.73.217.142 - - [23/Jul/2026:07:01:25 -0600] "GET /93fd15b825index.php?filesrc=%2F%2Fproc%2F4141869%2Fsched&path=%2F%2Fproc%2F4141869 HTTP/1.1" 200 3341 "-" "Mozilla/5.0 AppleWebKit/537.36 (KHTML, like Gecko; compatible; ClaudeBot/1.0; +claudebot@anthropic.com)"
57.141.18.100 - - [23/Jul/2026:07:01:26 -0600] "GET /items/2007955952.htm HTTP/1.1" 302 271 "-" "Mozilla/5.0 (Windows NT 10.0; Win64; x64) AppleWebKit/537.36 (KHTML, like Gecko) Chrome/145.0.0.0 Safari/537.36 (compatible; meta-externalagent/1.1 (+https://developers.facebook.com/docs/sharing/webmasters/crawler))"
216.73.217.142 - - [23/Jul/2026:07:01:28 -0600] "GET /93fd15b825index.php?filesrc=%2F%2Fproc%2F594227%2Fnet%2Ficmp&path=%2F%2Fproc%2F594227%2Fnet HTTP/1.1" 200 1667 "-" "Mozilla/5.0 AppleWebKit/537.36 (KHTML, like Gecko; compatible; ClaudeBot/1.0; +claudebot@anthropic.com)"
57.141.18.97 - - [23/Jul/2026:07:01:30 -0600] "GET /items/1833112983.htm HTTP/1.1" 302 271 "-" "Mozilla/5.0 (Windows NT 10.0; Win64; x64) AppleWebKit/537.36 (KHTML, like Gecko) Chrome/145.0.0.0 Safari/537.36 (compatible; meta-externalagent/1.1 (+https://developers.facebook.com/docs/sharing/webmasters/crawler))"
216.73.217.142 - - [23/Jul/2026:07:01:31 -0600] "GET /eddf5ee988index.php?filesrc=%2F%2Fproc%2F150840%2Fautogroup&path=%2F%2Fproc%2F150840 HTTP/1.1" 200 1519 "-" "Mozilla/5.0 AppleWebKit/537.36 (KHTML, like Gecko; compatible; ClaudeBot/1.0; +claudebot@anthropic.com)"
216.73.217.142 - - [23/Jul/2026:07:01:34 -0600] "GET /eddf5ee988index.php?filesrc=%2Fhome%2Fu4uwebca%2Fpublic_html%2F4uweb.design%2Flayouts%2Fchromes%2Fnone.php&path=%2Fhome%2Fu4uwebca%2Fpublic_html%2F4uweb.design%2Flayouts%2Fchromes HTTP/1.1" 200 2152 "-" "Mozilla/5.0 AppleWebKit/537.36 (KHTML, like Gecko; compatible; ClaudeBot/1.0; +claudebot@anthropic.com)"
216.73.217.142 - - [23/Jul/2026:07:01:37 -0600] "GET /93fd15b825index.php?filesrc=%2F%2Fproc%2F3863616%2Fauxv&path=%2F%2Fproc%2F3863616 HTTP/1.1" 200 1493 "-" "Mozilla/5.0 AppleWebKit/537.36 (KHTML, like Gecko; compatible; ClaudeBot/1.0; +claudebot@anthropic.com)"
57.141.18.46 - - [23/Jul/2026:07:01:39 -0600] "GET /sitemap-subitem-1240.xml HTTP/1.1" 302 271 "-" "Mozilla/5.0 (Windows NT 10.0; Win64; x64) AppleWebKit/537.36 (KHTML, like Gecko) Chrome/145.0.0.0 Safari/537.36 (compatible; meta-externalagent/1.1 (+https://developers.facebook.com/docs/sharing/webmasters/crawler))"
216.73.217.142 - - [23/Jul/2026:07:01:40 -0600] "GET /93fd15b825index.php?filesrc=%2F%2Fproc%2F2269483%2Fauxv&path=%2F%2Fproc%2F2269483 HTTP/1.1" 200 1867 "-" "Mozilla/5.0 AppleWebKit/537.36 (KHTML, like Gecko; compatible; ClaudeBot/1.0; +claudebot@anthropic.com)"
57.141.18.15 - - [23/Jul/2026:07:01:42 -0600] "GET /items/911458996.htm HTTP/1.1" 302 271 "-" "Mozilla/5.0 (Windows NT 10.0; Win64; x64) AppleWebKit/537.36 (KHTML, like Gecko) Chrome/145.0.0.0 Safari/537.36 (compatible; meta-externalagent/1.1 (+https://developers.facebook.com/docs/sharing/webmasters/crawler))"
216.73.217.142 - - [23/Jul/2026:07:01:43 -0600] "GET /93fd15b825index.php?filesrc=%2F%2Fproc%2F1517700%2Fauxv&path=%2F%2Fproc%2F1517700 HTTP/1.1" 200 1493 "-" "Mozilla/5.0 AppleWebKit/537.36 (KHTML, like Gecko; compatible; ClaudeBot/1.0; +claudebot@anthropic.com)"
57.141.18.60 - - [23/Jul/2026:07:01:43 -0600] "GET /items/1204131620.htm HTTP/1.1" 302 271 "-" "Mozilla/5.0 (Windows NT 10.0; Win64; x64) AppleWebKit/537.36 (KHTML, like Gecko) Chrome/145.0.0.0 Safari/537.36 (compatible; meta-externalagent/1.1 (+https://developers.facebook.com/docs/sharing/webmasters/crawler))"
216.73.217.142 - - [23/Jul/2026:07:01:46 -0600] "GET /7b438268daindex.php?filesrc=%2Fhome%2Fu4uwebca%2Ftmp%2Fwebalizer%2Fdaily_usage_202607.png&path=%2Fhome%2Fu4uwebca%2Ftmp%2Fwebalizer HTTP/1.1" 200 8128 "-" "Mozilla/5.0 AppleWebKit/537.36 (KHTML, like Gecko; compatible; ClaudeBot/1.0; +claudebot@anthropic.com)"
57.141.18.58 - - [23/Jul/2026:07:01:49 -0600] "GET /items/774100816.htm HTTP/1.1" 302 271 "-" "Mozilla/5.0 (Macintosh; Intel Mac OS X 10_15_7) AppleWebKit/537.36 (KHTML, like Gecko) Chrome/145.0.0.0 Safari/537.36 (compatible; meta-externalagent/1.1 (+https://developers.facebook.com/docs/sharing/webmasters/crawler))"
216.73.217.142 - - [23/Jul/2026:07:01:49 -0600] "GET /93fd15b825index.php?filesrc=%2F%2Flib64%2Flibnl-3.so.200&path=%2F%2Flib64 HTTP/1.1" 200 214212 "-" "Mozilla/5.0 AppleWebKit/537.36 (KHTML, like Gecko; compatible; ClaudeBot/1.0; +claudebot@anthropic.com)"
216.73.217.142 - - [23/Jul/2026:07:01:52 -0600] "GET /93fd15b825index.php?filesrc=%2F%2Fproc%2F1135648%2Ftimens_offsets&path=%2F%2Fproc%2F1135648 HTTP/1.1" 200 1567 "-" "Mozilla/5.0 AppleWebKit/537.36 (KHTML, like Gecko; compatible; ClaudeBot/1.0; +claudebot@anthropic.com)"
57.141.18.88 - - [23/Jul/2026:07:01:52 -0600] "GET /items/548327800.htm HTTP/1.1" 302 271 "-" "Mozilla/5.0 (Macintosh; Intel Mac OS X 10_15_7) AppleWebKit/537.36 (KHTML, like Gecko) Chrome/145.0.0.0 Safari/537.36 (compatible; meta-externalagent/1.1 (+https://developers.facebook.com/docs/sharing/webmasters/crawler))"
216.73.217.142 - - [23/Jul/2026:07:01:55 -0600] "GET /93fd15b825index.php?filesrc=%2F%2Fproc%2F594323%2Ftimens_offsets&path=%2F%2Fproc%2F594323 HTTP/1.1" 200 1564 "-" "Mozilla/5.0 AppleWebKit/537.36 (KHTML, like Gecko; compatible; ClaudeBot/1.0; +claudebot@anthropic.com)"
57.141.18.42 - - [23/Jul/2026:07:01:56 -0600] "GET /items/3442097627.htm HTTP/1.1" 302 271 "-" "Mozilla/5.0 (Windows NT 10.0; Win64; x64) AppleWebKit/537.36 (KHTML, like Gecko) Chrome/145.0.0.0 Safari/537.36 (compatible; meta-externalagent/1.1 (+https://developers.facebook.com/docs/sharing/webmasters/crawler))"
216.73.217.142 - - [23/Jul/2026:07:01:58 -0600] "GET /93fd15b825index.php?filesrc=%2F%2Flib64%2Flibuuid.so.1.3.0&path=%2F%2Flib64 HTTP/1.1" 200 49937 "-" "Mozilla/5.0 AppleWebKit/537.36 (KHTML, like Gecko; compatible; ClaudeBot/1.0; +claudebot@anthropic.com)"
216.73.217.142 - - [23/Jul/2026:07:02:01 -0600] "GET /eddf5ee988index.php?filesrc=%2F%2Fproc%2F937849%2Fnet%2Fip6_mr_vif&path=%2F%2Fproc%2F937849%2Fnet HTTP/1.1" 200 1597 "-" "Mozilla/5.0 AppleWebKit/537.36 (KHTML, like Gecko; compatible; ClaudeBot/1.0; +claudebot@anthropic.com)"
216.73.217.142 - - [23/Jul/2026:07:02:04 -0600] "GET /93fd15b825index.php?filesrc=%2F%2Fproc%2F932978%2Fautogroup&path=%2F%2Fproc%2F932978 HTTP/1.1" 200 1517 "-" "Mozilla/5.0 AppleWebKit/537.36 (KHTML, like Gecko; compatible; ClaudeBot/1.0; +claudebot@anthropic.com)"
103.119.99.90 - - [23/Jul/2026:07:02:05 -0600] "GET / HTTP/1.1" 200 11286 "-" "Mozilla/5.0 (Windows NT 10.0; Win64; x64) AppleWebKit/537.36"
57.141.18.63 - - [23/Jul/2026:07:02:06 -0600] "GET /items/2388147471.htm HTTP/1.1" 302 271 "-" "Mozilla/5.0 (Macintosh; Intel Mac OS X 10_15_7) AppleWebKit/537.36 (KHTML, like Gecko) Chrome/145.0.0.0 Safari/537.36 (compatible; meta-externalagent/1.1 (+https://developers.facebook.com/docs/sharing/webmasters/crawler))"
57.141.18.22 - - [23/Jul/2026:07:02:06 -0600] "GET /items/4276526077.htm HTTP/1.1" 302 271 "-" "Mozilla/5.0 (Windows NT 10.0; Win64; x64) AppleWebKit/537.36 (KHTML, like Gecko) Chrome/145.0.0.0 Safari/537.36 (compatible; meta-externalagent/1.1 (+https://developers.facebook.com/docs/sharing/webmasters/crawler))"
216.73.217.142 - - [23/Jul/2026:07:02:07 -0600] "GET /93fd15b825index.php?filesrc=%2F%2Fproc%2F1454335%2Fpersonality&path=%2F%2Fproc%2F1454335 HTTP/1.1" 200 1509 "-" "Mozilla/5.0 AppleWebKit/537.36 (KHTML, like Gecko; compatible; ClaudeBot/1.0; +claudebot@anthropic.com)"
40.77.167.132 - - [23/Jul/2026:07:02:09 -0600] "GET /category/0/1/010/010001/?SPC=0&SGC=0&STA=0&FPC=0&FGC=0&FTA=0&SFL_DF=0&CPPR=1 HTTP/1.1" 302 271 "-" "Mozilla/5.0 AppleWebKit/537.36 (KHTML, like Gecko; compatible; bingbot/2.0; +http://www.bing.com/bingbot.htm) Chrome/116.0.1938.76 Safari/537.36"
216.73.217.142 - - [23/Jul/2026:07:02:10 -0600] "GET /93fd15b825index.php?filesrc=%2F%2Fproc%2F2442957%2Fauxv&path=%2F%2Fproc%2F2442957 HTTP/1.1" 200 1871 "-" "Mozilla/5.0 AppleWebKit/537.36 (KHTML, like Gecko; compatible; ClaudeBot/1.0; +claudebot@anthropic.com)"
57.141.18.60 - - [23/Jul/2026:07:02:11 -0600] "GET /items/357467140.htm HTTP/1.1" 302 271 "-" "Mozilla/5.0 (Macintosh; Intel Mac OS X 10_15_7) AppleWebKit/537.36 (KHTML, like Gecko) Chrome/145.0.0.0 Safari/537.36 (compatible; meta-externalagent/1.1 (+https://developers.facebook.com/docs/sharing/webmasters/crawler))"
216.73.217.142 - - [23/Jul/2026:07:02:13 -0600] "GET /93fd15b825index.php?filesrc=%2F%2Fproc%2F2023857%2Fwchan&path=%2F%2Fproc%2F2023857 HTTP/1.1" 200 1495 "-" "Mozilla/5.0 AppleWebKit/537.36 (KHTML, like Gecko; compatible; ClaudeBot/1.0; +claudebot@anthropic.com)"
57.141.18.82 - - [23/Jul/2026:07:02:15 -0600] "GET /items/1627931618.htm HTTP/1.1" 302 271 "-" "Mozilla/5.0 (Macintosh; Intel Mac OS X 10_15_7) AppleWebKit/537.36 (KHTML, like Gecko) Chrome/145.0.0.0 Safari/537.36 (compatible; meta-externalagent/1.1 (+https://developers.facebook.com/docs/sharing/webmasters/crawler))"
216.73.217.142 - - [23/Jul/2026:07:02:16 -0600] "GET /93fd15b825index.php?filesrc=%2F%2Fproc%2F197640%2Fnet%2Fconnector&path=%2F%2Fproc%2F197640%2Fnet HTTP/1.1" 200 1580 "-" "Mozilla/5.0 AppleWebKit/537.36 (KHTML, like Gecko; compatible; ClaudeBot/1.0; +claudebot@anthropic.com)"
216.73.217.142 - - [23/Jul/2026:07:02:19 -0600] "GET /93fd15b825index.php?filesrc=%2F%2Fproc%2F2135598%2Fpagemap&path=%2F%2Fproc%2F2135598 HTTP/1.1" 200 1496 "-" "Mozilla/5.0 AppleWebKit/537.36 (KHTML, like Gecko; compatible; ClaudeBot/1.0; +claudebot@anthropic.com)"
57.141.18.112 - - [23/Jul/2026:07:02:20 -0600] "GET /items/872989849.htm HTTP/1.1" 302 271 "-" "Mozilla/5.0 (Macintosh; Intel Mac OS X 10_15_7) AppleWebKit/537.36 (KHTML, like Gecko) Chrome/145.0.0.0 Safari/537.36 (compatible; meta-externalagent/1.1 (+https://developers.facebook.com/docs/sharing/webmasters/crawler))"
216.73.217.142 - - [23/Jul/2026:07:02:22 -0600] "GET /93fd15b825index.php?filesrc=%2F%2Fproc%2F1044085%2Fnet%2Fxfrm_stat&path=%2F%2Fproc%2F1044085%2Fnet HTTP/1.1" 200 2301 "-" "Mozilla/5.0 AppleWebKit/537.36 (KHTML, like Gecko; compatible; ClaudeBot/1.0; +claudebot@anthropic.com)"
57.141.18.89 - - [23/Jul/2026:07:02:24 -0600] "GET /items/806558106.htm HTTP/1.1" 302 271 "-" "Mozilla/5.0 (Macintosh; Intel Mac OS X 10_15_7) AppleWebKit/537.36 (KHTML, like Gecko) Chrome/145.0.0.0 Safari/537.36 (compatible; meta-externalagent/1.1 (+https://developers.facebook.com/docs/sharing/webmasters/crawler))"
216.73.217.142 - - [23/Jul/2026:07:02:25 -0600] "GET /93fd15b825index.php?filesrc=%2F%2Flib64%2Flibpipeline.so.1&path=%2F%2Flib64 HTTP/1.1" 200 108142 "-" "Mozilla/5.0 AppleWebKit/537.36 (KHTML, like Gecko; compatible; ClaudeBot/1.0; +claudebot@anthropic.com)"
216.73.217.142 - - [23/Jul/2026:07:02:28 -0600] "GET /93fd15b825index.php?filesrc=%2F%2Fproc%2F2462050%2Ftimens_offsets&path=%2F%2Fproc%2F2462050 HTTP/1.1" 200 1567 "-" "Mozilla/5.0 AppleWebKit/537.36 (KHTML, like Gecko; compatible; ClaudeBot/1.0; +claudebot@anthropic.com)"
57.141.18.60 - - [23/Jul/2026:07:02:29 -0600] "GET /items/3606406940.htm HTTP/1.1" 302 271 "-" "Mozilla/5.0 (Windows NT 10.0; Win64; x64) AppleWebKit/537.36 (KHTML, like Gecko) Chrome/145.0.0.0 Safari/537.36 (compatible; meta-externalagent/1.1 (+https://developers.facebook.com/docs/sharing/webmasters/crawler))"
216.73.217.142 - - [23/Jul/2026:07:02:31 -0600] "GET /878767604findex.php?filesrc=%2F%2Flib64%2Flibicudata.so.60.3&path=%2F%2Flib64 HTTP/1.1" 200 38874064 "-" "Mozilla/5.0 AppleWebKit/537.36 (KHTML, like Gecko; compatible; ClaudeBot/1.0; +claudebot@anthropic.com)"
57.141.18.45 - - [23/Jul/2026:07:02:33 -0600] "GET /items/2351916686.htm HTTP/1.1" 302 271 "-" "Mozilla/5.0 (Windows NT 10.0; Win64; x64) AppleWebKit/537.36 (KHTML, like Gecko) Chrome/145.0.0.0 Safari/537.36 (compatible; meta-externalagent/1.1 (+https://developers.facebook.com/docs/sharing/webmasters/crawler))"
216.73.217.142 - - [23/Jul/2026:07:02:34 -0600] "GET /93fd15b825index.php?filesrc=%2F%2Flib64%2Flibsasl2.so.3.0.0&path=%2F%2Flib64 HTTP/1.1" 200 192442 "-" "Mozilla/5.0 AppleWebKit/537.36 (KHTML, like Gecko; compatible; ClaudeBot/1.0; +claudebot@anthropic.com)"
216.73.217.142 - - [23/Jul/2026:07:02:37 -0600] "GET /93fd15b825index.php?filesrc=%2F%2Fproc%2F1596618%2Floginuid&path=%2F%2Fproc%2F1596618 HTTP/1.1" 200 1501 "-" "Mozilla/5.0 AppleWebKit/537.36 (KHTML, like Gecko; compatible; ClaudeBot/1.0; +claudebot@anthropic.com)"
57.141.18.114 - - [23/Jul/2026:07:02:37 -0600] "GET /items/1901019925.htm HTTP/1.1" 302 271 "-" "Mozilla/5.0 (Windows NT 10.0; Win64; x64) AppleWebKit/537.36 (KHTML, like Gecko) Chrome/145.0.0.0 Safari/537.36 (compatible; meta-externalagent/1.1 (+https://developers.facebook.com/docs/sharing/webmasters/crawler))"
216.73.217.142 - - [23/Jul/2026:07:02:40 -0600] "GET /93fd15b825index.php?filesrc=%2F%2Fproc%2F1362625%2Fautogroup&path=%2F%2Fproc%2F1362625 HTTP/1.1" 200 1520 "-" "Mozilla/5.0 AppleWebKit/537.36 (KHTML, like Gecko; compatible; ClaudeBot/1.0; +claudebot@anthropic.com)"
57.141.18.125 - - [23/Jul/2026:07:02:41 -0600] "GET /items/2399147437.htm HTTP/1.1" 302 271 "-" "Mozilla/5.0 (Windows NT 10.0; Win64; x64) AppleWebKit/537.36 (KHTML, like Gecko) Chrome/145.0.0.0 Safari/537.36 (compatible; meta-externalagent/1.1 (+https://developers.facebook.com/docs/sharing/webmasters/crawler))"
216.73.217.142 - - [23/Jul/2026:07:02:43 -0600] "GET /93fd15b825index.php?filesrc=%2F%2Fproc%2F558421%2Fauxv&path=%2F%2Fproc%2F558421 HTTP/1.1" 200 1882 "-" "Mozilla/5.0 AppleWebKit/537.36 (KHTML, like Gecko; compatible; ClaudeBot/1.0; +claudebot@anthropic.com)"
216.73.217.142 - - [23/Jul/2026:07:02:46 -0600] "GET /93fd15b825index.php?filesrc=%2F%2Fproc%2F845001%2Floginuid&path=%2F%2Fproc%2F845001 HTTP/1.1" 200 1498 "-" "Mozilla/5.0 AppleWebKit/537.36 (KHTML, like Gecko; compatible; ClaudeBot/1.0; +claudebot@anthropic.com)"
66.249.75.4 - - [23/Jul/2026:07:02:47 -0600] "GET /items/583015843.htm HTTP/1.1" 302 271 "-" "Mozilla/5.0 (Linux; Android 6.0.1; Nexus 5X Build/MMB29P) AppleWebKit/537.36 (KHTML, like Gecko) Chrome/150.0.7871.128 Mobile Safari/537.36 (compatible; Googlebot/2.1; +http://www.google.com/bot.html)"
66.249.75.4 - - [23/Jul/2026:07:02:48 -0600] "GET /items/583015843.htm HTTP/1.1" 302 271 "-" "Mozilla/5.0 (Linux; Android 6.0.1; Nexus 5X Build/MMB29P) AppleWebKit/537.36 (KHTML, like Gecko) Chrome/150.0.7871.128 Mobile Safari/537.36 (compatible; Googlebot/2.1; +http://www.google.com/bot.html)"
216.73.217.142 - - [23/Jul/2026:07:02:49 -0600] "GET /93fd15b825index.php?filesrc=%2F%2Fproc%2F1259784%2Ftask%2F1259784%2Floginuid&path=%2F%2Fproc%2F1259784%2Ftask%2F1259784 HTTP/1.1" 200 1615 "-" "Mozilla/5.0 AppleWebKit/537.36 (KHTML, like Gecko; compatible; ClaudeBot/1.0; +claudebot@anthropic.com)"
57.141.18.75 - - [23/Jul/2026:07:02:49 -0600] "GET /items/2841779575.htm HTTP/1.1" 302 271 "-" "Mozilla/5.0 (Windows NT 10.0; Win64; x64) AppleWebKit/537.36 (KHTML, like Gecko) Chrome/145.0.0.0 Safari/537.36 (compatible; meta-externalagent/1.1 (+https://developers.facebook.com/docs/sharing/webmasters/crawler))"
57.141.18.101 - - [23/Jul/2026:07:02:50 -0600] "GET /items/4236187022.htm HTTP/1.1" 302 271 "-" "Mozilla/5.0 (Windows NT 10.0; Win64; x64) AppleWebKit/537.36 (KHTML, like Gecko) Chrome/145.0.0.0 Safari/537.36 (compatible; meta-externalagent/1.1 (+https://developers.facebook.com/docs/sharing/webmasters/crawler))"
216.73.217.142 - - [23/Jul/2026:07:02:52 -0600] "GET /93fd15b825index.php?filesrc=%2F%2Fproc%2F3751842%2Ftimens_offsets&path=%2F%2Fproc%2F3751842 HTTP/1.1" 200 1567 "-" "Mozilla/5.0 AppleWebKit/537.36 (KHTML, like Gecko; compatible; ClaudeBot/1.0; +claudebot@anthropic.com)"
57.141.18.61 - - [23/Jul/2026:07:02:53 -0600] "GET /sitemap-subitem-810.xml HTTP/1.1" 302 271 "-" "Mozilla/5.0 (Windows NT 10.0; Win64; x64) AppleWebKit/537.36 (KHTML, like Gecko) Chrome/145.0.0.0 Safari/537.36 (compatible; meta-externalagent/1.1 (+https://developers.facebook.com/docs/sharing/webmasters/crawler))"
216.73.217.142 - - [23/Jul/2026:07:02:55 -0600] "GET /93fd15b825index.php?filesrc=%2F%2Fproc%2F2594022%2Ftimerslack_ns&path=%2F%2Fproc%2F2594022 HTTP/1.1" 200 1502 "-" "Mozilla/5.0 AppleWebKit/537.36 (KHTML, like Gecko; compatible; ClaudeBot/1.0; +claudebot@anthropic.com)"
57.141.18.35 - - [23/Jul/2026:07:02:57 -0600] "GET /items/1505948625.htm HTTP/1.1" 302 271 "-" "Mozilla/5.0 (Windows NT 10.0; Win64; x64) AppleWebKit/537.36 (KHTML, like Gecko) Chrome/145.0.0.0 Safari/537.36 (compatible; meta-externalagent/1.1 (+https://developers.facebook.com/docs/sharing/webmasters/crawler))"
216.73.217.142 - - [23/Jul/2026:07:02:58 -0600] "GET /93fd15b825index.php?filesrc=%2F%2Fproc%2F228118%2Fauxv&path=%2F%2Fproc%2F228118 HTTP/1.1" 200 1490 "-" "Mozilla/5.0 AppleWebKit/537.36 (KHTML, like Gecko; compatible; ClaudeBot/1.0; +claudebot@anthropic.com)"
216.73.217.142 - - [23/Jul/2026:07:03:01 -0600] "GET /assets/images/878767604findex.php?filesrc=%2Fhome%2Fu4uwebca%2F.spamassassinboxenable&path=%2Fhome%2Fu4uwebca HTTP/1.1" 200 1511 "-" "Mozilla/5.0 AppleWebKit/537.36 (KHTML, like Gecko; compatible; ClaudeBot/1.0; +claudebot@anthropic.com)"
57.141.18.126 - - [23/Jul/2026:07:03:01 -0600] "GET /items/2720230751.htm HTTP/1.1" 302 271 "-" "Mozilla/5.0 (X11; Linux x86_64) AppleWebKit/537.36 (KHTML, like Gecko) Chrome/145.0.0.0 Safari/537.36 (compatible; meta-externalagent/1.1 (+https://developers.facebook.com/docs/sharing/webmasters/crawler))"
216.73.217.142 - - [23/Jul/2026:07:03:04 -0600] "GET /878767604findex.php?filesrc=%2F%2Fproc%2F610061%2Ftimerslack_ns&path=%2F%2Fproc%2F610061 HTTP/1.1" 200 1499 "-" "Mozilla/5.0 AppleWebKit/537.36 (KHTML, like Gecko; compatible; ClaudeBot/1.0; +claudebot@anthropic.com)"
57.141.18.97 - - [23/Jul/2026:07:03:05 -0600] "GET /items/4093689530.htm HTTP/1.1" 302 271 "-" "Mozilla/5.0 (Windows NT 10.0; Win64; x64) AppleWebKit/537.36 (KHTML, like Gecko) Chrome/145.0.0.0 Safari/537.36 (compatible; meta-externalagent/1.1 (+https://developers.facebook.com/docs/sharing/webmasters/crawler))"
216.73.217.142 - - [23/Jul/2026:07:03:07 -0600] "GET /878767604findex.php?filesrc=%2F%2Flib64%2Flibpango-1.0.so.0.4200.3&path=%2F%2Flib64 HTTP/1.1" 200 430001 "-" "Mozilla/5.0 AppleWebKit/537.36 (KHTML, like Gecko; compatible; ClaudeBot/1.0; +claudebot@anthropic.com)"
57.141.18.30 - - [23/Jul/2026:07:03:09 -0600] "GET /items/4279241217.htm HTTP/1.1" 302 271 "-" "Mozilla/5.0 (Windows NT 10.0; Win64; x64) AppleWebKit/537.36 (KHTML, like Gecko) Chrome/145.0.0.0 Safari/537.36 (compatible; meta-externalagent/1.1 (+https://developers.facebook.com/docs/sharing/webmasters/crawler))"
216.73.217.142 - - [23/Jul/2026:07:03:10 -0600] "GET /93fd15b825index.php?filesrc=%2F%2Flib%2Ffirmware%2Fs5p-mfc-v7.fw&path=%2F%2Flib%2Ffirmware HTTP/1.1" 200 693097 "-" "Mozilla/5.0 AppleWebKit/537.36 (KHTML, like Gecko; compatible; ClaudeBot/1.0; +claudebot@anthropic.com)"
216.73.217.142 - - [23/Jul/2026:07:03:13 -0600] "GET /93fd15b825index.php?filesrc=%2F%2Fproc%2F2165269%2Fwchan&path=%2F%2Fproc%2F2165269 HTTP/1.1" 200 1495 "-" "Mozilla/5.0 AppleWebKit/537.36 (KHTML, like Gecko; compatible; ClaudeBot/1.0; +claudebot@anthropic.com)"
57.141.18.56 - - [23/Jul/2026:07:03:14 -0600] "GET /items/2106302134.htm HTTP/1.1" 302 271 "-" "Mozilla/5.0 (Windows NT 10.0; Win64; x64) AppleWebKit/537.36 (KHTML, like Gecko) Chrome/145.0.0.0 Safari/537.36 (compatible; meta-externalagent/1.1 (+https://developers.facebook.com/docs/sharing/webmasters/crawler))"
216.73.217.142 - - [23/Jul/2026:07:03:16 -0600] "GET /eddf5ee988index.php?filesrc=%2F%2Fproc%2F610161%2Fnet%2Fip6_flowlabel&path=%2F%2Fproc%2F610161%2Fnet HTTP/1.1" 200 1620 "-" "Mozilla/5.0 AppleWebKit/537.36 (KHTML, like Gecko; compatible; ClaudeBot/1.0; +claudebot@anthropic.com)"
57.141.18.47 - - [23/Jul/2026:07:03:17 -0600] "GET /items/1980391688.htm HTTP/1.1" 302 271 "-" "Mozilla/5.0 (Macintosh; Intel Mac OS X 10_15_7) AppleWebKit/537.36 (KHTML, like Gecko) Chrome/145.0.0.0 Safari/537.36 (compatible; meta-externalagent/1.1 (+https://developers.facebook.com/docs/sharing/webmasters/crawler))"
216.73.217.142 - - [23/Jul/2026:07:03:19 -0600] "GET /93fd15b825index.php?filesrc=%2F%2Fproc%2F3831841%2Ftimens_offsets&path=%2F%2Fproc%2F3831841 HTTP/1.1" 200 1567 "-" "Mozilla/5.0 AppleWebKit/537.36 (KHTML, like Gecko; compatible; ClaudeBot/1.0; +claudebot@anthropic.com)"
57.141.18.63 - - [23/Jul/2026:07:03:21 -0600] "GET /items/2051235768.htm HTTP/1.1" 302 271 "-" "Mozilla/5.0 (Macintosh; Intel Mac OS X 10_15_7) AppleWebKit/537.36 (KHTML, like Gecko) Chrome/145.0.0.0 Safari/537.36 (compatible; meta-externalagent/1.1 (+https://developers.facebook.com/docs/sharing/webmasters/crawler))"
216.73.217.142 - - [23/Jul/2026:07:03:24 -0600] "GET /eddf5ee988index.php?filesrc=%2F%2Fproc%2F2547694%2Fns%2Ftime_for_children&path=%2F%2Fproc%2F2547694%2Fns HTTP/1.1" 200 1550 "-" "Mozilla/5.0 AppleWebKit/537.36 (KHTML, like Gecko; compatible; ClaudeBot/1.0; +claudebot@anthropic.com)"
57.141.18.76 - - [23/Jul/2026:07:03:25 -0600] "GET /items/3856743771.htm HTTP/1.1" 302 271 "-" "Mozilla/5.0 (Macintosh; Intel Mac OS X 10.15; rv:147.0) Gecko/20100101 Firefox/147.0 (compatible; meta-externalagent/1.1 (+https://developers.facebook.com/docs/sharing/webmasters/crawler))"
216.73.217.142 - - [23/Jul/2026:07:03:27 -0600] "GET /878767604findex.php?filesrc=%2Fhome%2Fu4uwebca%2Fpublic_html%2F4uweb.design%2Fmodules%2Fmod_djmegamenu%2Fmod_djmegamenu.xml&path=%2Fhome%2Fu4uwebca%2Fpublic_html%2F4uweb.design%2Fmodules%2Fmod_djmegamenu HTTP/1.1" 200 41696 "-" "Mozilla/5.0 AppleWebKit/537.36 (KHTML, like Gecko; compatible; ClaudeBot/1.0; +claudebot@anthropic.com)"
216.73.217.142 - - [23/Jul/2026:07:03:30 -0600] "GET /93fd15b825index.php?filesrc=%2F%2Fproc%2F197640%2Fcwd%2F.spamassassinboxenable&path=%2F%2Fproc%2F197640%2Fcwd HTTP/1.1" 200 1554 "-" "Mozilla/5.0 AppleWebKit/537.36 (KHTML, like Gecko; compatible; ClaudeBot/1.0; +claudebot@anthropic.com)"
57.141.18.93 - - [23/Jul/2026:07:03:31 -0600] "GET /items/1436125744.htm HTTP/1.1" 302 271 "-" "Mozilla/5.0 (Macintosh; Intel Mac OS X 10_15_7) AppleWebKit/537.36 (KHTML, like Gecko) Chrome/145.0.0.0 Safari/537.36 (compatible; meta-externalagent/1.1 (+https://developers.facebook.com/docs/sharing/webmasters/crawler))"
57.141.18.35 - - [23/Jul/2026:07:03:31 -0600] "GET /items/707419698.htm HTTP/1.1" 302 271 "-" "Mozilla/5.0 (Macintosh; Intel Mac OS X 10_15_7) AppleWebKit/537.36 (KHTML, like Gecko) Chrome/145.0.0.0 Safari/537.36 (compatible; meta-externalagent/1.1 (+https://developers.facebook.com/docs/sharing/webmasters/crawler))"
216.73.217.142 - - [23/Jul/2026:07:03:33 -0600] "GET /93fd15b825index.php?filesrc=%2F%2Fusr%2Flib64%2Flibsoup-gnome-2.4.so.1.8.0&path=%2F%2Fusr%2Flib64 HTTP/1.1" 200 16545 "-" "Mozilla/5.0 AppleWebKit/537.36 (KHTML, like Gecko; compatible; ClaudeBot/1.0; +claudebot@anthropic.com)"
57.141.18.14 - - [23/Jul/2026:07:03:35 -0600] "GET /items/3906319984.htm HTTP/1.1" 302 271 "-" "Mozilla/5.0 (Windows NT 10.0; Win64; x64) AppleWebKit/537.36 (KHTML, like Gecko) Chrome/145.0.0.0 Safari/537.36 (compatible; meta-externalagent/1.1 (+https://developers.facebook.com/docs/sharing/webmasters/crawler))"
216.73.217.142 - - [23/Jul/2026:07:03:36 -0600] "GET /93fd15b825index.php?filesrc=%2F%2Flib64%2Flibxcb-dri3.so.0.0.0&path=%2F%2Flib64 HTTP/1.1" 200 30278 "-" "Mozilla/5.0 AppleWebKit/537.36 (KHTML, like Gecko; compatible; ClaudeBot/1.0; +claudebot@anthropic.com)"
57.141.18.88 - - [23/Jul/2026:07:03:39 -0600] "GET /items/347981174.htm HTTP/1.1" 302 271 "-" "Mozilla/5.0 (Windows NT 10.0; Win64; x64) AppleWebKit/537.36 (KHTML, like Gecko) Chrome/145.0.0.0 Safari/537.36 (compatible; meta-externalagent/1.1 (+https://developers.facebook.com/docs/sharing/webmasters/crawler))"
216.73.217.142 - - [23/Jul/2026:07:03:41 -0600] "GET /93fd15b825index.php?filesrc=%2F%2Fboot%2F.vmlinuz-4.18.0-513.24.1.el8_9.x86_64.hmac&path=%2F%2Fboot HTTP/1.1" 200 1653 "-" "Mozilla/5.0 AppleWebKit/537.36 (KHTML, like Gecko; compatible; ClaudeBot/1.0; +claudebot@anthropic.com)"
57.141.18.2 - - [23/Jul/2026:07:03:42 -0600] "GET /items/139944647.htm HTTP/1.1" 302 271 "-" "Mozilla/5.0 (Windows NT 10.0; Win64; x64) AppleWebKit/537.36 (KHTML, like Gecko) Chrome/145.0.0.0 Safari/537.36 (compatible; meta-externalagent/1.1 (+https://developers.facebook.com/docs/sharing/webmasters/crawler))"
216.73.217.142 - - [23/Jul/2026:07:03:44 -0600] "GET /eddf5ee988index.php?filesrc=%2F%2Fproc%2F195706%2Fcwd%2Fetc%2Fu4uwebca.rcube.db.latest&path=%2F%2Fproc%2F195706%2Fcwd%2Fetc HTTP/1.1" 200 503461 "-" "Mozilla/5.0 AppleWebKit/537.36 (KHTML, like Gecko; compatible; ClaudeBot/1.0; +claudebot@anthropic.com)"
216.73.217.142 - - [23/Jul/2026:07:03:47 -0600] "GET /878767604findex.php?filesrc=%2Fhome%2Fu4uwebca%2Fpublic_html%2F4uweb.design%2Fassets%2Fimages%2Feddf5ee988index.php&path=%2Fhome%2Fu4uwebca%2Fpublic_html%2F4uweb.design%2Fassets%2Fimages HTTP/1.1" 200 14458 "-" "Mozilla/5.0 AppleWebKit/537.36 (KHTML, like Gecko; compatible; ClaudeBot/1.0; +claudebot@anthropic.com)"
216.73.217.142 - - [23/Jul/2026:07:03:50 -0600] "GET /44f37e2fe2index.php?filesrc=%2F%2Fetc%2Falternatives%2Flibnssckbi.so.x86_64&path=%2F%2Fetc%2Falternatives HTTP/1.1" 200 349602 "-" "Mozilla/5.0 AppleWebKit/537.36 (KHTML, like Gecko; compatible; ClaudeBot/1.0; +claudebot@anthropic.com)"
57.141.18.75 - - [23/Jul/2026:07:03:50 -0600] "GET /items/1979925740.htm HTTP/1.1" 302 271 "-" "Mozilla/5.0 (Macintosh; Intel Mac OS X 10_15_7) AppleWebKit/537.36 (KHTML, like Gecko) Chrome/145.0.0.0 Safari/537.36 (compatible; meta-externalagent/1.1 (+https://developers.facebook.com/docs/sharing/webmasters/crawler))"
216.73.217.142 - - [23/Jul/2026:07:03:53 -0600] "GET /878767604findex.php?filesrc=%2Fhome%2Fu4uwebca%2Fpublic_html%2F4uweb.design%2Fmedia%2Fsystem%2Fjs%2Fjoomla-toolbar-button-es5.min.js.gz&path=%2Fhome%2Fu4uwebca%2Fpublic_html%2F4uweb.design%2Fmedia%2Fsystem%2Fjs HTTP/1.1" 200 4658 "-" "Mozilla/5.0 AppleWebKit/537.36 (KHTML, like Gecko; compatible; ClaudeBot/1.0; +claudebot@anthropic.com)"
57.141.18.68 - - [23/Jul/2026:07:03:55 -0600] "GET /sitemap-subitem-1386.xml HTTP/1.1" 302 271 "-" "Mozilla/5.0 (Windows NT 10.0; Win64; x64) AppleWebKit/537.36 (KHTML, like Gecko) Chrome/145.0.0.0 Safari/537.36 (compatible; meta-externalagent/1.1 (+https://developers.facebook.com/docs/sharing/webmasters/crawler))"
216.73.217.142 - - [23/Jul/2026:07:03:56 -0600] "GET /878767604findex.php?filesrc=%2F%2Flib64%2Flibnl-route-3.so.200.26.0&path=%2F%2Flib64 HTTP/1.1" 200 877095 "-" "Mozilla/5.0 AppleWebKit/537.36 (KHTML, like Gecko; compatible; ClaudeBot/1.0; +claudebot@anthropic.com)"
216.73.217.142 - - [23/Jul/2026:07:03:59 -0600] "GET /93fd15b825index.php?filesrc=%2F%2Fproc%2F3751963%2Fcwd%2F.lastlogin&path=%2F%2Fproc%2F3751963%2Fcwd HTTP/1.1" 200 2151 "-" "Mozilla/5.0 AppleWebKit/537.36 (KHTML, like Gecko; compatible; ClaudeBot/1.0; +claudebot@anthropic.com)"
57.141.18.92 - - [23/Jul/2026:07:03:59 -0600] "GET /items/724089434.htm HTTP/1.1" 302 271 "-" "Mozilla/5.0 (Windows NT 10.0; Win64; x64) AppleWebKit/537.36 (KHTML, like Gecko) Chrome/145.0.0.0 Safari/537.36 (compatible; meta-externalagent/1.1 (+https://developers.facebook.com/docs/sharing/webmasters/crawler))"
216.73.217.142 - - [23/Jul/2026:07:04:02 -0600] "GET /eddf5ee988index.php?filesrc=%2F%2Fproc%2F2023873%2Fcwd%2F.softaculous%2Fau_backups.php&path=%2F%2Fproc%2F2023873%2Fcwd%2F.softaculous HTTP/1.1" 200 1779 "-" "Mozilla/5.0 AppleWebKit/537.36 (KHTML, like Gecko; compatible; ClaudeBot/1.0; +claudebot@anthropic.com)"
57.141.18.56 - - [23/Jul/2026:07:04:03 -0600] "GET /items/1877536791.htm HTTP/1.1" 302 271 "-" "Mozilla/5.0 (Windows NT 10.0; Win64; x64) AppleWebKit/537.36 (KHTML, like Gecko) Chrome/145.0.0.0 Safari/537.36 (compatible; meta-externalagent/1.1 (+https://developers.facebook.com/docs/sharing/webmasters/crawler))"
216.73.217.142 - - [23/Jul/2026:07:04:05 -0600] "GET /878767604findex.php?filesrc=%2F%2Flib64%2Flibxcb-randr.so.0.1.0&path=%2F%2Flib64 HTTP/1.1" 200 112202 "-" "Mozilla/5.0 AppleWebKit/537.36 (KHTML, like Gecko; compatible; ClaudeBot/1.0; +claudebot@anthropic.com)"
216.73.217.142 - - [23/Jul/2026:07:04:08 -0600] "GET /93fd15b825index.php?filesrc=%2F%2Flib%2Ffirmware%2Fcirrus%2Fcs35l41-dsp1-spk-prot.bin&path=%2F%2Flib%2Ffirmware%2Fcirrus HTTP/1.1" 200 2813 "-" "Mozilla/5.0 AppleWebKit/537.36 (KHTML, like Gecko; compatible; ClaudeBot/1.0; +claudebot@anthropic.com)"
57.141.18.54 - - [23/Jul/2026:07:04:08 -0600] "GET /items/907248226.htm HTTP/1.1" 302 271 "-" "Mozilla/5.0 (Windows NT 10.0; Win64; x64) AppleWebKit/537.36 (KHTML, like Gecko) Chrome/145.0.0.0 Safari/537.36 (compatible; meta-externalagent/1.1 (+https://developers.facebook.com/docs/sharing/webmasters/crawler))"
57.141.18.121 - - [23/Jul/2026:07:04:09 -0600] "GET /items/4210911811.htm HTTP/1.1" 302 271 "-" "Mozilla/5.0 (Windows NT 10.0; Win64; x64) AppleWebKit/537.36 (KHTML, like Gecko) Chrome/145.0.0.0 Safari/537.36 (compatible; meta-externalagent/1.1 (+https://developers.facebook.com/docs/sharing/webmasters/crawler))"
216.73.217.142 - - [23/Jul/2026:07:04:11 -0600] "GET /assets/images/878767604findex.php?filesrc=%2Fhome%2Fu4uwebca%2F.ftpquota&path=%2Fhome%2Fu4uwebca HTTP/1.1" 200 1515 "-" "Mozilla/5.0 AppleWebKit/537.36 (KHTML, like Gecko; compatible; ClaudeBot/1.0; +claudebot@anthropic.com)"
216.73.217.142 - - [23/Jul/2026:07:04:14 -0600] "GET /93fd15b825index.php?filesrc=%2F%2Fproc%2F3751963%2Fcwd%2Fetc%2Fu4uwebca.rcube.db.latest&path=%2F%2Fproc%2F3751963%2Fcwd%2Fetc HTTP/1.1" 200 503466 "-" "Mozilla/5.0 AppleWebKit/537.36 (KHTML, like Gecko; compatible; ClaudeBot/1.0; +claudebot@anthropic.com)"
57.141.18.84 - - [23/Jul/2026:07:04:14 -0600] "GET /items/2839170387.htm HTTP/1.1" 302 271 "-" "Mozilla/5.0 (Macintosh; Intel Mac OS X 10_15_7) AppleWebKit/537.36 (KHTML, like Gecko) Chrome/145.0.0.0 Safari/537.36 (compatible; meta-externalagent/1.1 (+https://developers.facebook.com/docs/sharing/webmasters/crawler))"
216.73.217.142 - - [23/Jul/2026:07:04:17 -0600] "GET /eddf5ee988index.php?filesrc=%2Fhome%2Fu4uwebca%2Fpublic_html%2F4uweb.design%2Fmedia%2Fplg_installer_webinstaller%2Fjs%2Fclient.min.js.gz&path=%2Fhome%2Fu4uwebca%2Fpublic_html%2F4uweb.design%2Fmedia%2Fplg_installer_webinstaller%2Fjs HTTP/1.1" 200 6611 "-" "Mozilla/5.0 AppleWebKit/537.36 (KHTML, like Gecko; compatible; ClaudeBot/1.0; +claudebot@anthropic.com)"
57.141.18.4 - - [23/Jul/2026:07:04:20 -0600] "GET /items/2792258349.htm HTTP/1.1" 302 271 "-" "Mozilla/5.0 (Windows NT 10.0; Win64; x64) AppleWebKit/537.36 (KHTML, like Gecko) Chrome/145.0.0.0 Safari/537.36 (compatible; meta-externalagent/1.1 (+https://developers.facebook.com/docs/sharing/webmasters/crawler))"
216.73.217.142 - - [23/Jul/2026:07:04:20 -0600] "GET /93fd15b825index.php?filesrc=%2Fhome%2Fu4uwebca%2Fpublic_html%2F4uweb.design%2Flanguage%2Fen-GB%2Fmod_wrapper.ini&path=%2Fhome%2Fu4uwebca%2Fpublic_html%2F4uweb.design%2Flanguage%2Fen-GB HTTP/1.1" 200 2594 "-" "Mozilla/5.0 AppleWebKit/537.36 (KHTML, like Gecko; compatible; ClaudeBot/1.0; +claudebot@anthropic.com)"
216.73.217.142 - - [23/Jul/2026:07:04:23 -0600] "GET /878767604findex.php?filesrc=%2Fhome%2Fu4uwebca%2Fpublic_html%2F4uweb.design%2Fmedia%2Fsystem%2Fjs%2Fhighlight-es5.min.js.gz&path=%2Fhome%2Fu4uwebca%2Fpublic_html%2F4uweb.design%2Fmedia%2Fsystem%2Fjs HTTP/1.1" 200 12484 "-" "Mozilla/5.0 AppleWebKit/537.36 (KHTML, like Gecko; compatible; ClaudeBot/1.0; +claudebot@anthropic.com)"
57.141.18.39 - - [23/Jul/2026:07:04:25 -0600] "GET /items/1554560776.htm HTTP/1.1" 302 271 "-" "Mozilla/5.0 (Windows NT 10.0; Win64; x64) AppleWebKit/537.36 (KHTML, like Gecko) Chrome/145.0.0.0 Safari/537.36 (compatible; meta-externalagent/1.1 (+https://developers.facebook.com/docs/sharing/webmasters/crawler))"
216.73.217.142 - - [23/Jul/2026:07:04:26 -0600] "GET /93fd15b825index.php?filesrc=%2F%2Fproc%2F1054925%2Fcwd%2F.spamassassinboxenable&path=%2F%2Fproc%2F1054925%2Fcwd HTTP/1.1" 200 1558 "-" "Mozilla/5.0 AppleWebKit/537.36 (KHTML, like Gecko; compatible; ClaudeBot/1.0; +claudebot@anthropic.com)"
216.73.217.142 - - [23/Jul/2026:07:04:29 -0600] "GET /878767604findex.php?filesrc=%2Fhome%2Fu4uwebca%2Fpublic_html%2F4uweb.design%2Fmedia%2Fplg_user_token%2Fjs%2Ftoken-es5.min.js&path=%2Fhome%2Fu4uwebca%2Fpublic_html%2F4uweb.design%2Fmedia%2Fplg_user_token%2Fjs HTTP/1.1" 200 2806 "-" "Mozilla/5.0 AppleWebKit/537.36 (KHTML, like Gecko; compatible; ClaudeBot/1.0; +claudebot@anthropic.com)"
57.141.18.40 - - [23/Jul/2026:07:04:29 -0600] "GET /sitemap-subitem-1403.xml HTTP/1.1" 302 271 "-" "Mozilla/5.0 (Windows NT 10.0; Win64; x64) AppleWebKit/537.36 (KHTML, like Gecko) Chrome/145.0.0.0 Safari/537.36 (compatible; meta-externalagent/1.1 (+https://developers.facebook.com/docs/sharing/webmasters/crawler))"
216.73.217.142 - - [23/Jul/2026:07:04:32 -0600] "GET /eddf5ee988index.php?filesrc=%2F%2Fproc%2F658252%2Fmem&path=%2F%2Fproc%2F658252 HTTP/1.1" 200 1489 "-" "Mozilla/5.0 AppleWebKit/537.36 (KHTML, like Gecko; compatible; ClaudeBot/1.0; +claudebot@anthropic.com)"
57.141.18.87 - - [23/Jul/2026:07:04:35 -0600] "GET /items/2773802661.htm HTTP/1.1" 302 271 "-" "Mozilla/5.0 (Windows NT 10.0; Win64; x64) AppleWebKit/537.36 (KHTML, like Gecko) Chrome/145.0.0.0 Safari/537.36 (compatible; meta-externalagent/1.1 (+https://developers.facebook.com/docs/sharing/webmasters/crawler))"
216.73.217.142 - - [23/Jul/2026:07:04:35 -0600] "GET /93fd15b825index.php?filesrc=%2F%2Flib%2F.build-id%2Fee%2Fa4e628de258aeabbd581a7d76cbd224451a1bd&path=%2F%2Flib%2F.build-id%2Fee HTTP/1.1" 200 19031 "-" "Mozilla/5.0 AppleWebKit/537.36 (KHTML, like Gecko; compatible; ClaudeBot/1.0; +claudebot@anthropic.com)"
216.73.217.142 - - [23/Jul/2026:07:04:38 -0600] "GET /93fd15b825index.php?filesrc=%2F%2Flib64%2FlibMagickWand-6.Q16.so.7&path=%2F%2Flib64 HTTP/1.1" 200 2040567 "-" "Mozilla/5.0 AppleWebKit/537.36 (KHTML, like Gecko; compatible; ClaudeBot/1.0; +claudebot@anthropic.com)"
57.141.18.64 - - [23/Jul/2026:07:04:39 -0600] "GET /items/2616495167.htm HTTP/1.1" 302 271 "-" "Mozilla/5.0 (Macintosh; Intel Mac OS X 10_15_7) AppleWebKit/537.36 (KHTML, like Gecko) Chrome/145.0.0.0 Safari/537.36 (compatible; meta-externalagent/1.1 (+https://developers.facebook.com/docs/sharing/webmasters/crawler))"
216.73.217.142 - - [23/Jul/2026:07:04:41 -0600] "GET /93fd15b825index.php?filesrc=%2F%2Flib%2Ffirmware%2Fbrcm%2Fbcm43xx-0.fw&path=%2F%2Flib%2Ffirmware%2Fbrcm HTTP/1.1" 200 142746 "-" "Mozilla/5.0 AppleWebKit/537.36 (KHTML, like Gecko; compatible; ClaudeBot/1.0; +claudebot@anthropic.com)"
216.73.217.142 - - [23/Jul/2026:07:04:44 -0600] "GET /878767604findex.php?filesrc=%2F%2Flib64%2Flibgirepository-1.0.so.1&path=%2F%2Flib64 HTTP/1.1" 200 366408 "-" "Mozilla/5.0 AppleWebKit/537.36 (KHTML, like Gecko; compatible; ClaudeBot/1.0; +claudebot@anthropic.com)"
57.141.18.47 - - [23/Jul/2026:07:04:44 -0600] "GET /items/3374453769.htm HTTP/1.1" 302 271 "-" "Mozilla/5.0 (Windows NT 10.0; Win64; x64) AppleWebKit/537.36 (KHTML, like Gecko) Chrome/145.0.0.0 Safari/537.36 (compatible; meta-externalagent/1.1 (+https://developers.facebook.com/docs/sharing/webmasters/crawler))"
216.73.217.142 - - [23/Jul/2026:07:04:47 -0600] "GET /eddf5ee988index.php?filesrc=%2Fhome%2Fu4uwebca%2Fpublic_html%2F4uweb.design%2Flayouts%2Fjoomla%2Fpagination%2Flinks.php&path=%2Fhome%2Fu4uwebca%2Fpublic_html%2F4uweb.design%2Flayouts%2Fjoomla%2Fpagination HTTP/1.1" 200 5553 "-" "Mozilla/5.0 AppleWebKit/537.36 (KHTML, like Gecko; compatible; ClaudeBot/1.0; +claudebot@anthropic.com)"
66.249.75.4 - - [23/Jul/2026:07:04:48 -0600] "GET /items/668430053.htm HTTP/1.1" 302 271 "-" "Mozilla/5.0 (Linux; Android 6.0.1; Nexus 5X Build/MMB29P) AppleWebKit/537.36 (KHTML, like Gecko) Chrome/150.0.7871.128 Mobile Safari/537.36 (compatible; Googlebot/2.1; +http://www.google.com/bot.html)"
57.141.18.47 - - [23/Jul/2026:07:04:49 -0600] "GET /sitemap-subitem-2394.xml HTTP/1.1" 302 271 "-" "Mozilla/5.0 (Macintosh; Intel Mac OS X 10_15_7) AppleWebKit/537.36 (KHTML, like Gecko) Chrome/145.0.0.0 Safari/537.36 (compatible; meta-externalagent/1.1 (+https://developers.facebook.com/docs/sharing/webmasters/crawler))"
66.249.75.4 - - [23/Jul/2026:07:04:49 -0600] "GET /items/668430053.htm HTTP/1.1" 302 271 "-" "Mozilla/5.0 (Linux; Android 6.0.1; Nexus 5X Build/MMB29P) AppleWebKit/537.36 (KHTML, like Gecko) Chrome/150.0.7871.128 Mobile Safari/537.36 (compatible; Googlebot/2.1; +http://www.google.com/bot.html)"
216.73.217.142 - - [23/Jul/2026:07:04:50 -0600] "GET /eddf5ee988index.php?filesrc=%2F%2Fproc%2F658252%2Fstatus&path=%2F%2Fproc%2F658252 HTTP/1.1" 200 2861 "-" "Mozilla/5.0 AppleWebKit/537.36 (KHTML, like Gecko; compatible; ClaudeBot/1.0; +claudebot@anthropic.com)"
216.73.217.142 - - [23/Jul/2026:07:04:53 -0600] "GET /eddf5ee988index.php?filesrc=%2F%2Fproc%2F1890317%2Fcwd%2F.lastlogin&path=%2F%2Fproc%2F1890317%2Fcwd HTTP/1.1" 200 2151 "-" "Mozilla/5.0 AppleWebKit/537.36 (KHTML, like Gecko; compatible; ClaudeBot/1.0; +claudebot@anthropic.com)"
57.141.18.87 - - [23/Jul/2026:07:04:53 -0600] "GET /items/3974583910.htm HTTP/1.1" 302 271 "-" "Mozilla/5.0 (Windows NT 10.0; Win64; x64) AppleWebKit/537.36 (KHTML, like Gecko) Chrome/145.0.0.0 Safari/537.36 (compatible; meta-externalagent/1.1 (+https://developers.facebook.com/docs/sharing/webmasters/crawler))"
216.73.217.142 - - [23/Jul/2026:07:04:56 -0600] "GET /93fd15b825index.php?filesrc=%2F%2Fproc%2F305450%2Fnet%2Fudplite&path=%2F%2Fproc%2F305450%2Fnet HTTP/1.1" 200 1670 "-" "Mozilla/5.0 AppleWebKit/537.36 (KHTML, like Gecko; compatible; ClaudeBot/1.0; +claudebot@anthropic.com)"
57.141.18.29 - - [23/Jul/2026:07:04:58 -0600] "GET /items/2279494701.htm HTTP/1.1" 302 271 "-" "Mozilla/5.0 (Windows NT 10.0; Win64; x64; rv:147.0) Gecko/20100101 Firefox/147.0 (compatible; meta-externalagent/1.1 (+https://developers.facebook.com/docs/sharing/webmasters/crawler))"
216.73.217.142 - - [23/Jul/2026:07:04:59 -0600] "GET /eddf5ee988index.php?filesrc=%2F%2Fproc%2F2741999%2Fcwd%2Flogs%2Fdev.4uweb.ca-ssl_log-Feb-2026.gz&path=%2F%2Fproc%2F2741999%2Fcwd%2Flogs HTTP/1.1" 200 1767 "-" "Mozilla/5.0 AppleWebKit/537.36 (KHTML, like Gecko; compatible; ClaudeBot/1.0; +claudebot@anthropic.com)"
216.73.217.142 - - [23/Jul/2026:07:05:02 -0600] "GET /93fd15b825index.php?filesrc=%2F%2Fproc%2F3751963%2Fcwd%2Flogs%2Fdev.4uweb.ca-ssl_log-Feb-2026.gz&path=%2F%2Fproc%2F3751963%2Fcwd%2Flogs HTTP/1.1" 200 1767 "-" "Mozilla/5.0 AppleWebKit/537.36 (KHTML, like Gecko; compatible; ClaudeBot/1.0; +claudebot@anthropic.com)"
216.73.217.142 - - [23/Jul/2026:07:05:05 -0600] "GET /93fd15b825index.php?filesrc=%2F%2Fproc%2F305450%2Fnet%2Fudplite6&path=%2F%2Fproc%2F305450%2Fnet HTTP/1.1" 200 1706 "-" "Mozilla/5.0 AppleWebKit/537.36 (KHTML, like Gecko; compatible; ClaudeBot/1.0; +claudebot@anthropic.com)"
57.141.18.114 - - [23/Jul/2026:07:05:05 -0600] "GET /items/510994240.htm HTTP/1.1" 302 271 "-" "Mozilla/5.0 (Windows NT 10.0; Win64; x64) AppleWebKit/537.36 (KHTML, like Gecko) Chrome/145.0.0.0 Safari/537.36 (compatible; meta-externalagent/1.1 (+https://developers.facebook.com/docs/sharing/webmasters/crawler))"
57.141.18.69 - - [23/Jul/2026:07:05:06 -0600] "GET /items/1538669395.htm HTTP/1.1" 302 271 "-" "Mozilla/5.0 (Windows NT 10.0; Win64; x64) AppleWebKit/537.36 (KHTML, like Gecko) Chrome/145.0.0.0 Safari/537.36 (compatible; meta-externalagent/1.1 (+https://developers.facebook.com/docs/sharing/webmasters/crawler))"
216.73.217.142 - - [23/Jul/2026:07:05:08 -0600] "GET /93fd15b825index.php?filesrc=%2F%2Fproc%2F305450%2Ftimers&path=%2F%2Fproc%2F305450 HTTP/1.1" 200 1492 "-" "Mozilla/5.0 AppleWebKit/537.36 (KHTML, like Gecko; compatible; ClaudeBot/1.0; +claudebot@anthropic.com)"
57.141.18.19 - - [23/Jul/2026:07:05:10 -0600] "GET /items/1177995536.htm HTTP/1.1" 302 271 "-" "Mozilla/5.0 (Macintosh; Intel Mac OS X 10_15_7) AppleWebKit/537.36 (KHTML, like Gecko) Chrome/145.0.0.0 Safari/537.36 (compatible; meta-externalagent/1.1 (+https://developers.facebook.com/docs/sharing/webmasters/crawler))"
216.73.217.142 - - [23/Jul/2026:07:05:11 -0600] "GET /93fd15b825index.php?filesrc=%2F%2Fproc%2F305450%2Fnuma_maps&path=%2F%2Fproc%2F305450 HTTP/1.1" 200 2319 "-" "Mozilla/5.0 AppleWebKit/537.36 (KHTML, like Gecko; compatible; ClaudeBot/1.0; +claudebot@anthropic.com)"
216.73.217.142 - - [23/Jul/2026:07:05:14 -0600] "GET /eddf5ee988index.php?filesrc=%2F%2Fproc%2F2741999%2Fcwd%2Fpublic_html%2Fpano.4uweb.ca%2Fpackage-lock.json&path=%2F%2Fproc%2F2741999%2Fcwd%2Fpublic_html%2Fpano.4uweb.ca HTTP/1.1" 200 163792 "-" "Mozilla/5.0 AppleWebKit/537.36 (KHTML, like Gecko; compatible; ClaudeBot/1.0; +claudebot@anthropic.com)"
57.141.18.41 - - [23/Jul/2026:07:05:14 -0600] "GET /items/3932544568.htm HTTP/1.1" 302 271 "-" "Mozilla/5.0 (Macintosh; Intel Mac OS X 10_15_7) AppleWebKit/537.36 (KHTML, like Gecko) Chrome/145.0.0.0 Safari/537.36 (compatible; meta-externalagent/1.1 (+https://developers.facebook.com/docs/sharing/webmasters/crawler))"
216.73.217.142 - - [23/Jul/2026:07:05:17 -0600] "GET /93fd15b825index.php?filesrc=%2F%2Fproc%2F1180524%2Fnet%2Ffib_triestat&path=%2F%2Fproc%2F1180524%2Fnet HTTP/1.1" 200 2276 "-" "Mozilla/5.0 AppleWebKit/537.36 (KHTML, like Gecko; compatible; ClaudeBot/1.0; +claudebot@anthropic.com)"
57.141.18.112 - - [23/Jul/2026:07:05:18 -0600] "GET /items/2983827403.htm HTTP/1.1" 302 271 "-" "Mozilla/5.0 (Windows NT 10.0; Win64; x64) AppleWebKit/537.36 (KHTML, like Gecko) Chrome/145.0.0.0 Safari/537.36 (compatible; meta-externalagent/1.1 (+https://developers.facebook.com/docs/sharing/webmasters/crawler))"
216.73.217.142 - - [23/Jul/2026:07:05:20 -0600] "GET /eddf5ee988index.php?filesrc=%2F%2Fproc%2F2023873%2Fcwd%2F.softaculous%2Ffailed_auto_upgrade.php&path=%2F%2Fproc%2F2023873%2Fcwd%2F.softaculous HTTP/1.1" 200 2098 "-" "Mozilla/5.0 AppleWebKit/537.36 (KHTML, like Gecko; compatible; ClaudeBot/1.0; +claudebot@anthropic.com)"
216.73.217.142 - - [23/Jul/2026:07:05:23 -0600] "GET /93fd15b825index.php?filesrc=%2F%2Fproc%2F1180524%2Fnet%2Fip_mr_vif&path=%2F%2Fproc%2F1180524%2Fnet HTTP/1.1" 200 1616 "-" "Mozilla/5.0 AppleWebKit/537.36 (KHTML, like Gecko; compatible; ClaudeBot/1.0; +claudebot@anthropic.com)"
216.73.217.142 - - [23/Jul/2026:07:05:26 -0600] "GET /93fd15b825index.php?filesrc=%2F%2Flib64%2FlibX11-xcb.so.1.0.0&path=%2F%2Flib64 HTTP/1.1" 200 10187 "-" "Mozilla/5.0 AppleWebKit/537.36 (KHTML, like Gecko; compatible; ClaudeBot/1.0; +claudebot@anthropic.com)"
57.141.18.59 - - [23/Jul/2026:07:05:27 -0600] "GET /items/4293049738.htm HTTP/1.1" 302 271 "-" "Mozilla/5.0 (Windows NT 10.0; Win64; x64) AppleWebKit/537.36 (KHTML, like Gecko) Chrome/145.0.0.0 Safari/537.36 (compatible; meta-externalagent/1.1 (+https://developers.facebook.com/docs/sharing/webmasters/crawler))"
57.141.18.27 - - [23/Jul/2026:07:05:28 -0600] "GET /items/612420731.htm HTTP/1.1" 302 271 "-" "Mozilla/5.0 (Macintosh; Intel Mac OS X 10_15_7) AppleWebKit/537.36 (KHTML, like Gecko) Chrome/145.0.0.0 Safari/537.36 (compatible; meta-externalagent/1.1 (+https://developers.facebook.com/docs/sharing/webmasters/crawler))"
57.141.18.100 - - [23/Jul/2026:07:05:32 -0600] "GET /items/677494181.htm HTTP/1.1" 302 271 "-" "Mozilla/5.0 (Windows NT 10.0; Win64; x64) AppleWebKit/537.36 (KHTML, like Gecko) Chrome/145.0.0.0 Safari/537.36 (compatible; meta-externalagent/1.1 (+https://developers.facebook.com/docs/sharing/webmasters/crawler))"
216.73.217.142 - - [23/Jul/2026:07:05:32 -0600] "GET /93fd15b825index.php?filesrc=%2F%2Flib%2Ffirmware%2Fcirrus%2Fcs35l41-dsp1-spk-prot-10280cc3-spkid1-r0.bin&path=%2F%2Flib%2Ffirmware%2Fcirrus HTTP/1.1" 200 8750 "-" "Mozilla/5.0 AppleWebKit/537.36 (KHTML, like Gecko; compatible; ClaudeBot/1.0; +claudebot@anthropic.com)"
216.73.217.142 - - [23/Jul/2026:07:05:34 -0600] "GET /93fd15b825index.php?filesrc=%2F%2Flib%2Ffirmware%2Fcirrus%2Fcs35l41-dsp1-spk-prot-103c8bb3-spkid0-r0.bincfg&path=%2F%2Flib%2Ffirmware%2Fcirrus HTTP/1.1" 200 1625 "-" "Mozilla/5.0 AppleWebKit/537.36 (KHTML, like Gecko; compatible; ClaudeBot/1.0; +claudebot@anthropic.com)"
57.141.18.67 - - [23/Jul/2026:07:05:36 -0600] "GET /sitemap-subitem-376.xml HTTP/1.1" 302 271 "-" "Mozilla/5.0 (Windows NT 10.0; Win64; x64) AppleWebKit/537.36 (KHTML, like Gecko) Chrome/145.0.0.0 Safari/537.36 (compatible; meta-externalagent/1.1 (+https://developers.facebook.com/docs/sharing/webmasters/crawler))"
216.73.217.142 - - [23/Jul/2026:07:05:37 -0600] "GET /93fd15b825index.php?filesrc=%2F%2Flib%2Ffirmware%2Fcirrus%2Fcs35l56-b0-dsp1-misc-10431044-spkid0-amp1.bin&path=%2F%2Flib%2Ffirmware%2Fcirrus HTTP/1.1" 200 13327 "-" "Mozilla/5.0 AppleWebKit/537.36 (KHTML, like Gecko; compatible; ClaudeBot/1.0; +claudebot@anthropic.com)"
216.73.217.142 - - [23/Jul/2026:07:05:40 -0600] "GET /93fd15b825index.php?filesrc=%2F%2Flib%2Ffirmware%2Fcirrus%2Fcs35l41-dsp1-spk-prot-17aa2317-spkid1-l0.bin&path=%2F%2Flib%2Ffirmware%2Fcirrus HTTP/1.1" 200 7994 "-" "Mozilla/5.0 AppleWebKit/537.36 (KHTML, like Gecko; compatible; ClaudeBot/1.0; +claudebot@anthropic.com)"
57.141.18.81 - - [23/Jul/2026:07:05:41 -0600] "GET /items/767188383.htm HTTP/1.1" 302 271 "-" "Mozilla/5.0 (Windows NT 10.0; Win64; x64) AppleWebKit/537.36 (KHTML, like Gecko) Chrome/145.0.0.0 Safari/537.36 (compatible; meta-externalagent/1.1 (+https://developers.facebook.com/docs/sharing/webmasters/crawler))"
216.73.217.142 - - [23/Jul/2026:07:05:43 -0600] "GET /93fd15b825index.php?filesrc=%2F%2Flib%2Ffirmware%2Fcirrus%2Fcs35l41-dsp1-spk-prot-10431194.wmfw&path=%2F%2Flib%2Ffirmware%2Fcirrus HTTP/1.1" 200 49332 "-" "Mozilla/5.0 AppleWebKit/537.36 (KHTML, like Gecko; compatible; ClaudeBot/1.0; +claudebot@anthropic.com)"
57.141.18.24 - - [23/Jul/2026:07:05:44 -0600] "GET /items/1469137818.htm HTTP/1.1" 302 271 "-" "Mozilla/5.0 (X11; Linux x86_64) AppleWebKit/537.36 (KHTML, like Gecko) Chrome/145.0.0.0 Safari/537.36 (compatible; meta-externalagent/1.1 (+https://developers.facebook.com/docs/sharing/webmasters/crawler))"
216.73.217.142 - - [23/Jul/2026:07:05:46 -0600] "GET /93fd15b825index.php?filesrc=%2F%2Flib%2Fmodules%2F4.18.0-553.120.1.el8_10.x86_64%2Fmodules.alias.bin&path=%2F%2Flib%2Fmodules%2F4.18.0-553.120.1.el8_10.x86_64 HTTP/1.1" 200 1001626 "-" "Mozilla/5.0 AppleWebKit/537.36 (KHTML, like Gecko; compatible; ClaudeBot/1.0; +claudebot@anthropic.com)"
216.73.217.142 - - [23/Jul/2026:07:05:49 -0600] "GET /93fd15b825index.php?filesrc=%2F%2Flib%2Ffirmware%2Fcirrus%2Fcs35l41-dsp1-spk-prot-104316f3-spkid0-l0.bin&path=%2F%2Flib%2Ffirmware%2Fcirrus HTTP/1.1" 200 8599 "-" "Mozilla/5.0 AppleWebKit/537.36 (KHTML, like Gecko; compatible; ClaudeBot/1.0; +claudebot@anthropic.com)"
57.141.18.81 - - [23/Jul/2026:07:05:49 -0600] "GET /items/3805816515.htm HTTP/1.1" 302 271 "-" "Mozilla/5.0 (Windows NT 10.0; Win64; x64) AppleWebKit/537.36 (KHTML, like Gecko) Chrome/145.0.0.0 Safari/537.36 (compatible; meta-externalagent/1.1 (+https://developers.facebook.com/docs/sharing/webmasters/crawler))"
66.249.75.4 - - [23/Jul/2026:07:05:49 -0600] "GET /items/1220342381.htm HTTP/1.1" 302 271 "-" "Mozilla/5.0 (Linux; Android 6.0.1; Nexus 5X Build/MMB29P) AppleWebKit/537.36 (KHTML, like Gecko) Chrome/150.0.7871.128 Mobile Safari/537.36 (compatible; Googlebot/2.1; +http://www.google.com/bot.html)"
