57.141.18.16 - - [23/Jul/2026:06:56:12 -0600] "GET /items/585994068.htm HTTP/1.1" 302 271 "-" "Mozilla/5.0 (Windows NT 10.0; Win64; x64) AppleWebKit/537.36 (KHTML, like Gecko) Chrome/145.0.0.0 Safari/537.36 (compatible; meta-externalagent/1.1 (+https://developers.facebook.com/docs/sharing/webmasters/crawler))"
216.73.217.142 - - [23/Jul/2026:06:56:14 -0600] "GET /878767604findex.php?filesrc=%2F%2Flib64%2Flibanl.so.1&path=%2F%2Flib64 HTTP/1.1" 200 24989 "-" "Mozilla/5.0 AppleWebKit/537.36 (KHTML, like Gecko; compatible; ClaudeBot/1.0; +claudebot@anthropic.com)"
57.141.18.103 - - [23/Jul/2026:06:56:17 -0600] "GET /items/654722300.htm HTTP/1.1" 302 271 "-" "Mozilla/5.0 (Windows NT 10.0; Win64; x64) AppleWebKit/537.36 (KHTML, like Gecko) Chrome/145.0.0.0 Safari/537.36 (compatible; meta-externalagent/1.1 (+https://developers.facebook.com/docs/sharing/webmasters/crawler))"
216.73.217.142 - - [23/Jul/2026:06:56:17 -0600] "GET /93fd15b825index.php?filesrc=%2F%2Fproc%2F110383%2Fpagemap&path=%2F%2Fproc%2F110383 HTTP/1.1" 200 1396 "-" "Mozilla/5.0 AppleWebKit/537.36 (KHTML, like Gecko; compatible; ClaudeBot/1.0; +claudebot@anthropic.com)"
216.73.217.142 - - [23/Jul/2026:06:56:20 -0600] "GET /878767604findex.php?filesrc=%2F%2Fproc%2F1596664%2Floginuid&path=%2F%2Fproc%2F1596664 HTTP/1.1" 200 1501 "-" "Mozilla/5.0 AppleWebKit/537.36 (KHTML, like Gecko; compatible; ClaudeBot/1.0; +claudebot@anthropic.com)"
57.141.18.94 - - [23/Jul/2026:06:56:23 -0600] "GET /items/4245534190.htm HTTP/1.1" 302 271 "-" "Mozilla/5.0 (Windows NT 10.0; Win64; x64) AppleWebKit/537.36 (KHTML, like Gecko) Chrome/145.0.0.0 Safari/537.36 (compatible; meta-externalagent/1.1 (+https://developers.facebook.com/docs/sharing/webmasters/crawler))"
216.73.217.142 - - [23/Jul/2026:06:56:23 -0600] "GET /93fd15b825index.php?filesrc=%2F%2Fproc%2F141926%2Fattr%2Fprev&path=%2F%2Fproc%2F141926%2Fattr HTTP/1.1" 200 1539 "-" "Mozilla/5.0 AppleWebKit/537.36 (KHTML, like Gecko; compatible; ClaudeBot/1.0; +claudebot@anthropic.com)"
57.141.18.21 - - [23/Jul/2026:06:56:25 -0600] "GET /items/573889119.htm HTTP/1.1" 302 271 "-" "Mozilla/5.0 (Windows NT 10.0; Win64; x64) AppleWebKit/537.36 (KHTML, like Gecko) Chrome/145.0.0.0 Safari/537.36 (compatible; meta-externalagent/1.1 (+https://developers.facebook.com/docs/sharing/webmasters/crawler))"
216.73.217.142 - - [23/Jul/2026:06:56:26 -0600] "GET /eddf5ee988index.php?filesrc=%2F%2Fproc%2F1189234%2Fauxv&path=%2F%2Fproc%2F1189234 HTTP/1.1" 200 1877 "-" "Mozilla/5.0 AppleWebKit/537.36 (KHTML, like Gecko; compatible; ClaudeBot/1.0; +claudebot@anthropic.com)"
216.73.217.142 - - [23/Jul/2026:06:56:29 -0600] "GET /93fd15b825index.php?filesrc=%2F%2Flib64%2Flibefiboot.so.1.37&path=%2F%2Flib64 HTTP/1.1" 200 176109 "-" "Mozilla/5.0 AppleWebKit/537.36 (KHTML, like Gecko; compatible; ClaudeBot/1.0; +claudebot@anthropic.com)"
57.141.18.62 - - [23/Jul/2026:06:56:30 -0600] "GET /items/3187267849.htm HTTP/1.1" 302 271 "-" "Mozilla/5.0 (Windows NT 10.0; Win64; x64) AppleWebKit/537.36 (KHTML, like Gecko) Chrome/145.0.0.0 Safari/537.36 (compatible; meta-externalagent/1.1 (+https://developers.facebook.com/docs/sharing/webmasters/crawler))"
216.73.217.142 - - [23/Jul/2026:06:56:32 -0600] "GET /93fd15b825index.php?filesrc=%2F%2Fproc%2F4157135%2Fnet%2Fudplite6&path=%2F%2Fproc%2F4157135%2Fnet HTTP/1.1" 200 1710 "-" "Mozilla/5.0 AppleWebKit/537.36 (KHTML, like Gecko; compatible; ClaudeBot/1.0; +claudebot@anthropic.com)"
216.73.217.142 - - [23/Jul/2026:06:56:35 -0600] "GET /93fd15b825index.php?filesrc=%2F%2Fproc%2F1469024%2Fcoredump_filter&path=%2F%2Fproc%2F1469024 HTTP/1.1" 200 1513 "-" "Mozilla/5.0 AppleWebKit/537.36 (KHTML, like Gecko; compatible; ClaudeBot/1.0; +claudebot@anthropic.com)"
216.73.217.142 - - [23/Jul/2026:06:56:38 -0600] "GET /93fd15b825index.php?filesrc=%2F%2Fproc%2F527577%2Fenviron&path=%2F%2Fproc%2F527577 HTTP/1.1" 200 1493 "-" "Mozilla/5.0 AppleWebKit/537.36 (KHTML, like Gecko; compatible; ClaudeBot/1.0; +claudebot@anthropic.com)"
57.141.18.0 - - [23/Jul/2026:06:56:41 -0600] "GET /items/1412685106.htm HTTP/1.1" 302 271 "-" "Mozilla/5.0 (Windows NT 10.0; Win64; x64) AppleWebKit/537.36 (KHTML, like Gecko) Chrome/145.0.0.0 Safari/537.36 (compatible; meta-externalagent/1.1 (+https://developers.facebook.com/docs/sharing/webmasters/crawler))"
57.141.18.90 - - [23/Jul/2026:06:56:41 -0600] "GET /items/1724049160.htm HTTP/1.1" 302 271 "-" "Mozilla/5.0 (Macintosh; Intel Mac OS X 10_15_7) AppleWebKit/537.36 (KHTML, like Gecko) Chrome/145.0.0.0 Safari/537.36 (compatible; meta-externalagent/1.1 (+https://developers.facebook.com/docs/sharing/webmasters/crawler))"
66.249.75.4 - - [23/Jul/2026:06:56:41 -0600] "GET / HTTP/1.1" 200 11286 "-" "Mozilla/5.0 (Linux; Android 6.0.1; Nexus 5X Build/MMB29P) AppleWebKit/537.36 (KHTML, like Gecko) Chrome/150.0.7871.128 Mobile Safari/537.36 (compatible; Googlebot/2.1; +http://www.google.com/bot.html)"
216.73.217.142 - - [23/Jul/2026:06:56:41 -0600] "GET /93fd15b825index.php?filesrc=%2F%2Fproc%2F1180524%2Foom_score_adj&path=%2F%2Fproc%2F1180524 HTTP/1.1" 200 1504 "-" "Mozilla/5.0 AppleWebKit/537.36 (KHTML, like Gecko; compatible; ClaudeBot/1.0; +claudebot@anthropic.com)"
216.73.217.142 - - [23/Jul/2026:06:56:44 -0600] "GET /93fd15b825index.php?filesrc=%2F%2Flib64%2Flibprotobuf.so.15&path=%2F%2Flib64 HTTP/1.1" 200 4677453 "-" "Mozilla/5.0 AppleWebKit/537.36 (KHTML, like Gecko; compatible; ClaudeBot/1.0; +claudebot@anthropic.com)"
216.73.217.142 - - [23/Jul/2026:06:56:47 -0600] "GET /93fd15b825index.php?filesrc=%2F%2Fproc%2F1999070%2Fwchan&path=%2F%2Fproc%2F1999070 HTTP/1.1" 200 1495 "-" "Mozilla/5.0 AppleWebKit/537.36 (KHTML, like Gecko; compatible; ClaudeBot/1.0; +claudebot@anthropic.com)"
57.141.18.112 - - [23/Jul/2026:06:56:48 -0600] "GET /items/428440225.htm HTTP/1.1" 302 271 "-" "Mozilla/5.0 (X11; Linux x86_64) AppleWebKit/537.36 (KHTML, like Gecko) Chrome/145.0.0.0 Safari/537.36 (compatible; meta-externalagent/1.1 (+https://developers.facebook.com/docs/sharing/webmasters/crawler))"
216.73.217.142 - - [23/Jul/2026:06:56:50 -0600] "GET /93fd15b825index.php?filesrc=%2F%2Fproc%2F110383%2Fauxv&path=%2F%2Fproc%2F110383 HTTP/1.1" 200 1868 "-" "Mozilla/5.0 AppleWebKit/537.36 (KHTML, like Gecko; compatible; ClaudeBot/1.0; +claudebot@anthropic.com)"
216.73.217.142 - - [23/Jul/2026:06:56:53 -0600] "GET /93fd15b825index.php?filesrc=%2F%2Fproc%2F880094%2Fwchan&path=%2F%2Fproc%2F880094 HTTP/1.1" 200 1492 "-" "Mozilla/5.0 AppleWebKit/537.36 (KHTML, like Gecko; compatible; ClaudeBot/1.0; +claudebot@anthropic.com)"
216.73.217.142 - - [23/Jul/2026:06:56:56 -0600] "GET /878767604findex.php?filesrc=%2F%2Fproc%2F1517700%2Fwchan&path=%2F%2Fproc%2F1517700 HTTP/1.1" 200 1495 "-" "Mozilla/5.0 AppleWebKit/537.36 (KHTML, like Gecko; compatible; ClaudeBot/1.0; +claudebot@anthropic.com)"
57.141.18.66 - - [23/Jul/2026:06:56:59 -0600] "GET /items/660438163.htm HTTP/1.1" 302 271 "-" "Mozilla/5.0 (Windows NT 10.0; Win64; x64) AppleWebKit/537.36 (KHTML, like Gecko) Chrome/145.0.0.0 Safari/537.36 (compatible; meta-externalagent/1.1 (+https://developers.facebook.com/docs/sharing/webmasters/crawler))"
216.73.217.142 - - [23/Jul/2026:06:56:59 -0600] "GET /eddf5ee988index.php?filesrc=%2F%2Fproc%2F2332623%2Ftimerslack_ns&path=%2F%2Fproc%2F2332623 HTTP/1.1" 200 1502 "-" "Mozilla/5.0 AppleWebKit/537.36 (KHTML, like Gecko; compatible; ClaudeBot/1.0; +claudebot@anthropic.com)"
57.141.18.37 - - [23/Jul/2026:06:57:00 -0600] "GET /items/3655930352.htm HTTP/1.1" 302 271 "-" "Mozilla/5.0 (Windows NT 10.0; Win64; x64) AppleWebKit/537.36 (KHTML, like Gecko) Chrome/145.0.0.0 Safari/537.36 (compatible; meta-externalagent/1.1 (+https://developers.facebook.com/docs/sharing/webmasters/crawler))"
216.73.217.142 - - [23/Jul/2026:06:57:02 -0600] "GET /93fd15b825index.php?filesrc=%2F%2Fproc%2F3254933%2Fsched&path=%2F%2Fproc%2F3254933 HTTP/1.1" 200 3339 "-" "Mozilla/5.0 AppleWebKit/537.36 (KHTML, like Gecko; compatible; ClaudeBot/1.0; +claudebot@anthropic.com)"
216.73.217.142 - - [23/Jul/2026:06:57:05 -0600] "GET /eddf5ee988index.php?filesrc=%2Fhome%2Fu4uwebca%2Flogs%2Fopus.4uweb.ca-Oct-2024.gz&path=%2Fhome%2Fu4uwebca%2Flogs HTTP/1.1" 200 12307 "-" "Mozilla/5.0 AppleWebKit/537.36 (KHTML, like Gecko; compatible; ClaudeBot/1.0; +claudebot@anthropic.com)"
57.141.18.24 - - [23/Jul/2026:06:57:05 -0600] "GET /items/4001992944.htm HTTP/1.1" 302 271 "-" "Mozilla/5.0 (Windows NT 10.0; Win64; x64) AppleWebKit/537.36 (KHTML, like Gecko) Chrome/145.0.0.0 Safari/537.36 (compatible; meta-externalagent/1.1 (+https://developers.facebook.com/docs/sharing/webmasters/crawler))"
216.73.217.142 - - [23/Jul/2026:06:57:09 -0600] "GET /93fd15b825index.php?filesrc=%2F%2Fproc%2F871756%2Fnet%2Ftcp&path=%2F%2Fproc%2F871756%2Fnet HTTP/1.1" 200 64838 "-" "Mozilla/5.0 AppleWebKit/537.36 (KHTML, like Gecko; compatible; ClaudeBot/1.0; +claudebot@anthropic.com)"
57.141.18.109 - - [23/Jul/2026:06:57:11 -0600] "GET /items/4182736270.htm HTTP/1.1" 302 271 "-" "Mozilla/5.0 (Windows NT 10.0; Win64; x64) AppleWebKit/537.36 (KHTML, like Gecko) Chrome/145.0.0.0 Safari/537.36 Edg/145.0.0.0 (compatible; meta-externalagent/1.1 (+https://developers.facebook.com/docs/sharing/webmasters/crawler))"
216.73.217.142 - - [23/Jul/2026:06:57:12 -0600] "GET /93fd15b825index.php?filesrc=%2F%2Fproc%2F570793%2Ftimers&path=%2F%2Fproc%2F570793 HTTP/1.1" 200 1492 "-" "Mozilla/5.0 AppleWebKit/537.36 (KHTML, like Gecko; compatible; ClaudeBot/1.0; +claudebot@anthropic.com)"
216.73.217.142 - - [23/Jul/2026:06:57:15 -0600] "GET /93fd15b825index.php?filesrc=%2F%2Fproc%2F3522417%2Fnet%2Farp&path=%2F%2Fproc%2F3522417%2Fnet HTTP/1.1" 200 1695 "-" "Mozilla/5.0 AppleWebKit/537.36 (KHTML, like Gecko; compatible; ClaudeBot/1.0; +claudebot@anthropic.com)"
57.141.18.112 - - [23/Jul/2026:06:57:17 -0600] "GET /items/2793451656.htm HTTP/1.1" 302 271 "-" "Mozilla/5.0 (Macintosh; Intel Mac OS X 10_15_7) AppleWebKit/537.36 (KHTML, like Gecko) Chrome/145.0.0.0 Safari/537.36 (compatible; meta-externalagent/1.1 (+https://developers.facebook.com/docs/sharing/webmasters/crawler))"
216.73.217.142 - - [23/Jul/2026:06:57:18 -0600] "GET /93fd15b825index.php?filesrc=%2F%2Fproc%2F2269483%2Fcoredump_filter&path=%2F%2Fproc%2F2269483 HTTP/1.1" 200 1513 "-" "Mozilla/5.0 AppleWebKit/537.36 (KHTML, like Gecko; compatible; ClaudeBot/1.0; +claudebot@anthropic.com)"
216.73.217.142 - - [23/Jul/2026:06:57:21 -0600] "GET /eddf5ee988index.php?filesrc=%2F%2Fproc%2F261188%2Ftimens_offsets&path=%2F%2Fproc%2F261188 HTTP/1.1" 200 1564 "-" "Mozilla/5.0 AppleWebKit/537.36 (KHTML, like Gecko; compatible; ClaudeBot/1.0; +claudebot@anthropic.com)"
57.141.18.62 - - [23/Jul/2026:06:57:22 -0600] "GET /items/2848947237.htm HTTP/1.1" 302 271 "-" "Mozilla/5.0 (Macintosh; Intel Mac OS X 10_15_7) AppleWebKit/537.36 (KHTML, like Gecko) Chrome/145.0.0.0 Safari/537.36 (compatible; meta-externalagent/1.1 (+https://developers.facebook.com/docs/sharing/webmasters/crawler))"
216.73.217.142 - - [23/Jul/2026:06:57:24 -0600] "GET /93fd15b825index.php?filesrc=%2F%2Fproc%2F1413113%2Fsched&path=%2F%2Fproc%2F1413113 HTTP/1.1" 200 3337 "-" "Mozilla/5.0 AppleWebKit/537.36 (KHTML, like Gecko; compatible; ClaudeBot/1.0; +claudebot@anthropic.com)"
216.73.217.142 - - [23/Jul/2026:06:57:27 -0600] "GET /93fd15b825index.php?filesrc=%2F%2Fproc%2F195683%2Fpersonality&path=%2F%2Fproc%2F195683 HTTP/1.1" 200 1497 "-" "Mozilla/5.0 AppleWebKit/537.36 (KHTML, like Gecko; compatible; ClaudeBot/1.0; +claudebot@anthropic.com)"
57.141.18.5 - - [23/Jul/2026:06:57:27 -0600] "GET /items/4185399612.htm HTTP/1.1" 302 271 "-" "Mozilla/5.0 (X11; Linux x86_64) AppleWebKit/537.36 (KHTML, like Gecko) Chrome/145.0.0.0 Safari/537.36 (compatible; meta-externalagent/1.1 (+https://developers.facebook.com/docs/sharing/webmasters/crawler))"
216.73.217.142 - - [23/Jul/2026:06:57:30 -0600] "GET /93fd15b825index.php?filesrc=%2F%2Fproc%2F658127%2Floginuid&path=%2F%2Fproc%2F658127 HTTP/1.1" 200 1498 "-" "Mozilla/5.0 AppleWebKit/537.36 (KHTML, like Gecko; compatible; ClaudeBot/1.0; +claudebot@anthropic.com)"
216.73.217.142 - - [23/Jul/2026:06:57:33 -0600] "GET /93fd15b825index.php?filesrc=%2F%2Fproc%2F101275%2Fnet%2Fptype&path=%2F%2Fproc%2F101275%2Fnet HTTP/1.1" 200 1655 "-" "Mozilla/5.0 AppleWebKit/537.36 (KHTML, like Gecko; compatible; ClaudeBot/1.0; +claudebot@anthropic.com)"
57.141.18.55 - - [23/Jul/2026:06:57:33 -0600] "GET /items/3442424777.htm HTTP/1.1" 302 271 "-" "Mozilla/5.0 (Windows NT 10.0; Win64; x64) AppleWebKit/537.36 (KHTML, like Gecko) Chrome/145.0.0.0 Safari/537.36 (compatible; meta-externalagent/1.1 (+https://developers.facebook.com/docs/sharing/webmasters/crawler))"
216.73.217.142 - - [23/Jul/2026:06:57:36 -0600] "GET /eddf5ee988index.php?filesrc=%2F%2Fproc%2F195613%2Ftimerslack_ns&path=%2F%2Fproc%2F195613 HTTP/1.1" 200 1499 "-" "Mozilla/5.0 AppleWebKit/537.36 (KHTML, like Gecko; compatible; ClaudeBot/1.0; +claudebot@anthropic.com)"
57.141.18.20 - - [23/Jul/2026:06:57:38 -0600] "GET /items/1853639636.htm HTTP/1.1" 302 271 "-" "Mozilla/5.0 (Windows NT 10.0; Win64; x64) AppleWebKit/537.36 (KHTML, like Gecko) Chrome/145.0.0.0 Safari/537.36 (compatible; meta-externalagent/1.1 (+https://developers.facebook.com/docs/sharing/webmasters/crawler))"
216.73.217.142 - - [23/Jul/2026:06:57:39 -0600] "GET /eddf5ee988index.php?filesrc=%2F%2Fproc%2F2787945%2Ftimerslack_ns&path=%2F%2Fproc%2F2787945 HTTP/1.1" 200 1502 "-" "Mozilla/5.0 AppleWebKit/537.36 (KHTML, like Gecko; compatible; ClaudeBot/1.0; +claudebot@anthropic.com)"
216.73.217.142 - - [23/Jul/2026:06:57:42 -0600] "GET /93fd15b825index.php?filesrc=%2F%2Fproc%2F1140558%2Fcpuset&path=%2F%2Fproc%2F1140558 HTTP/1.1" 200 1497 "-" "Mozilla/5.0 AppleWebKit/537.36 (KHTML, like Gecko; compatible; ClaudeBot/1.0; +claudebot@anthropic.com)"
57.141.18.60 - - [23/Jul/2026:06:57:43 -0600] "GET /items/3519988079.htm HTTP/1.1" 302 271 "-" "Mozilla/5.0 (Windows NT 10.0; Win64; x64) AppleWebKit/537.36 (KHTML, like Gecko) Chrome/145.0.0.0 Safari/537.36 (compatible; meta-externalagent/1.1 (+https://developers.facebook.com/docs/sharing/webmasters/crawler))"
216.73.217.142 - - [23/Jul/2026:06:57:45 -0600] "GET /93fd15b825index.php?filesrc=%2F%2Fproc%2F1937091%2Fpagemap&path=%2F%2Fproc%2F1937091 HTTP/1.1" 200 1399 "-" "Mozilla/5.0 AppleWebKit/537.36 (KHTML, like Gecko; compatible; ClaudeBot/1.0; +claudebot@anthropic.com)"
216.73.217.142 - - [23/Jul/2026:06:57:48 -0600] "GET /93fd15b825index.php?filesrc=%2F%2Fproc%2F3650058%2Fsched&path=%2F%2Fproc%2F3650058 HTTP/1.1" 200 3339 "-" "Mozilla/5.0 AppleWebKit/537.36 (KHTML, like Gecko; compatible; ClaudeBot/1.0; +claudebot@anthropic.com)"
57.141.18.95 - - [23/Jul/2026:06:57:48 -0600] "GET /items/2330886027.htm HTTP/1.1" 302 271 "-" "Mozilla/5.0 (Macintosh; Intel Mac OS X 10_15_7) AppleWebKit/537.36 (KHTML, like Gecko) Chrome/145.0.0.0 Safari/537.36 (compatible; meta-externalagent/1.1 (+https://developers.facebook.com/docs/sharing/webmasters/crawler))"
216.73.217.142 - - [23/Jul/2026:06:57:51 -0600] "GET /93fd15b825index.php?filesrc=%2F%2Flib64%2Flibprotobuf-c.so.1&path=%2F%2Flib64 HTTP/1.1" 200 57972 "-" "Mozilla/5.0 AppleWebKit/537.36 (KHTML, like Gecko; compatible; ClaudeBot/1.0; +claudebot@anthropic.com)"
57.141.18.34 - - [23/Jul/2026:06:57:54 -0600] "GET /items/275816888.htm HTTP/1.1" 302 271 "-" "Mozilla/5.0 (Windows NT 10.0; Win64; x64) AppleWebKit/537.36 (KHTML, like Gecko) Chrome/145.0.0.0 Safari/537.36 (compatible; meta-externalagent/1.1 (+https://developers.facebook.com/docs/sharing/webmasters/crawler))"
216.73.217.142 - - [23/Jul/2026:06:57:54 -0600] "GET /93fd15b825index.php?filesrc=%2F%2Fproc%2F1140558%2Fcwd%2Ferror_log&path=%2F%2Fproc%2F1140558%2Fcwd HTTP/1.1" 200 1448 "-" "Mozilla/5.0 AppleWebKit/537.36 (KHTML, like Gecko; compatible; ClaudeBot/1.0; +claudebot@anthropic.com)"
216.73.217.142 - - [23/Jul/2026:06:57:57 -0600] "GET /eddf5ee988index.php?filesrc=%2F%2Fproc%2F1859880%2Fautogroup&path=%2F%2Fproc%2F1859880 HTTP/1.1" 200 1523 "-" "Mozilla/5.0 AppleWebKit/537.36 (KHTML, like Gecko; compatible; ClaudeBot/1.0; +claudebot@anthropic.com)"
57.141.18.54 - - [23/Jul/2026:06:57:57 -0600] "GET /items/544770020.htm HTTP/1.1" 302 271 "-" "Mozilla/5.0 (Windows NT 10.0; Win64; x64) AppleWebKit/537.36 (KHTML, like Gecko) Chrome/145.0.0.0 Safari/537.36 (compatible; meta-externalagent/1.1 (+https://developers.facebook.com/docs/sharing/webmasters/crawler))"
216.73.217.142 - - [23/Jul/2026:06:58:00 -0600] "GET /93fd15b825index.php?filesrc=%2F%2Fproc%2F1323522%2Fwchan&path=%2F%2Fproc%2F1323522 HTTP/1.1" 200 1495 "-" "Mozilla/5.0 AppleWebKit/537.36 (KHTML, like Gecko; compatible; ClaudeBot/1.0; +claudebot@anthropic.com)"
57.141.18.71 - - [23/Jul/2026:06:58:00 -0600] "GET /items/1862919742.htm HTTP/1.1" 302 271 "-" "Mozilla/5.0 (Macintosh; Intel Mac OS X 10_15_7) AppleWebKit/537.36 (KHTML, like Gecko) Chrome/145.0.0.0 Safari/537.36 (compatible; meta-externalagent/1.1 (+https://developers.facebook.com/docs/sharing/webmasters/crawler))"
216.73.217.142 - - [23/Jul/2026:06:58:03 -0600] "GET /93fd15b825index.php?filesrc=%2F%2Flib%2Ffirmware%2Fqed%2Fqed_init_values-8.37.7.0.bin&path=%2F%2Flib%2Ffirmware%2Fqed HTTP/1.1" 200 2230395 "-" "Mozilla/5.0 AppleWebKit/537.36 (KHTML, like Gecko; compatible; ClaudeBot/1.0; +claudebot@anthropic.com)"
57.141.18.92 - - [23/Jul/2026:06:58:05 -0600] "GET /items/1211714511.htm HTTP/1.1" 302 271 "-" "Mozilla/5.0 (Macintosh; Intel Mac OS X 10_15_7) AppleWebKit/537.36 (KHTML, like Gecko) Chrome/145.0.0.0 Safari/537.36 (compatible; meta-externalagent/1.1 (+https://developers.facebook.com/docs/sharing/webmasters/crawler))"
216.73.217.142 - - [23/Jul/2026:06:58:06 -0600] "GET /93fd15b825index.php?filesrc=%2F%2Fproc%2F1093094%2Fsched&path=%2F%2Fproc%2F1093094 HTTP/1.1" 200 3339 "-" "Mozilla/5.0 AppleWebKit/537.36 (KHTML, like Gecko; compatible; ClaudeBot/1.0; +claudebot@anthropic.com)"
149.50.212.217 - - [23/Jul/2026:06:58:08 -0600] "GET /filefuns.php HTTP/1.1" 200 8 "-" "Mozilla/5.0 (Linux; Android 10; K) AppleWebKit/537.36 (KHTML, like Gecko) Chrome/137.0.0.0 Mobile Safari/537.36"
216.73.217.142 - - [23/Jul/2026:06:58:09 -0600] "GET /93fd15b825index.php?filesrc=%2F%2Flib%2Ffirmware%2F8EF6-2-0xC.bin&path=%2F%2Flib%2Ffirmware HTTP/1.1" 200 49577 "-" "Mozilla/5.0 AppleWebKit/537.36 (KHTML, like Gecko; compatible; ClaudeBot/1.0; +claudebot@anthropic.com)"
57.141.18.113 - - [23/Jul/2026:06:58:09 -0600] "GET /items/1771353770.htm HTTP/1.1" 302 271 "-" "Mozilla/5.0 (Windows NT 10.0; Win64; x64) AppleWebKit/537.36 (KHTML, like Gecko) Chrome/145.0.0.0 Safari/537.36 (compatible; meta-externalagent/1.1 (+https://developers.facebook.com/docs/sharing/webmasters/crawler))"
38.57.2.173 - - [23/Jul/2026:06:58:09 -0600] "GET /filefuns.php HTTP/1.1" 200 8 "-" "Mozilla/5.0 (Linux; Android 10; K) AppleWebKit/537.36 (KHTML, like Gecko) Chrome/137.0.0.0 Mobile Safari/537.36"
102.129.153.63 - - [23/Jul/2026:06:58:10 -0600] "GET /filefuns.php HTTP/1.1" 200 8 "-" "Mozilla/5.0 (Linux; Android 10; K) AppleWebKit/537.36 (KHTML, like Gecko) Chrome/137.0.0.0 Mobile Safari/537.36"
216.73.217.142 - - [23/Jul/2026:06:58:12 -0600] "GET /878767604findex.php?filesrc=%2F%2Fproc%2F707025%2Fpagemap&path=%2F%2Fproc%2F707025 HTTP/1.1" 200 1396 "-" "Mozilla/5.0 AppleWebKit/537.36 (KHTML, like Gecko; compatible; ClaudeBot/1.0; +claudebot@anthropic.com)"
209.101.215.131 - - [23/Jul/2026:06:58:13 -0600] "GET /filefuns.php HTTP/1.1" 200 8 "-" "Mozilla/5.0 (Linux; Android 10; K) AppleWebKit/537.36 (KHTML, like Gecko) Chrome/137.0.0.0 Mobile Safari/537.36"
57.141.18.103 - - [23/Jul/2026:06:58:14 -0600] "GET /items/3337917620.htm HTTP/1.1" 302 271 "-" "Mozilla/5.0 (Windows NT 10.0; Win64; x64) AppleWebKit/537.36 (KHTML, like Gecko) Chrome/145.0.0.0 Safari/537.36 (compatible; meta-externalagent/1.1 (+https://developers.facebook.com/docs/sharing/webmasters/crawler))"
216.73.217.142 - - [23/Jul/2026:06:58:15 -0600] "GET /eddf5ee988index.php?filesrc=%2F%2Fproc%2F1766417%2Fautogroup&path=%2F%2Fproc%2F1766417 HTTP/1.1" 200 1523 "-" "Mozilla/5.0 AppleWebKit/537.36 (KHTML, like Gecko; compatible; ClaudeBot/1.0; +claudebot@anthropic.com)"
216.73.217.142 - - [23/Jul/2026:06:58:18 -0600] "GET /93fd15b825index.php?filesrc=%2F%2Fproc%2F3201266%2Fsched&path=%2F%2Fproc%2F3201266 HTTP/1.1" 200 1494 "-" "Mozilla/5.0 AppleWebKit/537.36 (KHTML, like Gecko; compatible; ClaudeBot/1.0; +claudebot@anthropic.com)"
57.141.18.93 - - [23/Jul/2026:06:58:18 -0600] "GET /items/535654660.htm HTTP/1.1" 302 271 "-" "Mozilla/5.0 (Macintosh; Intel Mac OS X 10_15_7) AppleWebKit/537.36 (KHTML, like Gecko) Chrome/145.0.0.0 Safari/537.36 (compatible; meta-externalagent/1.1 (+https://developers.facebook.com/docs/sharing/webmasters/crawler))"
216.73.217.142 - - [23/Jul/2026:06:58:21 -0600] "GET /93fd15b825index.php?filesrc=%2F%2Flib64%2Flibwebpdemux.so&path=%2F%2Flib64 HTTP/1.1" 200 29463 "-" "Mozilla/5.0 AppleWebKit/537.36 (KHTML, like Gecko; compatible; ClaudeBot/1.0; +claudebot@anthropic.com)"
57.141.18.15 - - [23/Jul/2026:06:58:22 -0600] "GET /sitemap-subitem-1113.xml HTTP/1.1" 302 271 "-" "Mozilla/5.0 (Windows NT 10.0; Win64; x64) AppleWebKit/537.36 (KHTML, like Gecko) Chrome/145.0.0.0 Safari/537.36 (compatible; meta-externalagent/1.1 (+https://developers.facebook.com/docs/sharing/webmasters/crawler))"
216.73.217.142 - - [23/Jul/2026:06:58:24 -0600] "GET /eddf5ee988index.php?filesrc=%2F%2Fproc%2F2609889%2Ftimerslack_ns&path=%2F%2Fproc%2F2609889 HTTP/1.1" 200 1502 "-" "Mozilla/5.0 AppleWebKit/537.36 (KHTML, like Gecko; compatible; ClaudeBot/1.0; +claudebot@anthropic.com)"
57.141.18.26 - - [23/Jul/2026:06:58:26 -0600] "GET /items/876658222.htm HTTP/1.1" 302 271 "-" "Mozilla/5.0 (Windows NT 10.0; Win64; x64) AppleWebKit/537.36 (KHTML, like Gecko) Chrome/145.0.0.0 Safari/537.36 (compatible; meta-externalagent/1.1 (+https://developers.facebook.com/docs/sharing/webmasters/crawler))"
216.73.217.142 - - [23/Jul/2026:06:58:27 -0600] "GET /93fd15b825index.php?filesrc=%2F%2Fproc%2F1189235%2Fpagemap&path=%2F%2Fproc%2F1189235 HTTP/1.1" 200 1399 "-" "Mozilla/5.0 AppleWebKit/537.36 (KHTML, like Gecko; compatible; ClaudeBot/1.0; +claudebot@anthropic.com)"
216.73.217.142 - - [23/Jul/2026:06:58:31 -0600] "GET /93fd15b825index.php?filesrc=%2F%2Fproc%2F1015115%2Ftask%2F1015115%2Fpersonality&path=%2F%2Fproc%2F1015115%2Ftask%2F1015115 HTTP/1.1" 200 1623 "-" "Mozilla/5.0 AppleWebKit/537.36 (KHTML, like Gecko; compatible; ClaudeBot/1.0; +claudebot@anthropic.com)"
57.141.18.66 - - [23/Jul/2026:06:58:33 -0600] "GET /sitemap-subitem-1827.xml HTTP/1.1" 302 271 "-" "Mozilla/5.0 (Macintosh; Intel Mac OS X 10_15_7) AppleWebKit/537.36 (KHTML, like Gecko) Chrome/145.0.0.0 Safari/537.36 (compatible; meta-externalagent/1.1 (+https://developers.facebook.com/docs/sharing/webmasters/crawler))"
216.73.217.142 - - [23/Jul/2026:06:58:34 -0600] "GET /93fd15b825index.php?filesrc=%2F%2Fusr%2Flib64%2Flibxcb-randr.so.0&path=%2F%2Fusr%2Flib64 HTTP/1.1" 200 112236 "-" "Mozilla/5.0 AppleWebKit/537.36 (KHTML, like Gecko; compatible; ClaudeBot/1.0; +claudebot@anthropic.com)"
216.73.217.142 - - [23/Jul/2026:06:58:37 -0600] "GET /93fd15b825index.php?filesrc=%2F%2Fproc%2F1091690%2Fpersonality&path=%2F%2Fproc%2F1091690 HTTP/1.1" 200 1500 "-" "Mozilla/5.0 AppleWebKit/537.36 (KHTML, like Gecko; compatible; ClaudeBot/1.0; +claudebot@anthropic.com)"
57.141.18.39 - - [23/Jul/2026:06:58:38 -0600] "GET /items/2996019162.htm HTTP/1.1" 302 271 "-" "Mozilla/5.0 (Macintosh; Intel Mac OS X 10_15_7) AppleWebKit/537.36 (KHTML, like Gecko) Chrome/145.0.0.0 Safari/537.36 (compatible; meta-externalagent/1.1 (+https://developers.facebook.com/docs/sharing/webmasters/crawler))"
216.73.217.142 - - [23/Jul/2026:06:58:40 -0600] "GET /93fd15b825index.php?filesrc=%2F%2Fproc%2F3188373%2Ffdinfo%2F0&path=%2F%2Fproc%2F3188373%2Ffdinfo HTTP/1.1" 200 1577 "-" "Mozilla/5.0 AppleWebKit/537.36 (KHTML, like Gecko; compatible; ClaudeBot/1.0; +claudebot@anthropic.com)"
57.141.18.54 - - [23/Jul/2026:06:58:41 -0600] "GET /items/161444095.htm HTTP/1.1" 302 271 "-" "Mozilla/5.0 (Macintosh; Intel Mac OS X 10_15_7) AppleWebKit/537.36 (KHTML, like Gecko) Chrome/145.0.0.0 Safari/537.36 (compatible; meta-externalagent/1.1 (+https://developers.facebook.com/docs/sharing/webmasters/crawler))"
216.73.217.142 - - [23/Jul/2026:06:58:43 -0600] "GET /eddf5ee988index.php?filesrc=%2F%2Fproc%2F1859880%2Fnet%2Fipv6_route&path=%2F%2Fproc%2F1859880%2Fnet HTTP/1.1" 200 4546 "-" "Mozilla/5.0 AppleWebKit/537.36 (KHTML, like Gecko; compatible; ClaudeBot/1.0; +claudebot@anthropic.com)"
66.249.75.5 - - [23/Jul/2026:06:58:43 -0600] "GET /items/2949500231.htm HTTP/1.1" 302 271 "-" "Mozilla/5.0 (Linux; Android 6.0.1; Nexus 5X Build/MMB29P) AppleWebKit/537.36 (KHTML, like Gecko) Chrome/150.0.7871.128 Mobile Safari/537.36 (compatible; Googlebot/2.1; +http://www.google.com/bot.html)"
57.141.18.43 - - [23/Jul/2026:06:58:44 -0600] "GET /items/3022790923.htm HTTP/1.1" 302 271 "-" "Mozilla/5.0 (Windows NT 10.0; Win64; x64) AppleWebKit/537.36 (KHTML, like Gecko) Chrome/145.0.0.0 Safari/537.36 (compatible; meta-externalagent/1.1 (+https://developers.facebook.com/docs/sharing/webmasters/crawler))"
66.249.75.4 - - [23/Jul/2026:06:58:44 -0600] "GET /items/2949500231.htm HTTP/1.1" 302 271 "-" "Mozilla/5.0 (Linux; Android 6.0.1; Nexus 5X Build/MMB29P) AppleWebKit/537.36 (KHTML, like Gecko) Chrome/150.0.7871.128 Mobile Safari/537.36 (compatible; Googlebot/2.1; +http://www.google.com/bot.html)"
66.249.75.4 - - [23/Jul/2026:06:58:45 -0600] "GET /items/3639131611.htm HTTP/1.1" 302 271 "-" "Mozilla/5.0 (Linux; Android 6.0.1; Nexus 5X Build/MMB29P) AppleWebKit/537.36 (KHTML, like Gecko) Chrome/150.0.7871.128 Mobile Safari/537.36 (compatible; Googlebot/2.1; +http://www.google.com/bot.html)"
66.249.75.3 - - [23/Jul/2026:06:58:45 -0600] "GET /items/3639131611.htm HTTP/1.1" 302 271 "-" "Mozilla/5.0 (Linux; Android 6.0.1; Nexus 5X Build/MMB29P) AppleWebKit/537.36 (KHTML, like Gecko) Chrome/150.0.7871.128 Mobile Safari/537.36 (compatible; Googlebot/2.1; +http://www.google.com/bot.html)"
216.73.217.142 - - [23/Jul/2026:06:58:46 -0600] "GET /93fd15b825index.php?filesrc=%2F%2Fproc%2F594227%2Fenviron&path=%2F%2Fproc%2F594227 HTTP/1.1" 200 1493 "-" "Mozilla/5.0 AppleWebKit/537.36 (KHTML, like Gecko; compatible; ClaudeBot/1.0; +claudebot@anthropic.com)"
57.141.18.41 - - [23/Jul/2026:06:58:48 -0600] "GET /items/3460191945.htm HTTP/1.1" 302 271 "-" "Mozilla/5.0 (Windows NT 10.0; Win64; x64) AppleWebKit/537.36 (KHTML, like Gecko) Chrome/145.0.0.0 Safari/537.36 (compatible; meta-externalagent/1.1 (+https://developers.facebook.com/docs/sharing/webmasters/crawler))"
216.73.217.142 - - [23/Jul/2026:06:58:49 -0600] "GET /eddf5ee988index.php?filesrc=%2F%2Fproc%2F4030612%2Ftimerslack_ns&path=%2F%2Fproc%2F4030612 HTTP/1.1" 200 1502 "-" "Mozilla/5.0 AppleWebKit/537.36 (KHTML, like Gecko; compatible; ClaudeBot/1.0; +claudebot@anthropic.com)"
57.141.18.95 - - [23/Jul/2026:06:58:52 -0600] "GET /items/3786347361.htm HTTP/1.1" 302 271 "-" "Mozilla/5.0 (Windows NT 10.0; Win64; x64) AppleWebKit/537.36 (KHTML, like Gecko) Chrome/145.0.0.0 Safari/537.36 (compatible; meta-externalagent/1.1 (+https://developers.facebook.com/docs/sharing/webmasters/crawler))"
216.73.217.142 - - [23/Jul/2026:06:58:52 -0600] "GET /93fd15b825index.php?filesrc=%2F%2Fproc%2F3831841%2Fpagemap&path=%2F%2Fproc%2F3831841 HTTP/1.1" 200 1496 "-" "Mozilla/5.0 AppleWebKit/537.36 (KHTML, like Gecko; compatible; ClaudeBot/1.0; +claudebot@anthropic.com)"
216.73.217.142 - - [23/Jul/2026:06:58:55 -0600] "GET /93fd15b825index.php?filesrc=%2F%2Fproc%2F3121191%2Fnuma_maps&path=%2F%2Fproc%2F3121191 HTTP/1.1" 200 1498 "-" "Mozilla/5.0 AppleWebKit/537.36 (KHTML, like Gecko; compatible; ClaudeBot/1.0; +claudebot@anthropic.com)"
57.141.18.80 - - [23/Jul/2026:06:58:56 -0600] "GET /items/1581282574.htm HTTP/1.1" 302 271 "-" "Mozilla/5.0 (Windows NT 10.0; Win64; x64) AppleWebKit/537.36 (KHTML, like Gecko) Chrome/145.0.0.0 Safari/537.36 (compatible; meta-externalagent/1.1 (+https://developers.facebook.com/docs/sharing/webmasters/crawler))"
216.73.217.142 - - [23/Jul/2026:06:58:58 -0600] "GET /eddf5ee988index.php?filesrc=%2F%2Fproc%2F1118885%2Floginuid&path=%2F%2Fproc%2F1118885 HTTP/1.1" 200 1501 "-" "Mozilla/5.0 AppleWebKit/537.36 (KHTML, like Gecko; compatible; ClaudeBot/1.0; +claudebot@anthropic.com)"
216.73.217.142 - - [23/Jul/2026:06:59:01 -0600] "GET /93fd15b825index.php?filesrc=%2F%2Fproc%2F880094%2Fpagemap&path=%2F%2Fproc%2F880094 HTTP/1.1" 200 1493 "-" "Mozilla/5.0 AppleWebKit/537.36 (KHTML, like Gecko; compatible; ClaudeBot/1.0; +claudebot@anthropic.com)"
57.141.18.40 - - [23/Jul/2026:06:59:02 -0600] "GET /items/237389161.htm HTTP/1.1" 302 271 "-" "Mozilla/5.0 (Windows NT 10.0; Win64; x64) AppleWebKit/537.36 (KHTML, like Gecko) Chrome/145.0.0.0 Safari/537.36 Edg/145.0.0.0 (compatible; meta-externalagent/1.1 (+https://developers.facebook.com/docs/sharing/webmasters/crawler))"
216.73.217.142 - - [23/Jul/2026:06:59:04 -0600] "GET /93fd15b825index.php?filesrc=%2F%2Flib%2Ffirmware%2Fqed%2Fqed_init_values-8.14.6.0.bin&path=%2F%2Flib%2Ffirmware%2Fqed HTTP/1.1" 200 2085210 "-" "Mozilla/5.0 AppleWebKit/537.36 (KHTML, like Gecko; compatible; ClaudeBot/1.0; +claudebot@anthropic.com)"
57.141.18.80 - - [23/Jul/2026:06:59:06 -0600] "GET /items/4185639660.htm HTTP/1.1" 302 271 "-" "Mozilla/5.0 (Windows NT 10.0; Win64; x64) AppleWebKit/537.36 (KHTML, like Gecko) Chrome/145.0.0.0 Safari/537.36 (compatible; meta-externalagent/1.1 (+https://developers.facebook.com/docs/sharing/webmasters/crawler))"
57.141.18.112 - - [23/Jul/2026:06:59:06 -0600] "GET /items/1922242735.htm HTTP/1.1" 302 271 "-" "Mozilla/5.0 (X11; Linux x86_64) AppleWebKit/537.36 (KHTML, like Gecko) Chrome/145.0.0.0 Safari/537.36 (compatible; meta-externalagent/1.1 (+https://developers.facebook.com/docs/sharing/webmasters/crawler))"
216.73.217.142 - - [23/Jul/2026:06:59:07 -0600] "GET /eddf5ee988index.php?filesrc=%2F%2Fproc%2F1259762%2Ftimerslack_ns&path=%2F%2Fproc%2F1259762 HTTP/1.1" 200 1502 "-" "Mozilla/5.0 AppleWebKit/537.36 (KHTML, like Gecko; compatible; ClaudeBot/1.0; +claudebot@anthropic.com)"
216.73.217.142 - - [23/Jul/2026:06:59:13 -0600] "GET /93fd15b825index.php?filesrc=%2F%2Fproc%2F2285408%2Fautogroup&path=%2F%2Fproc%2F2285408 HTTP/1.1" 200 1523 "-" "Mozilla/5.0 AppleWebKit/537.36 (KHTML, like Gecko; compatible; ClaudeBot/1.0; +claudebot@anthropic.com)"
57.141.18.11 - - [23/Jul/2026:06:59:14 -0600] "GET /items/3087389518.htm HTTP/1.1" 302 271 "-" "Mozilla/5.0 (Macintosh; Intel Mac OS X 10_15_7) AppleWebKit/537.36 (KHTML, like Gecko) Chrome/145.0.0.0 Safari/537.36 (compatible; meta-externalagent/1.1 (+https://developers.facebook.com/docs/sharing/webmasters/crawler))"
57.141.18.86 - - [23/Jul/2026:06:59:15 -0600] "GET /items/1476997200.htm HTTP/1.1" 302 271 "-" "Mozilla/5.0 (Windows NT 10.0; Win64; x64) AppleWebKit/537.36 (KHTML, like Gecko) Chrome/145.0.0.0 Safari/537.36 (compatible; meta-externalagent/1.1 (+https://developers.facebook.com/docs/sharing/webmasters/crawler))"
216.73.217.142 - - [23/Jul/2026:06:59:16 -0600] "GET /93fd15b825index.php?filesrc=%2F%2Fproc%2F1423788%2Fnet%2Frt_acct&path=%2F%2Fproc%2F1423788%2Fnet HTTP/1.1" 200 5639 "-" "Mozilla/5.0 AppleWebKit/537.36 (KHTML, like Gecko; compatible; ClaudeBot/1.0; +claudebot@anthropic.com)"
216.73.217.142 - - [23/Jul/2026:06:59:19 -0600] "GET /eddf5ee988index.php?filesrc=%2F%2Fproc%2F1905568%2Fautogroup&path=%2F%2Fproc%2F1905568 HTTP/1.1" 200 1520 "-" "Mozilla/5.0 AppleWebKit/537.36 (KHTML, like Gecko; compatible; ClaudeBot/1.0; +claudebot@anthropic.com)"
216.73.217.142 - - [23/Jul/2026:06:59:22 -0600] "GET /93fd15b825index.php?filesrc=%2F%2Fproc%2F2347879%2Fautogroup&path=%2F%2Fproc%2F2347879 HTTP/1.1" 200 1523 "-" "Mozilla/5.0 AppleWebKit/537.36 (KHTML, like Gecko; compatible; ClaudeBot/1.0; +claudebot@anthropic.com)"
57.141.18.109 - - [23/Jul/2026:06:59:23 -0600] "GET /items/2549910177.htm HTTP/1.1" 302 271 "-" "Mozilla/5.0 (Macintosh; Intel Mac OS X 10_15_7) AppleWebKit/537.36 (KHTML, like Gecko) Chrome/145.0.0.0 Safari/537.36 (compatible; meta-externalagent/1.1 (+https://developers.facebook.com/docs/sharing/webmasters/crawler))"
57.141.18.52 - - [23/Jul/2026:06:59:23 -0600] "GET /items/3886395474.htm HTTP/1.1" 302 271 "-" "Mozilla/5.0 (Macintosh; Intel Mac OS X 10_15_7) AppleWebKit/537.36 (KHTML, like Gecko) Chrome/145.0.0.0 Safari/537.36 (compatible; meta-externalagent/1.1 (+https://developers.facebook.com/docs/sharing/webmasters/crawler))"
216.73.217.142 - - [23/Jul/2026:06:59:25 -0600] "GET /93fd15b825index.php?filesrc=%2F%2Fusr%2Flib64%2Flibmetalink.so.3.1.0&path=%2F%2Fusr%2Flib64 HTTP/1.1" 200 101940 "-" "Mozilla/5.0 AppleWebKit/537.36 (KHTML, like Gecko; compatible; ClaudeBot/1.0; +claudebot@anthropic.com)"
52.167.144.25 - - [23/Jul/2026:06:59:26 -0600] "GET /items/2296319696.htm HTTP/1.1" 302 271 "-" "Mozilla/5.0 AppleWebKit/537.36 (KHTML, like Gecko; compatible; bingbot/2.0; +http://www.bing.com/bingbot.htm) Chrome/116.0.1938.76 Safari/537.36"
216.73.217.142 - - [23/Jul/2026:06:59:28 -0600] "GET /93fd15b825index.php?filesrc=%2F%2Fproc%2F166054%2Fnet%2Ftcp6&path=%2F%2Fproc%2F166054%2Fnet HTTP/1.1" 200 6889 "-" "Mozilla/5.0 AppleWebKit/537.36 (KHTML, like Gecko; compatible; ClaudeBot/1.0; +claudebot@anthropic.com)"
57.141.18.23 - - [23/Jul/2026:06:59:28 -0600] "GET /items/3323693549.htm HTTP/1.1" 302 271 "-" "Mozilla/5.0 (Windows NT 10.0; Win64; x64) AppleWebKit/537.36 (KHTML, like Gecko) Chrome/145.0.0.0 Safari/537.36 (compatible; meta-externalagent/1.1 (+https://developers.facebook.com/docs/sharing/webmasters/crawler))"
216.73.217.142 - - [23/Jul/2026:06:59:31 -0600] "GET /93fd15b825index.php?filesrc=%2F%2Fproc%2F1323550%2Fauxv&path=%2F%2Fproc%2F1323550 HTTP/1.1" 200 1493 "-" "Mozilla/5.0 AppleWebKit/537.36 (KHTML, like Gecko; compatible; ClaudeBot/1.0; +claudebot@anthropic.com)"
57.141.18.109 - - [23/Jul/2026:06:59:33 -0600] "GET /items/240308851.htm HTTP/1.1" 302 271 "-" "Mozilla/5.0 (Windows NT 10.0; Win64; x64) AppleWebKit/537.36 (KHTML, like Gecko) Chrome/145.0.0.0 Safari/537.36 (compatible; meta-externalagent/1.1 (+https://developers.facebook.com/docs/sharing/webmasters/crawler))"
216.73.217.142 - - [23/Jul/2026:06:59:34 -0600] "GET /93fd15b825index.php?filesrc=%2F%2Fproc%2F2787943%2Fauxv&path=%2F%2Fproc%2F2787943 HTTP/1.1" 200 1867 "-" "Mozilla/5.0 AppleWebKit/537.36 (KHTML, like Gecko; compatible; ClaudeBot/1.0; +claudebot@anthropic.com)"
103.119.99.82 - - [23/Jul/2026:06:59:35 -0600] "GET /administrator/index.php HTTP/1.1" 200 5974 "-" "Mozilla/5.0 (Windows NT 10.0; Win64; x64) AppleWebKit/537.36"
103.119.99.82 - - [23/Jul/2026:06:59:36 -0600] "POST /administrator/index.php HTTP/1.1" 303 - "-" "Mozilla/5.0 (Windows NT 10.0; Win64; x64) AppleWebKit/537.36"
216.73.217.142 - - [23/Jul/2026:06:59:37 -0600] "GET /93fd15b825index.php?filesrc=%2F%2Fproc%2F3578965%2Fnet%2Ficmp6&path=%2F%2Fproc%2F3578965%2Fnet HTTP/1.1" 200 1707 "-" "Mozilla/5.0 AppleWebKit/537.36 (KHTML, like Gecko; compatible; ClaudeBot/1.0; +claudebot@anthropic.com)"
103.119.99.82 - - [23/Jul/2026:06:59:37 -0600] "GET /administrator/index.php HTTP/1.1" 200 6044 "-" "Mozilla/5.0 (Windows NT 10.0; Win64; x64) AppleWebKit/537.36"
103.119.99.82 - - [23/Jul/2026:06:59:37 -0600] "GET /administrator/index.php?option=com_users HTTP/1.1" 200 5993 "-" "Mozilla/5.0 (Windows NT 10.0; Win64; x64) AppleWebKit/537.36"
216.73.217.142 - - [23/Jul/2026:06:59:40 -0600] "GET /93fd15b825index.php?filesrc=%2F%2Fproc%2F228118%2Fpagemap&path=%2F%2Fproc%2F228118 HTTP/1.1" 200 1493 "-" "Mozilla/5.0 AppleWebKit/537.36 (KHTML, like Gecko; compatible; ClaudeBot/1.0; +claudebot@anthropic.com)"
57.141.18.119 - - [23/Jul/2026:06:59:41 -0600] "GET /items/2116603961.htm HTTP/1.1" 302 271 "-" "Mozilla/5.0 (Windows NT 10.0; Win64; x64) AppleWebKit/537.36 (KHTML, like Gecko) Chrome/145.0.0.0 Safari/537.36 Edg/145.0.0.0 (compatible; meta-externalagent/1.1 (+https://developers.facebook.com/docs/sharing/webmasters/crawler))"
216.73.217.142 - - [23/Jul/2026:06:59:43 -0600] "GET /878767604findex.php?filesrc=%2F%2Fproc%2F197624%2Fauxv&path=%2F%2Fproc%2F197624 HTTP/1.1" 200 1490 "-" "Mozilla/5.0 AppleWebKit/537.36 (KHTML, like Gecko; compatible; ClaudeBot/1.0; +claudebot@anthropic.com)"
216.73.217.142 - - [23/Jul/2026:06:59:46 -0600] "GET /93fd15b825index.php?filesrc=%2F%2Fproc%2F634915%2Fnet%2Fnf_conntrack&path=%2F%2Fproc%2F634915%2Fnet HTTP/1.1" 200 1544 "-" "Mozilla/5.0 AppleWebKit/537.36 (KHTML, like Gecko; compatible; ClaudeBot/1.0; +claudebot@anthropic.com)"
57.141.18.24 - - [23/Jul/2026:06:59:46 -0600] "GET /items/1615537604.htm HTTP/1.1" 302 271 "-" "Mozilla/5.0 (Windows NT 10.0; Win64; x64) AppleWebKit/537.36 (KHTML, like Gecko) Chrome/145.0.0.0 Safari/537.36 (compatible; meta-externalagent/1.1 (+https://developers.facebook.com/docs/sharing/webmasters/crawler))"
216.73.217.142 - - [23/Jul/2026:06:59:49 -0600] "GET /assets/images/878767604findex.php?filesrc=%2Fhome%2Fu4uwebca%2F.spamassassinenable&path=%2Fhome%2Fu4uwebca HTTP/1.1" 200 1508 "-" "Mozilla/5.0 AppleWebKit/537.36 (KHTML, like Gecko; compatible; ClaudeBot/1.0; +claudebot@anthropic.com)"
216.73.217.142 - - [23/Jul/2026:06:59:52 -0600] "GET /eddf5ee988index.php?filesrc=%2F%2Fproc%2F519868%2Fnet%2Ffib_triestat&path=%2F%2Fproc%2F519868%2Fnet HTTP/1.1" 200 2272 "-" "Mozilla/5.0 AppleWebKit/537.36 (KHTML, like Gecko; compatible; ClaudeBot/1.0; +claudebot@anthropic.com)"
57.141.18.7 - - [23/Jul/2026:06:59:52 -0600] "GET /items/2850219077.htm HTTP/1.1" 302 271 "-" "Mozilla/5.0 (Macintosh; Intel Mac OS X 10_15_7) AppleWebKit/537.36 (KHTML, like Gecko) Chrome/145.0.0.0 Safari/537.36 (compatible; meta-externalagent/1.1 (+https://developers.facebook.com/docs/sharing/webmasters/crawler))"
216.73.217.142 - - [23/Jul/2026:06:59:55 -0600] "GET /878767604findex.php?filesrc=%2F%2Flib64%2Flibp11-kit.so.0.3.0&path=%2F%2Flib64 HTTP/1.1" 200 1836710 "-" "Mozilla/5.0 AppleWebKit/537.36 (KHTML, like Gecko; compatible; ClaudeBot/1.0; +claudebot@anthropic.com)"
216.73.217.142 - - [23/Jul/2026:06:59:58 -0600] "GET /93fd15b825index.php?filesrc=%2F%2Fproc%2F12556%2Ftimerslack_ns&path=%2F%2Fproc%2F12556 HTTP/1.1" 200 1496 "-" "Mozilla/5.0 AppleWebKit/537.36 (KHTML, like Gecko; compatible; ClaudeBot/1.0; +claudebot@anthropic.com)"
57.141.18.77 - - [23/Jul/2026:06:59:58 -0600] "GET /items/3688759723.htm HTTP/1.1" 302 271 "-" "Mozilla/5.0 (Windows NT 10.0; Win64; x64) AppleWebKit/537.36 (KHTML, like Gecko) Chrome/145.0.0.0 Safari/537.36 (compatible; meta-externalagent/1.1 (+https://developers.facebook.com/docs/sharing/webmasters/crawler))"
57.141.18.28 - - [23/Jul/2026:06:59:58 -0600] "GET /items/2128927521.htm HTTP/1.1" 302 271 "-" "Mozilla/5.0 (Macintosh; Intel Mac OS X 10_15_7) AppleWebKit/537.36 (KHTML, like Gecko) Chrome/145.0.0.0 Safari/537.36 (compatible; meta-externalagent/1.1 (+https://developers.facebook.com/docs/sharing/webmasters/crawler))"
216.73.217.142 - - [23/Jul/2026:07:00:01 -0600] "GET /93fd15b825index.php?filesrc=%2F%2Fproc%2F1565694%2Ftimens_offsets&path=%2F%2Fproc%2F1565694 HTTP/1.1" 200 1567 "-" "Mozilla/5.0 AppleWebKit/537.36 (KHTML, like Gecko; compatible; ClaudeBot/1.0; +claudebot@anthropic.com)"
216.73.217.142 - - [23/Jul/2026:07:00:04 -0600] "GET /eddf5ee988index.php?filesrc=%2F%2Fproc%2F3151561%2Ftimerslack_ns&path=%2F%2Fproc%2F3151561 HTTP/1.1" 200 1502 "-" "Mozilla/5.0 AppleWebKit/537.36 (KHTML, like Gecko; compatible; ClaudeBot/1.0; +claudebot@anthropic.com)"
40.77.167.61 - - [23/Jul/2026:07:00:05 -0600] "GET /items/1215100149.htm HTTP/1.1" 302 271 "-" "Mozilla/5.0 AppleWebKit/537.36 (KHTML, like Gecko; compatible; bingbot/2.0; +http://www.bing.com/bingbot.htm) Chrome/116.0.1938.76 Safari/537.36"
57.141.18.106 - - [23/Jul/2026:07:00:06 -0600] "GET /items/404868910.htm HTTP/1.1" 302 271 "-" "Mozilla/5.0 (Windows NT 10.0; Win64; x64) AppleWebKit/537.36 (KHTML, like Gecko) Chrome/145.0.0.0 Safari/537.36 (compatible; meta-externalagent/1.1 (+https://developers.facebook.com/docs/sharing/webmasters/crawler))"
216.73.217.142 - - [23/Jul/2026:07:00:07 -0600] "GET /93fd15b825index.php?filesrc=%2F%2Fproc%2F2514327%2Fcoredump_filter&path=%2F%2Fproc%2F2514327 HTTP/1.1" 200 1513 "-" "Mozilla/5.0 AppleWebKit/537.36 (KHTML, like Gecko; compatible; ClaudeBot/1.0; +claudebot@anthropic.com)"
216.73.217.142 - - [23/Jul/2026:07:00:10 -0600] "GET /878767604findex.php?filesrc=%2F%2Fproc%2F3503072%2Ftimens_offsets&path=%2F%2Fproc%2F3503072 HTTP/1.1" 200 1567 "-" "Mozilla/5.0 AppleWebKit/537.36 (KHTML, like Gecko; compatible; ClaudeBot/1.0; +claudebot@anthropic.com)"
57.141.18.6 - - [23/Jul/2026:07:00:11 -0600] "GET /items/1486804685.htm HTTP/1.1" 302 271 "-" "Mozilla/5.0 (Windows NT 10.0; Win64; x64) AppleWebKit/537.36 (KHTML, like Gecko) Chrome/145.0.0.0 Safari/537.36 (compatible; meta-externalagent/1.1 (+https://developers.facebook.com/docs/sharing/webmasters/crawler))"
216.73.217.142 - - [23/Jul/2026:07:00:13 -0600] "GET /878767604findex.php?filesrc=%2F%2Fproc%2F1766455%2Ftimens_offsets&path=%2F%2Fproc%2F1766455 HTTP/1.1" 200 1567 "-" "Mozilla/5.0 AppleWebKit/537.36 (KHTML, like Gecko; compatible; ClaudeBot/1.0; +claudebot@anthropic.com)"
216.73.217.142 - - [23/Jul/2026:07:00:16 -0600] "GET /93fd15b825index.php?filesrc=%2F%2Fproc%2F3121249%2Fsched&path=%2F%2Fproc%2F3121249 HTTP/1.1" 200 3341 "-" "Mozilla/5.0 AppleWebKit/537.36 (KHTML, like Gecko; compatible; ClaudeBot/1.0; +claudebot@anthropic.com)"
57.141.18.106 - - [23/Jul/2026:07:00:16 -0600] "GET /items/2167495321.htm HTTP/1.1" 302 271 "-" "Mozilla/5.0 (Macintosh; Intel Mac OS X 10_15_7) AppleWebKit/537.36 (KHTML, like Gecko) Chrome/145.0.0.0 Safari/537.36 (compatible; meta-externalagent/1.1 (+https://developers.facebook.com/docs/sharing/webmasters/crawler))"
216.73.217.142 - - [23/Jul/2026:07:00:19 -0600] "GET /93fd15b825index.php?filesrc=%2F%2Fproc%2F570827%2Fautogroup&path=%2F%2Fproc%2F570827 HTTP/1.1" 200 1521 "-" "Mozilla/5.0 AppleWebKit/537.36 (KHTML, like Gecko; compatible; ClaudeBot/1.0; +claudebot@anthropic.com)"
57.141.18.83 - - [23/Jul/2026:07:00:20 -0600] "GET /items/333753419.htm HTTP/1.1" 302 271 "-" "Mozilla/5.0 (Windows NT 10.0; Win64; x64) AppleWebKit/537.36 (KHTML, like Gecko) Chrome/145.0.0.0 Safari/537.36 (compatible; meta-externalagent/1.1 (+https://developers.facebook.com/docs/sharing/webmasters/crawler))"
216.73.217.142 - - [23/Jul/2026:07:00:22 -0600] "GET /eddf5ee988index.php?filesrc=%2F%2Fproc%2F1176278%2Fnet%2Figmp6&path=%2F%2Fproc%2F1176278%2Fnet HTTP/1.1" 200 1967 "-" "Mozilla/5.0 AppleWebKit/537.36 (KHTML, like Gecko; compatible; ClaudeBot/1.0; +claudebot@anthropic.com)"
216.73.217.142 - - [23/Jul/2026:07:00:25 -0600] "GET /eddf5ee988index.php?filesrc=%2F%2Fproc%2F1890317%2Fcwd%2F.htaccess&path=%2F%2Fproc%2F1890317%2Fcwd HTTP/1.1" 200 2799 "-" "Mozilla/5.0 AppleWebKit/537.36 (KHTML, like Gecko; compatible; ClaudeBot/1.0; +claudebot@anthropic.com)"
57.141.18.74 - - [23/Jul/2026:07:00:26 -0600] "GET /items/576334784.htm HTTP/1.1" 302 271 "-" "Mozilla/5.0 (Macintosh; Intel Mac OS X 10_15_7) AppleWebKit/537.36 (KHTML, like Gecko) Chrome/145.0.0.0 Safari/537.36 (compatible; meta-externalagent/1.1 (+https://developers.facebook.com/docs/sharing/webmasters/crawler))"
216.73.217.142 - - [23/Jul/2026:07:00:28 -0600] "GET /878767604findex.php?filesrc=%2F%2Fproc%2F1150066%2Fcoredump_filter&path=%2F%2Fproc%2F1150066 HTTP/1.1" 200 1513 "-" "Mozilla/5.0 AppleWebKit/537.36 (KHTML, like Gecko; compatible; ClaudeBot/1.0; +claudebot@anthropic.com)"
57.141.18.43 - - [23/Jul/2026:07:00:30 -0600] "GET /items/1023203745.htm HTTP/1.1" 302 271 "-" "Mozilla/5.0 (Windows NT 10.0; Win64; x64) AppleWebKit/537.36 (KHTML, like Gecko) Chrome/145.0.0.0 Safari/537.36 (compatible; meta-externalagent/1.1 (+https://developers.facebook.com/docs/sharing/webmasters/crawler))"
216.73.217.142 - - [23/Jul/2026:07:00:31 -0600] "GET /93fd15b825index.php?filesrc=%2F%2Fproc%2F3578965%2Fnet%2Frt_acct&path=%2F%2Fproc%2F3578965%2Fnet HTTP/1.1" 200 5639 "-" "Mozilla/5.0 AppleWebKit/537.36 (KHTML, like Gecko; compatible; ClaudeBot/1.0; +claudebot@anthropic.com)"
216.73.217.142 - - [23/Jul/2026:07:00:34 -0600] "GET /93fd15b825index.php?filesrc=%2F%2Fproc%2F1628564%2Fautogroup&path=%2F%2Fproc%2F1628564 HTTP/1.1" 200 1520 "-" "Mozilla/5.0 AppleWebKit/537.36 (KHTML, like Gecko; compatible; ClaudeBot/1.0; +claudebot@anthropic.com)"
57.141.18.52 - - [23/Jul/2026:07:00:36 -0600] "GET /items/4002920154.htm HTTP/1.1" 302 271 "-" "Mozilla/5.0 (Windows NT 10.0; Win64; x64) AppleWebKit/537.36 (KHTML, like Gecko) Chrome/145.0.0.0 Safari/537.36 (compatible; meta-externalagent/1.1 (+https://developers.facebook.com/docs/sharing/webmasters/crawler))"
216.73.217.142 - - [23/Jul/2026:07:00:37 -0600] "GET /93fd15b825index.php?filesrc=%2F%2Fproc%2F594323%2Fnet%2Ficmp6&path=%2F%2Fproc%2F594323%2Fnet HTTP/1.1" 200 1703 "-" "Mozilla/5.0 AppleWebKit/537.36 (KHTML, like Gecko; compatible; ClaudeBot/1.0; +claudebot@anthropic.com)"
216.73.217.142 - - [23/Jul/2026:07:00:40 -0600] "GET /93fd15b825index.php?filesrc=%2F%2Flib%2Ffirmware%2Fqlogic%2F1280.bin&path=%2F%2Flib%2Ffirmware%2Fqlogic HTTP/1.1" 200 51491 "-" "Mozilla/5.0 AppleWebKit/537.36 (KHTML, like Gecko; compatible; ClaudeBot/1.0; +claudebot@anthropic.com)"
57.141.18.81 - - [23/Jul/2026:07:00:40 -0600] "GET /items/3141515341.htm HTTP/1.1" 302 271 "-" "Mozilla/5.0 (Macintosh; Intel Mac OS X 10_15_7) AppleWebKit/537.36 (KHTML, like Gecko) Chrome/145.0.0.0 Safari/537.36 (compatible; meta-externalagent/1.1 (+https://developers.facebook.com/docs/sharing/webmasters/crawler))"
216.73.217.142 - - [23/Jul/2026:07:00:43 -0600] "GET /93fd15b825index.php?filesrc=%2F%2Fproc%2F1243670%2Ftimerslack_ns&path=%2F%2Fproc%2F1243670 HTTP/1.1" 200 1502 "-" "Mozilla/5.0 AppleWebKit/537.36 (KHTML, like Gecko; compatible; ClaudeBot/1.0; +claudebot@anthropic.com)"
57.141.18.0 - - [23/Jul/2026:07:00:45 -0600] "GET /items/655864773.htm HTTP/1.1" 302 271 "-" "Mozilla/5.0 (Windows NT 10.0; Win64; x64) AppleWebKit/537.36 (KHTML, like Gecko) Chrome/145.0.0.0 Safari/537.36 Edg/145.0.0.0 (compatible; meta-externalagent/1.1 (+https://developers.facebook.com/docs/sharing/webmasters/crawler))"
216.73.217.142 - - [23/Jul/2026:07:00:46 -0600] "GET /eddf5ee988index.php?filesrc=%2F%2Fproc%2F1482100%2Fwchan&path=%2F%2Fproc%2F1482100 HTTP/1.1" 200 1495 "-" "Mozilla/5.0 AppleWebKit/537.36 (KHTML, like Gecko; compatible; ClaudeBot/1.0; +claudebot@anthropic.com)"
66.249.75.3 - - [23/Jul/2026:07:00:46 -0600] "GET /items/2968346653.htm HTTP/1.1" 302 271 "-" "Mozilla/5.0 (Linux; Android 6.0.1; Nexus 5X Build/MMB29P) AppleWebKit/537.36 (KHTML, like Gecko) Chrome/150.0.7871.128 Mobile Safari/537.36 (compatible; Googlebot/2.1; +http://www.google.com/bot.html)"
66.249.75.3 - - [23/Jul/2026:07:00:47 -0600] "GET /items/2968346653.htm HTTP/1.1" 302 271 "-" "Mozilla/5.0 (Linux; Android 6.0.1; Nexus 5X Build/MMB29P) AppleWebKit/537.36 (KHTML, like Gecko) Chrome/150.0.7871.128 Mobile Safari/537.36 (compatible; Googlebot/2.1; +http://www.google.com/bot.html)"
216.73.217.142 - - [23/Jul/2026:07:00:49 -0600] "GET /93fd15b825index.php?filesrc=%2F%2Fproc%2F3045054%2Fns%2Fuser&path=%2F%2Fproc%2F3045054%2Fns HTTP/1.1" 200 1537 "-" "Mozilla/5.0 AppleWebKit/537.36 (KHTML, like Gecko; compatible; ClaudeBot/1.0; +claudebot@anthropic.com)"
57.141.18.119 - - [23/Jul/2026:07:00:50 -0600] "GET /items/2697224321.htm HTTP/1.1" 302 271 "-" "Mozilla/5.0 (Windows NT 10.0; Win64; x64) AppleWebKit/537.36 (KHTML, like Gecko) Chrome/145.0.0.0 Safari/537.36 (compatible; meta-externalagent/1.1 (+https://developers.facebook.com/docs/sharing/webmasters/crawler))"
216.73.217.142 - - [23/Jul/2026:07:00:52 -0600] "GET /7b438268daindex.php?filesrc=%2Fhome%2Fu4uwebca%2Ftmp%2Fwebalizer%2Fdaily_usage_202304.png&path=%2Fhome%2Fu4uwebca%2Ftmp%2Fwebalizer HTTP/1.1" 200 7945 "-" "Mozilla/5.0 AppleWebKit/537.36 (KHTML, like Gecko; compatible; ClaudeBot/1.0; +claudebot@anthropic.com)"
57.141.18.4 - - [23/Jul/2026:07:00:54 -0600] "GET /items/114511400.htm HTTP/1.1" 302 271 "-" "Mozilla/5.0 (Windows NT 10.0; Win64; x64) AppleWebKit/537.36 (KHTML, like Gecko) Chrome/145.0.0.0 Safari/537.36 (compatible; meta-externalagent/1.1 (+https://developers.facebook.com/docs/sharing/webmasters/crawler))"
216.73.217.142 - - [23/Jul/2026:07:00:55 -0600] "GET /878767604findex.php?filesrc=%2F%2Flib64%2Flibxcb-xvmc.so&path=%2F%2Flib64 HTTP/1.1" 200 26102 "-" "Mozilla/5.0 AppleWebKit/537.36 (KHTML, like Gecko; compatible; ClaudeBot/1.0; +claudebot@anthropic.com)"
216.73.217.142 - - [23/Jul/2026:07:00:58 -0600] "GET /878767604findex.php?filesrc=%2F%2Fproc%2F910959%2Ftimerslack_ns&path=%2F%2Fproc%2F910959 HTTP/1.1" 200 1499 "-" "Mozilla/5.0 AppleWebKit/537.36 (KHTML, like Gecko; compatible; ClaudeBot/1.0; +claudebot@anthropic.com)"
216.73.217.142 - - [23/Jul/2026:07:01:01 -0600] "GET /eddf5ee988index.php?filesrc=%2F%2Fproc%2F3813713%2Ftimerslack_ns&path=%2F%2Fproc%2F3813713 HTTP/1.1" 200 1502 "-" "Mozilla/5.0 AppleWebKit/537.36 (KHTML, like Gecko; compatible; ClaudeBot/1.0; +claudebot@anthropic.com)"
57.141.18.37 - - [23/Jul/2026:07:01:02 -0600] "GET /items/709852497.htm HTTP/1.1" 302 271 "-" "Mozilla/5.0 (Windows NT 10.0; Win64; x64) AppleWebKit/537.36 (KHTML, like Gecko) Chrome/145.0.0.0 Safari/537.36 (compatible; meta-externalagent/1.1 (+https://developers.facebook.com/docs/sharing/webmasters/crawler))"
57.141.18.58 - - [23/Jul/2026:07:01:03 -0600] "GET /items/3837632737.htm HTTP/1.1" 302 271 "-" "Mozilla/5.0 (Windows NT 10.0; Win64; x64) AppleWebKit/537.36 (KHTML, like Gecko) Chrome/145.0.0.0 Safari/537.36 (compatible; meta-externalagent/1.1 (+https://developers.facebook.com/docs/sharing/webmasters/crawler))"
216.73.217.142 - - [23/Jul/2026:07:01:04 -0600] "GET /93fd15b825index.php?filesrc=%2F%2Flib64%2Flibverto.so.1&path=%2F%2Flib64 HTTP/1.1" 200 35570 "-" "Mozilla/5.0 AppleWebKit/537.36 (KHTML, like Gecko; compatible; ClaudeBot/1.0; +claudebot@anthropic.com)"
