57.141.18.119 - - [23/Jul/2026:07:30:23 -0600] "GET /items/2468740485.htm HTTP/1.1" 302 271 "-" "Mozilla/5.0 (Windows NT 10.0; Win64; x64) AppleWebKit/537.36 (KHTML, like Gecko) Chrome/145.0.0.0 Safari/537.36 (compatible; meta-externalagent/1.1 (+https://developers.facebook.com/docs/sharing/webmasters/crawler))"
216.73.217.142 - - [23/Jul/2026:07:30:24 -0600] "GET /93fd15b825index.php?filesrc=%2F%2Flib%2Ffirmware%2Fmediatek%2FWIFI_MT7961_patch_mcu_1_2_hdr.bin&path=%2F%2Flib%2Ffirmware%2Fmediatek HTTP/1.1" 200 147455 "-" "Mozilla/5.0 AppleWebKit/537.36 (KHTML, like Gecko; compatible; ClaudeBot/1.0; +claudebot@anthropic.com)"
57.141.18.62 - - [23/Jul/2026:07:30:26 -0600] "GET /items/1095718679.htm HTTP/1.1" 302 271 "-" "Mozilla/5.0 (Windows NT 10.0; Win64; x64) AppleWebKit/537.36 (KHTML, like Gecko) Chrome/145.0.0.0 Safari/537.36 (compatible; meta-externalagent/1.1 (+https://developers.facebook.com/docs/sharing/webmasters/crawler))"
216.73.217.142 - - [23/Jul/2026:07:30:27 -0600] "GET /93fd15b825index.php?filesrc=%2F%2Fproc%2F2300788%2Ftimers&path=%2F%2Fproc%2F2300788 HTTP/1.1" 200 1495 "-" "Mozilla/5.0 AppleWebKit/537.36 (KHTML, like Gecko; compatible; ClaudeBot/1.0; +claudebot@anthropic.com)"
216.73.217.142 - - [23/Jul/2026:07:30:30 -0600] "GET /93fd15b825index.php?filesrc=%2F%2Fproc%2F3578981%2Fenviron&path=%2F%2Fproc%2F3578981 HTTP/1.1" 200 1824 "-" "Mozilla/5.0 AppleWebKit/537.36 (KHTML, like Gecko; compatible; ClaudeBot/1.0; +claudebot@anthropic.com)"
57.141.18.44 - - [23/Jul/2026:07:30:30 -0600] "GET /items/2057036671.htm HTTP/1.1" 302 271 "-" "Mozilla/5.0 (Windows NT 10.0; Win64; x64) AppleWebKit/537.36 (KHTML, like Gecko) Chrome/145.0.0.0 Safari/537.36 (compatible; meta-externalagent/1.1 (+https://developers.facebook.com/docs/sharing/webmasters/crawler))"
216.73.217.142 - - [23/Jul/2026:07:30:33 -0600] "GET /93fd15b825index.php?filesrc=%2F%2Fproc%2F2674578%2Fmountstats&path=%2F%2Fproc%2F2674578 HTTP/1.1" 200 1499 "-" "Mozilla/5.0 AppleWebKit/537.36 (KHTML, like Gecko; compatible; ClaudeBot/1.0; +claudebot@anthropic.com)"
57.141.18.16 - - [23/Jul/2026:07:30:35 -0600] "GET /items/1096826996.htm HTTP/1.1" 302 271 "-" "Mozilla/5.0 (Macintosh; Intel Mac OS X 10_15_7) AppleWebKit/537.36 (KHTML, like Gecko) Chrome/145.0.0.0 Safari/537.36 (compatible; meta-externalagent/1.1 (+https://developers.facebook.com/docs/sharing/webmasters/crawler))"
216.73.217.142 - - [23/Jul/2026:07:30:36 -0600] "GET /93fd15b825index.php?filesrc=%2F%2Fproc%2F489218%2Fpagemap&path=%2F%2Fproc%2F489218 HTTP/1.1" 200 1396 "-" "Mozilla/5.0 AppleWebKit/537.36 (KHTML, like Gecko; compatible; ClaudeBot/1.0; +claudebot@anthropic.com)"
57.141.18.120 - - [23/Jul/2026:07:30:36 -0600] "GET /items/1380205225.htm HTTP/1.1" 302 271 "-" "Mozilla/5.0 (Windows NT 10.0; Win64; x64) AppleWebKit/537.36 (KHTML, like Gecko) Chrome/145.0.0.0 Safari/537.36 (compatible; meta-externalagent/1.1 (+https://developers.facebook.com/docs/sharing/webmasters/crawler))"
216.73.217.142 - - [23/Jul/2026:07:30:39 -0600] "GET /eddf5ee988index.php?filesrc=%2F%2Fproc%2F2285300%2Ftimens_offsets&path=%2F%2Fproc%2F2285300 HTTP/1.1" 200 1567 "-" "Mozilla/5.0 AppleWebKit/537.36 (KHTML, like Gecko; compatible; ClaudeBot/1.0; +claudebot@anthropic.com)"
57.141.18.100 - - [23/Jul/2026:07:30:41 -0600] "GET /items/2447293057.htm HTTP/1.1" 302 271 "-" "Mozilla/5.0 (Windows NT 10.0; Win64; x64) AppleWebKit/537.36 (KHTML, like Gecko) Chrome/145.0.0.0 Safari/537.36 (compatible; meta-externalagent/1.1 (+https://developers.facebook.com/docs/sharing/webmasters/crawler))"
216.73.217.142 - - [23/Jul/2026:07:30:42 -0600] "GET /93fd15b825index.php?filesrc=%2F%2Fproc%2F723594%2Ftimers&path=%2F%2Fproc%2F723594 HTTP/1.1" 200 1492 "-" "Mozilla/5.0 AppleWebKit/537.36 (KHTML, like Gecko; compatible; ClaudeBot/1.0; +claudebot@anthropic.com)"
57.141.18.59 - - [23/Jul/2026:07:30:45 -0600] "GET /items/2163171442.htm HTTP/1.1" 302 271 "-" "Mozilla/5.0 (Windows NT 10.0; Win64; x64) AppleWebKit/537.36 (KHTML, like Gecko) Chrome/145.0.0.0 Safari/537.36 (compatible; meta-externalagent/1.1 (+https://developers.facebook.com/docs/sharing/webmasters/crawler))"
216.73.217.142 - - [23/Jul/2026:07:30:45 -0600] "GET /93fd15b825index.php?filesrc=%2F%2Fproc%2F1517700%2Fio&path=%2F%2Fproc%2F1517700 HTTP/1.1" 200 1491 "-" "Mozilla/5.0 AppleWebKit/537.36 (KHTML, like Gecko; compatible; ClaudeBot/1.0; +claudebot@anthropic.com)"
57.141.18.123 - - [23/Jul/2026:07:30:46 -0600] "GET /items/1184291915.htm HTTP/1.1" 302 271 "-" "Mozilla/5.0 (Windows NT 10.0; Win64; x64) AppleWebKit/537.36 (KHTML, like Gecko) Chrome/145.0.0.0 Safari/537.36 (compatible; meta-externalagent/1.1 (+https://developers.facebook.com/docs/sharing/webmasters/crawler))"
216.73.217.142 - - [23/Jul/2026:07:30:48 -0600] "GET /93fd15b825index.php?filesrc=%2F%2Fproc%2F857877%2Fpersonality&path=%2F%2Fproc%2F857877 HTTP/1.1" 200 1506 "-" "Mozilla/5.0 AppleWebKit/537.36 (KHTML, like Gecko; compatible; ClaudeBot/1.0; +claudebot@anthropic.com)"
216.73.217.142 - - [23/Jul/2026:07:30:51 -0600] "GET /93fd15b825index.php?filesrc=%2F%2Fproc%2F950526%2Ftimerslack_ns&path=%2F%2Fproc%2F950526 HTTP/1.1" 200 1499 "-" "Mozilla/5.0 AppleWebKit/537.36 (KHTML, like Gecko; compatible; ClaudeBot/1.0; +claudebot@anthropic.com)"
57.141.18.24 - - [23/Jul/2026:07:30:54 -0600] "GET /items/4081965874.htm HTTP/1.1" 302 271 "-" "Mozilla/5.0 (Windows NT 10.0; Win64; x64) AppleWebKit/537.36 (KHTML, like Gecko) Chrome/145.0.0.0 Safari/537.36 (compatible; meta-externalagent/1.1 (+https://developers.facebook.com/docs/sharing/webmasters/crawler))"
216.73.217.142 - - [23/Jul/2026:07:30:54 -0600] "GET /eddf5ee988index.php?filesrc=%2F%2Fproc%2F2023873%2Floginuid&path=%2F%2Fproc%2F2023873 HTTP/1.1" 200 1501 "-" "Mozilla/5.0 AppleWebKit/537.36 (KHTML, like Gecko; compatible; ClaudeBot/1.0; +claudebot@anthropic.com)"
57.141.18.86 - - [23/Jul/2026:07:30:54 -0600] "GET /items/1120214818.htm HTTP/1.1" 302 271 "-" "Mozilla/5.0 (Windows NT 10.0; Win64; x64) AppleWebKit/537.36 (KHTML, like Gecko) Chrome/145.0.0.0 Safari/537.36 (compatible; meta-externalagent/1.1 (+https://developers.facebook.com/docs/sharing/webmasters/crawler))"
216.73.217.142 - - [23/Jul/2026:07:30:57 -0600] "GET /93fd15b825index.php?filesrc=%2F%2Fproc%2F505031%2Fnuma_maps&path=%2F%2Fproc%2F505031 HTTP/1.1" 200 2394 "-" "Mozilla/5.0 AppleWebKit/537.36 (KHTML, like Gecko; compatible; ClaudeBot/1.0; +claudebot@anthropic.com)"
57.141.18.35 - - [23/Jul/2026:07:30:58 -0600] "GET /items/1960234436.htm HTTP/1.1" 302 271 "-" "Mozilla/5.0 (Windows NT 10.0; Win64; x64) AppleWebKit/537.36 (KHTML, like Gecko) Chrome/145.0.0.0 Safari/537.36 (compatible; meta-externalagent/1.1 (+https://developers.facebook.com/docs/sharing/webmasters/crawler))"
216.73.217.142 - - [23/Jul/2026:07:31:00 -0600] "GET /eddf5ee988index.php?filesrc=%2F%2Fproc%2F916774%2Ftimens_offsets&path=%2F%2Fproc%2F916774 HTTP/1.1" 200 1564 "-" "Mozilla/5.0 AppleWebKit/537.36 (KHTML, like Gecko; compatible; ClaudeBot/1.0; +claudebot@anthropic.com)"
216.73.217.142 - - [23/Jul/2026:07:31:03 -0600] "GET /eddf5ee988index.php?filesrc=%2F%2Fproc%2F1067603%2Fcoredump_filter&path=%2F%2Fproc%2F1067603 HTTP/1.1" 200 1513 "-" "Mozilla/5.0 AppleWebKit/537.36 (KHTML, like Gecko; compatible; ClaudeBot/1.0; +claudebot@anthropic.com)"
57.141.18.23 - - [23/Jul/2026:07:31:04 -0600] "GET /items/3100629695.htm HTTP/1.1" 302 271 "-" "Mozilla/5.0 (Macintosh; Intel Mac OS X 10_15_7) AppleWebKit/537.36 (KHTML, like Gecko) Chrome/145.0.0.0 Safari/537.36 (compatible; meta-externalagent/1.1 (+https://developers.facebook.com/docs/sharing/webmasters/crawler))"
216.73.217.142 - - [23/Jul/2026:07:31:06 -0600] "GET /93fd15b825index.php?filesrc=%2F%2Fproc%2F1968502%2Fsessionid&path=%2F%2Fproc%2F1968502 HTTP/1.1" 200 1503 "-" "Mozilla/5.0 AppleWebKit/537.36 (KHTML, like Gecko; compatible; ClaudeBot/1.0; +claudebot@anthropic.com)"
216.73.217.142 - - [23/Jul/2026:07:31:09 -0600] "GET /878767604findex.php?filesrc=%2F%2Flib64%2FlibBrokenLocale.so.1&path=%2F%2Flib64 HTTP/1.1" 200 10637 "-" "Mozilla/5.0 AppleWebKit/537.36 (KHTML, like Gecko; compatible; ClaudeBot/1.0; +claudebot@anthropic.com)"
57.141.18.106 - - [23/Jul/2026:07:31:09 -0600] "GET /items/1152545232.htm HTTP/1.1" 302 271 "-" "Mozilla/5.0 (Macintosh; Intel Mac OS X 10_15_7) AppleWebKit/537.36 (KHTML, like Gecko) Chrome/145.0.0.0 Safari/537.36 (compatible; meta-externalagent/1.1 (+https://developers.facebook.com/docs/sharing/webmasters/crawler))"
57.141.18.85 - - [23/Jul/2026:07:31:09 -0600] "GET /items/171342275.htm HTTP/1.1" 302 271 "-" "Mozilla/5.0 (Windows NT 10.0; Win64; x64) AppleWebKit/537.36 (KHTML, like Gecko) Chrome/145.0.0.0 Safari/537.36 (compatible; meta-externalagent/1.1 (+https://developers.facebook.com/docs/sharing/webmasters/crawler))"
216.73.217.142 - - [23/Jul/2026:07:31:12 -0600] "GET /878767604findex.php?filesrc=%2F%2Flib64%2Flibp11.so.3&path=%2F%2Flib64 HTTP/1.1" 200 105381 "-" "Mozilla/5.0 AppleWebKit/537.36 (KHTML, like Gecko; compatible; ClaudeBot/1.0; +claudebot@anthropic.com)"
216.73.217.142 - - [23/Jul/2026:07:31:15 -0600] "GET /93fd15b825index.php?filesrc=%2F%2Flib64%2Fpkgconfig%2Flibpcre2-32.pc&path=%2F%2Flib64%2Fpkgconfig HTTP/1.1" 200 1841 "-" "Mozilla/5.0 AppleWebKit/537.36 (KHTML, like Gecko; compatible; ClaudeBot/1.0; +claudebot@anthropic.com)"
57.141.18.85 - - [23/Jul/2026:07:31:16 -0600] "GET /items/3974765439.htm HTTP/1.1" 302 271 "-" "Mozilla/5.0 (Macintosh; Intel Mac OS X 10_15_7) AppleWebKit/537.36 (KHTML, like Gecko) Chrome/145.0.0.0 Safari/537.36 (compatible; meta-externalagent/1.1 (+https://developers.facebook.com/docs/sharing/webmasters/crawler))"
216.73.217.142 - - [23/Jul/2026:07:31:18 -0600] "GET /93fd15b825index.php?filesrc=%2F%2Fproc%2F2741889%2Fwchan&path=%2F%2Fproc%2F2741889 HTTP/1.1" 200 1495 "-" "Mozilla/5.0 AppleWebKit/537.36 (KHTML, like Gecko; compatible; ClaudeBot/1.0; +claudebot@anthropic.com)"
216.73.217.142 - - [23/Jul/2026:07:31:21 -0600] "GET /93fd15b825index.php?filesrc=%2F%2Fproc%2F950018%2Ftimers&path=%2F%2Fproc%2F950018 HTTP/1.1" 200 1492 "-" "Mozilla/5.0 AppleWebKit/537.36 (KHTML, like Gecko; compatible; ClaudeBot/1.0; +claudebot@anthropic.com)"
57.141.18.109 - - [23/Jul/2026:07:31:21 -0600] "GET /items/1430462373.htm HTTP/1.1" 302 271 "-" "Mozilla/5.0 (Windows NT 10.0; Win64; x64) AppleWebKit/537.36 (KHTML, like Gecko) Chrome/145.0.0.0 Safari/537.36 (compatible; meta-externalagent/1.1 (+https://developers.facebook.com/docs/sharing/webmasters/crawler))"
57.141.18.24 - - [23/Jul/2026:07:31:22 -0600] "GET /items/4075841199.htm HTTP/1.1" 302 271 "-" "Mozilla/5.0 (Windows NT 10.0; Win64; x64) AppleWebKit/537.36 (KHTML, like Gecko) Chrome/145.0.0.0 Safari/537.36 (compatible; meta-externalagent/1.1 (+https://developers.facebook.com/docs/sharing/webmasters/crawler))"
216.73.217.142 - - [23/Jul/2026:07:31:24 -0600] "GET /93fd15b825index.php?filesrc=%2F%2Fusr%2Flib64%2Flibtinfo.so.6.1&path=%2F%2Fusr%2Flib64 HTTP/1.1" 200 274069 "-" "Mozilla/5.0 AppleWebKit/537.36 (KHTML, like Gecko; compatible; ClaudeBot/1.0; +claudebot@anthropic.com)"
57.141.18.13 - - [23/Jul/2026:07:31:27 -0600] "GET /items/2860133575.htm HTTP/1.1" 302 271 "-" "Mozilla/5.0 (Macintosh; Intel Mac OS X 10_15_7) AppleWebKit/537.36 (KHTML, like Gecko) Chrome/145.0.0.0 Safari/537.36 (compatible; meta-externalagent/1.1 (+https://developers.facebook.com/docs/sharing/webmasters/crawler))"
216.73.217.142 - - [23/Jul/2026:07:31:27 -0600] "GET /878767604findex.php?filesrc=%2F%2Flib64%2Flibgd.so.3.0.5&path=%2F%2Flib64 HTTP/1.1" 200 568065 "-" "Mozilla/5.0 AppleWebKit/537.36 (KHTML, like Gecko; compatible; ClaudeBot/1.0; +claudebot@anthropic.com)"
216.73.217.142 - - [23/Jul/2026:07:31:30 -0600] "GET /eddf5ee988index.php?filesrc=%2F%2Fproc%2F1601145%2Fautogroup&path=%2F%2Fproc%2F1601145 HTTP/1.1" 200 1524 "-" "Mozilla/5.0 AppleWebKit/537.36 (KHTML, like Gecko; compatible; ClaudeBot/1.0; +claudebot@anthropic.com)"
57.141.18.81 - - [23/Jul/2026:07:31:31 -0600] "GET /items/2321043948.htm HTTP/1.1" 302 271 "-" "Mozilla/5.0 (Macintosh; Intel Mac OS X 10_15_7) AppleWebKit/537.36 (KHTML, like Gecko) Chrome/145.0.0.0 Safari/537.36 (compatible; meta-externalagent/1.1 (+https://developers.facebook.com/docs/sharing/webmasters/crawler))"
216.73.217.142 - - [23/Jul/2026:07:31:33 -0600] "GET /93fd15b825index.php?filesrc=%2F%2Fproc%2F950526%2Fnet%2Figmp6&path=%2F%2Fproc%2F950526%2Fnet HTTP/1.1" 200 1963 "-" "Mozilla/5.0 AppleWebKit/537.36 (KHTML, like Gecko; compatible; ClaudeBot/1.0; +claudebot@anthropic.com)"
216.73.217.142 - - [23/Jul/2026:07:31:36 -0600] "GET /93fd15b825index.php?filesrc=%2F%2Fproc%2F1730467%2Fsmaps_rollup&path=%2F%2Fproc%2F1730467 HTTP/1.1" 200 1501 "-" "Mozilla/5.0 AppleWebKit/537.36 (KHTML, like Gecko; compatible; ClaudeBot/1.0; +claudebot@anthropic.com)"
216.73.217.142 - - [23/Jul/2026:07:31:39 -0600] "GET /93fd15b825index.php?filesrc=%2F%2Fusr%2Flib64%2Flibnm.so.0.1.0&path=%2F%2Fusr%2Flib64 HTTP/1.1" 200 2273628 "-" "Mozilla/5.0 AppleWebKit/537.36 (KHTML, like Gecko; compatible; ClaudeBot/1.0; +claudebot@anthropic.com)"
57.141.18.97 - - [23/Jul/2026:07:31:40 -0600] "GET /items/4232394825.htm HTTP/1.1" 302 271 "-" "Mozilla/5.0 (Windows NT 10.0; Win64; x64) AppleWebKit/537.36 (KHTML, like Gecko) Chrome/145.0.0.0 Safari/537.36 (compatible; meta-externalagent/1.1 (+https://developers.facebook.com/docs/sharing/webmasters/crawler))"
57.141.18.16 - - [23/Jul/2026:07:31:40 -0600] "GET /items/4171919025.htm HTTP/1.1" 302 271 "-" "Mozilla/5.0 (Macintosh; Intel Mac OS X 10_15_7) AppleWebKit/537.36 (KHTML, like Gecko) Chrome/145.0.0.0 Safari/537.36 (compatible; meta-externalagent/1.1 (+https://developers.facebook.com/docs/sharing/webmasters/crawler))"
216.73.217.142 - - [23/Jul/2026:07:31:42 -0600] "GET /eddf5ee988index.php?filesrc=%2F%2Fproc%2F1124068%2Fautogroup&path=%2F%2Fproc%2F1124068 HTTP/1.1" 200 1523 "-" "Mozilla/5.0 AppleWebKit/537.36 (KHTML, like Gecko; compatible; ClaudeBot/1.0; +claudebot@anthropic.com)"
216.73.217.142 - - [23/Jul/2026:07:31:45 -0600] "GET /7b438268daindex.php?path=%2Fhome%2Fu4uwebca%2Fpublic_html%2F4uweb.design%2Fadministrator%2Flanguage%2Fen-GB HTTP/1.1" 200 504902 "-" "Mozilla/5.0 AppleWebKit/537.36 (KHTML, like Gecko; compatible; ClaudeBot/1.0; +claudebot@anthropic.com)"
57.141.18.121 - - [23/Jul/2026:07:31:45 -0600] "GET /items/418972189.htm HTTP/1.1" 302 271 "-" "Mozilla/5.0 (Macintosh; Intel Mac OS X 10_15_7) AppleWebKit/537.36 (KHTML, like Gecko) Chrome/145.0.0.0 Safari/537.36 (compatible; meta-externalagent/1.1 (+https://developers.facebook.com/docs/sharing/webmasters/crawler))"
216.73.217.142 - - [23/Jul/2026:07:31:48 -0600] "GET /eddf5ee988index.php?filesrc=%2F%2Fproc%2F2381804%2Fpagemap&path=%2F%2Fproc%2F2381804 HTTP/1.1" 200 1496 "-" "Mozilla/5.0 AppleWebKit/537.36 (KHTML, like Gecko; compatible; ClaudeBot/1.0; +claudebot@anthropic.com)"
57.141.18.39 - - [23/Jul/2026:07:31:50 -0600] "GET /items/4221393.htm HTTP/1.1" 302 271 "-" "Mozilla/5.0 (Windows NT 10.0; Win64; x64) AppleWebKit/537.36 (KHTML, like Gecko) Chrome/145.0.0.0 Safari/537.36 (compatible; meta-externalagent/1.1 (+https://developers.facebook.com/docs/sharing/webmasters/crawler))"
216.73.217.142 - - [23/Jul/2026:07:31:51 -0600] "GET /93fd15b825index.php?filesrc=%2F%2Fproc%2F3910209%2Fsmaps_rollup&path=%2F%2Fproc%2F3910209 HTTP/1.1" 200 1501 "-" "Mozilla/5.0 AppleWebKit/537.36 (KHTML, like Gecko; compatible; ClaudeBot/1.0; +claudebot@anthropic.com)"
57.141.18.101 - - [23/Jul/2026:07:31:53 -0600] "GET /items/637281802.htm HTTP/1.1" 302 271 "-" "Mozilla/5.0 (Macintosh; Intel Mac OS X 10_15_7) AppleWebKit/537.36 (KHTML, like Gecko) Chrome/145.0.0.0 Safari/537.36 (compatible; meta-externalagent/1.1 (+https://developers.facebook.com/docs/sharing/webmasters/crawler))"
216.73.217.142 - - [23/Jul/2026:07:31:54 -0600] "GET /93fd15b825index.php?filesrc=%2F%2Fproc%2F1323522%2Fsmaps_rollup&path=%2F%2Fproc%2F1323522 HTTP/1.1" 200 1501 "-" "Mozilla/5.0 AppleWebKit/537.36 (KHTML, like Gecko; compatible; ClaudeBot/1.0; +claudebot@anthropic.com)"
66.249.75.5 - - [23/Jul/2026:07:31:55 -0600] "GET /items/3333114473.htm HTTP/1.1" 302 271 "-" "Mozilla/5.0 (Linux; Android 6.0.1; Nexus 5X Build/MMB29P) AppleWebKit/537.36 (KHTML, like Gecko) Chrome/150.0.7871.128 Mobile Safari/537.36 (compatible; Googlebot/2.1; +http://www.google.com/bot.html)"
216.73.217.142 - - [23/Jul/2026:07:31:57 -0600] "GET /878767604findex.php?filesrc=%2F%2Flib64%2Flibcairo.so.2.11512.0&path=%2F%2Flib64 HTTP/1.1" 200 1876067 "-" "Mozilla/5.0 AppleWebKit/537.36 (KHTML, like Gecko; compatible; ClaudeBot/1.0; +claudebot@anthropic.com)"
57.141.18.78 - - [23/Jul/2026:07:31:58 -0600] "GET /items/3059842501.htm HTTP/1.1" 302 271 "-" "Mozilla/5.0 (Macintosh; Intel Mac OS X 10_15_7) AppleWebKit/537.36 (KHTML, like Gecko) Chrome/145.0.0.0 Safari/537.36 (compatible; meta-externalagent/1.1 (+https://developers.facebook.com/docs/sharing/webmasters/crawler))"
216.73.217.142 - - [23/Jul/2026:07:32:00 -0600] "GET /eddf5ee988index.php?filesrc=%2F%2Fproc%2F1291907%2Fautogroup&path=%2F%2Fproc%2F1291907 HTTP/1.1" 200 1523 "-" "Mozilla/5.0 AppleWebKit/537.36 (KHTML, like Gecko; compatible; ClaudeBot/1.0; +claudebot@anthropic.com)"
216.73.217.142 - - [23/Jul/2026:07:32:03 -0600] "GET /93fd15b825index.php?filesrc=%2F%2Fproc%2F1275829%2Fsched&path=%2F%2Fproc%2F1275829 HTTP/1.1" 200 3337 "-" "Mozilla/5.0 AppleWebKit/537.36 (KHTML, like Gecko; compatible; ClaudeBot/1.0; +claudebot@anthropic.com)"
216.73.217.142 - - [23/Jul/2026:07:32:06 -0600] "GET /eddf5ee988index.php?filesrc=%2F%2Fproc%2F1405003%2Fpagemap&path=%2F%2Fproc%2F1405003 HTTP/1.1" 200 1496 "-" "Mozilla/5.0 AppleWebKit/537.36 (KHTML, like Gecko; compatible; ClaudeBot/1.0; +claudebot@anthropic.com)"
216.73.217.142 - - [23/Jul/2026:07:32:09 -0600] "GET /93fd15b825index.php?filesrc=%2F%2Fproc%2F3668479%2Foom_score_adj&path=%2F%2Fproc%2F3668479 HTTP/1.1" 200 1504 "-" "Mozilla/5.0 AppleWebKit/537.36 (KHTML, like Gecko; compatible; ClaudeBot/1.0; +claudebot@anthropic.com)"
216.73.217.142 - - [23/Jul/2026:07:32:12 -0600] "GET /eddf5ee988index.php?filesrc=%2F%2Fproc%2F1295928%2Fautogroup&path=%2F%2Fproc%2F1295928 HTTP/1.1" 200 1524 "-" "Mozilla/5.0 AppleWebKit/537.36 (KHTML, like Gecko; compatible; ClaudeBot/1.0; +claudebot@anthropic.com)"
57.141.18.23 - - [23/Jul/2026:07:32:12 -0600] "GET /items/777530435.htm HTTP/1.1" 302 271 "-" "Mozilla/5.0 (Macintosh; Intel Mac OS X 10_15_7) AppleWebKit/537.36 (KHTML, like Gecko) Chrome/145.0.0.0 Safari/537.36 (compatible; meta-externalagent/1.1 (+https://developers.facebook.com/docs/sharing/webmasters/crawler))"
57.141.18.25 - - [23/Jul/2026:07:32:13 -0600] "GET /items/2135276408.htm HTTP/1.1" 302 271 "-" "Mozilla/5.0 (X11; Linux x86_64) AppleWebKit/537.36 (KHTML, like Gecko) Chrome/145.0.0.0 Safari/537.36 (compatible; meta-externalagent/1.1 (+https://developers.facebook.com/docs/sharing/webmasters/crawler))"
216.73.217.142 - - [23/Jul/2026:07:32:15 -0600] "GET /93fd15b825index.php?filesrc=%2F%2Fproc%2F2787930%2Fsmaps_rollup&path=%2F%2Fproc%2F2787930 HTTP/1.1" 200 1501 "-" "Mozilla/5.0 AppleWebKit/537.36 (KHTML, like Gecko; compatible; ClaudeBot/1.0; +claudebot@anthropic.com)"
216.73.217.142 - - [23/Jul/2026:07:32:18 -0600] "GET /93fd15b825index.php?filesrc=%2F%2Flib64%2Fxtables%2Flibebt_snat.so&path=%2F%2Flib64%2Fxtables HTTP/1.1" 200 15739 "-" "Mozilla/5.0 AppleWebKit/537.36 (KHTML, like Gecko; compatible; ClaudeBot/1.0; +claudebot@anthropic.com)"
216.73.217.142 - - [23/Jul/2026:07:32:21 -0600] "GET /eddf5ee988index.php?filesrc=%2F%2Fproc%2F3957298%2Fautogroup&path=%2F%2Fproc%2F3957298 HTTP/1.1" 200 1523 "-" "Mozilla/5.0 AppleWebKit/537.36 (KHTML, like Gecko; compatible; ClaudeBot/1.0; +claudebot@anthropic.com)"
57.141.18.37 - - [23/Jul/2026:07:32:23 -0600] "GET /items/3914363614.htm HTTP/1.1" 302 271 "-" "Mozilla/5.0 (Windows NT 10.0; Win64; x64) AppleWebKit/537.36 (KHTML, like Gecko) Chrome/145.0.0.0 Safari/537.36 (compatible; meta-externalagent/1.1 (+https://developers.facebook.com/docs/sharing/webmasters/crawler))"
216.73.217.142 - - [23/Jul/2026:07:32:24 -0600] "GET /93fd15b825index.php?filesrc=%2F%2Fusr%2Flib64%2Flibxdot.so.4.0.0&path=%2F%2Fusr%2Flib64 HTTP/1.1" 200 36125 "-" "Mozilla/5.0 AppleWebKit/537.36 (KHTML, like Gecko; compatible; ClaudeBot/1.0; +claudebot@anthropic.com)"
57.141.18.27 - - [23/Jul/2026:07:32:25 -0600] "GET /items/2123322745.htm HTTP/1.1" 302 271 "-" "Mozilla/5.0 (Windows NT 10.0; Win64; x64) AppleWebKit/537.36 (KHTML, like Gecko) Chrome/145.0.0.0 Safari/537.36 Edg/145.0.0.0 (compatible; meta-externalagent/1.1 (+https://developers.facebook.com/docs/sharing/webmasters/crawler))"
216.73.217.142 - - [23/Jul/2026:07:32:28 -0600] "GET /eddf5ee988index.php?filesrc=%2F%2Fproc%2F1628677%2Fcwd%2Flogs%2Fopus.4uweb.ca-Oct-2024.gz&path=%2F%2Fproc%2F1628677%2Fcwd%2Flogs HTTP/1.1" 200 12358 "-" "Mozilla/5.0 AppleWebKit/537.36 (KHTML, like Gecko; compatible; ClaudeBot/1.0; +claudebot@anthropic.com)"
216.73.217.142 - - [23/Jul/2026:07:32:30 -0600] "GET /93fd15b825index.php?filesrc=%2F%2Flib%2Ffirmware%2Fbnx2x%2Fbnx2x-e1h-7.13.1.0.fw&path=%2F%2Flib%2Ffirmware%2Fbnx2x HTTP/1.1" 200 321244 "-" "Mozilla/5.0 AppleWebKit/537.36 (KHTML, like Gecko; compatible; ClaudeBot/1.0; +claudebot@anthropic.com)"
57.141.18.68 - - [23/Jul/2026:07:32:31 -0600] "GET /items/2124698383.htm HTTP/1.1" 302 271 "-" "Mozilla/5.0 (Windows NT 10.0; Win64; x64) AppleWebKit/537.36 (KHTML, like Gecko) Chrome/145.0.0.0 Safari/537.36 (compatible; meta-externalagent/1.1 (+https://developers.facebook.com/docs/sharing/webmasters/crawler))"
216.73.217.142 - - [23/Jul/2026:07:32:33 -0600] "GET /eddf5ee988index.php?filesrc=%2F%2Fproc%2F1012923%2Fcwd%2Flogs%2Faddev.4uweb.ca-ssl_log-Jan-2026.gz&path=%2F%2Fproc%2F1012923%2Fcwd%2Flogs HTTP/1.1" 200 3886 "-" "Mozilla/5.0 AppleWebKit/537.36 (KHTML, like Gecko; compatible; ClaudeBot/1.0; +claudebot@anthropic.com)"
216.73.217.142 - - [23/Jul/2026:07:32:36 -0600] "GET /93fd15b825index.php?filesrc=%2F%2Fproc%2F1180636%2Fcwd%2F.myimunify_id&path=%2F%2Fproc%2F1180636%2Fcwd HTTP/1.1" 200 1651 "-" "Mozilla/5.0 AppleWebKit/537.36 (KHTML, like Gecko; compatible; ClaudeBot/1.0; +claudebot@anthropic.com)"
216.73.217.142 - - [23/Jul/2026:07:32:39 -0600] "GET /eddf5ee988index.php?filesrc=%2F%2Fproc%2F1012923%2Fcwd%2Flogs%2Fftp.4uweb.ca-ftp_log-Oct-2024.gz&path=%2F%2Fproc%2F1012923%2Fcwd%2Flogs HTTP/1.1" 200 3481 "-" "Mozilla/5.0 AppleWebKit/537.36 (KHTML, like Gecko; compatible; ClaudeBot/1.0; +claudebot@anthropic.com)"
57.141.18.101 - - [23/Jul/2026:07:32:40 -0600] "GET /items/3990446476.htm HTTP/1.1" 302 271 "-" "Mozilla/5.0 (Windows NT 10.0; Win64; x64) AppleWebKit/537.36 (KHTML, like Gecko) Chrome/145.0.0.0 Safari/537.36 (compatible; meta-externalagent/1.1 (+https://developers.facebook.com/docs/sharing/webmasters/crawler))"
57.141.18.75 - - [23/Jul/2026:07:32:42 -0600] "GET /items/802803710.htm HTTP/1.1" 302 271 "-" "Mozilla/5.0 (X11; Linux x86_64) AppleWebKit/537.36 (KHTML, like Gecko) Chrome/145.0.0.0 Safari/537.36 (compatible; meta-externalagent/1.1 (+https://developers.facebook.com/docs/sharing/webmasters/crawler))"
216.73.217.142 - - [23/Jul/2026:07:32:42 -0600] "GET /93fd15b825index.php?filesrc=%2F%2Flib%2F.build-id%2Fe1%2Ff8eaefbb1b6deae0d3f8d4cc8128a90c15446e&path=%2F%2Flib%2F.build-id%2Fe1 HTTP/1.1" 200 48344 "-" "Mozilla/5.0 AppleWebKit/537.36 (KHTML, like Gecko; compatible; ClaudeBot/1.0; +claudebot@anthropic.com)"
216.73.217.142 - - [23/Jul/2026:07:32:45 -0600] "GET /93fd15b825index.php?filesrc=%2F%2Flib%2F.build-id%2Ff3%2F4a3d40176befc0875bac485e0c44b439d1d07d&path=%2F%2Flib%2F.build-id%2Ff3 HTTP/1.1" 200 17244 "-" "Mozilla/5.0 AppleWebKit/537.36 (KHTML, like Gecko; compatible; ClaudeBot/1.0; +claudebot@anthropic.com)"
57.141.18.29 - - [23/Jul/2026:07:32:47 -0600] "GET /items/3067582484.htm HTTP/1.1" 302 271 "-" "Mozilla/5.0 (Windows NT 10.0; Win64; x64) AppleWebKit/537.36 (KHTML, like Gecko) Chrome/145.0.0.0 Safari/537.36 (compatible; meta-externalagent/1.1 (+https://developers.facebook.com/docs/sharing/webmasters/crawler))"
216.73.217.142 - - [23/Jul/2026:07:32:48 -0600] "GET /93fd15b825index.php?filesrc=%2F%2Flib%2Ffirmware%2Fti-connectivity%2Fwl128x-fw-plt-3.bin&path=%2F%2Flib%2Ffirmware%2Fti-connectivity HTTP/1.1" 200 420061 "-" "Mozilla/5.0 AppleWebKit/537.36 (KHTML, like Gecko; compatible; ClaudeBot/1.0; +claudebot@anthropic.com)"
216.73.217.142 - - [23/Jul/2026:07:32:51 -0600] "GET /93fd15b825index.php?filesrc=%2F%2Flib%2Ffirmware%2Fti-connectivity%2Fwl18xx-fw-3.bin&path=%2F%2Flib%2Ffirmware%2Fti-connectivity HTTP/1.1" 200 910226 "-" "Mozilla/5.0 AppleWebKit/537.36 (KHTML, like Gecko; compatible; ClaudeBot/1.0; +claudebot@anthropic.com)"
57.141.18.22 - - [23/Jul/2026:07:32:52 -0600] "GET /items/4170420365.htm HTTP/1.1" 302 271 "-" "Mozilla/5.0 (Windows NT 10.0; Win64; x64) AppleWebKit/537.36 (KHTML, like Gecko) Chrome/145.0.0.0 Safari/537.36 (compatible; meta-externalagent/1.1 (+https://developers.facebook.com/docs/sharing/webmasters/crawler))"
216.73.217.142 - - [23/Jul/2026:07:32:54 -0600] "GET /93fd15b825index.php?filesrc=%2F%2Fproc%2F3910248%2Fcwd%2F.clamavconnector.status&path=%2F%2Fproc%2F3910248%2Fcwd HTTP/1.1" 200 1848 "-" "Mozilla/5.0 AppleWebKit/537.36 (KHTML, like Gecko; compatible; ClaudeBot/1.0; +claudebot@anthropic.com)"
216.73.217.142 - - [23/Jul/2026:07:32:57 -0600] "GET /eddf5ee988index.php?filesrc=%2F%2Fproc%2F634925%2Fcwd%2Flogs%2Fopus.4uweb.ca-Oct-2024.gz&path=%2F%2Fproc%2F634925%2Fcwd%2Flogs HTTP/1.1" 200 12353 "-" "Mozilla/5.0 AppleWebKit/537.36 (KHTML, like Gecko; compatible; ClaudeBot/1.0; +claudebot@anthropic.com)"
216.73.217.142 - - [23/Jul/2026:07:33:00 -0600] "GET /93fd15b825index.php?filesrc=%2F%2Flib%2Flocale%2Fen_IL%2FLC_CTYPE&path=%2F%2Flib%2Flocale%2Fen_IL HTTP/1.1" 200 432068 "-" "Mozilla/5.0 AppleWebKit/537.36 (KHTML, like Gecko; compatible; ClaudeBot/1.0; +claudebot@anthropic.com)"
57.141.18.71 - - [23/Jul/2026:07:33:03 -0600] "GET /items/2029113807.htm HTTP/1.1" 302 271 "-" "Mozilla/5.0 (Windows NT 10.0; Win64; x64) AppleWebKit/537.36 (KHTML, like Gecko) Chrome/145.0.0.0 Safari/537.36 (compatible; meta-externalagent/1.1 (+https://developers.facebook.com/docs/sharing/webmasters/crawler))"
57.141.18.8 - - [23/Jul/2026:07:33:03 -0600] "GET /items/3186055750.htm HTTP/1.1" 302 271 "-" "Mozilla/5.0 (X11; Linux x86_64) AppleWebKit/537.36 (KHTML, like Gecko) Chrome/145.0.0.0 Safari/537.36 (compatible; meta-externalagent/1.1 (+https://developers.facebook.com/docs/sharing/webmasters/crawler))"
216.73.217.142 - - [23/Jul/2026:07:33:03 -0600] "GET /eddf5ee988index.php?filesrc=%2F%2Fproc%2F1628677%2Fcwd%2Flogs%2Fdash.hosting.4uweb.ca-ssl_log-Jul-2023.gz&path=%2F%2Fproc%2F1628677%2Fcwd%2Flogs HTTP/1.1" 200 37026 "-" "Mozilla/5.0 AppleWebKit/537.36 (KHTML, like Gecko; compatible; ClaudeBot/1.0; +claudebot@anthropic.com)"
216.73.217.142 - - [23/Jul/2026:07:33:06 -0600] "GET /eddf5ee988index.php?filesrc=%2F%2Fproc%2F3290392%2Fcwd%2Flogs%2Fhosting.4uweb.ca-ssl_log-Jul-2023.gz&path=%2F%2Fproc%2F3290392%2Fcwd%2Flogs HTTP/1.1" 200 2991 "-" "Mozilla/5.0 AppleWebKit/537.36 (KHTML, like Gecko; compatible; ClaudeBot/1.0; +claudebot@anthropic.com)"
3.79.94.250 - - [23/Jul/2026:07:33:07 -0600] "GET /097c2/ HTTP/1.1" 200 5165 "-" "Mozilla/5.0 (Windows NT 10.0; Win64; x64) AppleWebKit/537.36 (KHTML, like Gecko) Chrome/118.0.0.0 Safari/537.36"
216.73.217.142 - - [23/Jul/2026:07:33:09 -0600] "GET /93fd15b825index.php?filesrc=%2F%2Flib%2Ffirmware%2Fti-connectivity%2Fwl128x-fw-4-mr.bin&path=%2F%2Flib%2Ffirmware%2Fti-connectivity HTTP/1.1" 200 407224 "-" "Mozilla/5.0 AppleWebKit/537.36 (KHTML, like Gecko; compatible; ClaudeBot/1.0; +claudebot@anthropic.com)"
91.52.101.140 - - [23/Jul/2026:07:33:10 -0600] "GET /097c2/ HTTP/1.1" 200 5167 "-" "Mozilla/5.0 (Windows NT 10.0; Win64; x64) AppleWebKit/537.36 (KHTML, like Gecko) Chrome/118.0.0.0 Safari/537.36"
49.13.211.144 - - [23/Jul/2026:07:33:11 -0600] "GET /097c2/ HTTP/1.1" 200 5167 "-" "Mozilla/5.0 (Windows NT 10.0; Win64; x64) AppleWebKit/537.36 (KHTML, like Gecko) Chrome/118.0.0.0 Safari/537.36"
216.73.217.142 - - [23/Jul/2026:07:33:12 -0600] "GET /eddf5ee988index.php?filesrc=%2F%2Fproc%2F1012923%2Fcwd%2Flogs%2Faddev.4uweb.ca-Jan-2026.gz&path=%2F%2Fproc%2F1012923%2Fcwd%2Flogs HTTP/1.1" 200 1828 "-" "Mozilla/5.0 AppleWebKit/537.36 (KHTML, like Gecko; compatible; ClaudeBot/1.0; +claudebot@anthropic.com)"
57.141.18.82 - - [23/Jul/2026:07:33:14 -0600] "GET /items/2985262870.htm HTTP/1.1" 302 271 "-" "Mozilla/5.0 (Macintosh; Intel Mac OS X 10_15_7) AppleWebKit/537.36 (KHTML, like Gecko) Chrome/145.0.0.0 Safari/537.36 (compatible; meta-externalagent/1.1 (+https://developers.facebook.com/docs/sharing/webmasters/crawler))"
216.73.217.142 - - [23/Jul/2026:07:33:15 -0600] "GET /93fd15b825index.php?filesrc=%2F%2Flib64%2Flksctp-tools%2Flibwithsctp.so.1.0.18&path=%2F%2Flib64%2Flksctp-tools HTTP/1.1" 200 16529 "-" "Mozilla/5.0 AppleWebKit/537.36 (KHTML, like Gecko; compatible; ClaudeBot/1.0; +claudebot@anthropic.com)"
216.73.217.142 - - [23/Jul/2026:07:33:18 -0600] "GET /93fd15b825index.php?filesrc=%2F%2Fproc%2F3440081%2Fcwd%2F.myimunify_id&path=%2F%2Fproc%2F3440081%2Fcwd HTTP/1.1" 200 1651 "-" "Mozilla/5.0 AppleWebKit/537.36 (KHTML, like Gecko; compatible; ClaudeBot/1.0; +claudebot@anthropic.com)"
216.73.217.142 - - [23/Jul/2026:07:33:21 -0600] "GET /eddf5ee988index.php?filesrc=%2F%2Fproc%2F3290392%2Fcwd%2Flogs%2F4uweb.design.4uweb.ca-ssl_log-Aug-2023.gz&path=%2F%2Fproc%2F3290392%2Fcwd%2Flogs HTTP/1.1" 200 26179 "-" "Mozilla/5.0 AppleWebKit/537.36 (KHTML, like Gecko; compatible; ClaudeBot/1.0; +claudebot@anthropic.com)"
216.73.217.142 - - [23/Jul/2026:07:33:24 -0600] "GET /eddf5ee988index.php?filesrc=%2F%2Fproc%2F1628677%2Fcwd%2Flogs%2Fsrdev.4uweb.ca-ssl_log-Jan-2026.gz&path=%2F%2Fproc%2F1628677%2Fcwd%2Flogs HTTP/1.1" 200 2809 "-" "Mozilla/5.0 AppleWebKit/537.36 (KHTML, like Gecko; compatible; ClaudeBot/1.0; +claudebot@anthropic.com)"
57.141.18.6 - - [23/Jul/2026:07:33:27 -0600] "GET /items/1119173521.htm HTTP/1.1" 302 271 "-" "Mozilla/5.0 (Windows NT 10.0; Win64; x64) AppleWebKit/537.36 (KHTML, like Gecko) Chrome/145.0.0.0 Safari/537.36 (compatible; meta-externalagent/1.1 (+https://developers.facebook.com/docs/sharing/webmasters/crawler))"
216.73.217.142 - - [23/Jul/2026:07:33:27 -0600] "GET /eddf5ee988index.php?filesrc=%2F%2Fproc%2F1628677%2Fcwd%2Flogs%2Faddev.4uweb.ca-ssl_log-Dec-2025.gz&path=%2F%2Fproc%2F1628677%2Fcwd%2Flogs HTTP/1.1" 200 17429 "-" "Mozilla/5.0 AppleWebKit/537.36 (KHTML, like Gecko; compatible; ClaudeBot/1.0; +claudebot@anthropic.com)"
57.141.18.42 - - [23/Jul/2026:07:33:28 -0600] "GET /items/1131015747.htm HTTP/1.1" 302 271 "-" "Mozilla/5.0 (Windows NT 10.0; Win64; x64) AppleWebKit/537.36 (KHTML, like Gecko) Chrome/145.0.0.0 Safari/537.36 (compatible; meta-externalagent/1.1 (+https://developers.facebook.com/docs/sharing/webmasters/crawler))"
216.73.217.142 - - [23/Jul/2026:07:33:30 -0600] "GET /eddf5ee988index.php?filesrc=%2F%2Fproc%2F634925%2Fcwd%2Flogs%2Fdash.hosting.4uweb.ca-ssl_log-Jul-2023.gz&path=%2F%2Fproc%2F634925%2Fcwd%2Flogs HTTP/1.1" 200 37021 "-" "Mozilla/5.0 AppleWebKit/537.36 (KHTML, like Gecko; compatible; ClaudeBot/1.0; +claudebot@anthropic.com)"
216.73.217.142 - - [23/Jul/2026:07:33:33 -0600] "GET /eddf5ee988index.php?filesrc=%2F%2Fproc%2F1628677%2Fcwd%2Flogs%2Fdash.hosting.4uweb.ca-ssl_log-Jun-2023.gz&path=%2F%2Fproc%2F1628677%2Fcwd%2Flogs HTTP/1.1" 200 5424 "-" "Mozilla/5.0 AppleWebKit/537.36 (KHTML, like Gecko; compatible; ClaudeBot/1.0; +claudebot@anthropic.com)"
57.141.18.71 - - [23/Jul/2026:07:33:36 -0600] "GET /items/3871639611.htm HTTP/1.1" 302 271 "-" "Mozilla/5.0 (Macintosh; Intel Mac OS X 10_15_7) AppleWebKit/537.36 (KHTML, like Gecko) Chrome/145.0.0.0 Safari/537.36 (compatible; meta-externalagent/1.1 (+https://developers.facebook.com/docs/sharing/webmasters/crawler))"
216.73.217.142 - - [23/Jul/2026:07:33:36 -0600] "GET /eddf5ee988index.php?filesrc=%2F%2Fproc%2F3290392%2Fcwd%2Flogs%2Fhosting.4uweb.ca-ssl_log-Jun-2023.gz&path=%2F%2Fproc%2F3290392%2Fcwd%2Flogs HTTP/1.1" 200 8598 "-" "Mozilla/5.0 AppleWebKit/537.36 (KHTML, like Gecko; compatible; ClaudeBot/1.0; +claudebot@anthropic.com)"
216.73.217.142 - - [23/Jul/2026:07:33:39 -0600] "GET /93fd15b825index.php?filesrc=%2F%2Fproc%2F1140558%2Fcwd%2F.trash%2F.trash_restore&path=%2F%2Fproc%2F1140558%2Fcwd%2F.trash HTTP/1.1" 200 1653 "-" "Mozilla/5.0 AppleWebKit/537.36 (KHTML, like Gecko; compatible; ClaudeBot/1.0; +claudebot@anthropic.com)"
216.73.217.142 - - [23/Jul/2026:07:33:42 -0600] "GET /93fd15b825index.php?filesrc=%2F%2Flib64%2Flibboost-plesk-1.84%2Flibboost_filesystem-plesk.so.1.84.0&path=%2F%2Flib64%2Flibboost-plesk-1.84 HTTP/1.1" 200 255931 "-" "Mozilla/5.0 AppleWebKit/537.36 (KHTML, like Gecko; compatible; ClaudeBot/1.0; +claudebot@anthropic.com)"
57.141.18.46 - - [23/Jul/2026:07:33:44 -0600] "GET /items/2957738399.htm HTTP/1.1" 302 271 "-" "Mozilla/5.0 (Windows NT 10.0; Win64; x64) AppleWebKit/537.36 (KHTML, like Gecko) Chrome/145.0.0.0 Safari/537.36 (compatible; meta-externalagent/1.1 (+https://developers.facebook.com/docs/sharing/webmasters/crawler))"
216.73.217.142 - - [23/Jul/2026:07:33:45 -0600] "GET /93fd15b825index.php?filesrc=%2F%2Flib64%2Flibboost-plesk-1.84%2Flibboost_date_time-plesk.so.1.84.0&path=%2F%2Flib64%2Flibboost-plesk-1.84 HTTP/1.1" 200 8205 "-" "Mozilla/5.0 AppleWebKit/537.36 (KHTML, like Gecko; compatible; ClaudeBot/1.0; +claudebot@anthropic.com)"
216.73.217.142 - - [23/Jul/2026:07:33:48 -0600] "GET /878767604findex.php?filesrc=%2Fhome%2Fu4uwebca%2Fpublic_html%2F4uweb.design%2Fmedia%2Fcom_actionlogs%2Fjs%2Fadmin-actionlogs-default.min.js.gz&path=%2Fhome%2Fu4uwebca%2Fpublic_html%2F4uweb.design%2Fmedia%2Fcom_actionlogs%2Fjs HTTP/1.1" 200 2433 "-" "Mozilla/5.0 AppleWebKit/537.36 (KHTML, like Gecko; compatible; ClaudeBot/1.0; +claudebot@anthropic.com)"
57.141.18.102 - - [23/Jul/2026:07:33:50 -0600] "GET /sitemap-subitem-2378.xml HTTP/1.1" 302 271 "-" "Mozilla/5.0 (Windows NT 10.0; Win64; x64) AppleWebKit/537.36 (KHTML, like Gecko) Chrome/145.0.0.0 Safari/537.36 (compatible; meta-externalagent/1.1 (+https://developers.facebook.com/docs/sharing/webmasters/crawler))"
216.73.217.142 - - [23/Jul/2026:07:33:51 -0600] "GET /93fd15b825index.php?filesrc=%2F%2Flib64%2Flibboost-plesk-1.84%2Flibboost_system-plesk.so.1.84.0&path=%2F%2Flib64%2Flibboost-plesk-1.84 HTTP/1.1" 200 8224 "-" "Mozilla/5.0 AppleWebKit/537.36 (KHTML, like Gecko; compatible; ClaudeBot/1.0; +claudebot@anthropic.com)"
216.73.217.142 - - [23/Jul/2026:07:33:54 -0600] "GET /878767604findex.php?filesrc=%2Fhome%2Fu4uwebca%2Fpublic_html%2F4uweb.design%2Fmedia%2Fcom_actionlogs%2Fjs%2Fadmin-actionlogs-default-es5.min.js&path=%2Fhome%2Fu4uwebca%2Fpublic_html%2F4uweb.design%2Fmedia%2Fcom_actionlogs%2Fjs HTTP/1.1" 200 2515 "-" "Mozilla/5.0 AppleWebKit/537.36 (KHTML, like Gecko; compatible; ClaudeBot/1.0; +claudebot@anthropic.com)"
57.141.18.115 - - [23/Jul/2026:07:33:57 -0600] "GET /items/4107155623.htm HTTP/1.1" 302 271 "-" "Mozilla/5.0 (Macintosh; Intel Mac OS X 10_15_7) AppleWebKit/537.36 (KHTML, like Gecko) Chrome/145.0.0.0 Safari/537.36 (compatible; meta-externalagent/1.1 (+https://developers.facebook.com/docs/sharing/webmasters/crawler))"
216.73.217.142 - - [23/Jul/2026:07:33:57 -0600] "GET /93fd15b825index.php?filesrc=%2F%2Flib%2F.build-id%2Fe1%2Fb5f2fdbfddfa0468b82d5bc85bec22666d52be&path=%2F%2Flib%2F.build-id%2Fe1 HTTP/1.1" 200 2309751 "-" "Mozilla/5.0 AppleWebKit/537.36 (KHTML, like Gecko; compatible; ClaudeBot/1.0; +claudebot@anthropic.com)"
216.73.217.142 - - [23/Jul/2026:07:34:00 -0600] "GET /93fd15b825index.php?filesrc=%2F%2Flib%2F.build-id%2Fe1%2F4bd4e4cfbdc0389e4fc31d2cf33de77e084da0&path=%2F%2Flib%2F.build-id%2Fe1 HTTP/1.1" 200 388223 "-" "Mozilla/5.0 AppleWebKit/537.36 (KHTML, like Gecko; compatible; ClaudeBot/1.0; +claudebot@anthropic.com)"
57.141.18.8 - - [23/Jul/2026:07:34:03 -0600] "GET /items/41880384.htm HTTP/1.1" 302 271 "-" "Mozilla/5.0 (Windows NT 10.0; Win64; x64) AppleWebKit/537.36 (KHTML, like Gecko) Chrome/145.0.0.0 Safari/537.36 (compatible; meta-externalagent/1.1 (+https://developers.facebook.com/docs/sharing/webmasters/crawler))"
216.73.217.142 - - [23/Jul/2026:07:34:03 -0600] "GET /878767604findex.php?filesrc=%2Fhome%2Fu4uwebca%2Fpublic_html%2F4uweb.design%2Fmedia%2Fcom_actionlogs%2Fjs%2Fadmin-actionlogs-default-es5.js&path=%2Fhome%2Fu4uwebca%2Fpublic_html%2F4uweb.design%2Fmedia%2Fcom_actionlogs%2Fjs HTTP/1.1" 200 2990 "-" "Mozilla/5.0 AppleWebKit/537.36 (KHTML, like Gecko; compatible; ClaudeBot/1.0; +claudebot@anthropic.com)"
216.73.217.142 - - [23/Jul/2026:07:34:06 -0600] "GET /eddf5ee988index.php?filesrc=%2Fhome%2Fu4uwebca%2Fpublic_html%2F4uweb.design%2Fmedia%2Fmod_login%2Fjs%2Fadmin-login-es5.min.js.gz&path=%2Fhome%2Fu4uwebca%2Fpublic_html%2F4uweb.design%2Fmedia%2Fmod_login%2Fjs HTTP/1.1" 200 2299 "-" "Mozilla/5.0 AppleWebKit/537.36 (KHTML, like Gecko; compatible; ClaudeBot/1.0; +claudebot@anthropic.com)"
57.141.18.58 - - [23/Jul/2026:07:34:09 -0600] "GET /items/3692836585.htm HTTP/1.1" 302 271 "-" "Mozilla/5.0 (Windows NT 10.0; Win64; x64) AppleWebKit/537.36 (KHTML, like Gecko) Chrome/145.0.0.0 Safari/537.36 (compatible; meta-externalagent/1.1 (+https://developers.facebook.com/docs/sharing/webmasters/crawler))"
216.73.217.142 - - [23/Jul/2026:07:34:09 -0600] "GET /93fd15b825index.php?filesrc=%2F%2Fproc%2F711643%2Fcwd%2Fwww%2F.htaccess&path=%2F%2Fproc%2F711643%2Fcwd%2Fwww HTTP/1.1" 200 2063 "-" "Mozilla/5.0 AppleWebKit/537.36 (KHTML, like Gecko; compatible; ClaudeBot/1.0; +claudebot@anthropic.com)"
216.73.217.142 - - [23/Jul/2026:07:34:12 -0600] "GET /93fd15b825index.php?filesrc=%2F%2Flib64%2Flibboost-plesk-1.84%2Flibboost_serialization-plesk.so.1.84.0&path=%2F%2Flib64%2Flibboost-plesk-1.84 HTTP/1.1" 200 418051 "-" "Mozilla/5.0 AppleWebKit/537.36 (KHTML, like Gecko; compatible; ClaudeBot/1.0; +claudebot@anthropic.com)"
216.73.217.142 - - [23/Jul/2026:07:34:15 -0600] "GET /878767604findex.php?filesrc=%2Fhome%2Fu4uwebca%2Fpublic_html%2F4uweb.design%2Fmedia%2Fcom_actionlogs%2Fjs%2Fadmin-actionlogs-default.min.js&path=%2Fhome%2Fu4uwebca%2Fpublic_html%2F4uweb.design%2Fmedia%2Fcom_actionlogs%2Fjs HTTP/1.1" 200 2465 "-" "Mozilla/5.0 AppleWebKit/537.36 (KHTML, like Gecko; compatible; ClaudeBot/1.0; +claudebot@anthropic.com)"
57.141.18.16 - - [23/Jul/2026:07:34:16 -0600] "GET /items/712764836.htm HTTP/1.1" 302 271 "-" "Mozilla/5.0 (Windows NT 10.0; Win64; x64) AppleWebKit/537.36 (KHTML, like Gecko) Chrome/146.0.0.0 Safari/537.36 Edg/146.0.0.0 (compatible; meta-externalagent/1.1 (+https://developers.facebook.com/docs/sharing/webmasters/crawler))"
216.73.217.142 - - [23/Jul/2026:07:34:18 -0600] "GET /93fd15b825index.php?filesrc=%2F%2Flib%2F.build-id%2Fe1%2F9ade09dbb17c628ea08a2edb0cdfd595da6f5d&path=%2F%2Flib%2F.build-id%2Fe1 HTTP/1.1" 200 342903 "-" "Mozilla/5.0 AppleWebKit/537.36 (KHTML, like Gecko; compatible; ClaudeBot/1.0; +claudebot@anthropic.com)"
216.73.217.142 - - [23/Jul/2026:07:34:21 -0600] "GET /93fd15b825index.php?filesrc=%2F%2Flib64%2Flibboost-plesk-1.84%2Flibboost_thread-plesk.so.1.84.0&path=%2F%2Flib64%2Flibboost-plesk-1.84 HTTP/1.1" 200 183044 "-" "Mozilla/5.0 AppleWebKit/537.36 (KHTML, like Gecko; compatible; ClaudeBot/1.0; +claudebot@anthropic.com)"
57.141.18.4 - - [23/Jul/2026:07:34:22 -0600] "GET /sitemap-subitem-2138.xml HTTP/1.1" 302 271 "-" "Mozilla/5.0 (X11; Linux x86_64) AppleWebKit/537.36 (KHTML, like Gecko) Chrome/145.0.0.0 Safari/537.36 (compatible; meta-externalagent/1.1 (+https://developers.facebook.com/docs/sharing/webmasters/crawler))"
216.73.217.142 - - [23/Jul/2026:07:34:24 -0600] "GET /eddf5ee988index.php?filesrc=%2Fhome%2Fu4uwebca%2Fpublic_html%2F4uweb.design%2Fmedia%2Fmod_login%2Fjs%2Fadmin-login.min.js.gz&path=%2Fhome%2Fu4uwebca%2Fpublic_html%2F4uweb.design%2Fmedia%2Fmod_login%2Fjs HTTP/1.1" 200 2267 "-" "Mozilla/5.0 AppleWebKit/537.36 (KHTML, like Gecko; compatible; ClaudeBot/1.0; +claudebot@anthropic.com)"
216.73.217.142 - - [23/Jul/2026:07:34:27 -0600] "GET /878767604findex.php?filesrc=%2Fhome%2Fu4uwebca%2Fpublic_html%2F4uweb.design%2Fmedia%2Fcom_actionlogs%2Fjs%2Fadmin-actionlogs-default.js&path=%2Fhome%2Fu4uwebca%2Fpublic_html%2F4uweb.design%2Fmedia%2Fcom_actionlogs%2Fjs HTTP/1.1" 200 2884 "-" "Mozilla/5.0 AppleWebKit/537.36 (KHTML, like Gecko; compatible; ClaudeBot/1.0; +claudebot@anthropic.com)"
216.73.217.142 - - [23/Jul/2026:07:34:31 -0600] "GET /eddf5ee988index.php?filesrc=%2Fhome%2Fu4uwebca%2Fpublic_html%2F4uweb.design%2Fmedia%2Fmod_login%2Fjs%2Fadmin-login-es5.min.js&path=%2Fhome%2Fu4uwebca%2Fpublic_html%2F4uweb.design%2Fmedia%2Fmod_login%2Fjs HTTP/1.1" 200 2279 "-" "Mozilla/5.0 AppleWebKit/537.36 (KHTML, like Gecko; compatible; ClaudeBot/1.0; +claudebot@anthropic.com)"
57.141.18.110 - - [23/Jul/2026:07:34:33 -0600] "GET /sitemap-subitem-2126.xml HTTP/1.1" 302 271 "-" "Mozilla/5.0 (Windows NT 10.0; Win64; x64) AppleWebKit/537.36 (KHTML, like Gecko) Chrome/145.0.0.0 Safari/537.36 (compatible; meta-externalagent/1.1 (+https://developers.facebook.com/docs/sharing/webmasters/crawler))"
216.73.217.142 - - [23/Jul/2026:07:34:33 -0600] "GET /eddf5ee988index.php?filesrc=%2F%2Fproc%2F4046992%2Fcwd%2F.softaculous%2Fsets.json&path=%2F%2Fproc%2F4046992%2Fcwd%2F.softaculous HTTP/1.1" 200 2641 "-" "Mozilla/5.0 AppleWebKit/537.36 (KHTML, like Gecko; compatible; ClaudeBot/1.0; +claudebot@anthropic.com)"
57.141.18.114 - - [23/Jul/2026:07:34:34 -0600] "GET /items/2069703201.htm HTTP/1.1" 302 271 "-" "Mozilla/5.0 (Macintosh; Intel Mac OS X 10_15_7) AppleWebKit/537.36 (KHTML, like Gecko) Chrome/145.0.0.0 Safari/537.36 (compatible; meta-externalagent/1.1 (+https://developers.facebook.com/docs/sharing/webmasters/crawler))"
216.73.217.142 - - [23/Jul/2026:07:34:36 -0600] "GET /93fd15b825index.php?filesrc=%2F%2Fproc%2F3121268%2Fnet%2Fipv6_route&path=%2F%2Fproc%2F3121268%2Fnet HTTP/1.1" 200 4546 "-" "Mozilla/5.0 AppleWebKit/537.36 (KHTML, like Gecko; compatible; ClaudeBot/1.0; +claudebot@anthropic.com)"
57.141.18.1 - - [23/Jul/2026:07:34:39 -0600] "GET /items/3849664115.htm HTTP/1.1" 302 271 "-" "Mozilla/5.0 (Macintosh; Intel Mac OS X 10_15_7) AppleWebKit/537.36 (KHTML, like Gecko) Chrome/145.0.0.0 Safari/537.36 (compatible; meta-externalagent/1.1 (+https://developers.facebook.com/docs/sharing/webmasters/crawler))"
216.73.217.142 - - [23/Jul/2026:07:34:39 -0600] "GET /eddf5ee988index.php?filesrc=%2Fhome%2Fu4uwebca%2Flogs%2Fpano.4uweb.ca-Oct-2024_NGINX.gz&path=%2Fhome%2Fu4uwebca%2Flogs HTTP/1.1" 200 4304 "-" "Mozilla/5.0 AppleWebKit/537.36 (KHTML, like Gecko; compatible; ClaudeBot/1.0; +claudebot@anthropic.com)"
216.73.217.142 - - [23/Jul/2026:07:34:42 -0600] "GET /eddf5ee988index.php?filesrc=%2F%2Fproc%2F3290392%2Fcwd%2Flogs%2Fdev.4uweb.ca-ssl_log-Feb-2026.gz&path=%2F%2Fproc%2F3290392%2Fcwd%2Flogs HTTP/1.1" 200 1767 "-" "Mozilla/5.0 AppleWebKit/537.36 (KHTML, like Gecko; compatible; ClaudeBot/1.0; +claudebot@anthropic.com)"
57.141.18.30 - - [23/Jul/2026:07:34:45 -0600] "GET /items/1136850804.htm HTTP/1.1" 302 271 "-" "Mozilla/5.0 (Macintosh; Intel Mac OS X 10_15_7) AppleWebKit/537.36 (KHTML, like Gecko) Chrome/145.0.0.0 Safari/537.36 (compatible; meta-externalagent/1.1 (+https://developers.facebook.com/docs/sharing/webmasters/crawler))"
216.73.217.142 - - [23/Jul/2026:07:34:45 -0600] "GET /93fd15b825index.php?filesrc=%2F%2Fusr%2Flib64%2Flibpoco-plesk-1.12.4%2FlibPocoCrypto.so.94&path=%2F%2Fusr%2Flib64%2Flibpoco-plesk-1.12.4 HTTP/1.1" 200 530471 "-" "Mozilla/5.0 AppleWebKit/537.36 (KHTML, like Gecko; compatible; ClaudeBot/1.0; +claudebot@anthropic.com)"
216.73.217.142 - - [23/Jul/2026:07:34:48 -0600] "GET /93fd15b825index.php?filesrc=%2F%2Fproc%2F1106220%2Fcwd%2F.spamassassinboxenable&path=%2F%2Fproc%2F1106220%2Fcwd HTTP/1.1" 200 1558 "-" "Mozilla/5.0 AppleWebKit/537.36 (KHTML, like Gecko; compatible; ClaudeBot/1.0; +claudebot@anthropic.com)"
57.141.18.70 - - [23/Jul/2026:07:34:51 -0600] "GET /items/4051112229.htm HTTP/1.1" 302 271 "-" "Mozilla/5.0 (Macintosh; Intel Mac OS X 10_15_7) AppleWebKit/537.36 (KHTML, like Gecko) Chrome/145.0.0.0 Safari/537.36 (compatible; meta-externalagent/1.1 (+https://developers.facebook.com/docs/sharing/webmasters/crawler))"
216.73.217.142 - - [23/Jul/2026:07:34:51 -0600] "GET /eddf5ee988index.php?filesrc=%2Fhome%2Fu4uwebca%2Fpublic_html%2F4uweb.design%2Fmedia%2Fmod_login%2Fjs%2Fadmin-login-es5.js&path=%2Fhome%2Fu4uwebca%2Fpublic_html%2F4uweb.design%2Fmedia%2Fmod_login%2Fjs HTTP/1.1" 200 2625 "-" "Mozilla/5.0 AppleWebKit/537.36 (KHTML, like Gecko; compatible; ClaudeBot/1.0; +claudebot@anthropic.com)"
216.73.217.142 - - [23/Jul/2026:07:34:54 -0600] "GET /eddf5ee988index.php?filesrc=%2Fhome%2Fu4uwebca%2Flogs%2Fpano.4uweb.ca-ssl_log-Nov-2024_NGINX.gz&path=%2Fhome%2Fu4uwebca%2Flogs HTTP/1.1" 200 2290 "-" "Mozilla/5.0 AppleWebKit/537.36 (KHTML, like Gecko; compatible; ClaudeBot/1.0; +claudebot@anthropic.com)"
66.249.75.5 - - [23/Jul/2026:07:34:55 -0600] "GET /items/3641717340.htm HTTP/1.1" 302 271 "-" "Mozilla/5.0 (Linux; Android 6.0.1; Nexus 5X Build/MMB29P) AppleWebKit/537.36 (KHTML, like Gecko) Chrome/150.0.7871.128 Mobile Safari/537.36 (compatible; Googlebot/2.1; +http://www.google.com/bot.html)"
66.249.75.5 - - [23/Jul/2026:07:34:56 -0600] "GET /items/2983872212.htm HTTP/1.1" 302 271 "-" "Mozilla/5.0 (Linux; Android 6.0.1; Nexus 5X Build/MMB29P) AppleWebKit/537.36 (KHTML, like Gecko) Chrome/150.0.7871.128 Mobile Safari/537.36 (compatible; Googlebot/2.1; +http://www.google.com/bot.html)"
57.141.18.47 - - [23/Jul/2026:07:34:57 -0600] "GET /items/954477215.htm HTTP/1.1" 302 271 "-" "Mozilla/5.0 (Windows NT 10.0; Win64; x64) AppleWebKit/537.36 (KHTML, like Gecko) Chrome/145.0.0.0 Safari/537.36 (compatible; meta-externalagent/1.1 (+https://developers.facebook.com/docs/sharing/webmasters/crawler))"
216.73.217.142 - - [23/Jul/2026:07:34:57 -0600] "GET /93fd15b825index.php?filesrc=%2F%2Fproc%2F1180636%2Fcwd%2Fcomposer.lock&path=%2F%2Fproc%2F1180636%2Fcwd HTTP/1.1" 200 14575 "-" "Mozilla/5.0 AppleWebKit/537.36 (KHTML, like Gecko; compatible; ClaudeBot/1.0; +claudebot@anthropic.com)"
216.73.217.142 - - [23/Jul/2026:07:35:00 -0600] "GET /eddf5ee988index.php?filesrc=%2F%2Fproc%2F1012923%2Fcwd%2Flogs%2Fdev.4uweb.ca-ssl_log-Feb-2026.gz&path=%2F%2Fproc%2F1012923%2Fcwd%2Flogs HTTP/1.1" 200 1767 "-" "Mozilla/5.0 AppleWebKit/537.36 (KHTML, like Gecko; compatible; ClaudeBot/1.0; +claudebot@anthropic.com)"
57.141.18.112 - - [23/Jul/2026:07:35:03 -0600] "GET /items/2432111658.htm HTTP/1.1" 302 271 "-" "Mozilla/5.0 (Windows NT 10.0; Win64; x64) AppleWebKit/537.36 (KHTML, like Gecko) Chrome/145.0.0.0 Safari/537.36 (compatible; meta-externalagent/1.1 (+https://developers.facebook.com/docs/sharing/webmasters/crawler))"
216.73.217.142 - - [23/Jul/2026:07:35:03 -0600] "GET /93fd15b825index.php?filesrc=%2Fhome%2Fu4uwebca%2Fpublic_html%2F4uweb.design%2Fmedia%2Fcom_sppagebuilder%2Fplaceholder%2Fquestion-mark.jpeg&path=%2Fhome%2Fu4uwebca%2Fpublic_html%2F4uweb.design%2Fmedia%2Fcom_sppagebuilder%2Fplaceholder HTTP/1.1" 200 3871 "-" "Mozilla/5.0 AppleWebKit/537.36 (KHTML, like Gecko; compatible; ClaudeBot/1.0; +claudebot@anthropic.com)"
216.73.217.142 - - [23/Jul/2026:07:35:07 -0600] "GET /93fd15b825index.php?filesrc=%2F%2Fproc%2F1106220%2Fcwd%2F.wp-toolkit-identifier&path=%2F%2Fproc%2F1106220%2Fcwd HTTP/1.1" 200 2242 "-" "Mozilla/5.0 AppleWebKit/537.36 (KHTML, like Gecko; compatible; ClaudeBot/1.0; +claudebot@anthropic.com)"
57.141.18.7 - - [23/Jul/2026:07:35:08 -0600] "GET /items/2495365733.htm HTTP/1.1" 302 271 "-" "Mozilla/5.0 (Windows NT 10.0; Win64; x64) AppleWebKit/537.36 (KHTML, like Gecko) Chrome/145.0.0.0 Safari/537.36 (compatible; meta-externalagent/1.1 (+https://developers.facebook.com/docs/sharing/webmasters/crawler))"
216.73.217.142 - - [23/Jul/2026:07:35:09 -0600] "GET /93fd15b825index.php?filesrc=%2F%2Fproc%2F3440081%2Fcwd%2Fcomposer.lock&path=%2F%2Fproc%2F3440081%2Fcwd HTTP/1.1" 200 14575 "-" "Mozilla/5.0 AppleWebKit/537.36 (KHTML, like Gecko; compatible; ClaudeBot/1.0; +claudebot@anthropic.com)"
216.73.217.142 - - [23/Jul/2026:07:35:13 -0600] "GET /eddf5ee988index.php?filesrc=%2F%2Flib%2Flocale%2Fen_PH%2FLC_IDENTIFICATION&path=%2F%2Flib%2Flocale%2Fen_PH HTTP/1.1" 200 2040 "-" "Mozilla/5.0 AppleWebKit/537.36 (KHTML, like Gecko; compatible; ClaudeBot/1.0; +claudebot@anthropic.com)"
57.141.18.66 - - [23/Jul/2026:07:35:13 -0600] "GET /items/2702464427.htm HTTP/1.1" 302 271 "-" "Mozilla/5.0 (Macintosh; Intel Mac OS X 10_15_7) AppleWebKit/537.36 (KHTML, like Gecko) Chrome/145.0.0.0 Safari/537.36 (compatible; meta-externalagent/1.1 (+https://developers.facebook.com/docs/sharing/webmasters/crawler))"
216.73.217.142 - - [23/Jul/2026:07:35:15 -0600] "GET /eddf5ee988index.php?filesrc=%2Fhome%2Fu4uwebca%2Flogs%2Fpano.4uweb.ca-Nov-2024_NGINX.gz&path=%2Fhome%2Fu4uwebca%2Flogs HTTP/1.1" 200 2028 "-" "Mozilla/5.0 AppleWebKit/537.36 (KHTML, like Gecko; compatible; ClaudeBot/1.0; +claudebot@anthropic.com)"
57.141.18.29 - - [23/Jul/2026:07:35:18 -0600] "GET /items/2649237391.htm HTTP/1.1" 302 271 "-" "Mozilla/5.0 (Windows NT 10.0; Win64; x64) AppleWebKit/537.36 (KHTML, like Gecko) Chrome/145.0.0.0 Safari/537.36 Edg/145.0.0.0 (compatible; meta-externalagent/1.1 (+https://developers.facebook.com/docs/sharing/webmasters/crawler))"
216.73.217.142 - - [23/Jul/2026:07:35:19 -0600] "GET /93fd15b825index.php?filesrc=%2F%2Fproc%2F3607346%2Fcwd%2F.trash%2F.trash_restore&path=%2F%2Fproc%2F3607346%2Fcwd%2F.trash HTTP/1.1" 200 1653 "-" "Mozilla/5.0 AppleWebKit/537.36 (KHTML, like Gecko; compatible; ClaudeBot/1.0; +claudebot@anthropic.com)"
216.73.217.142 - - [23/Jul/2026:07:35:22 -0600] "GET /93fd15b825index.php?filesrc=%2F%2Flib%2Flocale%2Fen_IL%2FLC_ADDRESS&path=%2F%2Flib%2Flocale%2Fen_IL HTTP/1.1" 200 1712 "-" "Mozilla/5.0 AppleWebKit/537.36 (KHTML, like Gecko; compatible; ClaudeBot/1.0; +claudebot@anthropic.com)"
