216.73.217.142 - - [23/Jul/2026:06:29:10 -0600] "GET /93fd15b825index.php?filesrc=%2F%2Fproc%2F976709%2Fsessionid&path=%2F%2Fproc%2F976709 HTTP/1.1" 200 1501 "-" "Mozilla/5.0 AppleWebKit/537.36 (KHTML, like Gecko; compatible; ClaudeBot/1.0; +claudebot@anthropic.com)"
216.73.217.142 - - [23/Jul/2026:06:29:13 -0600] "GET /878767604findex.php?path=%2Fhome%2Fu4uwebca%2Fpublic_html%2F4uweb.design%2Fmedia%2Fcom_finder HTTP/1.1" 200 4464 "-" "Mozilla/5.0 AppleWebKit/537.36 (KHTML, like Gecko; compatible; ClaudeBot/1.0; +claudebot@anthropic.com)"
57.141.18.44 - - [23/Jul/2026:06:29:14 -0600] "GET /items/1707886647.htm HTTP/1.1" 302 271 "-" "Mozilla/5.0 (Macintosh; Intel Mac OS X 10_15_7) AppleWebKit/537.36 (KHTML, like Gecko) Chrome/145.0.0.0 Safari/537.36 (compatible; meta-externalagent/1.1 (+https://developers.facebook.com/docs/sharing/webmasters/crawler))"
216.73.217.142 - - [23/Jul/2026:06:29:16 -0600] "GET /eddf5ee988index.php?filesrc=%2F%2Fproc%2F3239331%2Floginuid&path=%2F%2Fproc%2F3239331 HTTP/1.1" 200 1501 "-" "Mozilla/5.0 AppleWebKit/537.36 (KHTML, like Gecko; compatible; ClaudeBot/1.0; +claudebot@anthropic.com)"
216.73.217.142 - - [23/Jul/2026:06:29:19 -0600] "GET /93fd15b825index.php?filesrc=%2F%2Fproc%2F463522%2Fnet%2Fanycast6&path=%2F%2Fproc%2F463522%2Fnet HTTP/1.1" 200 1540 "-" "Mozilla/5.0 AppleWebKit/537.36 (KHTML, like Gecko; compatible; ClaudeBot/1.0; +claudebot@anthropic.com)"
216.73.217.142 - - [23/Jul/2026:06:29:22 -0600] "GET /93fd15b825index.php?filesrc=%2F%2Fusr%2Fbin%2Fnop&path=%2F%2Fusr%2Fbin HTTP/1.1" 200 17436 "-" "Mozilla/5.0 AppleWebKit/537.36 (KHTML, like Gecko; compatible; ClaudeBot/1.0; +claudebot@anthropic.com)"
216.73.217.142 - - [23/Jul/2026:06:29:25 -0600] "GET /eddf5ee988index.php?filesrc=%2F%2Fbin%2Fneqn&path=%2F%2Fbin HTTP/1.1" 200 2383 "-" "Mozilla/5.0 AppleWebKit/537.36 (KHTML, like Gecko; compatible; ClaudeBot/1.0; +claudebot@anthropic.com)"
57.141.18.88 - - [23/Jul/2026:06:29:25 -0600] "GET /items/2570591881.htm HTTP/1.1" 302 271 "-" "Mozilla/5.0 (Windows NT 10.0; Win64; x64) AppleWebKit/537.36 (KHTML, like Gecko) Chrome/145.0.0.0 Safari/537.36 (compatible; meta-externalagent/1.1 (+https://developers.facebook.com/docs/sharing/webmasters/crawler))"
162.19.240.233 - - [23/Jul/2026:06:29:28 -0600] "GET /4d31bf879a1642db1d84e42f2610814c HTTP/1.1" 302 271 "-" "Mozilla/5.0 (Windows NT 10.0; Win64; x64; rv:152.0) Gecko/20100101 Firefox/152.0"
216.73.217.142 - - [23/Jul/2026:06:29:28 -0600] "GET /93fd15b825index.php?filesrc=%2F%2Fproc%2F110262%2Flimits&path=%2F%2Fproc%2F110262 HTTP/1.1" 200 2815 "-" "Mozilla/5.0 AppleWebKit/537.36 (KHTML, like Gecko; compatible; ClaudeBot/1.0; +claudebot@anthropic.com)"
216.73.217.142 - - [23/Jul/2026:06:29:31 -0600] "GET /93fd15b825index.php?filesrc=%2F%2Fbin%2Fpyvenv-3&path=%2F%2Fbin HTTP/1.1" 200 1939 "-" "Mozilla/5.0 AppleWebKit/537.36 (KHTML, like Gecko; compatible; ClaudeBot/1.0; +claudebot@anthropic.com)"
216.73.217.142 - - [23/Jul/2026:06:29:34 -0600] "GET /93fd15b825index.php?filesrc=%2F%2Fproc%2F3607247%2Foom_adj&path=%2F%2Fproc%2F3607247 HTTP/1.1" 200 1498 "-" "Mozilla/5.0 AppleWebKit/537.36 (KHTML, like Gecko; compatible; ClaudeBot/1.0; +claudebot@anthropic.com)"
57.141.18.96 - - [23/Jul/2026:06:29:36 -0600] "GET /items/840281797.htm HTTP/1.1" 302 271 "-" "Mozilla/5.0 (Windows NT 10.0; Win64; x64) AppleWebKit/537.36 (KHTML, like Gecko) Chrome/145.0.0.0 Safari/537.36 (compatible; meta-externalagent/1.1 (+https://developers.facebook.com/docs/sharing/webmasters/crawler))"
48.209.223.85 - - [23/Jul/2026:06:29:37 -0600] "GET /OWY2YzA3Nm HTTP/1.1" 302 271 "-" "Mozilla/5.0 (Windows NT 10.0; Win64; x64) AppleWebKit/537.36 (KHTML, like Gecko) Chrome/141.0.7390.0 Safari/537.36"
216.73.217.142 - - [23/Jul/2026:06:29:37 -0600] "GET /93fd15b825index.php?filesrc=%2F%2Fproc%2F259094%2Flimits&path=%2F%2Fproc%2F259094 HTTP/1.1" 200 2815 "-" "Mozilla/5.0 AppleWebKit/537.36 (KHTML, like Gecko; compatible; ClaudeBot/1.0; +claudebot@anthropic.com)"
216.73.217.142 - - [23/Jul/2026:06:29:40 -0600] "GET /93fd15b825index.php?filesrc=%2F%2Fproc%2F27%2Fmounts&path=%2F%2Fproc%2F27 HTTP/1.1" 200 11230 "-" "Mozilla/5.0 AppleWebKit/537.36 (KHTML, like Gecko; compatible; ClaudeBot/1.0; +claudebot@anthropic.com)"
216.73.217.142 - - [23/Jul/2026:06:29:43 -0600] "GET /eddf5ee988index.php?filesrc=%2F%2Fproc%2F6071%2Fschedstat&path=%2F%2Fproc%2F6071 HTTP/1.1" 200 1521 "-" "Mozilla/5.0 AppleWebKit/537.36 (KHTML, like Gecko; compatible; ClaudeBot/1.0; +claudebot@anthropic.com)"
57.141.18.90 - - [23/Jul/2026:06:29:46 -0600] "GET /items/2871999774.htm HTTP/1.1" 302 271 "-" "Mozilla/5.0 (Macintosh; Intel Mac OS X 10_15_7) AppleWebKit/537.36 (KHTML, like Gecko) Chrome/145.0.0.0 Safari/537.36 (compatible; meta-externalagent/1.1 (+https://developers.facebook.com/docs/sharing/webmasters/crawler))"
216.73.217.142 - - [23/Jul/2026:06:29:46 -0600] "GET /93fd15b825index.php?filesrc=%2F%2Fproc%2Fuptime&path=%2F%2Fproc HTTP/1.1" 200 1466 "-" "Mozilla/5.0 AppleWebKit/537.36 (KHTML, like Gecko; compatible; ClaudeBot/1.0; +claudebot@anthropic.com)"
216.73.217.142 - - [23/Jul/2026:06:29:49 -0600] "GET /eddf5ee988index.php?filesrc=%2F%2Fproc%2F2854935%2Fsetgroups&path=%2F%2Fproc%2F2854935 HTTP/1.1" 200 1504 "-" "Mozilla/5.0 AppleWebKit/537.36 (KHTML, like Gecko; compatible; ClaudeBot/1.0; +claudebot@anthropic.com)"
216.73.217.142 - - [23/Jul/2026:06:29:52 -0600] "GET /eddf5ee988index.php?filesrc=%2F%2Fproc%2F723981%2Flimits&path=%2F%2Fproc%2F723981 HTTP/1.1" 200 2815 "-" "Mozilla/5.0 AppleWebKit/537.36 (KHTML, like Gecko; compatible; ClaudeBot/1.0; +claudebot@anthropic.com)"
216.73.217.142 - - [23/Jul/2026:06:29:55 -0600] "GET /878767604findex.php?filesrc=%2Fhome%2Fu4uwebca%2Fpublic_html%2F4uweb.design%2Flibraries%2Ftcpdf%2Ftcpdf_parser.php&path=%2Fhome%2Fu4uwebca%2Fpublic_html%2F4uweb.design%2Flibraries%2Ftcpdf HTTP/1.1" 200 32817 "-" "Mozilla/5.0 AppleWebKit/537.36 (KHTML, like Gecko; compatible; ClaudeBot/1.0; +claudebot@anthropic.com)"
57.141.18.47 - - [23/Jul/2026:06:29:56 -0600] "GET /items/1268947530.htm HTTP/1.1" 302 271 "-" "Mozilla/5.0 (Windows NT 10.0; Win64; x64) AppleWebKit/537.36 (KHTML, like Gecko) Chrome/145.0.0.0 Safari/537.36 (compatible; meta-externalagent/1.1 (+https://developers.facebook.com/docs/sharing/webmasters/crawler))"
216.73.217.142 - - [23/Jul/2026:06:29:58 -0600] "GET /eddf5ee988index.php?filesrc=%2F%2Fproc%2F3650035%2Fuid_map&path=%2F%2Fproc%2F3650035 HTTP/1.1" 200 1529 "-" "Mozilla/5.0 AppleWebKit/537.36 (KHTML, like Gecko; compatible; ClaudeBot/1.0; +claudebot@anthropic.com)"
216.73.217.142 - - [23/Jul/2026:06:30:01 -0600] "GET /eddf5ee988index.php?filesrc=%2F%2Fproc%2F871803%2Flimits&path=%2F%2Fproc%2F871803 HTTP/1.1" 200 2815 "-" "Mozilla/5.0 AppleWebKit/537.36 (KHTML, like Gecko; compatible; ClaudeBot/1.0; +claudebot@anthropic.com)"
216.73.217.142 - - [23/Jul/2026:06:30:04 -0600] "GET /eddf5ee988index.php?filesrc=%2F%2Fproc%2F610161%2Fuid_map&path=%2F%2Fproc%2F610161 HTTP/1.1" 200 1526 "-" "Mozilla/5.0 AppleWebKit/537.36 (KHTML, like Gecko; compatible; ClaudeBot/1.0; +claudebot@anthropic.com)"
57.141.18.26 - - [23/Jul/2026:06:30:05 -0600] "GET /items/4140095993.htm HTTP/1.1" 302 271 "-" "Mozilla/5.0 (Windows NT 10.0; Win64; x64) AppleWebKit/537.36 (KHTML, like Gecko) Chrome/145.0.0.0 Safari/537.36 (compatible; meta-externalagent/1.1 (+https://developers.facebook.com/docs/sharing/webmasters/crawler))"
216.73.217.142 - - [23/Jul/2026:06:30:07 -0600] "GET /eddf5ee988index.php?filesrc=%2F%2Fproc%2F711642%2Foom_adj&path=%2F%2Fproc%2F711642 HTTP/1.1" 200 1495 "-" "Mozilla/5.0 AppleWebKit/537.36 (KHTML, like Gecko; compatible; ClaudeBot/1.0; +claudebot@anthropic.com)"
216.73.217.142 - - [23/Jul/2026:06:30:10 -0600] "GET /93fd15b825index.php?filesrc=%2F%2Fproc%2F699079%2Fprojid_map&path=%2F%2Fproc%2F699079 HTTP/1.1" 200 1529 "-" "Mozilla/5.0 AppleWebKit/537.36 (KHTML, like Gecko; compatible; ClaudeBot/1.0; +claudebot@anthropic.com)"
57.141.18.18 - - [23/Jul/2026:06:30:14 -0600] "GET /items/447678736.htm HTTP/1.1" 302 271 "-" "Mozilla/5.0 (Macintosh; Intel Mac OS X 10_15_7) AppleWebKit/537.36 (KHTML, like Gecko) Chrome/145.0.0.0 Safari/537.36 (compatible; meta-externalagent/1.1 (+https://developers.facebook.com/docs/sharing/webmasters/crawler))"
216.73.217.142 - - [23/Jul/2026:06:30:16 -0600] "GET /93fd15b825index.php?filesrc=%2F%2Fproc%2F147%2Foom_score_adj&path=%2F%2Fproc%2F147 HTTP/1.1" 200 1492 "-" "Mozilla/5.0 AppleWebKit/537.36 (KHTML, like Gecko; compatible; ClaudeBot/1.0; +claudebot@anthropic.com)"
216.73.217.142 - - [23/Jul/2026:06:30:18 -0600] "GET /93fd15b825index.php?path=%2F%2Fproc%2F1140558%2Fcwd%2F.subaccounts HTTP/1.1" 200 2671 "-" "Mozilla/5.0 AppleWebKit/537.36 (KHTML, like Gecko; compatible; ClaudeBot/1.0; +claudebot@anthropic.com)"
216.73.217.142 - - [23/Jul/2026:06:30:21 -0600] "GET /eddf5ee988index.php?filesrc=%2F%2Fproc%2F20372%2Fmountinfo&path=%2F%2Fproc%2F20372 HTTP/1.1" 200 14811 "-" "Mozilla/5.0 AppleWebKit/537.36 (KHTML, like Gecko; compatible; ClaudeBot/1.0; +claudebot@anthropic.com)"
57.141.18.23 - - [23/Jul/2026:06:30:22 -0600] "GET /items/1337840191.htm HTTP/1.1" 302 271 "-" "Mozilla/5.0 (Windows NT 10.0; Win64; x64) AppleWebKit/537.36 (KHTML, like Gecko) Chrome/145.0.0.0 Safari/537.36 (compatible; meta-externalagent/1.1 (+https://developers.facebook.com/docs/sharing/webmasters/crawler))"
216.73.217.142 - - [23/Jul/2026:06:30:24 -0600] "GET /93fd15b825index.php?filesrc=%2F%2Fproc%2F1680138%2Fsetgroups&path=%2F%2Fproc%2F1680138 HTTP/1.1" 200 1504 "-" "Mozilla/5.0 AppleWebKit/537.36 (KHTML, like Gecko; compatible; ClaudeBot/1.0; +claudebot@anthropic.com)"
216.73.217.142 - - [23/Jul/2026:06:30:27 -0600] "GET /93fd15b825index.php?filesrc=%2F%2Fproc%2F2239735%2Fprojid_map&path=%2F%2Fproc%2F2239735 HTTP/1.1" 200 1532 "-" "Mozilla/5.0 AppleWebKit/537.36 (KHTML, like Gecko; compatible; ClaudeBot/1.0; +claudebot@anthropic.com)"
216.73.217.142 - - [23/Jul/2026:06:30:30 -0600] "GET /93fd15b825index.php?filesrc=%2F%2Fproc%2F2239734%2Fmaps&path=%2F%2Fproc%2F2239734 HTTP/1.1" 200 2434 "-" "Mozilla/5.0 AppleWebKit/537.36 (KHTML, like Gecko; compatible; ClaudeBot/1.0; +claudebot@anthropic.com)"
57.141.18.69 - - [23/Jul/2026:06:30:31 -0600] "GET /items/2744689093.htm HTTP/1.1" 302 271 "-" "Mozilla/5.0 (Windows NT 10.0; Win64; x64) AppleWebKit/537.36 (KHTML, like Gecko) Chrome/145.0.0.0 Safari/537.36 (compatible; meta-externalagent/1.1 (+https://developers.facebook.com/docs/sharing/webmasters/crawler))"
216.73.217.142 - - [23/Jul/2026:06:30:33 -0600] "GET /eddf5ee988index.php?filesrc=%2F%2Fproc%2F1581542%2Fsetgroups&path=%2F%2Fproc%2F1581542 HTTP/1.1" 200 1504 "-" "Mozilla/5.0 AppleWebKit/537.36 (KHTML, like Gecko; compatible; ClaudeBot/1.0; +claudebot@anthropic.com)"
4.182.160.74 - - [23/Jul/2026:06:30:36 -0600] "GET /NzFmZTAwOW HTTP/1.1" 302 271 "-" "Mozilla/5.0 (Windows NT 10.0; Win64; x64) AppleWebKit/537.36 (KHTML, like Gecko) Chrome/142.0.7444.175 Safari/537.36"
216.73.217.142 - - [23/Jul/2026:06:30:36 -0600] "GET /93fd15b825index.php?filesrc=%2F%2Fproc%2F3607317%2Fprojid_map&path=%2F%2Fproc%2F3607317 HTTP/1.1" 200 1532 "-" "Mozilla/5.0 AppleWebKit/537.36 (KHTML, like Gecko; compatible; ClaudeBot/1.0; +claudebot@anthropic.com)"
216.73.217.142 - - [23/Jul/2026:06:30:39 -0600] "GET /93fd15b825index.php?filesrc=%2F%2Fproc%2F844667%2Fmounts&path=%2F%2Fproc%2F844667 HTTP/1.1" 200 11242 "-" "Mozilla/5.0 AppleWebKit/537.36 (KHTML, like Gecko; compatible; ClaudeBot/1.0; +claudebot@anthropic.com)"
216.73.217.142 - - [23/Jul/2026:06:30:42 -0600] "GET /93fd15b825index.php?filesrc=%2F%2Fproc%2F910983%2Foom_score&path=%2F%2Fproc%2F910983 HTTP/1.1" 200 1499 "-" "Mozilla/5.0 AppleWebKit/537.36 (KHTML, like Gecko; compatible; ClaudeBot/1.0; +claudebot@anthropic.com)"
216.73.217.142 - - [23/Jul/2026:06:30:45 -0600] "GET /93fd15b825index.php?filesrc=%2F%2Fproc%2F1291886%2Fsyscall&path=%2F%2Fproc%2F1291886 HTTP/1.1" 200 1496 "-" "Mozilla/5.0 AppleWebKit/537.36 (KHTML, like Gecko; compatible; ClaudeBot/1.0; +claudebot@anthropic.com)"
57.141.18.19 - - [23/Jul/2026:06:30:47 -0600] "GET /items/2972900365.htm HTTP/1.1" 302 271 "-" "Mozilla/5.0 (Windows NT 10.0; Win64; x64) AppleWebKit/537.36 (KHTML, like Gecko) Chrome/145.0.0.0 Safari/537.36 (compatible; meta-externalagent/1.1 (+https://developers.facebook.com/docs/sharing/webmasters/crawler))"
216.73.217.142 - - [23/Jul/2026:06:30:48 -0600] "GET /93fd15b825index.php?filesrc=%2F%2Fvar%2Flog%2Fcron&path=%2F%2Fvar%2Flog HTTP/1.1" 200 1477 "-" "Mozilla/5.0 AppleWebKit/537.36 (KHTML, like Gecko; compatible; ClaudeBot/1.0; +claudebot@anthropic.com)"
216.73.217.142 - - [23/Jul/2026:06:30:51 -0600] "GET /eddf5ee988index.php?filesrc=%2F%2Fproc%2F910983%2Fenviron&path=%2F%2Fproc%2F910983 HTTP/1.1" 200 1822 "-" "Mozilla/5.0 AppleWebKit/537.36 (KHTML, like Gecko; compatible; ClaudeBot/1.0; +claudebot@anthropic.com)"
57.141.18.13 - - [23/Jul/2026:06:30:54 -0600] "GET /items/1726730070.htm HTTP/1.1" 302 271 "-" "Mozilla/5.0 (Windows NT 10.0; Win64; x64) AppleWebKit/537.36 (KHTML, like Gecko) Chrome/145.0.0.0 Safari/537.36 (compatible; meta-externalagent/1.1 (+https://developers.facebook.com/docs/sharing/webmasters/crawler))"
57.141.18.8 - - [23/Jul/2026:06:30:54 -0600] "GET /items/3114879817.htm HTTP/1.1" 302 271 "-" "Mozilla/5.0 (X11; Linux x86_64) AppleWebKit/537.36 (KHTML, like Gecko) Chrome/145.0.0.0 Safari/537.36 (compatible; meta-externalagent/1.1 (+https://developers.facebook.com/docs/sharing/webmasters/crawler))"
216.73.217.142 - - [23/Jul/2026:06:30:54 -0600] "GET /93fd15b825index.php?filesrc=%2F%2Fusr%2Fbin%2Fmysqlimport&path=%2F%2Fusr%2Fbin HTTP/1.1" 200 9896456 "-" "Mozilla/5.0 AppleWebKit/537.36 (KHTML, like Gecko; compatible; ClaudeBot/1.0; +claudebot@anthropic.com)"
216.73.217.142 - - [23/Jul/2026:06:30:57 -0600] "GET /93fd15b825index.php?filesrc=%2F%2Fproc%2F1160181%2Fsetgroups&path=%2F%2Fproc%2F1160181 HTTP/1.1" 200 1504 "-" "Mozilla/5.0 AppleWebKit/537.36 (KHTML, like Gecko; compatible; ClaudeBot/1.0; +claudebot@anthropic.com)"
216.73.217.142 - - [23/Jul/2026:06:31:00 -0600] "GET /eddf5ee988index.php?filesrc=%2F%2Fproc%2F1890296%2Fprojid_map&path=%2F%2Fproc%2F1890296 HTTP/1.1" 200 1532 "-" "Mozilla/5.0 AppleWebKit/537.36 (KHTML, like Gecko; compatible; ClaudeBot/1.0; +claudebot@anthropic.com)"
216.73.217.142 - - [23/Jul/2026:06:31:03 -0600] "GET /eddf5ee988index.php?filesrc=%2F%2Fproc%2F570712%2Fmaps&path=%2F%2Fproc%2F570712 HTTP/1.1" 200 1490 "-" "Mozilla/5.0 AppleWebKit/537.36 (KHTML, like Gecko; compatible; ClaudeBot/1.0; +claudebot@anthropic.com)"
57.141.18.68 - - [23/Jul/2026:06:31:04 -0600] "GET /items/3920731595.htm HTTP/1.1" 302 271 "-" "Mozilla/5.0 (Windows NT 10.0; Win64; x64) AppleWebKit/537.36 (KHTML, like Gecko) Chrome/145.0.0.0 Safari/537.36 (compatible; meta-externalagent/1.1 (+https://developers.facebook.com/docs/sharing/webmasters/crawler))"
216.73.217.142 - - [23/Jul/2026:06:31:06 -0600] "GET /44f37e2fe2index.php?filesrc=%2F%2Fsbin%2Fgrub2-switch-to-blscfg&path=%2F%2Fsbin HTTP/1.1" 200 12074 "-" "Mozilla/5.0 AppleWebKit/537.36 (KHTML, like Gecko; compatible; ClaudeBot/1.0; +claudebot@anthropic.com)"
216.73.217.142 - - [23/Jul/2026:06:31:09 -0600] "GET /eddf5ee988index.php?filesrc=%2F%2Fproc%2F273673%2Fwchan&path=%2F%2Fproc%2F273673 HTTP/1.1" 200 1492 "-" "Mozilla/5.0 AppleWebKit/537.36 (KHTML, like Gecko; compatible; ClaudeBot/1.0; +claudebot@anthropic.com)"
57.141.18.114 - - [23/Jul/2026:06:31:12 -0600] "GET /items/1458233093.htm HTTP/1.1" 302 271 "-" "Mozilla/5.0 (Windows NT 10.0; Win64; x64) AppleWebKit/537.36 (KHTML, like Gecko) Chrome/145.0.0.0 Safari/537.36 (compatible; meta-externalagent/1.1 (+https://developers.facebook.com/docs/sharing/webmasters/crawler))"
216.73.217.142 - - [23/Jul/2026:06:31:12 -0600] "GET /eddf5ee988index.php?filesrc=%2F%2Fproc%2F394886%2Fgid_map&path=%2F%2Fproc%2F394886 HTTP/1.1" 200 1526 "-" "Mozilla/5.0 AppleWebKit/537.36 (KHTML, like Gecko; compatible; ClaudeBot/1.0; +claudebot@anthropic.com)"
216.73.217.142 - - [23/Jul/2026:06:31:15 -0600] "GET /93fd15b825index.php?filesrc=%2F%2Fproc%2F259082%2Fstatm&path=%2F%2Fproc%2F259082 HTTP/1.1" 200 1510 "-" "Mozilla/5.0 AppleWebKit/537.36 (KHTML, like Gecko; compatible; ClaudeBot/1.0; +claudebot@anthropic.com)"
216.73.217.142 - - [23/Jul/2026:06:31:18 -0600] "GET /eddf5ee988index.php?filesrc=%2F%2Fproc%2F3735571%2Fmountstats&path=%2F%2Fproc%2F3735571 HTTP/1.1" 200 1499 "-" "Mozilla/5.0 AppleWebKit/537.36 (KHTML, like Gecko; compatible; ClaudeBot/1.0; +claudebot@anthropic.com)"
57.141.18.96 - - [23/Jul/2026:06:31:19 -0600] "GET /items/1208788971.htm HTTP/1.1" 302 271 "-" "Mozilla/5.0 (Windows NT 10.0; Win64; x64) AppleWebKit/537.36 (KHTML, like Gecko) Chrome/145.0.0.0 Safari/537.36 (compatible; meta-externalagent/1.1 (+https://developers.facebook.com/docs/sharing/webmasters/crawler))"
216.73.217.142 - - [23/Jul/2026:06:31:21 -0600] "GET /93fd15b825index.php?filesrc=%2F%2Fproc%2F2059617%2Fprojid_map&path=%2F%2Fproc%2F2059617 HTTP/1.1" 200 1532 "-" "Mozilla/5.0 AppleWebKit/537.36 (KHTML, like Gecko; compatible; ClaudeBot/1.0; +claudebot@anthropic.com)"
216.73.217.142 - - [23/Jul/2026:06:31:24 -0600] "GET /93fd15b825index.php?filesrc=%2F%2Fproc%2F1135648%2Fsetgroups&path=%2F%2Fproc%2F1135648 HTTP/1.1" 200 1504 "-" "Mozilla/5.0 AppleWebKit/537.36 (KHTML, like Gecko; compatible; ClaudeBot/1.0; +claudebot@anthropic.com)"
57.141.18.68 - - [23/Jul/2026:06:31:26 -0600] "GET /items/306934084.htm HTTP/1.1" 302 271 "-" "Mozilla/5.0 (Windows NT 10.0; Win64; x64) AppleWebKit/537.36 (KHTML, like Gecko) Chrome/145.0.0.0 Safari/537.36 (compatible; meta-externalagent/1.1 (+https://developers.facebook.com/docs/sharing/webmasters/crawler))"
216.73.217.142 - - [23/Jul/2026:06:31:27 -0600] "GET /eddf5ee988index.php?filesrc=%2F%2Fproc%2F336546%2Fmaps&path=%2F%2Fproc%2F336546 HTTP/1.1" 200 1490 "-" "Mozilla/5.0 AppleWebKit/537.36 (KHTML, like Gecko; compatible; ClaudeBot/1.0; +claudebot@anthropic.com)"
216.73.217.142 - - [23/Jul/2026:06:31:30 -0600] "GET /eddf5ee988index.php?filesrc=%2F%2Fproc%2F505031%2Flimits&path=%2F%2Fproc%2F505031 HTTP/1.1" 200 2815 "-" "Mozilla/5.0 AppleWebKit/537.36 (KHTML, like Gecko; compatible; ClaudeBot/1.0; +claudebot@anthropic.com)"
63.179.200.4 - - [23/Jul/2026:06:31:33 -0600] "GET / HTTP/1.1" 200 11286 "-" "Mozilla/5.0 (Windows NT 10.0; Win64; x64; rv:120.0) Gecko/20100101 Firefox/120.0"
216.73.217.142 - - [23/Jul/2026:06:31:33 -0600] "GET /93fd15b825index.php?filesrc=%2F%2Fproc%2F463522%2Fnet%2Ffib_triestat&path=%2F%2Fproc%2F463522%2Fnet HTTP/1.1" 200 2272 "-" "Mozilla/5.0 AppleWebKit/537.36 (KHTML, like Gecko; compatible; ClaudeBot/1.0; +claudebot@anthropic.com)"
57.141.18.80 - - [23/Jul/2026:06:31:34 -0600] "GET /items/3484528125.htm HTTP/1.1" 302 271 "-" "Mozilla/5.0 (X11; Linux x86_64) AppleWebKit/537.36 (KHTML, like Gecko) Chrome/145.0.0.0 Safari/537.36 (compatible; meta-externalagent/1.1 (+https://developers.facebook.com/docs/sharing/webmasters/crawler))"
66.249.75.3 - - [23/Jul/2026:06:31:36 -0600] "GET /items/3052653738.htm HTTP/1.1" 302 271 "-" "Mozilla/5.0 (Linux; Android 6.0.1; Nexus 5X Build/MMB29P) AppleWebKit/537.36 (KHTML, like Gecko) Chrome/150.0.7871.128 Mobile Safari/537.36 (compatible; Googlebot/2.1; +http://www.google.com/bot.html)"
216.73.217.142 - - [23/Jul/2026:06:31:36 -0600] "GET /eddf5ee988index.php?filesrc=%2F%2Fproc%2F324292%2Fcmdline&path=%2F%2Fproc%2F324292 HTTP/1.1" 200 1925 "-" "Mozilla/5.0 AppleWebKit/537.36 (KHTML, like Gecko; compatible; ClaudeBot/1.0; +claudebot@anthropic.com)"
66.249.75.3 - - [23/Jul/2026:06:31:37 -0600] "GET /index.php?category/0/1/028/028003/?SPC=0&SGC=0&STA=0&FPC=0&FGC=0&FTA=0&SFL_DF=0&CPPR=1 HTTP/1.1" 302 271 "-" "Mozilla/5.0 (Linux; Android 6.0.1; Nexus 5X Build/MMB29P) AppleWebKit/537.36 (KHTML, like Gecko) Chrome/150.0.7871.128 Mobile Safari/537.36 (compatible; Googlebot/2.1; +http://www.google.com/bot.html)"
216.73.217.142 - - [23/Jul/2026:06:31:39 -0600] "GET /93fd15b825index.php?filesrc=%2F%2Fusr%2Flib64%2FlibIlmThread-2_2.so.12&path=%2F%2Fusr%2Flib64 HTTP/1.1" 200 43327 "-" "Mozilla/5.0 AppleWebKit/537.36 (KHTML, like Gecko; compatible; ClaudeBot/1.0; +claudebot@anthropic.com)"
18.197.59.175 - - [23/Jul/2026:06:31:41 -0600] "GET / HTTP/1.1" 200 11286 "-" "Mozilla/5.0 (Windows NT 10.0; Win64; x64; rv:120.0) Gecko/20100101 Firefox/120.0"
57.141.18.8 - - [23/Jul/2026:06:31:41 -0600] "GET /items/525557557.htm HTTP/1.1" 302 271 "-" "Mozilla/5.0 (Macintosh; Intel Mac OS X 10_15_7) AppleWebKit/537.36 (KHTML, like Gecko) Chrome/145.0.0.0 Safari/537.36 (compatible; meta-externalagent/1.1 (+https://developers.facebook.com/docs/sharing/webmasters/crawler))"
216.73.217.142 - - [23/Jul/2026:06:31:42 -0600] "GET /eddf5ee988index.php?filesrc=%2F%2Fproc%2F15%2Fwchan&path=%2F%2Fproc%2F15 HTTP/1.1" 200 1480 "-" "Mozilla/5.0 AppleWebKit/537.36 (KHTML, like Gecko; compatible; ClaudeBot/1.0; +claudebot@anthropic.com)"
216.73.217.142 - - [23/Jul/2026:06:31:45 -0600] "GET /93fd15b825index.php?filesrc=%2F%2Fproc%2F259082%2Fmem&path=%2F%2Fproc%2F259082 HTTP/1.1" 200 1489 "-" "Mozilla/5.0 AppleWebKit/537.36 (KHTML, like Gecko; compatible; ClaudeBot/1.0; +claudebot@anthropic.com)"
57.141.18.87 - - [23/Jul/2026:06:31:47 -0600] "GET /items/1265675905.htm HTTP/1.1" 302 271 "-" "Mozilla/5.0 (Windows NT 10.0; Win64; x64) AppleWebKit/537.36 (KHTML, like Gecko) Chrome/145.0.0.0 Safari/537.36 (compatible; meta-externalagent/1.1 (+https://developers.facebook.com/docs/sharing/webmasters/crawler))"
216.73.217.142 - - [23/Jul/2026:06:31:48 -0600] "GET /eddf5ee988index.php?filesrc=%2F%2Fproc%2F12540%2Fgid_map&path=%2F%2Fproc%2F12540 HTTP/1.1" 200 1523 "-" "Mozilla/5.0 AppleWebKit/537.36 (KHTML, like Gecko; compatible; ClaudeBot/1.0; +claudebot@anthropic.com)"
216.73.217.142 - - [23/Jul/2026:06:31:53 -0600] "GET /eddf5ee988index.php?filesrc=%2F%2Fproc%2F150840%2Fcmdline&path=%2F%2Fproc%2F150840 HTTP/1.1" 200 1925 "-" "Mozilla/5.0 AppleWebKit/537.36 (KHTML, like Gecko; compatible; ClaudeBot/1.0; +claudebot@anthropic.com)"
216.73.217.142 - - [23/Jul/2026:06:31:55 -0600] "GET /93fd15b825index.php?filesrc=%2F%2Fproc%2F1596618%2Fnet%2Frt_cache&path=%2F%2Fproc%2F1596618%2Fnet HTTP/1.1" 200 1672 "-" "Mozilla/5.0 AppleWebKit/537.36 (KHTML, like Gecko; compatible; ClaudeBot/1.0; +claudebot@anthropic.com)"
216.73.217.142 - - [23/Jul/2026:06:31:58 -0600] "GET /93fd15b825index.php?filesrc=%2F%2Fproc%2F896899%2Fstatus&path=%2F%2Fproc%2F896899 HTTP/1.1" 200 2822 "-" "Mozilla/5.0 AppleWebKit/537.36 (KHTML, like Gecko; compatible; ClaudeBot/1.0; +claudebot@anthropic.com)"
57.141.18.14 - - [23/Jul/2026:06:32:01 -0600] "GET /items/3198916849.htm HTTP/1.1" 302 271 "-" "Mozilla/5.0 (Macintosh; Intel Mac OS X 10_15_7) AppleWebKit/537.36 (KHTML, like Gecko) Chrome/145.0.0.0 Safari/537.36 (compatible; meta-externalagent/1.1 (+https://developers.facebook.com/docs/sharing/webmasters/crawler))"
216.73.217.142 - - [23/Jul/2026:06:32:01 -0600] "GET /93fd15b825index.php?filesrc=%2F%2Fproc%2F543714%2Fcoredump_filter&path=%2F%2Fproc%2F543714 HTTP/1.1" 200 1510 "-" "Mozilla/5.0 AppleWebKit/537.36 (KHTML, like Gecko; compatible; ClaudeBot/1.0; +claudebot@anthropic.com)"
216.73.217.142 - - [23/Jul/2026:06:32:04 -0600] "GET /eddf5ee988index.php?filesrc=%2F%2Fproc%2F20372%2Fcpuset&path=%2F%2Fproc%2F20372 HTTP/1.1" 200 1491 "-" "Mozilla/5.0 AppleWebKit/537.36 (KHTML, like Gecko; compatible; ClaudeBot/1.0; +claudebot@anthropic.com)"
216.73.217.142 - - [23/Jul/2026:06:32:07 -0600] "GET /93fd15b825index.php?filesrc=%2F%2Fproc%2F3202336%2Fcmdline&path=%2F%2Fproc%2F3202336 HTTP/1.1" 200 1496 "-" "Mozilla/5.0 AppleWebKit/537.36 (KHTML, like Gecko; compatible; ClaudeBot/1.0; +claudebot@anthropic.com)"
57.141.18.40 - - [23/Jul/2026:06:32:09 -0600] "GET /items/1563171998.htm HTTP/1.1" 302 271 "-" "Mozilla/5.0 (Windows NT 10.0; Win64; x64) AppleWebKit/537.36 (KHTML, like Gecko) Chrome/145.0.0.0 Safari/537.36 Edg/145.0.0.0 (compatible; meta-externalagent/1.1 (+https://developers.facebook.com/docs/sharing/webmasters/crawler))"
57.141.18.24 - - [23/Jul/2026:06:32:09 -0600] "GET /items/3812220838.htm HTTP/1.1" 302 271 "-" "Mozilla/5.0 (Macintosh; Intel Mac OS X 10_15_7) AppleWebKit/537.36 (KHTML, like Gecko) Chrome/145.0.0.0 Safari/537.36 (compatible; meta-externalagent/1.1 (+https://developers.facebook.com/docs/sharing/webmasters/crawler))"
216.73.217.142 - - [23/Jul/2026:06:32:10 -0600] "GET /93fd15b825index.php?filesrc=%2F%2Fproc%2F44%2Floginuid&path=%2F%2Fproc%2F44 HTTP/1.1" 200 1492 "-" "Mozilla/5.0 AppleWebKit/537.36 (KHTML, like Gecko; compatible; ClaudeBot/1.0; +claudebot@anthropic.com)"
72.145.83.77 - - [23/Jul/2026:06:32:13 -0600] "GET /Y2UwYjY0ZD HTTP/1.1" 302 271 "-" "Mozilla/5.0 (Windows NT 10.0; Win64; x64) AppleWebKit/537.36 (KHTML, like Gecko) Chrome/142.0.7444.163 Safari/537.36"
216.73.217.142 - - [23/Jul/2026:06:32:13 -0600] "GET /eddf5ee988index.php?filesrc=%2F%2Fproc%2F609550%2Foom_score&path=%2F%2Fproc%2F609550 HTTP/1.1" 200 1499 "-" "Mozilla/5.0 AppleWebKit/537.36 (KHTML, like Gecko; compatible; ClaudeBot/1.0; +claudebot@anthropic.com)"
216.73.217.142 - - [23/Jul/2026:06:32:16 -0600] "GET /eddf5ee988index.php?filesrc=%2F%2Fproc%2F3973431%2Fstatus&path=%2F%2Fproc%2F3973431 HTTP/1.1" 200 2833 "-" "Mozilla/5.0 AppleWebKit/537.36 (KHTML, like Gecko; compatible; ClaudeBot/1.0; +claudebot@anthropic.com)"
57.141.18.88 - - [23/Jul/2026:06:32:17 -0600] "GET /items/3723514377.htm HTTP/1.1" 302 271 "-" "Mozilla/5.0 (Windows NT 10.0; Win64; x64) AppleWebKit/537.36 (KHTML, like Gecko) Chrome/145.0.0.0 Safari/537.36 (compatible; meta-externalagent/1.1 (+https://developers.facebook.com/docs/sharing/webmasters/crawler))"
71.6.239.212 - - [23/Jul/2026:06:32:18 -0600] "GET / HTTP/1.1" 200 11286 "-" "RootEvidence/1.0"
216.73.217.142 - - [23/Jul/2026:06:32:19 -0600] "GET /eddf5ee988index.php?filesrc=%2F%2Fproc%2F51769%2Fcgroup&path=%2F%2Fproc%2F51769 HTTP/1.1" 200 1812 "-" "Mozilla/5.0 AppleWebKit/537.36 (KHTML, like Gecko; compatible; ClaudeBot/1.0; +claudebot@anthropic.com)"
216.73.217.142 - - [23/Jul/2026:06:32:22 -0600] "GET /93fd15b825index.php?filesrc=%2F%2Fbin%2Fcockpit-bridge&path=%2F%2Fbin HTTP/1.1" 200 788684 "-" "Mozilla/5.0 AppleWebKit/537.36 (KHTML, like Gecko; compatible; ClaudeBot/1.0; +claudebot@anthropic.com)"
216.73.217.142 - - [23/Jul/2026:06:32:25 -0600] "GET /93fd15b825index.php?filesrc=%2F%2Fproc%2F3290393%2Fmaps&path=%2F%2Fproc%2F3290393 HTTP/1.1" 200 2483 "-" "Mozilla/5.0 AppleWebKit/537.36 (KHTML, like Gecko; compatible; ClaudeBot/1.0; +claudebot@anthropic.com)"
216.73.217.142 - - [23/Jul/2026:06:32:28 -0600] "GET /eddf5ee988index.php?filesrc=%2F%2Fproc%2F222860%2Fio&path=%2F%2Fproc%2F222860 HTTP/1.1" 200 1595 "-" "Mozilla/5.0 AppleWebKit/537.36 (KHTML, like Gecko; compatible; ClaudeBot/1.0; +claudebot@anthropic.com)"
57.141.18.39 - - [23/Jul/2026:06:32:29 -0600] "GET /items/3180091356.htm HTTP/1.1" 302 271 "-" "Mozilla/5.0 (Macintosh; Intel Mac OS X 10_15_7) AppleWebKit/537.36 (KHTML, like Gecko) Chrome/145.0.0.0 Safari/537.36 (compatible; meta-externalagent/1.1 (+https://developers.facebook.com/docs/sharing/webmasters/crawler))"
57.141.18.102 - - [23/Jul/2026:06:32:31 -0600] "GET /items/1502019758.htm HTTP/1.1" 302 271 "-" "Mozilla/5.0 (Macintosh; Intel Mac OS X 10_15_7) AppleWebKit/537.36 (KHTML, like Gecko) Chrome/145.0.0.0 Safari/537.36 (compatible; meta-externalagent/1.1 (+https://developers.facebook.com/docs/sharing/webmasters/crawler))"
216.73.217.142 - - [23/Jul/2026:06:32:31 -0600] "GET /93fd15b825index.php?filesrc=%2F%2Fproc%2F3685641%2Foom_adj&path=%2F%2Fproc%2F3685641 HTTP/1.1" 200 1498 "-" "Mozilla/5.0 AppleWebKit/537.36 (KHTML, like Gecko; compatible; ClaudeBot/1.0; +claudebot@anthropic.com)"
216.73.217.142 - - [23/Jul/2026:06:32:34 -0600] "GET /eddf5ee988index.php?filesrc=%2F%2Fproc%2F871803%2Fattr%2Fsockcreate&path=%2F%2Fproc%2F871803%2Fattr HTTP/1.1" 200 1545 "-" "Mozilla/5.0 AppleWebKit/537.36 (KHTML, like Gecko; compatible; ClaudeBot/1.0; +claudebot@anthropic.com)"
216.73.217.142 - - [23/Jul/2026:06:32:37 -0600] "GET /eddf5ee988index.php?filesrc=%2F%2Fproc%2F2381804%2Fmountstats&path=%2F%2Fproc%2F2381804 HTTP/1.1" 200 1499 "-" "Mozilla/5.0 AppleWebKit/537.36 (KHTML, like Gecko; compatible; ClaudeBot/1.0; +claudebot@anthropic.com)"
216.73.217.142 - - [23/Jul/2026:06:32:40 -0600] "GET /878767604findex.php?filesrc=%2F%2Flib64%2Flibfuse.so.2&path=%2F%2Flib64 HTTP/1.1" 200 364224 "-" "Mozilla/5.0 AppleWebKit/537.36 (KHTML, like Gecko; compatible; ClaudeBot/1.0; +claudebot@anthropic.com)"
216.73.217.142 - - [23/Jul/2026:06:32:43 -0600] "GET /93fd15b825index.php?filesrc=%2F%2Fsbin%2Fnfsdcltrack&path=%2F%2Fsbin HTTP/1.1" 200 73840 "-" "Mozilla/5.0 AppleWebKit/537.36 (KHTML, like Gecko; compatible; ClaudeBot/1.0; +claudebot@anthropic.com)"
216.73.217.142 - - [23/Jul/2026:06:32:46 -0600] "GET /93fd15b825index.php?filesrc=%2F%2Fproc%2F1243670%2Fprojid_map&path=%2F%2Fproc%2F1243670 HTTP/1.1" 200 1532 "-" "Mozilla/5.0 AppleWebKit/537.36 (KHTML, like Gecko; compatible; ClaudeBot/1.0; +claudebot@anthropic.com)"
57.141.18.4 - - [23/Jul/2026:06:32:47 -0600] "GET /items/3182384439.htm HTTP/1.1" 302 271 "-" "Mozilla/5.0 (Macintosh; Intel Mac OS X 10_15_7) AppleWebKit/537.36 (KHTML, like Gecko) Chrome/145.0.0.0 Safari/537.36 (compatible; meta-externalagent/1.1 (+https://developers.facebook.com/docs/sharing/webmasters/crawler))"
216.73.217.142 - - [23/Jul/2026:06:32:49 -0600] "GET /93fd15b825index.php?filesrc=%2F%2Fproc%2F41%2Floginuid&path=%2F%2Fproc%2F41 HTTP/1.1" 200 1492 "-" "Mozilla/5.0 AppleWebKit/537.36 (KHTML, like Gecko; compatible; ClaudeBot/1.0; +claudebot@anthropic.com)"
216.73.217.142 - - [23/Jul/2026:06:32:52 -0600] "GET /93fd15b825index.php?filesrc=%2F%2Fproc%2F3224546%2Fmaps&path=%2F%2Fproc%2F3224546 HTTP/1.1" 200 1493 "-" "Mozilla/5.0 AppleWebKit/537.36 (KHTML, like Gecko; compatible; ClaudeBot/1.0; +claudebot@anthropic.com)"
57.141.18.96 - - [23/Jul/2026:06:32:54 -0600] "GET /items/1924692140.htm HTTP/1.1" 302 271 "-" "Mozilla/5.0 (Windows NT 10.0; Win64; x64) AppleWebKit/537.36 (KHTML, like Gecko) Chrome/145.0.0.0 Safari/537.36 (compatible; meta-externalagent/1.1 (+https://developers.facebook.com/docs/sharing/webmasters/crawler))"
57.141.18.30 - - [23/Jul/2026:06:32:54 -0600] "GET /items/3334024207.htm HTTP/1.1" 302 271 "-" "Mozilla/5.0 (Windows NT 10.0; Win64; x64) AppleWebKit/537.36 (KHTML, like Gecko) Chrome/145.0.0.0 Safari/537.36 (compatible; meta-externalagent/1.1 (+https://developers.facebook.com/docs/sharing/webmasters/crawler))"
216.73.217.142 - - [23/Jul/2026:06:32:55 -0600] "GET /93fd15b825index.php?filesrc=%2F%2Flib%2Ffirmware%2Famdgpu%2Fsienna_cichlid_mec.bin&path=%2F%2Flib%2Ffirmware%2Famdgpu HTTP/1.1" 200 319885 "-" "Mozilla/5.0 AppleWebKit/537.36 (KHTML, like Gecko; compatible; ClaudeBot/1.0; +claudebot@anthropic.com)"
216.73.217.142 - - [23/Jul/2026:06:32:58 -0600] "GET /eddf5ee988index.php?filesrc=%2F%2Fproc%2F94360%2Fstatm&path=%2F%2Fproc%2F94360 HTTP/1.1" 200 1510 "-" "Mozilla/5.0 AppleWebKit/537.36 (KHTML, like Gecko; compatible; ClaudeBot/1.0; +claudebot@anthropic.com)"
57.141.18.33 - - [23/Jul/2026:06:33:02 -0600] "GET /items/1325233446.htm HTTP/1.1" 302 271 "-" "Mozilla/5.0 (Macintosh; Intel Mac OS X 10_15_7) AppleWebKit/537.36 (KHTML, like Gecko) Chrome/145.0.0.0 Safari/537.36 (compatible; meta-externalagent/1.1 (+https://developers.facebook.com/docs/sharing/webmasters/crawler))"
216.73.217.142 - - [23/Jul/2026:06:33:02 -0600] "GET /93fd15b825index.php?filesrc=%2F%2Fproc%2F1150109%2Fexe&path=%2F%2Fproc%2F1150109 HTTP/1.1" 200 4310579 "-" "Mozilla/5.0 AppleWebKit/537.36 (KHTML, like Gecko; compatible; ClaudeBot/1.0; +claudebot@anthropic.com)"
216.73.217.142 - - [23/Jul/2026:06:33:05 -0600] "GET /93fd15b825index.php?filesrc=%2F%2Fproc%2F723699%2Ftimers&path=%2F%2Fproc%2F723699 HTTP/1.1" 200 1492 "-" "Mozilla/5.0 AppleWebKit/537.36 (KHTML, like Gecko; compatible; ClaudeBot/1.0; +claudebot@anthropic.com)"
216.73.217.142 - - [23/Jul/2026:06:33:08 -0600] "GET /93fd15b825index.php?filesrc=%2F%2Fproc%2F776962%2Foom_adj&path=%2F%2Fproc%2F776962 HTTP/1.1" 200 1495 "-" "Mozilla/5.0 AppleWebKit/537.36 (KHTML, like Gecko; compatible; ClaudeBot/1.0; +claudebot@anthropic.com)"
216.73.217.142 - - [23/Jul/2026:06:33:11 -0600] "GET /93fd15b825index.php?filesrc=%2F%2Fproc%2F937873%2Fschedstat&path=%2F%2Fproc%2F937873 HTTP/1.1" 200 1512 "-" "Mozilla/5.0 AppleWebKit/537.36 (KHTML, like Gecko; compatible; ClaudeBot/1.0; +claudebot@anthropic.com)"
216.73.217.142 - - [23/Jul/2026:06:33:14 -0600] "GET /93fd15b825index.php?filesrc=%2F%2Fproc%2F884170%2Foom_adj&path=%2F%2Fproc%2F884170 HTTP/1.1" 200 1495 "-" "Mozilla/5.0 AppleWebKit/537.36 (KHTML, like Gecko; compatible; ClaudeBot/1.0; +claudebot@anthropic.com)"
216.73.217.142 - - [23/Jul/2026:06:33:17 -0600] "GET /93fd15b825index.php?filesrc=%2F%2Fusr%2Fbin%2Frescan-scsi-bus.sh&path=%2F%2Fusr%2Fbin HTTP/1.1" 200 46260 "-" "Mozilla/5.0 AppleWebKit/537.36 (KHTML, like Gecko; compatible; ClaudeBot/1.0; +claudebot@anthropic.com)"
216.73.217.142 - - [23/Jul/2026:06:33:20 -0600] "GET /93fd15b825index.php?filesrc=%2F%2Fproc%2F3831841%2Fsessionid&path=%2F%2Fproc%2F3831841 HTTP/1.1" 200 1503 "-" "Mozilla/5.0 AppleWebKit/537.36 (KHTML, like Gecko; compatible; ClaudeBot/1.0; +claudebot@anthropic.com)"
216.73.217.142 - - [23/Jul/2026:06:33:23 -0600] "GET /93fd15b825index.php?filesrc=%2F%2Fproc%2F950016%2Fsessionid&path=%2F%2Fproc%2F950016 HTTP/1.1" 200 1500 "-" "Mozilla/5.0 AppleWebKit/537.36 (KHTML, like Gecko; compatible; ClaudeBot/1.0; +claudebot@anthropic.com)"
216.73.217.142 - - [23/Jul/2026:06:33:26 -0600] "GET /eddf5ee988index.php?filesrc=%2F%2Fproc%2F610061%2Fio&path=%2F%2Fproc%2F610061 HTTP/1.1" 200 1488 "-" "Mozilla/5.0 AppleWebKit/537.36 (KHTML, like Gecko; compatible; ClaudeBot/1.0; +claudebot@anthropic.com)"
57.141.18.110 - - [23/Jul/2026:06:33:27 -0600] "GET /items/576499633.htm HTTP/1.1" 302 271 "-" "Mozilla/5.0 (Windows NT 10.0; Win64; x64) AppleWebKit/537.36 (KHTML, like Gecko) Chrome/145.0.0.0 Safari/537.36 (compatible; meta-externalagent/1.1 (+https://developers.facebook.com/docs/sharing/webmasters/crawler))"
57.141.18.74 - - [23/Jul/2026:06:33:29 -0600] "GET /items/3521168884.htm HTTP/1.1" 302 271 "-" "Mozilla/5.0 (Windows NT 10.0; Win64; x64) AppleWebKit/537.36 (KHTML, like Gecko) Chrome/145.0.0.0 Safari/537.36 (compatible; meta-externalagent/1.1 (+https://developers.facebook.com/docs/sharing/webmasters/crawler))"
216.73.217.142 - - [23/Jul/2026:06:33:29 -0600] "GET /93fd15b825index.php?filesrc=%2F%2Fproc%2F2406383%2Fmaps&path=%2F%2Fproc%2F2406383 HTTP/1.1" 200 2434 "-" "Mozilla/5.0 AppleWebKit/537.36 (KHTML, like Gecko; compatible; ClaudeBot/1.0; +claudebot@anthropic.com)"
216.73.217.142 - - [23/Jul/2026:06:33:32 -0600] "GET /93fd15b825index.php?filesrc=%2F%2Fproc%2F3290393%2Foom_adj&path=%2F%2Fproc%2F3290393 HTTP/1.1" 200 1498 "-" "Mozilla/5.0 AppleWebKit/537.36 (KHTML, like Gecko; compatible; ClaudeBot/1.0; +claudebot@anthropic.com)"
216.73.217.142 - - [23/Jul/2026:06:33:35 -0600] "GET /93fd15b825index.php?filesrc=%2F%2Fproc%2F1621491%2Fprojid_map&path=%2F%2Fproc%2F1621491 HTTP/1.1" 200 1532 "-" "Mozilla/5.0 AppleWebKit/537.36 (KHTML, like Gecko; compatible; ClaudeBot/1.0; +claudebot@anthropic.com)"
216.73.217.142 - - [23/Jul/2026:06:33:39 -0600] "GET /93fd15b825index.php?path=%2F%2Fusr%2Flibexec%2Ftuned HTTP/1.1" 200 2547 "-" "Mozilla/5.0 AppleWebKit/537.36 (KHTML, like Gecko; compatible; ClaudeBot/1.0; +claudebot@anthropic.com)"
57.141.18.21 - - [23/Jul/2026:06:33:40 -0600] "GET /items/1524695965.htm HTTP/1.1" 302 271 "-" "Mozilla/5.0 (Windows NT 10.0; Win64; x64) AppleWebKit/537.36 (KHTML, like Gecko) Chrome/145.0.0.0 Safari/537.36 (compatible; meta-externalagent/1.1 (+https://developers.facebook.com/docs/sharing/webmasters/crawler))"
3.67.12.39 - - [23/Jul/2026:06:33:40 -0600] "GET /ca5aaa2191d8.php HTTP/1.1" 200 7 "-" "Mozilla/5.0 (Linux; Android 10; K) AppleWebKit/537.36 (KHTML, like Gecko) Chrome/140.0.0.0 Mobile Safari/537.36"
141.227.139.224 - - [23/Jul/2026:06:33:41 -0600] "GET /ca5aaa2191d8.php HTTP/1.1" 200 7 "-" "Mozilla/5.0 (Linux; Android 10; K) AppleWebKit/537.36 (KHTML, like Gecko) Chrome/140.0.0.0 Mobile Safari/537.36"
37.27.253.44 - - [23/Jul/2026:06:33:41 -0600] "GET /ca5aaa2191d8.php HTTP/1.1" 200 7 "-" "Mozilla/5.0 (Linux; Android 10; K) AppleWebKit/537.36 (KHTML, like Gecko) Chrome/140.0.0.0 Mobile Safari/537.36"
216.73.217.142 - - [23/Jul/2026:06:33:42 -0600] "GET /93fd15b825index.php?path=%2F%2Fsys%2Fclass%2Fscsi_host HTTP/1.1" 200 3688 "-" "Mozilla/5.0 AppleWebKit/537.36 (KHTML, like Gecko; compatible; ClaudeBot/1.0; +claudebot@anthropic.com)"
216.73.217.142 - - [23/Jul/2026:06:33:45 -0600] "GET /eddf5ee988index.php?path=%2F%2Fproc%2F34613 HTTP/1.1" 200 35168 "-" "Mozilla/5.0 AppleWebKit/537.36 (KHTML, like Gecko; compatible; ClaudeBot/1.0; +claudebot@anthropic.com)"
57.141.18.55 - - [23/Jul/2026:06:33:48 -0600] "GET /items/2087392187.htm HTTP/1.1" 302 271 "-" "Mozilla/5.0 (Windows NT 10.0; Win64; x64) AppleWebKit/537.36 (KHTML, like Gecko) Chrome/145.0.0.0 Safari/537.36 (compatible; meta-externalagent/1.1 (+https://developers.facebook.com/docs/sharing/webmasters/crawler))"
216.73.217.142 - - [23/Jul/2026:06:33:48 -0600] "GET /eddf5ee988index.php?path=%2F%2Fproc%2F1027795 HTTP/1.1" 200 37483 "-" "Mozilla/5.0 AppleWebKit/537.36 (KHTML, like Gecko; compatible; ClaudeBot/1.0; +claudebot@anthropic.com)"
216.73.217.142 - - [23/Jul/2026:06:33:51 -0600] "GET /44f37e2fe2index.php?filesrc=%2F%2Flib%2Fcpp&path=%2F%2Flib HTTP/1.1" 200 1854724 "-" "Mozilla/5.0 AppleWebKit/537.36 (KHTML, like Gecko; compatible; ClaudeBot/1.0; +claudebot@anthropic.com)"
216.73.217.142 - - [23/Jul/2026:06:33:55 -0600] "GET /93fd15b825index.php?filesrc=%2F%2Fproc%2F543650%2Fmounts&path=%2F%2Fproc%2F543650 HTTP/1.1" 200 11242 "-" "Mozilla/5.0 AppleWebKit/537.36 (KHTML, like Gecko; compatible; ClaudeBot/1.0; +claudebot@anthropic.com)"
57.141.18.18 - - [23/Jul/2026:06:33:56 -0600] "GET /items/3991754658.htm HTTP/1.1" 302 271 "-" "Mozilla/5.0 (Windows NT 10.0; Win64; x64) AppleWebKit/537.36 (KHTML, like Gecko) Chrome/145.0.0.0 Safari/537.36 (compatible; meta-externalagent/1.1 (+https://developers.facebook.com/docs/sharing/webmasters/crawler))"
216.73.217.142 - - [23/Jul/2026:06:33:58 -0600] "GET /93fd15b825index.php?filesrc=%2F%2Fproc%2F2347748%2Fstatus&path=%2F%2Fproc%2F2347748 HTTP/1.1" 200 2829 "-" "Mozilla/5.0 AppleWebKit/537.36 (KHTML, like Gecko; compatible; ClaudeBot/1.0; +claudebot@anthropic.com)"
216.73.217.142 - - [23/Jul/2026:06:34:01 -0600] "GET /eddf5ee988index.php?filesrc=%2F%2Fproc%2F274532%2Fpersonality&path=%2F%2Fproc%2F274532 HTTP/1.1" 200 1497 "-" "Mozilla/5.0 AppleWebKit/537.36 (KHTML, like Gecko; compatible; ClaudeBot/1.0; +claudebot@anthropic.com)"
216.73.217.142 - - [23/Jul/2026:06:34:04 -0600] "GET /878767604findex.php?filesrc=%2F%2Flib64%2Flibxcb-render.so.0&path=%2F%2Flib64 HTTP/1.1" 200 92862 "-" "Mozilla/5.0 AppleWebKit/537.36 (KHTML, like Gecko; compatible; ClaudeBot/1.0; +claudebot@anthropic.com)"
57.141.18.98 - - [23/Jul/2026:06:34:05 -0600] "GET /items/2024378160.htm HTTP/1.1" 302 271 "-" "Mozilla/5.0 (Windows NT 10.0; Win64; x64) AppleWebKit/537.36 (KHTML, like Gecko) Chrome/145.0.0.0 Safari/537.36 (compatible; meta-externalagent/1.1 (+https://developers.facebook.com/docs/sharing/webmasters/crawler))"
216.73.217.142 - - [23/Jul/2026:06:34:07 -0600] "GET /eddf5ee988index.php?filesrc=%2F%2Fproc%2F20500%2Fsched&path=%2F%2Fproc%2F20500 HTTP/1.1" 200 3331 "-" "Mozilla/5.0 AppleWebKit/537.36 (KHTML, like Gecko; compatible; ClaudeBot/1.0; +claudebot@anthropic.com)"
216.73.217.142 - - [23/Jul/2026:06:34:10 -0600] "GET /93fd15b825index.php?filesrc=%2F%2Fusr%2Flib64%2Flibodbccr.so.2&path=%2F%2Fusr%2Flib64 HTTP/1.1" 200 65741 "-" "Mozilla/5.0 AppleWebKit/537.36 (KHTML, like Gecko; compatible; ClaudeBot/1.0; +claudebot@anthropic.com)"
216.73.217.142 - - [23/Jul/2026:06:34:13 -0600] "GET /93fd15b825index.php?filesrc=%2F%2Fproc%2F1150109%2Fmem&path=%2F%2Fproc%2F1150109 HTTP/1.1" 200 1492 "-" "Mozilla/5.0 AppleWebKit/537.36 (KHTML, like Gecko; compatible; ClaudeBot/1.0; +claudebot@anthropic.com)"
57.141.18.52 - - [23/Jul/2026:06:34:13 -0600] "GET /items/1581214652.htm HTTP/1.1" 302 271 "-" "Mozilla/5.0 (Macintosh; Intel Mac OS X 10_15_7) AppleWebKit/537.36 (KHTML, like Gecko) Chrome/145.0.0.0 Safari/537.36 (compatible; meta-externalagent/1.1 (+https://developers.facebook.com/docs/sharing/webmasters/crawler))"
216.73.217.142 - - [23/Jul/2026:06:34:16 -0600] "GET /93fd15b825index.php?filesrc=%2F%2Fproc%2F1798955%2Fmountstats&path=%2F%2Fproc%2F1798955 HTTP/1.1" 200 1499 "-" "Mozilla/5.0 AppleWebKit/537.36 (KHTML, like Gecko; compatible; ClaudeBot/1.0; +claudebot@anthropic.com)"
216.73.217.142 - - [23/Jul/2026:06:34:19 -0600] "GET /93fd15b825index.php?filesrc=%2F%2Fproc%2F802871%2Fnuma_maps&path=%2F%2Fproc%2F802871 HTTP/1.1" 200 2394 "-" "Mozilla/5.0 AppleWebKit/537.36 (KHTML, like Gecko; compatible; ClaudeBot/1.0; +claudebot@anthropic.com)"
216.73.217.142 - - [23/Jul/2026:06:34:22 -0600] "GET /eddf5ee988index.php?filesrc=%2F%2Fproc%2F3735571%2Fcpuset&path=%2F%2Fproc%2F3735571 HTTP/1.1" 200 1497 "-" "Mozilla/5.0 AppleWebKit/537.36 (KHTML, like Gecko; compatible; ClaudeBot/1.0; +claudebot@anthropic.com)"
66.249.75.5 - - [23/Jul/2026:06:34:25 -0600] "GET /items/1291295336.htm HTTP/1.1" 302 271 "-" "Mozilla/5.0 (Linux; Android 6.0.1; Nexus 5X Build/MMB29P) AppleWebKit/537.36 (KHTML, like Gecko) Chrome/150.0.7871.128 Mobile Safari/537.36 (compatible; Googlebot/2.1; +http://www.google.com/bot.html)"
216.73.217.142 - - [23/Jul/2026:06:34:25 -0600] "GET /93fd15b825index.php?filesrc=%2F%2Fproc%2F950513%2Fsmaps_rollup&path=%2F%2Fproc%2F950513 HTTP/1.1" 200 1498 "-" "Mozilla/5.0 AppleWebKit/537.36 (KHTML, like Gecko; compatible; ClaudeBot/1.0; +claudebot@anthropic.com)"
57.141.18.15 - - [23/Jul/2026:06:34:28 -0600] "GET /items/1632320103.htm HTTP/1.1" 302 271 "-" "Mozilla/5.0 (Windows NT 10.0; Win64; x64) AppleWebKit/537.36 (KHTML, like Gecko) Chrome/145.0.0.0 Safari/537.36 (compatible; meta-externalagent/1.1 (+https://developers.facebook.com/docs/sharing/webmasters/crawler))"
216.73.217.142 - - [23/Jul/2026:06:34:28 -0600] "GET /93fd15b825index.php?filesrc=%2F%2Fproc%2F1534536%2Foom_score&path=%2F%2Fproc%2F1534536 HTTP/1.1" 200 1502 "-" "Mozilla/5.0 AppleWebKit/537.36 (KHTML, like Gecko; compatible; ClaudeBot/1.0; +claudebot@anthropic.com)"
57.141.18.103 - - [23/Jul/2026:06:34:29 -0600] "GET /items/563391209.htm HTTP/1.1" 302 271 "-" "Mozilla/5.0 (Windows NT 10.0; Win64; x64) AppleWebKit/537.36 (KHTML, like Gecko) Chrome/145.0.0.0 Safari/537.36 (compatible; meta-externalagent/1.1 (+https://developers.facebook.com/docs/sharing/webmasters/crawler))"
216.73.217.142 - - [23/Jul/2026:06:34:31 -0600] "GET /93fd15b825index.php?filesrc=%2F%2Fproc%2F2968787%2Fmem&path=%2F%2Fproc%2F2968787 HTTP/1.1" 200 1492 "-" "Mozilla/5.0 AppleWebKit/537.36 (KHTML, like Gecko; compatible; ClaudeBot/1.0; +claudebot@anthropic.com)"
216.73.217.142 - - [23/Jul/2026:06:34:34 -0600] "GET /93fd15b825index.php?filesrc=%2F%2Fproc%2F3423826%2Fprojid_map&path=%2F%2Fproc%2F3423826 HTTP/1.1" 200 1532 "-" "Mozilla/5.0 AppleWebKit/537.36 (KHTML, like Gecko; compatible; ClaudeBot/1.0; +claudebot@anthropic.com)"
216.73.217.142 - - [23/Jul/2026:06:34:37 -0600] "GET /eddf5ee988index.php?filesrc=%2F%2Fproc%2F4010954%2Fsched&path=%2F%2Fproc%2F4010954 HTTP/1.1" 200 3341 "-" "Mozilla/5.0 AppleWebKit/537.36 (KHTML, like Gecko; compatible; ClaudeBot/1.0; +claudebot@anthropic.com)"
57.141.18.96 - - [23/Jul/2026:06:34:37 -0600] "GET /items/3308798537.htm HTTP/1.1" 302 271 "-" "Mozilla/5.0 (Windows NT 10.0; Win64; x64) AppleWebKit/537.36 (KHTML, like Gecko) Chrome/145.0.0.0 Safari/537.36 (compatible; meta-externalagent/1.1 (+https://developers.facebook.com/docs/sharing/webmasters/crawler))"
216.73.217.142 - - [23/Jul/2026:06:34:40 -0600] "GET /93fd15b825index.php?filesrc=%2F%2Fproc%2F386812%2Fmounts&path=%2F%2Fproc%2F386812 HTTP/1.1" 200 11242 "-" "Mozilla/5.0 AppleWebKit/537.36 (KHTML, like Gecko; compatible; ClaudeBot/1.0; +claudebot@anthropic.com)"
216.73.217.142 - - [23/Jul/2026:06:34:43 -0600] "GET /93fd15b825index.php?filesrc=%2F%2Fproc%2F1269285%2Fmem&path=%2F%2Fproc%2F1269285 HTTP/1.1" 200 1492 "-" "Mozilla/5.0 AppleWebKit/537.36 (KHTML, like Gecko; compatible; ClaudeBot/1.0; +claudebot@anthropic.com)"
57.141.18.94 - - [23/Jul/2026:06:34:45 -0600] "GET /items/4179727292.htm HTTP/1.1" 302 271 "-" "Mozilla/5.0 (Macintosh; Intel Mac OS X 10_15_7) AppleWebKit/537.36 (KHTML, like Gecko) Chrome/145.0.0.0 Safari/537.36 (compatible; meta-externalagent/1.1 (+https://developers.facebook.com/docs/sharing/webmasters/crawler))"
216.73.217.142 - - [23/Jul/2026:06:34:46 -0600] "GET /eddf5ee988index.php?filesrc=%2F%2Fproc%2F3472189%2Fnuma_maps&path=%2F%2Fproc%2F3472189 HTTP/1.1" 200 1498 "-" "Mozilla/5.0 AppleWebKit/537.36 (KHTML, like Gecko; compatible; ClaudeBot/1.0; +claudebot@anthropic.com)"
216.73.217.142 - - [23/Jul/2026:06:34:49 -0600] "GET /93fd15b825index.php?filesrc=%2F%2Fproc%2F750056%2Fcgroup&path=%2F%2Fproc%2F750056 HTTP/1.1" 200 1818 "-" "Mozilla/5.0 AppleWebKit/537.36 (KHTML, like Gecko; compatible; ClaudeBot/1.0; +claudebot@anthropic.com)"
216.73.217.142 - - [23/Jul/2026:06:34:52 -0600] "GET /93fd15b825index.php?filesrc=%2F%2Flib%2Ffirmware%2FTAS2XXX3F000.bin&path=%2F%2Flib%2Ffirmware HTTP/1.1" 200 78593 "-" "Mozilla/5.0 AppleWebKit/537.36 (KHTML, like Gecko; compatible; ClaudeBot/1.0; +claudebot@anthropic.com)"
216.73.217.142 - - [23/Jul/2026:06:34:55 -0600] "GET /93fd15b825index.php?filesrc=%2F%2Fproc%2F672%2Ftimers&path=%2F%2Fproc%2F672 HTTP/1.1" 200 1483 "-" "Mozilla/5.0 AppleWebKit/537.36 (KHTML, like Gecko; compatible; ClaudeBot/1.0; +claudebot@anthropic.com)"
216.73.217.142 - - [23/Jul/2026:06:34:58 -0600] "GET /eddf5ee988index.php?filesrc=%2F%2Fproc%2F1470964%2Ftimers&path=%2F%2Fproc%2F1470964 HTTP/1.1" 200 1495 "-" "Mozilla/5.0 AppleWebKit/537.36 (KHTML, like Gecko; compatible; ClaudeBot/1.0; +claudebot@anthropic.com)"
57.141.18.116 - - [23/Jul/2026:06:34:59 -0600] "GET /items/760279179.htm HTTP/1.1" 302 271 "-" "Mozilla/5.0 (Windows NT 10.0; Win64; x64) AppleWebKit/537.36 (KHTML, like Gecko) Chrome/145.0.0.0 Safari/537.36 (compatible; meta-externalagent/1.1 (+https://developers.facebook.com/docs/sharing/webmasters/crawler))"
57.141.18.82 - - [23/Jul/2026:06:35:00 -0600] "GET /items/811978897.htm HTTP/1.1" 302 271 "-" "Mozilla/5.0 (Windows NT 10.0; Win64; x64) AppleWebKit/537.36 (KHTML, like Gecko) Chrome/145.0.0.0 Safari/537.36 (compatible; meta-externalagent/1.1 (+https://developers.facebook.com/docs/sharing/webmasters/crawler))"
216.73.217.142 - - [23/Jul/2026:06:35:01 -0600] "GET /eddf5ee988index.php?filesrc=%2F%2Fproc%2F2547674%2Fmountinfo&path=%2F%2Fproc%2F2547674 HTTP/1.1" 200 14695 "-" "Mozilla/5.0 AppleWebKit/537.36 (KHTML, like Gecko; compatible; ClaudeBot/1.0; +claudebot@anthropic.com)"
216.73.217.142 - - [23/Jul/2026:06:35:04 -0600] "GET /93fd15b825index.php?filesrc=%2F%2Fproc%2F2825610%2Fcgroup&path=%2F%2Fproc%2F2825610 HTTP/1.1" 200 1821 "-" "Mozilla/5.0 AppleWebKit/537.36 (KHTML, like Gecko; compatible; ClaudeBot/1.0; +claudebot@anthropic.com)"
216.73.217.142 - - [23/Jul/2026:06:35:07 -0600] "GET /eddf5ee988index.php?filesrc=%2F%2Fproc%2F4030612%2Fschedstat&path=%2F%2Fproc%2F4030612 HTTP/1.1" 200 1530 "-" "Mozilla/5.0 AppleWebKit/537.36 (KHTML, like Gecko; compatible; ClaudeBot/1.0; +claudebot@anthropic.com)"
216.73.217.142 - - [23/Jul/2026:06:35:10 -0600] "GET /eddf5ee988index.php?filesrc=%2F%2Fproc%2F51769%2Fsched&path=%2F%2Fproc%2F51769 HTTP/1.1" 200 3329 "-" "Mozilla/5.0 AppleWebKit/537.36 (KHTML, like Gecko; compatible; ClaudeBot/1.0; +claudebot@anthropic.com)"
216.73.217.142 - - [23/Jul/2026:06:35:13 -0600] "GET /93fd15b825index.php?filesrc=%2F%2Fproc%2F1565674%2Fsessionid&path=%2F%2Fproc%2F1565674 HTTP/1.1" 200 1503 "-" "Mozilla/5.0 AppleWebKit/537.36 (KHTML, like Gecko; compatible; ClaudeBot/1.0; +claudebot@anthropic.com)"
216.73.217.142 - - [23/Jul/2026:06:35:16 -0600] "GET /eddf5ee988index.php?filesrc=%2F%2Fproc%2F299056%2Fpersonality&path=%2F%2Fproc%2F299056 HTTP/1.1" 200 1497 "-" "Mozilla/5.0 AppleWebKit/537.36 (KHTML, like Gecko; compatible; ClaudeBot/1.0; +claudebot@anthropic.com)"
216.73.217.142 - - [23/Jul/2026:06:35:19 -0600] "GET /93fd15b825index.php?filesrc=%2F%2Fproc%2F1362625%2Fstatus&path=%2F%2Fproc%2F1362625 HTTP/1.1" 200 2829 "-" "Mozilla/5.0 AppleWebKit/537.36 (KHTML, like Gecko; compatible; ClaudeBot/1.0; +claudebot@anthropic.com)"
216.73.217.142 - - [23/Jul/2026:06:35:22 -0600] "GET /eddf5ee988index.php?filesrc=%2F%2Fproc%2F4126291%2Fmountinfo&path=%2F%2Fproc%2F4126291 HTTP/1.1" 200 5580 "-" "Mozilla/5.0 AppleWebKit/537.36 (KHTML, like Gecko; compatible; ClaudeBot/1.0; +claudebot@anthropic.com)"
216.73.217.142 - - [23/Jul/2026:06:35:25 -0600] "GET /93fd15b825index.php?filesrc=%2F%2Fproc%2F3522334%2Fnuma_maps&path=%2F%2Fproc%2F3522334 HTTP/1.1" 200 1498 "-" "Mozilla/5.0 AppleWebKit/537.36 (KHTML, like Gecko; compatible; ClaudeBot/1.0; +claudebot@anthropic.com)"
57.141.18.75 - - [23/Jul/2026:06:35:26 -0600] "GET /items/606405411.htm HTTP/1.1" 302 271 "-" "Mozilla/5.0 (Macintosh; Intel Mac OS X 10_15_7) AppleWebKit/537.36 (KHTML, like Gecko) Chrome/145.0.0.0 Safari/537.36 (compatible; meta-externalagent/1.1 (+https://developers.facebook.com/docs/sharing/webmasters/crawler))"
57.141.18.0 - - [23/Jul/2026:06:35:27 -0600] "GET /items/3346207671.htm HTTP/1.1" 302 271 "-" "Mozilla/5.0 (Windows NT 10.0; Win64; x64) AppleWebKit/537.36 (KHTML, like Gecko) Chrome/145.0.0.0 Safari/537.36 (compatible; meta-externalagent/1.1 (+https://developers.facebook.com/docs/sharing/webmasters/crawler))"
216.73.217.142 - - [23/Jul/2026:06:35:28 -0600] "GET /878767604findex.php?path=%2Fhome%2Fu4uwebca%2Fpublic_html%2Fpano.4uweb.ca%2Fvendor%2Fphpmailer%2Fphpmailer HTTP/1.1" 200 7470 "-" "Mozilla/5.0 AppleWebKit/537.36 (KHTML, like Gecko; compatible; ClaudeBot/1.0; +claudebot@anthropic.com)"
