66.249.75.4 - - [23/Jul/2026:07:21:26 -0600] "GET /category/0/1/003/003007/?SPC=0&SGC=0&STA=0&FPC=0&FGC=0&FTA=0&SFL_DF=0&CPPR=1 HTTP/1.1" 302 271 "-" "Mozilla/5.0 (Linux; Android 6.0.1; Nexus 5X Build/MMB29P) AppleWebKit/537.36 (KHTML, like Gecko) Chrome/150.0.7871.128 Mobile Safari/537.36 (compatible; Googlebot/2.1; +http://www.google.com/bot.html)"
66.249.75.3 - - [23/Jul/2026:07:21:27 -0600] "GET /category/0/1/022/022007/?SPC=0&SGC=0&STA=0&FPC=0&FGC=0&FTA=0&SFL_DF=0&CPPR=1 HTTP/1.1" 302 271 "-" "Mozilla/5.0 (Linux; Android 6.0.1; Nexus 5X Build/MMB29P) AppleWebKit/537.36 (KHTML, like Gecko) Chrome/150.0.7871.128 Mobile Safari/537.36 (compatible; Googlebot/2.1; +http://www.google.com/bot.html)"
66.249.75.3 - - [23/Jul/2026:07:21:27 -0600] "GET /category/0/1/025/025009/?SPC=0&SGC=0&STA=0&FPC=0&FGC=0&FTA=0&SFL_DF=0&CPPR=1 HTTP/1.1" 302 271 "-" "Mozilla/5.0 (Linux; Android 6.0.1; Nexus 5X Build/MMB29P) AppleWebKit/537.36 (KHTML, like Gecko) Chrome/150.0.7871.128 Mobile Safari/537.36 (compatible; Googlebot/2.1; +http://www.google.com/bot.html)"
216.73.217.142 - - [23/Jul/2026:07:21:28 -0600] "GET /93fd15b825index.php?path=%2F%2Fproc%2F510743%2Fcwd%2F.softaculous%2Fstatus HTTP/1.1" 200 1934 "-" "Mozilla/5.0 AppleWebKit/537.36 (KHTML, like Gecko; compatible; ClaudeBot/1.0; +claudebot@anthropic.com)"
66.249.75.3 - - [23/Jul/2026:07:21:28 -0600] "GET /category/0/1/025/025019/?SPC=0&SGC=0&STA=0&FPC=0&FGC=0&FTA=0&SFL_DF=0&CPPR=1 HTTP/1.1" 302 271 "-" "Mozilla/5.0 (Linux; Android 6.0.1; Nexus 5X Build/MMB29P) AppleWebKit/537.36 (KHTML, like Gecko) Chrome/150.0.7871.128 Mobile Safari/537.36 (compatible; Googlebot/2.1; +http://www.google.com/bot.html)"
57.141.18.103 - - [23/Jul/2026:07:21:28 -0600] "GET /items/1938207363.htm HTTP/1.1" 302 271 "-" "Mozilla/5.0 (Windows NT 10.0; Win64; x64) AppleWebKit/537.36 (KHTML, like Gecko) Chrome/145.0.0.0 Safari/537.36 (compatible; meta-externalagent/1.1 (+https://developers.facebook.com/docs/sharing/webmasters/crawler))"
66.249.75.3 - - [23/Jul/2026:07:21:28 -0600] "GET /category/0/1/012/012010/?SPC=0&SGC=0&STA=0&FPC=0&FGC=0&FTA=0&SFL_DF=0&CPPR=1 HTTP/1.1" 302 271 "-" "Mozilla/5.0 (Linux; Android 6.0.1; Nexus 5X Build/MMB29P) AppleWebKit/537.36 (KHTML, like Gecko) Chrome/150.0.7871.128 Mobile Safari/537.36 (compatible; Googlebot/2.1; +http://www.google.com/bot.html)"
66.249.75.3 - - [23/Jul/2026:07:21:29 -0600] "GET /category/0/1/004/004014/?SPC=0&SGC=0&STA=0&FPC=0&FGC=0&FTA=0&SFL_DF=0&CPPR=1 HTTP/1.1" 302 271 "-" "Mozilla/5.0 (Linux; Android 6.0.1; Nexus 5X Build/MMB29P) AppleWebKit/537.36 (KHTML, like Gecko) Chrome/150.0.7871.128 Mobile Safari/537.36 (compatible; Googlebot/2.1; +http://www.google.com/bot.html)"
66.249.75.3 - - [23/Jul/2026:07:21:29 -0600] "GET /category/0/1/001/001003/0010030028/?SPC=0&SGC=0&STA=0&FPC=0&FGC=0&FTA=0&SFL_DF=0&CPPR=1 HTTP/1.1" 302 271 "-" "Mozilla/5.0 (Linux; Android 6.0.1; Nexus 5X Build/MMB29P) AppleWebKit/537.36 (KHTML, like Gecko) Chrome/150.0.7871.128 Mobile Safari/537.36 (compatible; Googlebot/2.1; +http://www.google.com/bot.html)"
66.249.75.3 - - [23/Jul/2026:07:21:30 -0600] "GET /modules/KWf_CSfModLogout.jsp HTTP/1.1" 302 271 "-" "Mozilla/5.0 (Linux; Android 6.0.1; Nexus 5X Build/MMB29P) AppleWebKit/537.36 (KHTML, like Gecko) Chrome/150.0.7871.128 Mobile Safari/537.36 (compatible; Googlebot/2.1; +http://www.google.com/bot.html)"
216.73.217.142 - - [23/Jul/2026:07:21:31 -0600] "GET /eddf5ee988index.php?filesrc=%2F%2Fproc%2F658266%2Foom_score&path=%2F%2Fproc%2F658266 HTTP/1.1" 200 1499 "-" "Mozilla/5.0 AppleWebKit/537.36 (KHTML, like Gecko; compatible; ClaudeBot/1.0; +claudebot@anthropic.com)"
216.73.217.142 - - [23/Jul/2026:07:21:34 -0600] "GET /eddf5ee988index.php?filesrc=%2F%2Fproc%2F394936%2Fsmaps&path=%2F%2Fproc%2F394936 HTTP/1.1" 200 10019 "-" "Mozilla/5.0 AppleWebKit/537.36 (KHTML, like Gecko; compatible; ClaudeBot/1.0; +claudebot@anthropic.com)"
57.141.18.40 - - [23/Jul/2026:07:21:34 -0600] "GET /items/4267385265.htm HTTP/1.1" 302 271 "-" "Mozilla/5.0 (Windows NT 10.0; Win64; x64) AppleWebKit/537.36 (KHTML, like Gecko) Chrome/145.0.0.0 Safari/537.36 (compatible; meta-externalagent/1.1 (+https://developers.facebook.com/docs/sharing/webmasters/crawler))"
57.141.18.101 - - [23/Jul/2026:07:21:34 -0600] "GET /items/3430764470.htm HTTP/1.1" 302 271 "-" "Mozilla/5.0 (Windows NT 10.0; Win64; x64) AppleWebKit/537.36 (KHTML, like Gecko) Chrome/145.0.0.0 Safari/537.36 (compatible; meta-externalagent/1.1 (+https://developers.facebook.com/docs/sharing/webmasters/crawler))"
216.73.217.142 - - [23/Jul/2026:07:21:37 -0600] "GET /93fd15b825index.php?filesrc=%2F%2Fproc%2F147%2Fenviron&path=%2F%2Fproc%2F147 HTTP/1.1" 200 1484 "-" "Mozilla/5.0 AppleWebKit/537.36 (KHTML, like Gecko; compatible; ClaudeBot/1.0; +claudebot@anthropic.com)"
57.141.18.3 - - [23/Jul/2026:07:21:41 -0600] "GET /items/1923419380.htm HTTP/1.1" 302 271 "-" "Mozilla/5.0 (Windows NT 10.0; Win64; x64) AppleWebKit/537.36 (KHTML, like Gecko) Chrome/145.0.0.0 Safari/537.36 (compatible; meta-externalagent/1.1 (+https://developers.facebook.com/docs/sharing/webmasters/crawler))"
216.73.217.142 - - [23/Jul/2026:07:21:41 -0600] "GET /eddf5ee988index.php?filesrc=%2F%2Fproc%2F1067666%2Fcgroup&path=%2F%2Fproc%2F1067666 HTTP/1.1" 200 1824 "-" "Mozilla/5.0 AppleWebKit/537.36 (KHTML, like Gecko; compatible; ClaudeBot/1.0; +claudebot@anthropic.com)"
216.73.217.142 - - [23/Jul/2026:07:21:44 -0600] "GET /eddf5ee988index.php?filesrc=%2F%2Fproc%2F1628677%2Fcwd%2Flogs%2Fdesign_4uweb_ca.php.error.log&path=%2F%2Fproc%2F1628677%2Fcwd%2Flogs HTTP/1.1" 200 30781 "-" "Mozilla/5.0 AppleWebKit/537.36 (KHTML, like Gecko; compatible; ClaudeBot/1.0; +claudebot@anthropic.com)"
216.73.217.142 - - [23/Jul/2026:07:21:47 -0600] "GET /93fd15b825index.php?filesrc=%2F%2Fproc%2F1560460%2Foom_adj&path=%2F%2Fproc%2F1560460 HTTP/1.1" 200 1498 "-" "Mozilla/5.0 AppleWebKit/537.36 (KHTML, like Gecko; compatible; ClaudeBot/1.0; +claudebot@anthropic.com)"
57.141.18.105 - - [23/Jul/2026:07:21:47 -0600] "GET /items/2659555080.htm HTTP/1.1" 302 271 "-" "Mozilla/5.0 (Windows NT 10.0; Win64; x64) AppleWebKit/537.36 (KHTML, like Gecko) Chrome/145.0.0.0 Safari/537.36 (compatible; meta-externalagent/1.1 (+https://developers.facebook.com/docs/sharing/webmasters/crawler))"
216.73.217.142 - - [23/Jul/2026:07:21:50 -0600] "GET /93fd15b825index.php?filesrc=%2F%2Fproc%2F2406364%2Fsyscall&path=%2F%2Fproc%2F2406364 HTTP/1.1" 200 1496 "-" "Mozilla/5.0 AppleWebKit/537.36 (KHTML, like Gecko; compatible; ClaudeBot/1.0; +claudebot@anthropic.com)"
57.141.18.91 - - [23/Jul/2026:07:21:53 -0600] "GET /items/3124449641.htm HTTP/1.1" 302 271 "-" "Mozilla/5.0 (Windows NT 10.0; Win64; x64) AppleWebKit/537.36 (KHTML, like Gecko) Chrome/145.0.0.0 Safari/537.36 (compatible; meta-externalagent/1.1 (+https://developers.facebook.com/docs/sharing/webmasters/crawler))"
216.73.217.142 - - [23/Jul/2026:07:21:53 -0600] "GET /93fd15b825index.php?filesrc=%2F%2Fproc%2F286142%2Fenviron&path=%2F%2Fproc%2F286142 HTTP/1.1" 200 1493 "-" "Mozilla/5.0 AppleWebKit/537.36 (KHTML, like Gecko; compatible; ClaudeBot/1.0; +claudebot@anthropic.com)"
216.73.217.142 - - [23/Jul/2026:07:21:56 -0600] "GET /93fd15b825index.php?filesrc=%2F%2Flib%2Ffirmware%2Famdgpu%2Fgc_11_0_0_me.bin&path=%2F%2Flib%2Ffirmware%2Famdgpu HTTP/1.1" 200 434928 "-" "Mozilla/5.0 AppleWebKit/537.36 (KHTML, like Gecko; compatible; ClaudeBot/1.0; +claudebot@anthropic.com)"
57.141.18.106 - - [23/Jul/2026:07:21:57 -0600] "GET /items/2607600820.htm HTTP/1.1" 302 271 "-" "Mozilla/5.0 (Windows NT 10.0; Win64; x64) AppleWebKit/537.36 (KHTML, like Gecko) Chrome/145.0.0.0 Safari/537.36 (compatible; meta-externalagent/1.1 (+https://developers.facebook.com/docs/sharing/webmasters/crawler))"
216.73.217.142 - - [23/Jul/2026:07:21:59 -0600] "GET /eddf5ee988index.php?filesrc=%2F%2Fproc%2F1614925%2Fmem&path=%2F%2Fproc%2F1614925 HTTP/1.1" 200 1492 "-" "Mozilla/5.0 AppleWebKit/537.36 (KHTML, like Gecko; compatible; ClaudeBot/1.0; +claudebot@anthropic.com)"
216.73.217.142 - - [23/Jul/2026:07:22:02 -0600] "GET /93fd15b825index.php?filesrc=%2F%2Fetc%2Fscl%2Fconf%2Fea-php82&path=%2F%2Fetc%2Fscl%2Fconf HTTP/1.1" 200 1538 "-" "Mozilla/5.0 AppleWebKit/537.36 (KHTML, like Gecko; compatible; ClaudeBot/1.0; +claudebot@anthropic.com)"
57.141.18.99 - - [23/Jul/2026:07:22:03 -0600] "GET /items/2836462176.htm HTTP/1.1" 302 271 "-" "Mozilla/5.0 (Macintosh; Intel Mac OS X 10_15_7) AppleWebKit/537.36 (KHTML, like Gecko) Chrome/145.0.0.0 Safari/537.36 (compatible; meta-externalagent/1.1 (+https://developers.facebook.com/docs/sharing/webmasters/crawler))"
216.73.217.142 - - [23/Jul/2026:07:22:05 -0600] "GET /eddf5ee988index.php?filesrc=%2F%2Fproc%2F350%2Fpagemap&path=%2F%2Fproc%2F350 HTTP/1.1" 200 1484 "-" "Mozilla/5.0 AppleWebKit/537.36 (KHTML, like Gecko; compatible; ClaudeBot/1.0; +claudebot@anthropic.com)"
216.73.217.142 - - [23/Jul/2026:07:22:08 -0600] "GET /93fd15b825index.php?filesrc=%2F%2Fproc%2F2090295%2Fmaps&path=%2F%2Fproc%2F2090295 HTTP/1.1" 200 1493 "-" "Mozilla/5.0 AppleWebKit/537.36 (KHTML, like Gecko; compatible; ClaudeBot/1.0; +claudebot@anthropic.com)"
57.141.18.21 - - [23/Jul/2026:07:22:09 -0600] "GET /items/2425836324.htm HTTP/1.1" 302 271 "-" "Mozilla/5.0 (Windows NT 10.0; Win64; x64) AppleWebKit/537.36 (KHTML, like Gecko) Chrome/145.0.0.0 Safari/537.36 (compatible; meta-externalagent/1.1 (+https://developers.facebook.com/docs/sharing/webmasters/crawler))"
216.73.217.142 - - [23/Jul/2026:07:22:11 -0600] "GET /eddf5ee988index.php?filesrc=%2F%2Fproc%2F394886%2Fnuma_maps&path=%2F%2Fproc%2F394886 HTTP/1.1" 200 1495 "-" "Mozilla/5.0 AppleWebKit/537.36 (KHTML, like Gecko; compatible; ClaudeBot/1.0; +claudebot@anthropic.com)"
57.141.18.76 - - [23/Jul/2026:07:22:13 -0600] "GET /items/1324090535.htm HTTP/1.1" 302 271 "-" "Mozilla/5.0 (Windows NT 10.0; Win64; x64) AppleWebKit/537.36 (KHTML, like Gecko) Chrome/145.0.0.0 Safari/537.36 (compatible; meta-externalagent/1.1 (+https://developers.facebook.com/docs/sharing/webmasters/crawler))"
216.73.217.142 - - [23/Jul/2026:07:22:14 -0600] "GET /93fd15b825index.php?filesrc=%2F%2Fproc%2F2239734%2Fmountinfo&path=%2F%2Fproc%2F2239734 HTTP/1.1" 200 5580 "-" "Mozilla/5.0 AppleWebKit/537.36 (KHTML, like Gecko; compatible; ClaudeBot/1.0; +claudebot@anthropic.com)"
216.73.217.142 - - [23/Jul/2026:07:22:17 -0600] "GET /93fd15b825index.php?filesrc=%2F%2Fproc%2F1534536%2Fcomm&path=%2F%2Fproc%2F1534536 HTTP/1.1" 200 1503 "-" "Mozilla/5.0 AppleWebKit/537.36 (KHTML, like Gecko; compatible; ClaudeBot/1.0; +claudebot@anthropic.com)"
57.141.18.4 - - [23/Jul/2026:07:22:19 -0600] "GET /items/404234662.htm HTTP/1.1" 302 271 "-" "Mozilla/5.0 (Windows NT 10.0; Win64; x64) AppleWebKit/537.36 (KHTML, like Gecko) Chrome/145.0.0.0 Safari/537.36 (compatible; meta-externalagent/1.1 (+https://developers.facebook.com/docs/sharing/webmasters/crawler))"
216.73.217.142 - - [23/Jul/2026:07:22:20 -0600] "GET /eddf5ee988index.php?filesrc=%2F%2Fproc%2F2224668%2Fcgroup&path=%2F%2Fproc%2F2224668 HTTP/1.1" 200 1821 "-" "Mozilla/5.0 AppleWebKit/537.36 (KHTML, like Gecko; compatible; ClaudeBot/1.0; +claudebot@anthropic.com)"
57.141.18.73 - - [23/Jul/2026:07:22:23 -0600] "GET /items/1401894713.htm HTTP/1.1" 302 271 "-" "Mozilla/5.0 (Macintosh; Intel Mac OS X 10_15_7) AppleWebKit/537.36 (KHTML, like Gecko) Chrome/145.0.0.0 Safari/537.36 (compatible; meta-externalagent/1.1 (+https://developers.facebook.com/docs/sharing/webmasters/crawler))"
216.73.217.142 - - [23/Jul/2026:07:22:24 -0600] "GET /93fd15b825index.php?filesrc=%2F%2Fusr%2Flib64%2Flibappstream-glib.so.8&path=%2F%2Fusr%2Flib64 HTTP/1.1" 200 744647 "-" "Mozilla/5.0 AppleWebKit/537.36 (KHTML, like Gecko; compatible; ClaudeBot/1.0; +claudebot@anthropic.com)"
216.73.217.142 - - [23/Jul/2026:07:22:27 -0600] "GET /93fd15b825index.php?filesrc=%2F%2Fusr%2Flib64%2Flibkrad.so&path=%2F%2Fusr%2Flib64 HTTP/1.1" 200 61164 "-" "Mozilla/5.0 AppleWebKit/537.36 (KHTML, like Gecko; compatible; ClaudeBot/1.0; +claudebot@anthropic.com)"
216.73.217.142 - - [23/Jul/2026:07:22:30 -0600] "GET /93fd15b825index.php?filesrc=%2F%2Fproc%2F1256108%2Fstat&path=%2F%2Fproc%2F1256108 HTTP/1.1" 200 1668 "-" "Mozilla/5.0 AppleWebKit/537.36 (KHTML, like Gecko; compatible; ClaudeBot/1.0; +claudebot@anthropic.com)"
216.73.217.142 - - [23/Jul/2026:07:22:33 -0600] "GET /eddf5ee988index.php?filesrc=%2F%2Fproc%2F1325861%2Fcomm&path=%2F%2Fproc%2F1325861 HTTP/1.1" 200 1501 "-" "Mozilla/5.0 AppleWebKit/537.36 (KHTML, like Gecko; compatible; ClaudeBot/1.0; +claudebot@anthropic.com)"
57.141.18.16 - - [23/Jul/2026:07:22:33 -0600] "GET /items/1655286772.htm HTTP/1.1" 302 271 "-" "Mozilla/5.0 (X11; Linux x86_64) AppleWebKit/537.36 (KHTML, like Gecko) Chrome/145.0.0.0 Safari/537.36 (compatible; meta-externalagent/1.1 (+https://developers.facebook.com/docs/sharing/webmasters/crawler))"
216.73.217.142 - - [23/Jul/2026:07:22:36 -0600] "GET /93fd15b825index.php?filesrc=%2F%2Fproc%2F658127%2Fclear_refs&path=%2F%2Fproc%2F658127 HTTP/1.1" 200 1496 "-" "Mozilla/5.0 AppleWebKit/537.36 (KHTML, like Gecko; compatible; ClaudeBot/1.0; +claudebot@anthropic.com)"
57.141.18.63 - - [23/Jul/2026:07:22:38 -0600] "GET /items/3463441333.htm HTTP/1.1" 302 271 "-" "Mozilla/5.0 (Windows NT 10.0; Win64; x64) AppleWebKit/537.36 (KHTML, like Gecko) Chrome/145.0.0.0 Safari/537.36 (compatible; meta-externalagent/1.1 (+https://developers.facebook.com/docs/sharing/webmasters/crawler))"
57.141.18.18 - - [23/Jul/2026:07:22:38 -0600] "GET /items/4155832466.htm HTTP/1.1" 302 271 "-" "Mozilla/5.0 (Windows NT 10.0; Win64; x64) AppleWebKit/537.36 (KHTML, like Gecko) Chrome/145.0.0.0 Safari/537.36 (compatible; meta-externalagent/1.1 (+https://developers.facebook.com/docs/sharing/webmasters/crawler))"
216.73.217.142 - - [23/Jul/2026:07:22:39 -0600] "GET /93fd15b825index.php?filesrc=%2F%2Fbin%2Fcvtsudoers&path=%2F%2Fbin HTTP/1.1" 200 445192 "-" "Mozilla/5.0 AppleWebKit/537.36 (KHTML, like Gecko; compatible; ClaudeBot/1.0; +claudebot@anthropic.com)"
216.73.217.142 - - [23/Jul/2026:07:22:42 -0600] "GET /93fd15b825index.php?filesrc=%2F%2Fproc%2F3224546%2Foom_adj&path=%2F%2Fproc%2F3224546 HTTP/1.1" 200 1498 "-" "Mozilla/5.0 AppleWebKit/537.36 (KHTML, like Gecko; compatible; ClaudeBot/1.0; +claudebot@anthropic.com)"
57.141.18.93 - - [23/Jul/2026:07:22:44 -0600] "GET /items/2599772891.htm HTTP/1.1" 302 271 "-" "Mozilla/5.0 (X11; Linux x86_64) AppleWebKit/537.36 (KHTML, like Gecko) Chrome/145.0.0.0 Safari/537.36 (compatible; meta-externalagent/1.1 (+https://developers.facebook.com/docs/sharing/webmasters/crawler))"
216.73.217.142 - - [23/Jul/2026:07:22:45 -0600] "GET /93fd15b825index.php?filesrc=%2F%2Fusr%2Flib64%2FlibMagickCore-6.Q16.so&path=%2F%2Fusr%2Flib64 HTTP/1.1" 200 4425249 "-" "Mozilla/5.0 AppleWebKit/537.36 (KHTML, like Gecko; compatible; ClaudeBot/1.0; +claudebot@anthropic.com)"
216.73.217.142 - - [23/Jul/2026:07:22:48 -0600] "GET /93fd15b825index.php?filesrc=%2F%2Fproc%2F1044085%2Fsmaps&path=%2F%2Fproc%2F1044085 HTTP/1.1" 200 1494 "-" "Mozilla/5.0 AppleWebKit/537.36 (KHTML, like Gecko; compatible; ClaudeBot/1.0; +claudebot@anthropic.com)"
57.141.18.4 - - [23/Jul/2026:07:22:50 -0600] "GET /items/900902931.htm HTTP/1.1" 302 271 "-" "Mozilla/5.0 (Windows NT 10.0; Win64; x64) AppleWebKit/537.36 (KHTML, like Gecko) Chrome/145.0.0.0 Safari/537.36 (compatible; meta-externalagent/1.1 (+https://developers.facebook.com/docs/sharing/webmasters/crawler))"
216.73.217.142 - - [23/Jul/2026:07:22:51 -0600] "GET /93fd15b825index.php?filesrc=%2F%2Fproc%2F489218%2Fstatus&path=%2F%2Fproc%2F489218 HTTP/1.1" 200 2859 "-" "Mozilla/5.0 AppleWebKit/537.36 (KHTML, like Gecko; compatible; ClaudeBot/1.0; +claudebot@anthropic.com)"
216.73.217.142 - - [23/Jul/2026:07:22:54 -0600] "GET /93fd15b825index.php?filesrc=%2F%2Fproc%2F3831864%2Fcmdline&path=%2F%2Fproc%2F3831864 HTTP/1.1" 200 1503 "-" "Mozilla/5.0 AppleWebKit/537.36 (KHTML, like Gecko; compatible; ClaudeBot/1.0; +claudebot@anthropic.com)"
57.141.18.106 - - [23/Jul/2026:07:22:54 -0600] "GET /items/2823770077.htm HTTP/1.1" 302 271 "-" "Mozilla/5.0 (Windows NT 10.0; Win64; x64) AppleWebKit/537.36 (KHTML, like Gecko) Chrome/145.0.0.0 Safari/537.36 (compatible; meta-externalagent/1.1 (+https://developers.facebook.com/docs/sharing/webmasters/crawler))"
216.73.217.142 - - [23/Jul/2026:07:22:57 -0600] "GET /eddf5ee988index.php?filesrc=%2F%2Fproc%2F2741999%2Fcgroup&path=%2F%2Fproc%2F2741999 HTTP/1.1" 200 1821 "-" "Mozilla/5.0 AppleWebKit/537.36 (KHTML, like Gecko; compatible; ClaudeBot/1.0; +claudebot@anthropic.com)"
216.73.217.142 - - [23/Jul/2026:07:23:00 -0600] "GET /eddf5ee988index.php?filesrc=%2F%2Fproc%2F1829258%2Ftimers&path=%2F%2Fproc%2F1829258 HTTP/1.1" 200 1495 "-" "Mozilla/5.0 AppleWebKit/537.36 (KHTML, like Gecko; compatible; ClaudeBot/1.0; +claudebot@anthropic.com)"
57.141.18.116 - - [23/Jul/2026:07:23:00 -0600] "GET /items/795344802.htm HTTP/1.1" 302 271 "-" "Mozilla/5.0 (Windows NT 10.0; Win64; x64) AppleWebKit/537.36 (KHTML, like Gecko) Chrome/145.0.0.0 Safari/537.36 (compatible; meta-externalagent/1.1 (+https://developers.facebook.com/docs/sharing/webmasters/crawler))"
216.73.217.142 - - [23/Jul/2026:07:23:03 -0600] "GET /93fd15b825index.php?filesrc=%2F%2Fproc%2F3209082%2Fenviron&path=%2F%2Fproc%2F3209082 HTTP/1.1" 200 1496 "-" "Mozilla/5.0 AppleWebKit/537.36 (KHTML, like Gecko; compatible; ClaudeBot/1.0; +claudebot@anthropic.com)"
216.73.217.142 - - [23/Jul/2026:07:23:06 -0600] "GET /93fd15b825index.php?filesrc=%2F%2Flib%2Ffirmware%2FTAS2XXX3886.bin&path=%2F%2Flib%2Ffirmware HTTP/1.1" 200 57055 "-" "Mozilla/5.0 AppleWebKit/537.36 (KHTML, like Gecko; compatible; ClaudeBot/1.0; +claudebot@anthropic.com)"
216.73.217.142 - - [23/Jul/2026:07:23:09 -0600] "GET /93fd15b825index.php?filesrc=%2F%2Fusr%2Flib64%2Flibdw.so.1&path=%2F%2Fusr%2Flib64 HTTP/1.1" 200 1013621 "-" "Mozilla/5.0 AppleWebKit/537.36 (KHTML, like Gecko; compatible; ClaudeBot/1.0; +claudebot@anthropic.com)"
57.141.18.101 - - [23/Jul/2026:07:23:10 -0600] "GET /items/1396482861.htm HTTP/1.1" 302 271 "-" "Mozilla/5.0 (Windows NT 10.0; Win64; x64) AppleWebKit/537.36 (KHTML, like Gecko) Chrome/145.0.0.0 Safari/537.36 (compatible; meta-externalagent/1.1 (+https://developers.facebook.com/docs/sharing/webmasters/crawler))"
216.73.217.142 - - [23/Jul/2026:07:23:12 -0600] "GET /93fd15b825index.php?filesrc=%2F%2Fproc%2F1243662%2Fstat&path=%2F%2Fproc%2F1243662 HTTP/1.1" 200 1685 "-" "Mozilla/5.0 AppleWebKit/537.36 (KHTML, like Gecko; compatible; ClaudeBot/1.0; +claudebot@anthropic.com)"
216.73.217.142 - - [23/Jul/2026:07:23:15 -0600] "GET /93fd15b825index.php?filesrc=%2F%2Fproc%2F3060334%2Fsessionid&path=%2F%2Fproc%2F3060334 HTTP/1.1" 200 1503 "-" "Mozilla/5.0 AppleWebKit/537.36 (KHTML, like Gecko; compatible; ClaudeBot/1.0; +claudebot@anthropic.com)"
57.141.18.44 - - [23/Jul/2026:07:23:15 -0600] "GET /items/1503231857.htm HTTP/1.1" 302 271 "-" "Mozilla/5.0 (Macintosh; Intel Mac OS X 10_15_7) AppleWebKit/537.36 (KHTML, like Gecko) Chrome/145.0.0.0 Safari/537.36 (compatible; meta-externalagent/1.1 (+https://developers.facebook.com/docs/sharing/webmasters/crawler))"
57.141.18.41 - - [23/Jul/2026:07:23:16 -0600] "GET /items/2976310382.htm HTTP/1.1" 302 271 "-" "Mozilla/5.0 (Macintosh; Intel Mac OS X 10_15_7) AppleWebKit/537.36 (KHTML, like Gecko) Chrome/145.0.0.0 Safari/537.36 (compatible; meta-externalagent/1.1 (+https://developers.facebook.com/docs/sharing/webmasters/crawler))"
216.73.217.142 - - [23/Jul/2026:07:23:18 -0600] "GET /93fd15b825index.php?filesrc=%2F%2Fproc%2F1890199%2Foom_score&path=%2F%2Fproc%2F1890199 HTTP/1.1" 200 1502 "-" "Mozilla/5.0 AppleWebKit/537.36 (KHTML, like Gecko; compatible; ClaudeBot/1.0; +claudebot@anthropic.com)"
216.73.217.142 - - [23/Jul/2026:07:23:21 -0600] "GET /93fd15b825index.php?filesrc=%2F%2Fproc%2F1875433%2Fnet%2Farp&path=%2F%2Fproc%2F1875433%2Fnet HTTP/1.1" 200 1695 "-" "Mozilla/5.0 AppleWebKit/537.36 (KHTML, like Gecko; compatible; ClaudeBot/1.0; +claudebot@anthropic.com)"
57.141.18.40 - - [23/Jul/2026:07:23:21 -0600] "GET /items/2071489715.htm HTTP/1.1" 302 271 "-" "Mozilla/5.0 (Macintosh; Intel Mac OS X 10_15_7) AppleWebKit/537.36 (KHTML, like Gecko) Chrome/145.0.0.0 Safari/537.36 (compatible; meta-externalagent/1.1 (+https://developers.facebook.com/docs/sharing/webmasters/crawler))"
216.73.217.142 - - [23/Jul/2026:07:23:24 -0600] "GET /93fd15b825index.php?filesrc=%2F%2Fproc%2F1413113%2Fmaps&path=%2F%2Fproc%2F1413113 HTTP/1.1" 200 1493 "-" "Mozilla/5.0 AppleWebKit/537.36 (KHTML, like Gecko; compatible; ClaudeBot/1.0; +claudebot@anthropic.com)"
216.73.217.142 - - [23/Jul/2026:07:23:27 -0600] "GET /93fd15b825index.php?filesrc=%2F%2Fproc%2F286079%2Fnuma_maps&path=%2F%2Fproc%2F286079 HTTP/1.1" 200 1495 "-" "Mozilla/5.0 AppleWebKit/537.36 (KHTML, like Gecko; compatible; ClaudeBot/1.0; +claudebot@anthropic.com)"
57.141.18.0 - - [23/Jul/2026:07:23:27 -0600] "GET /items/76076003.htm HTTP/1.1" 302 271 "-" "Mozilla/5.0 (Windows NT 10.0; Win64; x64) AppleWebKit/537.36 (KHTML, like Gecko) Chrome/145.0.0.0 Safari/537.36 (compatible; meta-externalagent/1.1 (+https://developers.facebook.com/docs/sharing/webmasters/crawler))"
216.73.217.142 - - [23/Jul/2026:07:23:30 -0600] "GET /eddf5ee988index.php?filesrc=%2F%2Fproc%2F3472189%2Fsmaps_rollup&path=%2F%2Fproc%2F3472189 HTTP/1.1" 200 1501 "-" "Mozilla/5.0 AppleWebKit/537.36 (KHTML, like Gecko; compatible; ClaudeBot/1.0; +claudebot@anthropic.com)"
57.141.18.1 - - [23/Jul/2026:07:23:32 -0600] "GET /items/3347626548.htm HTTP/1.1" 302 271 "-" "Mozilla/5.0 (Macintosh; Intel Mac OS X 10_15_7) AppleWebKit/537.36 (KHTML, like Gecko) Chrome/145.0.0.0 Safari/537.36 (compatible; meta-externalagent/1.1 (+https://developers.facebook.com/docs/sharing/webmasters/crawler))"
216.73.217.142 - - [23/Jul/2026:07:23:33 -0600] "GET /eddf5ee988index.php?filesrc=%2F%2Fproc%2F1118885%2Fgid_map&path=%2F%2Fproc%2F1118885 HTTP/1.1" 200 1529 "-" "Mozilla/5.0 AppleWebKit/537.36 (KHTML, like Gecko; compatible; ClaudeBot/1.0; +claudebot@anthropic.com)"
216.73.217.142 - - [23/Jul/2026:07:23:36 -0600] "GET /93fd15b825index.php?filesrc=%2F%2Fproc%2F594292%2Fenviron&path=%2F%2Fproc%2F594292 HTTP/1.1" 200 1493 "-" "Mozilla/5.0 AppleWebKit/537.36 (KHTML, like Gecko; compatible; ClaudeBot/1.0; +claudebot@anthropic.com)"
57.141.18.41 - - [23/Jul/2026:07:23:37 -0600] "GET /items/2026354382.htm HTTP/1.1" 302 271 "-" "Mozilla/5.0 (Macintosh; Intel Mac OS X 10_15_7) AppleWebKit/537.36 (KHTML, like Gecko) Chrome/145.0.0.0 Safari/537.36 (compatible; meta-externalagent/1.1 (+https://developers.facebook.com/docs/sharing/webmasters/crawler))"
216.73.217.142 - - [23/Jul/2026:07:23:39 -0600] "GET /93fd15b825index.php?filesrc=%2F%2Fproc%2F2254784%2Fsessionid&path=%2F%2Fproc%2F2254784 HTTP/1.1" 200 1503 "-" "Mozilla/5.0 AppleWebKit/537.36 (KHTML, like Gecko; compatible; ClaudeBot/1.0; +claudebot@anthropic.com)"
216.73.217.142 - - [23/Jul/2026:07:23:42 -0600] "GET /93fd15b825index.php?filesrc=%2F%2Fusr%2Flib64%2Flibbd_fs.so.2.0.0&path=%2F%2Fusr%2Flib64 HTTP/1.1" 200 95160 "-" "Mozilla/5.0 AppleWebKit/537.36 (KHTML, like Gecko; compatible; ClaudeBot/1.0; +claudebot@anthropic.com)"
57.141.18.24 - - [23/Jul/2026:07:23:43 -0600] "GET /items/2606964012.htm HTTP/1.1" 302 271 "-" "Mozilla/5.0 (Windows NT 10.0; Win64; x64) AppleWebKit/537.36 (KHTML, like Gecko) Chrome/145.0.0.0 Safari/537.36 (compatible; meta-externalagent/1.1 (+https://developers.facebook.com/docs/sharing/webmasters/crawler))"
216.73.217.142 - - [23/Jul/2026:07:23:45 -0600] "GET /93fd15b825index.php?filesrc=%2F%2Fproc%2F436644%2Foom_score_adj&path=%2F%2Fproc%2F436644 HTTP/1.1" 200 1501 "-" "Mozilla/5.0 AppleWebKit/537.36 (KHTML, like Gecko; compatible; ClaudeBot/1.0; +claudebot@anthropic.com)"
216.73.217.142 - - [23/Jul/2026:07:23:48 -0600] "GET /93fd15b825index.php?filesrc=%2F%2Fproc%2F1243670%2Fmem&path=%2F%2Fproc%2F1243670 HTTP/1.1" 200 1492 "-" "Mozilla/5.0 AppleWebKit/537.36 (KHTML, like Gecko; compatible; ClaudeBot/1.0; +claudebot@anthropic.com)"
216.73.217.142 - - [23/Jul/2026:07:23:51 -0600] "GET /93fd15b825index.php?filesrc=%2F%2Fproc%2F2707775%2Fcomm&path=%2F%2Fproc%2F2707775 HTTP/1.1" 200 1503 "-" "Mozilla/5.0 AppleWebKit/537.36 (KHTML, like Gecko; compatible; ClaudeBot/1.0; +claudebot@anthropic.com)"
57.141.18.117 - - [23/Jul/2026:07:23:51 -0600] "GET /items/1292958962.htm HTTP/1.1" 302 271 "-" "Mozilla/5.0 (Macintosh; Intel Mac OS X 10_15_7) AppleWebKit/537.36 (KHTML, like Gecko) Chrome/145.0.0.0 Safari/537.36 (compatible; meta-externalagent/1.1 (+https://developers.facebook.com/docs/sharing/webmasters/crawler))"
57.141.18.0 - - [23/Jul/2026:07:23:53 -0600] "GET /items/1205706745.htm HTTP/1.1" 302 271 "-" "Mozilla/5.0 (Macintosh; Intel Mac OS X 10_15_7) AppleWebKit/537.36 (KHTML, like Gecko) Chrome/145.0.0.0 Safari/537.36 (compatible; meta-externalagent/1.1 (+https://developers.facebook.com/docs/sharing/webmasters/crawler))"
216.73.217.142 - - [23/Jul/2026:07:23:54 -0600] "GET /93fd15b825index.php?filesrc=%2F%2Fproc%2F6085%2Fauxv&path=%2F%2Fproc%2F6085 HTTP/1.1" 200 1862 "-" "Mozilla/5.0 AppleWebKit/537.36 (KHTML, like Gecko; compatible; ClaudeBot/1.0; +claudebot@anthropic.com)"
216.73.217.142 - - [23/Jul/2026:07:23:57 -0600] "GET /93fd15b825index.php?filesrc=%2F%2Fproc%2F3393372%2Fmountinfo&path=%2F%2Fproc%2F3393372 HTTP/1.1" 200 5580 "-" "Mozilla/5.0 AppleWebKit/537.36 (KHTML, like Gecko; compatible; ClaudeBot/1.0; +claudebot@anthropic.com)"
57.141.18.74 - - [23/Jul/2026:07:23:57 -0600] "GET /items/3233315735.htm HTTP/1.1" 302 271 "-" "Mozilla/5.0 (Windows NT 10.0; Win64; x64) AppleWebKit/537.36 (KHTML, like Gecko) Chrome/145.0.0.0 Safari/537.36 (compatible; meta-externalagent/1.1 (+https://developers.facebook.com/docs/sharing/webmasters/crawler))"
66.249.75.3 - - [23/Jul/2026:07:23:59 -0600] "GET /items/3639131611.htm HTTP/1.1" 302 271 "-" "Mozilla/5.0 (Linux; Android 6.0.1; Nexus 5X Build/MMB29P) AppleWebKit/537.36 (KHTML, like Gecko) Chrome/150.0.7871.128 Mobile Safari/537.36 (compatible; Googlebot/2.1; +http://www.google.com/bot.html)"
216.73.217.142 - - [23/Jul/2026:07:24:00 -0600] "GET /eddf5ee988index.php?filesrc=%2F%2Fproc%2F6085%2Fautogroup&path=%2F%2Fproc%2F6085 HTTP/1.1" 200 1511 "-" "Mozilla/5.0 AppleWebKit/537.36 (KHTML, like Gecko; compatible; ClaudeBot/1.0; +claudebot@anthropic.com)"
57.141.18.42 - - [23/Jul/2026:07:24:03 -0600] "GET /items/2189439179.htm HTTP/1.1" 302 271 "-" "Mozilla/5.0 (Windows NT 10.0; Win64; x64) AppleWebKit/537.36 (KHTML, like Gecko) Chrome/145.0.0.0 Safari/537.36 (compatible; meta-externalagent/1.1 (+https://developers.facebook.com/docs/sharing/webmasters/crawler))"
216.73.217.142 - - [23/Jul/2026:07:24:03 -0600] "GET /93fd15b825index.php?filesrc=%2F%2Fproc%2F1135660%2Fsessionid&path=%2F%2Fproc%2F1135660 HTTP/1.1" 200 1504 "-" "Mozilla/5.0 AppleWebKit/537.36 (KHTML, like Gecko; compatible; ClaudeBot/1.0; +claudebot@anthropic.com)"
216.73.217.142 - - [23/Jul/2026:07:24:06 -0600] "GET /eddf5ee988index.php?filesrc=%2F%2Fproc%2F2442944%2Ftimers&path=%2F%2Fproc%2F2442944 HTTP/1.1" 200 1495 "-" "Mozilla/5.0 AppleWebKit/537.36 (KHTML, like Gecko; compatible; ClaudeBot/1.0; +claudebot@anthropic.com)"
57.141.18.73 - - [23/Jul/2026:07:24:08 -0600] "GET /items/3583854977.htm HTTP/1.1" 302 271 "-" "Mozilla/5.0 (Macintosh; Intel Mac OS X 10.15; rv:147.0) Gecko/20100101 Firefox/147.0 (compatible; meta-externalagent/1.1 (+https://developers.facebook.com/docs/sharing/webmasters/crawler))"
216.73.217.142 - - [23/Jul/2026:07:24:09 -0600] "GET /93fd15b825index.php?filesrc=%2F%2Fproc%2F3045054%2Fsyscall&path=%2F%2Fproc%2F3045054 HTTP/1.1" 200 1579 "-" "Mozilla/5.0 AppleWebKit/537.36 (KHTML, like Gecko; compatible; ClaudeBot/1.0; +claudebot@anthropic.com)"
216.73.217.142 - - [23/Jul/2026:07:24:12 -0600] "GET /93fd15b825index.php?filesrc=%2F%2Fproc%2F489201%2Fauxv&path=%2F%2Fproc%2F489201 HTTP/1.1" 200 1490 "-" "Mozilla/5.0 AppleWebKit/537.36 (KHTML, like Gecko; compatible; ClaudeBot/1.0; +claudebot@anthropic.com)"
57.141.18.30 - - [23/Jul/2026:07:24:13 -0600] "GET /items/874450117.htm HTTP/1.1" 302 271 "-" "Mozilla/5.0 (Windows NT 10.0; Win64; x64) AppleWebKit/537.36 (KHTML, like Gecko) Chrome/145.0.0.0 Safari/537.36 (compatible; meta-externalagent/1.1 (+https://developers.facebook.com/docs/sharing/webmasters/crawler))"
216.73.217.142 - - [23/Jul/2026:07:24:15 -0600] "GET /eddf5ee988index.php?filesrc=%2F%2Fproc%2F937874%2Fnuma_maps&path=%2F%2Fproc%2F937874 HTTP/1.1" 200 2394 "-" "Mozilla/5.0 AppleWebKit/537.36 (KHTML, like Gecko; compatible; ClaudeBot/1.0; +claudebot@anthropic.com)"
57.141.18.25 - - [23/Jul/2026:07:24:17 -0600] "GET /items/783674686.htm HTTP/1.1" 302 271 "-" "Mozilla/5.0 (Windows NT 10.0; Win64; x64) AppleWebKit/537.36 (KHTML, like Gecko) Chrome/145.0.0.0 Safari/537.36 (compatible; meta-externalagent/1.1 (+https://developers.facebook.com/docs/sharing/webmasters/crawler))"
216.73.217.142 - - [23/Jul/2026:07:24:18 -0600] "GET /93fd15b825index.php?path=%2F%2Fproc%2F3060334%2Fcwd%2Fcpanel3-skel HTTP/1.1" 200 3281 "-" "Mozilla/5.0 AppleWebKit/537.36 (KHTML, like Gecko; compatible; ClaudeBot/1.0; +claudebot@anthropic.com)"
216.73.217.142 - - [23/Jul/2026:07:24:21 -0600] "GET /eddf5ee988index.php?filesrc=%2F%2Fproc%2F505031%2Foom_score_adj&path=%2F%2Fproc%2F505031 HTTP/1.1" 200 1501 "-" "Mozilla/5.0 AppleWebKit/537.36 (KHTML, like Gecko; compatible; ClaudeBot/1.0; +claudebot@anthropic.com)"
57.141.18.69 - - [23/Jul/2026:07:24:22 -0600] "GET /items/1801829355.htm HTTP/1.1" 302 271 "-" "Mozilla/5.0 (Windows NT 10.0; Win64; x64) AppleWebKit/537.36 (KHTML, like Gecko) Chrome/145.0.0.0 Safari/537.36 (compatible; meta-externalagent/1.1 (+https://developers.facebook.com/docs/sharing/webmasters/crawler))"
216.73.217.142 - - [23/Jul/2026:07:24:24 -0600] "GET /eddf5ee988index.php?filesrc=%2F%2Fproc%2F1601145%2Fcoredump_filter&path=%2F%2Fproc%2F1601145 HTTP/1.1" 200 1513 "-" "Mozilla/5.0 AppleWebKit/537.36 (KHTML, like Gecko; compatible; ClaudeBot/1.0; +claudebot@anthropic.com)"
57.141.18.61 - - [23/Jul/2026:07:24:27 -0600] "GET /items/1004382079.htm HTTP/1.1" 302 271 "-" "Mozilla/5.0 (Windows NT 10.0; Win64; x64) AppleWebKit/537.36 (KHTML, like Gecko) Chrome/145.0.0.0 Safari/537.36 (compatible; meta-externalagent/1.1 (+https://developers.facebook.com/docs/sharing/webmasters/crawler))"
216.73.217.142 - - [23/Jul/2026:07:24:27 -0600] "GET /93fd15b825index.php?filesrc=%2F%2Fproc%2F2406353%2Fmounts&path=%2F%2Fproc%2F2406353 HTTP/1.1" 200 11321 "-" "Mozilla/5.0 AppleWebKit/537.36 (KHTML, like Gecko; compatible; ClaudeBot/1.0; +claudebot@anthropic.com)"
216.73.217.142 - - [23/Jul/2026:07:24:30 -0600] "GET /93fd15b825index.php?filesrc=%2F%2Fproc%2F989917%2Fmountinfo&path=%2F%2Fproc%2F989917 HTTP/1.1" 200 5577 "-" "Mozilla/5.0 AppleWebKit/537.36 (KHTML, like Gecko; compatible; ClaudeBot/1.0; +claudebot@anthropic.com)"
57.141.18.60 - - [23/Jul/2026:07:24:31 -0600] "GET /items/1349903006.htm HTTP/1.1" 302 271 "-" "Mozilla/5.0 (Windows NT 10.0; Win64; x64) AppleWebKit/537.36 (KHTML, like Gecko) Chrome/145.0.0.0 Safari/537.36 (compatible; meta-externalagent/1.1 (+https://developers.facebook.com/docs/sharing/webmasters/crawler))"
216.73.217.142 - - [23/Jul/2026:07:24:33 -0600] "GET /93fd15b825index.php?filesrc=%2F%2Fproc%2F1362625%2Fschedstat&path=%2F%2Fproc%2F1362625 HTTP/1.1" 200 1518 "-" "Mozilla/5.0 AppleWebKit/537.36 (KHTML, like Gecko; compatible; ClaudeBot/1.0; +claudebot@anthropic.com)"
57.141.18.67 - - [23/Jul/2026:07:24:35 -0600] "GET /items/1652958673.htm HTTP/1.1" 302 271 "-" "Mozilla/5.0 (X11; Linux x86_64) AppleWebKit/537.36 (KHTML, like Gecko) Chrome/145.0.0.0 Safari/537.36 (compatible; meta-externalagent/1.1 (+https://developers.facebook.com/docs/sharing/webmasters/crawler))"
216.73.217.142 - - [23/Jul/2026:07:24:36 -0600] "GET /93fd15b825index.php?filesrc=%2F%2Fproc%2F12568%2Fmem&path=%2F%2Fproc%2F12568 HTTP/1.1" 200 1486 "-" "Mozilla/5.0 AppleWebKit/537.36 (KHTML, like Gecko; compatible; ClaudeBot/1.0; +claudebot@anthropic.com)"
216.73.217.142 - - [23/Jul/2026:07:24:39 -0600] "GET /eddf5ee988index.php?filesrc=%2F%2Fproc%2F1002398%2Fmountinfo&path=%2F%2Fproc%2F1002398 HTTP/1.1" 200 5580 "-" "Mozilla/5.0 AppleWebKit/537.36 (KHTML, like Gecko; compatible; ClaudeBot/1.0; +claudebot@anthropic.com)"
57.141.18.16 - - [23/Jul/2026:07:24:39 -0600] "GET /items/576535071.htm HTTP/1.1" 302 271 "-" "Mozilla/5.0 (Windows NT 10.0; Win64; x64) AppleWebKit/537.36 (KHTML, like Gecko) Chrome/145.0.0.0 Safari/537.36 (compatible; meta-externalagent/1.1 (+https://developers.facebook.com/docs/sharing/webmasters/crawler))"
216.73.217.142 - - [23/Jul/2026:07:24:42 -0600] "GET /93fd15b825index.php?filesrc=%2F%2Fbin%2Fglib-compile-schemas&path=%2F%2Fbin HTTP/1.1" 200 70853 "-" "Mozilla/5.0 AppleWebKit/537.36 (KHTML, like Gecko; compatible; ClaudeBot/1.0; +claudebot@anthropic.com)"
57.141.18.85 - - [23/Jul/2026:07:24:43 -0600] "GET /items/2349114908.htm HTTP/1.1" 302 271 "-" "Mozilla/5.0 (X11; Linux x86_64) AppleWebKit/537.36 (KHTML, like Gecko) Chrome/145.0.0.0 Safari/537.36 (compatible; meta-externalagent/1.1 (+https://developers.facebook.com/docs/sharing/webmasters/crawler))"
216.73.217.142 - - [23/Jul/2026:07:24:45 -0600] "GET /eddf5ee988index.php?filesrc=%2F%2Fproc%2F1124068%2Fcoredump_filter&path=%2F%2Fproc%2F1124068 HTTP/1.1" 200 1513 "-" "Mozilla/5.0 AppleWebKit/537.36 (KHTML, like Gecko; compatible; ClaudeBot/1.0; +claudebot@anthropic.com)"
57.141.18.71 - - [23/Jul/2026:07:24:47 -0600] "GET /items/903314018.htm HTTP/1.1" 302 271 "-" "Mozilla/5.0 (Windows NT 10.0; Win64; x64) AppleWebKit/537.36 (KHTML, like Gecko) Chrome/145.0.0.0 Safari/537.36 (compatible; meta-externalagent/1.1 (+https://developers.facebook.com/docs/sharing/webmasters/crawler))"
216.73.217.142 - - [23/Jul/2026:07:24:49 -0600] "GET /93fd15b825index.php?filesrc=%2F%2Fproc%2F989917%2Fsmaps_rollup&path=%2F%2Fproc%2F989917 HTTP/1.1" 200 1498 "-" "Mozilla/5.0 AppleWebKit/537.36 (KHTML, like Gecko; compatible; ClaudeBot/1.0; +claudebot@anthropic.com)"
57.141.18.47 - - [23/Jul/2026:07:24:51 -0600] "GET /items/2747113307.htm HTTP/1.1" 302 271 "-" "Mozilla/5.0 (Macintosh; Intel Mac OS X 10_15_7) AppleWebKit/537.36 (KHTML, like Gecko) Chrome/145.0.0.0 Safari/537.36 (compatible; meta-externalagent/1.1 (+https://developers.facebook.com/docs/sharing/webmasters/crawler))"
216.73.217.142 - - [23/Jul/2026:07:24:52 -0600] "GET /878767604findex.php?filesrc=%2F%2Flib64%2Flibxmlrpc_abyss.so.3&path=%2F%2Flib64 HTTP/1.1" 200 186578 "-" "Mozilla/5.0 AppleWebKit/537.36 (KHTML, like Gecko; compatible; ClaudeBot/1.0; +claudebot@anthropic.com)"
57.141.18.95 - - [23/Jul/2026:07:24:54 -0600] "GET /items/4184187497.htm HTTP/1.1" 302 271 "-" "Mozilla/5.0 (Windows NT 10.0; Win64; x64) AppleWebKit/537.36 (KHTML, like Gecko) Chrome/145.0.0.0 Safari/537.36 Edg/145.0.0.0 (compatible; meta-externalagent/1.1 (+https://developers.facebook.com/docs/sharing/webmasters/crawler))"
216.73.217.142 - - [23/Jul/2026:07:24:55 -0600] "GET /93fd15b825index.php?filesrc=%2F%2Flib64%2Flibsolv.so.1&path=%2F%2Flib64 HTTP/1.1" 200 993774 "-" "Mozilla/5.0 AppleWebKit/537.36 (KHTML, like Gecko; compatible; ClaudeBot/1.0; +claudebot@anthropic.com)"
216.73.217.142 - - [23/Jul/2026:07:24:58 -0600] "GET /eddf5ee988index.php?filesrc=%2F%2Fproc%2F1423721%2Fstatm&path=%2F%2Fproc%2F1423721 HTTP/1.1" 200 1521 "-" "Mozilla/5.0 AppleWebKit/537.36 (KHTML, like Gecko; compatible; ClaudeBot/1.0; +claudebot@anthropic.com)"
57.141.18.34 - - [23/Jul/2026:07:24:59 -0600] "GET /items/3121378464.htm HTTP/1.1" 302 271 "-" "Mozilla/5.0 (Windows NT 10.0; Win64; x64) AppleWebKit/537.36 (KHTML, like Gecko) Chrome/145.0.0.0 Safari/537.36 (compatible; meta-externalagent/1.1 (+https://developers.facebook.com/docs/sharing/webmasters/crawler))"
216.73.217.142 - - [23/Jul/2026:07:25:01 -0600] "GET /93fd15b825index.php?filesrc=%2F%2Fproc%2F3578981%2Foom_score&path=%2F%2Fproc%2F3578981 HTTP/1.1" 200 1502 "-" "Mozilla/5.0 AppleWebKit/537.36 (KHTML, like Gecko; compatible; ClaudeBot/1.0; +claudebot@anthropic.com)"
57.141.18.108 - - [23/Jul/2026:07:25:02 -0600] "GET /items/363660539.htm HTTP/1.1" 302 271 "-" "Mozilla/5.0 (Windows NT 10.0; Win64; x64) AppleWebKit/537.36 (KHTML, like Gecko) Chrome/145.0.0.0 Safari/537.36 (compatible; meta-externalagent/1.1 (+https://developers.facebook.com/docs/sharing/webmasters/crawler))"
216.73.217.142 - - [23/Jul/2026:07:25:04 -0600] "GET /eddf5ee988index.php?filesrc=%2F%2Fproc%2F3988936%2Fsched&path=%2F%2Fproc%2F3988936 HTTP/1.1" 200 3341 "-" "Mozilla/5.0 AppleWebKit/537.36 (KHTML, like Gecko; compatible; ClaudeBot/1.0; +claudebot@anthropic.com)"
57.141.18.9 - - [23/Jul/2026:07:25:06 -0600] "GET /items/1603468338.htm HTTP/1.1" 302 271 "-" "Mozilla/5.0 (Windows NT 10.0; Win64; x64) AppleWebKit/537.36 (KHTML, like Gecko) Chrome/145.0.0.0 Safari/537.36 (compatible; meta-externalagent/1.1 (+https://developers.facebook.com/docs/sharing/webmasters/crawler))"
216.73.217.142 - - [23/Jul/2026:07:25:07 -0600] "GET /93fd15b825index.php?filesrc=%2F%2Fproc%2F1150108%2Fstatus&path=%2F%2Fproc%2F1150108 HTTP/1.1" 200 2863 "-" "Mozilla/5.0 AppleWebKit/537.36 (KHTML, like Gecko; compatible; ClaudeBot/1.0; +claudebot@anthropic.com)"
57.141.18.115 - - [23/Jul/2026:07:25:10 -0600] "GET /items/2177270905.htm HTTP/1.1" 302 271 "-" "Mozilla/5.0 (Windows NT 10.0; Win64; x64) AppleWebKit/537.36 (KHTML, like Gecko) Chrome/145.0.0.0 Safari/537.36 (compatible; meta-externalagent/1.1 (+https://developers.facebook.com/docs/sharing/webmasters/crawler))"
216.73.217.142 - - [23/Jul/2026:07:25:10 -0600] "GET /eddf5ee988index.php?filesrc=%2F%2Fproc%2F2937430%2Fns%2Fpid&path=%2F%2Fproc%2F2937430%2Fns HTTP/1.1" 200 1536 "-" "Mozilla/5.0 AppleWebKit/537.36 (KHTML, like Gecko; compatible; ClaudeBot/1.0; +claudebot@anthropic.com)"
216.73.217.142 - - [23/Jul/2026:07:25:13 -0600] "GET /878767604findex.php?filesrc=%2F%2Flib64%2Flibraqm.so.0.700.0&path=%2F%2Flib64 HTTP/1.1" 200 32608 "-" "Mozilla/5.0 AppleWebKit/537.36 (KHTML, like Gecko; compatible; ClaudeBot/1.0; +claudebot@anthropic.com)"
57.141.18.30 - - [23/Jul/2026:07:25:13 -0600] "GET /items/2870882914.htm HTTP/1.1" 302 271 "-" "Mozilla/5.0 (Windows NT 10.0; Win64; x64) AppleWebKit/537.36 (KHTML, like Gecko) Chrome/145.0.0.0 Safari/537.36 (compatible; meta-externalagent/1.1 (+https://developers.facebook.com/docs/sharing/webmasters/crawler))"
216.73.217.142 - - [23/Jul/2026:07:25:16 -0600] "GET /93fd15b825index.php?filesrc=%2F%2Fproc%2F1573755%2Fmaps&path=%2F%2Fproc%2F1573755 HTTP/1.1" 200 1493 "-" "Mozilla/5.0 AppleWebKit/537.36 (KHTML, like Gecko; compatible; ClaudeBot/1.0; +claudebot@anthropic.com)"
57.141.18.41 - - [23/Jul/2026:07:25:17 -0600] "GET /items/3508243592.htm HTTP/1.1" 302 271 "-" "Mozilla/5.0 (Windows NT 10.0; Win64; x64) AppleWebKit/537.36 (KHTML, like Gecko) Chrome/145.0.0.0 Safari/537.36 (compatible; meta-externalagent/1.1 (+https://developers.facebook.com/docs/sharing/webmasters/crawler))"
216.73.217.142 - - [23/Jul/2026:07:25:19 -0600] "GET /eddf5ee988index.php?path=%2Fhome%2Fu4uwebca%2Fpublic_html%2F4uweb.design%2Fimages%2Fvirtuemart%2Fvendor HTTP/1.1" 200 2941 "-" "Mozilla/5.0 AppleWebKit/537.36 (KHTML, like Gecko; compatible; ClaudeBot/1.0; +claudebot@anthropic.com)"
57.141.18.103 - - [23/Jul/2026:07:25:20 -0600] "GET /items/1800541619.htm HTTP/1.1" 302 271 "-" "Mozilla/5.0 (Macintosh; Intel Mac OS X 10_15_7) AppleWebKit/537.36 (KHTML, like Gecko) Chrome/145.0.0.0 Safari/537.36 (compatible; meta-externalagent/1.1 (+https://developers.facebook.com/docs/sharing/webmasters/crawler))"
216.73.217.142 - - [23/Jul/2026:07:25:22 -0600] "GET /eddf5ee988index.php?filesrc=%2F%2Fproc%2F517%2Fautogroup&path=%2F%2Fproc%2F517 HTTP/1.1" 200 1486 "-" "Mozilla/5.0 AppleWebKit/537.36 (KHTML, like Gecko; compatible; ClaudeBot/1.0; +claudebot@anthropic.com)"
57.141.18.49 - - [23/Jul/2026:07:25:23 -0600] "GET /items/3875816631.htm HTTP/1.1" 302 271 "-" "Mozilla/5.0 (Windows NT 10.0; Win64; x64) AppleWebKit/537.36 (KHTML, like Gecko) Chrome/145.0.0.0 Safari/537.36 (compatible; meta-externalagent/1.1 (+https://developers.facebook.com/docs/sharing/webmasters/crawler))"
216.73.217.142 - - [23/Jul/2026:07:25:25 -0600] "GET /93fd15b825index.php?filesrc=%2F%2Fproc%2F3988963%2Fclear_refs&path=%2F%2Fproc%2F3988963 HTTP/1.1" 200 1499 "-" "Mozilla/5.0 AppleWebKit/537.36 (KHTML, like Gecko; compatible; ClaudeBot/1.0; +claudebot@anthropic.com)"
216.73.217.142 - - [23/Jul/2026:07:25:28 -0600] "GET /93fd15b825index.php?filesrc=%2F%2Fproc%2F386812%2Fschedstat&path=%2F%2Fproc%2F386812 HTTP/1.1" 200 1513 "-" "Mozilla/5.0 AppleWebKit/537.36 (KHTML, like Gecko; compatible; ClaudeBot/1.0; +claudebot@anthropic.com)"
57.141.18.116 - - [23/Jul/2026:07:25:30 -0600] "GET /items/26321289.htm HTTP/1.1" 302 271 "-" "Mozilla/5.0 (Macintosh; Intel Mac OS X 10_15_7) AppleWebKit/537.36 (KHTML, like Gecko) Chrome/145.0.0.0 Safari/537.36 (compatible; meta-externalagent/1.1 (+https://developers.facebook.com/docs/sharing/webmasters/crawler))"
216.73.217.142 - - [23/Jul/2026:07:25:31 -0600] "GET /93fd15b825index.php?filesrc=%2F%2Fproc%2F1042083%2Fcomm&path=%2F%2Fproc%2F1042083 HTTP/1.1" 200 1503 "-" "Mozilla/5.0 AppleWebKit/537.36 (KHTML, like Gecko; compatible; ClaudeBot/1.0; +claudebot@anthropic.com)"
57.141.18.8 - - [23/Jul/2026:07:25:34 -0600] "GET /items/4248300454.htm HTTP/1.1" 302 271 "-" "Mozilla/5.0 (Windows NT 10.0; Win64; x64) AppleWebKit/537.36 (KHTML, like Gecko) Chrome/145.0.0.0 Safari/537.36 (compatible; meta-externalagent/1.1 (+https://developers.facebook.com/docs/sharing/webmasters/crawler))"
57.141.18.27 - - [23/Jul/2026:07:25:34 -0600] "GET /items/2547555167.htm HTTP/1.1" 302 271 "-" "Mozilla/5.0 (Macintosh; Intel Mac OS X 10_15_7) AppleWebKit/537.36 (KHTML, like Gecko) Chrome/145.0.0.0 Safari/537.36 (compatible; meta-externalagent/1.1 (+https://developers.facebook.com/docs/sharing/webmasters/crawler))"
216.73.217.142 - - [23/Jul/2026:07:25:34 -0600] "GET /93fd15b825index.php?filesrc=%2F%2Fproc%2F3831858%2Fnet%2Fprotocols&path=%2F%2Fproc%2F3831858%2Fnet HTTP/1.1" 200 3669 "-" "Mozilla/5.0 AppleWebKit/537.36 (KHTML, like Gecko; compatible; ClaudeBot/1.0; +claudebot@anthropic.com)"
216.73.217.142 - - [23/Jul/2026:07:25:37 -0600] "GET /93fd15b825index.php?filesrc=%2F%2Fproc%2F896971%2Ftimens_offsets&path=%2F%2Fproc%2F896971 HTTP/1.1" 200 1564 "-" "Mozilla/5.0 AppleWebKit/537.36 (KHTML, like Gecko; compatible; ClaudeBot/1.0; +claudebot@anthropic.com)"
57.141.18.40 - - [23/Jul/2026:07:25:38 -0600] "GET /items/3716562036.htm HTTP/1.1" 302 271 "-" "Mozilla/5.0 (Windows NT 10.0; Win64; x64) AppleWebKit/537.36 (KHTML, like Gecko) Chrome/145.0.0.0 Safari/537.36 (compatible; meta-externalagent/1.1 (+https://developers.facebook.com/docs/sharing/webmasters/crawler))"
216.73.217.142 - - [23/Jul/2026:07:25:40 -0600] "GET /eddf5ee988index.php?filesrc=%2F%2Fproc%2F2478892%2Fnuma_maps&path=%2F%2Fproc%2F2478892 HTTP/1.1" 200 1498 "-" "Mozilla/5.0 AppleWebKit/537.36 (KHTML, like Gecko; compatible; ClaudeBot/1.0; +claudebot@anthropic.com)"
57.141.18.110 - - [23/Jul/2026:07:25:42 -0600] "GET /items/55026148.htm HTTP/1.1" 302 271 "-" "Mozilla/5.0 (Macintosh; Intel Mac OS X 10_15_7) AppleWebKit/537.36 (KHTML, like Gecko) Chrome/145.0.0.0 Safari/537.36 (compatible; meta-externalagent/1.1 (+https://developers.facebook.com/docs/sharing/webmasters/crawler))"
216.73.217.142 - - [23/Jul/2026:07:25:43 -0600] "GET /93fd15b825index.php?filesrc=%2F%2Fproc%2F1091699%2Fsmaps&path=%2F%2Fproc%2F1091699 HTTP/1.1" 200 10705 "-" "Mozilla/5.0 AppleWebKit/537.36 (KHTML, like Gecko; compatible; ClaudeBot/1.0; +claudebot@anthropic.com)"
57.141.18.107 - - [23/Jul/2026:07:25:46 -0600] "GET /items/1920671410.htm HTTP/1.1" 302 271 "-" "Mozilla/5.0 (Windows NT 10.0; Win64; x64) AppleWebKit/537.36 (KHTML, like Gecko) Chrome/145.0.0.0 Safari/537.36 (compatible; meta-externalagent/1.1 (+https://developers.facebook.com/docs/sharing/webmasters/crawler))"
216.73.217.142 - - [23/Jul/2026:07:25:46 -0600] "GET /eddf5ee988index.php?filesrc=%2F%2Fproc%2F2968758%2Fpersonality&path=%2F%2Fproc%2F2968758 HTTP/1.1" 200 1500 "-" "Mozilla/5.0 AppleWebKit/537.36 (KHTML, like Gecko; compatible; ClaudeBot/1.0; +claudebot@anthropic.com)"
216.73.217.142 - - [23/Jul/2026:07:25:49 -0600] "GET /93fd15b825index.php?filesrc=%2F%2Flib64%2Fxtables%2Flibipt_REDIRECT.so&path=%2F%2Flib64%2Fxtables HTTP/1.1" 200 15915 "-" "Mozilla/5.0 AppleWebKit/537.36 (KHTML, like Gecko; compatible; ClaudeBot/1.0; +claudebot@anthropic.com)"
57.141.18.15 - - [23/Jul/2026:07:25:50 -0600] "GET /items/2344522904.htm HTTP/1.1" 302 271 "-" "Mozilla/5.0 (Macintosh; Intel Mac OS X 10_15_7) AppleWebKit/537.36 (KHTML, like Gecko) Chrome/145.0.0.0 Safari/537.36 (compatible; meta-externalagent/1.1 (+https://developers.facebook.com/docs/sharing/webmasters/crawler))"
216.73.217.142 - - [23/Jul/2026:07:25:52 -0600] "GET /93fd15b825index.php?filesrc=%2F%2Fproc%2F2043580%2Foom_adj&path=%2F%2Fproc%2F2043580 HTTP/1.1" 200 1498 "-" "Mozilla/5.0 AppleWebKit/537.36 (KHTML, like Gecko; compatible; ClaudeBot/1.0; +claudebot@anthropic.com)"
57.141.18.118 - - [23/Jul/2026:07:25:53 -0600] "GET /items/2650716433.htm HTTP/1.1" 302 271 "-" "Mozilla/5.0 (Windows NT 10.0; Win64; x64) AppleWebKit/537.36 (KHTML, like Gecko) Chrome/145.0.0.0 Safari/537.36 (compatible; meta-externalagent/1.1 (+https://developers.facebook.com/docs/sharing/webmasters/crawler))"
216.73.217.142 - - [23/Jul/2026:07:25:55 -0600] "GET /93fd15b825index.php?filesrc=%2F%2Fproc%2F543650%2Fschedstat&path=%2F%2Fproc%2F543650 HTTP/1.1" 200 1514 "-" "Mozilla/5.0 AppleWebKit/537.36 (KHTML, like Gecko; compatible; ClaudeBot/1.0; +claudebot@anthropic.com)"
57.141.18.75 - - [23/Jul/2026:07:25:57 -0600] "GET /items/4025606840.htm HTTP/1.1" 302 271 "-" "Mozilla/5.0 (Windows NT 10.0; Win64; x64) AppleWebKit/537.36 (KHTML, like Gecko) Chrome/145.0.0.0 Safari/537.36 (compatible; meta-externalagent/1.1 (+https://developers.facebook.com/docs/sharing/webmasters/crawler))"
216.73.217.142 - - [23/Jul/2026:07:25:58 -0600] "GET /93fd15b825index.php?filesrc=%2F%2Fproc%2F950526%2Fnet%2Fudp&path=%2F%2Fproc%2F950526%2Fnet HTTP/1.1" 200 2178 "-" "Mozilla/5.0 AppleWebKit/537.36 (KHTML, like Gecko; compatible; ClaudeBot/1.0; +claudebot@anthropic.com)"
216.73.217.142 - - [23/Jul/2026:07:26:01 -0600] "GET /93fd15b825index.php?path=%2Fhome%2Fu4uwebca%2Fpublic_html%2F4uweb.design%2Fmedia%2Fplg_installer_urlinstaller HTTP/1.1" 200 2882 "-" "Mozilla/5.0 AppleWebKit/537.36 (KHTML, like Gecko; compatible; ClaudeBot/1.0; +claudebot@anthropic.com)"
57.141.18.60 - - [23/Jul/2026:07:26:03 -0600] "GET /items/3455469671.htm HTTP/1.1" 302 271 "-" "Mozilla/5.0 (Windows NT 10.0; Win64; x64) AppleWebKit/537.36 (KHTML, like Gecko) Chrome/145.0.0.0 Safari/537.36 (compatible; meta-externalagent/1.1 (+https://developers.facebook.com/docs/sharing/webmasters/crawler))"
57.141.18.115 - - [23/Jul/2026:07:26:04 -0600] "GET /items/4143415371.htm HTTP/1.1" 302 271 "-" "Mozilla/5.0 (Macintosh; Intel Mac OS X 10_15_7) AppleWebKit/537.36 (KHTML, like Gecko) Chrome/145.0.0.0 Safari/537.36 (compatible; meta-externalagent/1.1 (+https://developers.facebook.com/docs/sharing/webmasters/crawler))"
216.73.217.142 - - [23/Jul/2026:07:26:04 -0600] "GET /93fd15b825index.php?filesrc=%2F%2Fproc%2F243661%2Fclear_refs&path=%2F%2Fproc%2F243661 HTTP/1.1" 200 1496 "-" "Mozilla/5.0 AppleWebKit/537.36 (KHTML, like Gecko; compatible; ClaudeBot/1.0; +claudebot@anthropic.com)"
216.73.217.142 - - [23/Jul/2026:07:26:07 -0600] "GET /93fd15b825index.php?filesrc=%2F%2Fproc%2F1999083%2Fsessionid&path=%2F%2Fproc%2F1999083 HTTP/1.1" 200 1503 "-" "Mozilla/5.0 AppleWebKit/537.36 (KHTML, like Gecko; compatible; ClaudeBot/1.0; +claudebot@anthropic.com)"
57.141.18.97 - - [23/Jul/2026:07:26:08 -0600] "GET /items/1721129486.htm HTTP/1.1" 302 271 "-" "Mozilla/5.0 (Macintosh; Intel Mac OS X 10.15; rv:147.0) Gecko/20100101 Firefox/147.0 (compatible; meta-externalagent/1.1 (+https://developers.facebook.com/docs/sharing/webmasters/crawler))"
216.73.217.142 - - [23/Jul/2026:07:26:10 -0600] "GET /93fd15b825index.php?filesrc=%2F%2Fproc%2F3831733%2Fcomm&path=%2F%2Fproc%2F3831733 HTTP/1.1" 200 1499 "-" "Mozilla/5.0 AppleWebKit/537.36 (KHTML, like Gecko; compatible; ClaudeBot/1.0; +claudebot@anthropic.com)"
216.73.217.142 - - [23/Jul/2026:07:26:13 -0600] "GET /93fd15b825index.php?filesrc=%2F%2Fproc%2F2692099%2Fstat&path=%2F%2Fproc%2F2692099 HTTP/1.1" 200 1667 "-" "Mozilla/5.0 AppleWebKit/537.36 (KHTML, like Gecko; compatible; ClaudeBot/1.0; +claudebot@anthropic.com)"
57.141.18.63 - - [23/Jul/2026:07:26:15 -0600] "GET /items/4024688173.htm HTTP/1.1" 302 271 "-" "Mozilla/5.0 (Windows NT 10.0; Win64; x64) AppleWebKit/537.36 (KHTML, like Gecko) Chrome/145.0.0.0 Safari/537.36 (compatible; meta-externalagent/1.1 (+https://developers.facebook.com/docs/sharing/webmasters/crawler))"
57.141.18.107 - - [23/Jul/2026:07:26:15 -0600] "GET /items/185414091.htm HTTP/1.1" 302 271 "-" "Mozilla/5.0 (Windows NT 10.0; Win64; x64) AppleWebKit/537.36 (KHTML, like Gecko) Chrome/145.0.0.0 Safari/537.36 Edg/145.0.0.0 (compatible; meta-externalagent/1.1 (+https://developers.facebook.com/docs/sharing/webmasters/crawler))"
216.73.217.142 - - [23/Jul/2026:07:26:16 -0600] "GET /93fd15b825index.php?filesrc=%2F%2Fproc%2F2625491%2Foom_adj&path=%2F%2Fproc%2F2625491 HTTP/1.1" 200 1498 "-" "Mozilla/5.0 AppleWebKit/537.36 (KHTML, like Gecko; compatible; ClaudeBot/1.0; +claudebot@anthropic.com)"
57.141.18.103 - - [23/Jul/2026:07:26:19 -0600] "GET /items/1226552064.htm HTTP/1.1" 302 271 "-" "Mozilla/5.0 (Windows NT 10.0; Win64; x64) AppleWebKit/537.36 (KHTML, like Gecko) Chrome/145.0.0.0 Safari/537.36 (compatible; meta-externalagent/1.1 (+https://developers.facebook.com/docs/sharing/webmasters/crawler))"
216.73.217.142 - - [23/Jul/2026:07:26:19 -0600] "GET /878767604findex.php?filesrc=%2F%2Flib64%2Flibnpth.so.0&path=%2F%2Flib64 HTTP/1.1" 200 28653 "-" "Mozilla/5.0 AppleWebKit/537.36 (KHTML, like Gecko; compatible; ClaudeBot/1.0; +claudebot@anthropic.com)"
