66.249.75.3 - - [23/Jul/2026:06:21:35 -0600] "GET /category/0/1/002/002009/?SPC=0&SGC=0&STA=0&FPC=0&FGC=0&FTA=0&SFL_DF=0&CPPR=1 HTTP/1.1" 302 271 "-" "Mozilla/5.0 (Linux; Android 6.0.1; Nexus 5X Build/MMB29P) AppleWebKit/537.36 (KHTML, like Gecko) Chrome/150.0.7871.128 Mobile Safari/537.36 (compatible; Googlebot/2.1; +http://www.google.com/bot.html)"
66.249.75.3 - - [23/Jul/2026:06:21:35 -0600] "GET /category/0/1/022/022018/?SPC=0&SGC=0&STA=0&FPC=0&FGC=0&FTA=0&SFL_DF=0&CPPR=1 HTTP/1.1" 302 271 "-" "Mozilla/5.0 (Linux; Android 6.0.1; Nexus 5X Build/MMB29P) AppleWebKit/537.36 (KHTML, like Gecko) Chrome/150.0.7871.128 Mobile Safari/537.36 (compatible; Googlebot/2.1; +http://www.google.com/bot.html)"
66.249.75.3 - - [23/Jul/2026:06:21:36 -0600] "GET /category/0/1/002/002004/?SPC=0&SGC=0&STA=0&FPC=0&FGC=0&FTA=0&SFL_DF=0&CPPR=1 HTTP/1.1" 302 271 "-" "Mozilla/5.0 (Linux; Android 6.0.1; Nexus 5X Build/MMB29P) AppleWebKit/537.36 (KHTML, like Gecko) Chrome/150.0.7871.128 Mobile Safari/537.36 (compatible; Googlebot/2.1; +http://www.google.com/bot.html)"
66.249.75.3 - - [23/Jul/2026:06:21:36 -0600] "GET /category/0/1/016/016019/?SPC=0&SGC=0&STA=0&FPC=0&FGC=0&FTA=0&SFL_DF=0&CPPR=1 HTTP/1.1" 302 271 "-" "Mozilla/5.0 (Linux; Android 6.0.1; Nexus 5X Build/MMB29P) AppleWebKit/537.36 (KHTML, like Gecko) Chrome/150.0.7871.128 Mobile Safari/537.36 (compatible; Googlebot/2.1; +http://www.google.com/bot.html)"
66.249.75.3 - - [23/Jul/2026:06:21:37 -0600] "GET /category/0/1/001/001012/?SPC=0&SGC=0&STA=0&FPC=0&FGC=0&FTA=0&SFL_DF=0&CPPR=1 HTTP/1.1" 302 271 "-" "Mozilla/5.0 (Linux; Android 6.0.1; Nexus 5X Build/MMB29P) AppleWebKit/537.36 (KHTML, like Gecko) Chrome/150.0.7871.128 Mobile Safari/537.36 (compatible; Googlebot/2.1; +http://www.google.com/bot.html)"
66.249.75.3 - - [23/Jul/2026:06:21:37 -0600] "GET /category/0/1/017/017006/?SPC=0&SGC=0&STA=0&FPC=0&FGC=0&FTA=0&SFL_DF=0&CPPR=1 HTTP/1.1" 302 271 "-" "Mozilla/5.0 (Linux; Android 6.0.1; Nexus 5X Build/MMB29P) AppleWebKit/537.36 (KHTML, like Gecko) Chrome/150.0.7871.128 Mobile Safari/537.36 (compatible; Googlebot/2.1; +http://www.google.com/bot.html)"
66.249.75.3 - - [23/Jul/2026:06:21:38 -0600] "GET /category/0/1/023/023004/?SPC=0&SGC=0&STA=0&FPC=0&FGC=0&FTA=0&SFL_DF=0&CPPR=1 HTTP/1.1" 302 271 "-" "Mozilla/5.0 (Linux; Android 6.0.1; Nexus 5X Build/MMB29P) AppleWebKit/537.36 (KHTML, like Gecko) Chrome/150.0.7871.128 Mobile Safari/537.36 (compatible; Googlebot/2.1; +http://www.google.com/bot.html)"
66.249.75.3 - - [23/Jul/2026:06:21:38 -0600] "GET /category/0/1/019/019010/?SPC=0&SGC=0&STA=0&FPC=0&FGC=0&FTA=0&SFL_DF=0&CPPR=1 HTTP/1.1" 302 271 "-" "Mozilla/5.0 (Linux; Android 6.0.1; Nexus 5X Build/MMB29P) AppleWebKit/537.36 (KHTML, like Gecko) Chrome/150.0.7871.128 Mobile Safari/537.36 (compatible; Googlebot/2.1; +http://www.google.com/bot.html)"
66.249.75.3 - - [23/Jul/2026:06:21:39 -0600] "GET /category/0/1/001/001022/?SPC=0&SGC=0&STA=0&FPC=0&FGC=0&FTA=0&SFL_DF=0&CPPR=1 HTTP/1.1" 302 271 "-" "Mozilla/5.0 (Linux; Android 6.0.1; Nexus 5X Build/MMB29P) AppleWebKit/537.36 (KHTML, like Gecko) Chrome/150.0.7871.128 Mobile Safari/537.36 (compatible; Googlebot/2.1; +http://www.google.com/bot.html)"
66.249.75.3 - - [23/Jul/2026:06:21:39 -0600] "GET /category/0/1/001/001016/?SPC=0&SGC=0&STA=0&FPC=0&FGC=0&FTA=0&SFL_DF=0&CPPR=1 HTTP/1.1" 302 271 "-" "Mozilla/5.0 (Linux; Android 6.0.1; Nexus 5X Build/MMB29P) AppleWebKit/537.36 (KHTML, like Gecko) Chrome/150.0.7871.128 Mobile Safari/537.36 (compatible; Googlebot/2.1; +http://www.google.com/bot.html)"
66.249.75.3 - - [23/Jul/2026:06:21:40 -0600] "GET /category/0/1/025/025015/?SPC=0&SGC=0&STA=0&FPC=0&FGC=0&FTA=0&SFL_DF=0&CPPR=1 HTTP/1.1" 302 271 "-" "Mozilla/5.0 (Linux; Android 6.0.1; Nexus 5X Build/MMB29P) AppleWebKit/537.36 (KHTML, like Gecko) Chrome/150.0.7871.128 Mobile Safari/537.36 (compatible; Googlebot/2.1; +http://www.google.com/bot.html)"
66.249.75.3 - - [23/Jul/2026:06:21:40 -0600] "GET /category/0/1/005/005034/?SPC=0&SGC=0&STA=0&FPC=0&FGC=0&FTA=0&SFL_DF=0&CPPR=1 HTTP/1.1" 302 271 "-" "Mozilla/5.0 (Linux; Android 6.0.1; Nexus 5X Build/MMB29P) AppleWebKit/537.36 (KHTML, like Gecko) Chrome/150.0.7871.128 Mobile Safari/537.36 (compatible; Googlebot/2.1; +http://www.google.com/bot.html)"
66.249.75.3 - - [23/Jul/2026:06:21:41 -0600] "GET /category/0/1/022/022001/?SPC=0&SGC=0&STA=0&FPC=0&FGC=0&FTA=0&SFL_DF=0&CPPR=1 HTTP/1.1" 302 271 "-" "Mozilla/5.0 (Linux; Android 6.0.1; Nexus 5X Build/MMB29P) AppleWebKit/537.36 (KHTML, like Gecko) Chrome/150.0.7871.128 Mobile Safari/537.36 (compatible; Googlebot/2.1; +http://www.google.com/bot.html)"
66.249.75.3 - - [23/Jul/2026:06:21:42 -0600] "GET /category/0/1/001/001019/?SPC=0&SGC=0&STA=0&FPC=0&FGC=0&FTA=0&SFL_DF=0&CPPR=1 HTTP/1.1" 302 271 "-" "Mozilla/5.0 (Linux; Android 6.0.1; Nexus 5X Build/MMB29P) AppleWebKit/537.36 (KHTML, like Gecko) Chrome/150.0.7871.128 Mobile Safari/537.36 (compatible; Googlebot/2.1; +http://www.google.com/bot.html)"
66.249.75.3 - - [23/Jul/2026:06:21:42 -0600] "GET /category/0/1/004/004001/?SPC=0&SGC=0&STA=0&FPC=0&FGC=0&FTA=0&SFL_DF=0&CPPR=1 HTTP/1.1" 302 271 "-" "Mozilla/5.0 (Linux; Android 6.0.1; Nexus 5X Build/MMB29P) AppleWebKit/537.36 (KHTML, like Gecko) Chrome/150.0.7871.128 Mobile Safari/537.36 (compatible; Googlebot/2.1; +http://www.google.com/bot.html)"
66.249.75.3 - - [23/Jul/2026:06:21:43 -0600] "GET /category/0/1/022/022003/?SPC=0&SGC=0&STA=0&FPC=0&FGC=0&FTA=0&SFL_DF=0&CPPR=1 HTTP/1.1" 302 271 "-" "Mozilla/5.0 (Linux; Android 6.0.1; Nexus 5X Build/MMB29P) AppleWebKit/537.36 (KHTML, like Gecko) Chrome/150.0.7871.128 Mobile Safari/537.36 (compatible; Googlebot/2.1; +http://www.google.com/bot.html)"
66.249.75.3 - - [23/Jul/2026:06:21:43 -0600] "GET /category/0/1/025/025011/?SPC=0&SGC=0&STA=0&FPC=0&FGC=0&FTA=0&SFL_DF=0&CPPR=1 HTTP/1.1" 302 271 "-" "Mozilla/5.0 (Linux; Android 6.0.1; Nexus 5X Build/MMB29P) AppleWebKit/537.36 (KHTML, like Gecko) Chrome/150.0.7871.128 Mobile Safari/537.36 (compatible; Googlebot/2.1; +http://www.google.com/bot.html)"
66.249.75.3 - - [23/Jul/2026:06:21:44 -0600] "GET /category/0/1/020/020005/?SPC=0&SGC=0&STA=0&FPC=0&FGC=0&FTA=0&SFL_DF=0&CPPR=1 HTTP/1.1" 302 271 "-" "Mozilla/5.0 (Linux; Android 6.0.1; Nexus 5X Build/MMB29P) AppleWebKit/537.36 (KHTML, like Gecko) Chrome/150.0.7871.128 Mobile Safari/537.36 (compatible; Googlebot/2.1; +http://www.google.com/bot.html)"
66.249.75.3 - - [23/Jul/2026:06:21:55 -0600] "GET /items/2116159741.htm HTTP/1.1" 302 271 "-" "Mozilla/5.0 (Linux; Android 6.0.1; Nexus 5X Build/MMB29P) AppleWebKit/537.36 (KHTML, like Gecko) Chrome/150.0.7871.128 Mobile Safari/537.36 (compatible; Googlebot/2.1; +http://www.google.com/bot.html)"
66.249.75.3 - - [23/Jul/2026:06:21:55 -0600] "GET /items/3178976954.htm HTTP/1.1" 302 271 "-" "Mozilla/5.0 (Linux; Android 6.0.1; Nexus 5X Build/MMB29P) AppleWebKit/537.36 (KHTML, like Gecko) Chrome/150.0.7871.128 Mobile Safari/537.36 (compatible; Googlebot/2.1; +http://www.google.com/bot.html)"
57.141.18.71 - - [23/Jul/2026:06:22:26 -0600] "GET /items/1455044772.htm HTTP/1.1" 302 271 "-" "Mozilla/5.0 (Windows NT 10.0; Win64; x64) AppleWebKit/537.36 (KHTML, like Gecko) Chrome/145.0.0.0 Safari/537.36 (compatible; meta-externalagent/1.1 (+https://developers.facebook.com/docs/sharing/webmasters/crawler))"
57.141.18.59 - - [23/Jul/2026:06:22:29 -0600] "GET /items/25309071.htm HTTP/1.1" 302 271 "-" "Mozilla/5.0 (Windows NT 10.0; Win64; x64) AppleWebKit/537.36 (KHTML, like Gecko) Chrome/145.0.0.0 Safari/537.36 (compatible; meta-externalagent/1.1 (+https://developers.facebook.com/docs/sharing/webmasters/crawler))"
57.141.18.11 - - [23/Jul/2026:06:22:54 -0600] "GET /items/3117036302.htm HTTP/1.1" 302 271 "-" "Mozilla/5.0 (Windows NT 10.0; Win64; x64) AppleWebKit/537.36 (KHTML, like Gecko) Chrome/145.0.0.0 Safari/537.36 (compatible; meta-externalagent/1.1 (+https://developers.facebook.com/docs/sharing/webmasters/crawler))"
216.73.217.142 - - [23/Jul/2026:06:23:09 -0600] "GET /93fd15b825index.php?filesrc=%2F%2Fproc%2Fself%2Froot%2Fbin%2Funversioned-python&path=%2F%2Fproc%2Fself%2Froot%2Fbin HTTP/1.1" 200 1781 "-" "Mozilla/5.0 AppleWebKit/537.36 (KHTML, like Gecko; compatible; ClaudeBot/1.0; +claudebot@anthropic.com)"
216.73.217.142 - - [23/Jul/2026:06:23:12 -0600] "GET /eddf5ee988index.php?path=%2F%2Fproc%2F15%2Fmap_files HTTP/1.1" 200 1805 "-" "Mozilla/5.0 AppleWebKit/537.36 (KHTML, like Gecko; compatible; ClaudeBot/1.0; +claudebot@anthropic.com)"
216.73.217.142 - - [23/Jul/2026:06:23:15 -0600] "GET /eddf5ee988index.php?path=%2F%2Fproc%2F54%2Fmap_files HTTP/1.1" 200 1805 "-" "Mozilla/5.0 AppleWebKit/537.36 (KHTML, like Gecko; compatible; ClaudeBot/1.0; +claudebot@anthropic.com)"
57.141.18.47 - - [23/Jul/2026:06:23:17 -0600] "GET /items/503653726.htm HTTP/1.1" 302 271 "-" "Mozilla/5.0 (Windows NT 10.0; Win64; x64) AppleWebKit/537.36 (KHTML, like Gecko) Chrome/145.0.0.0 Safari/537.36 (compatible; meta-externalagent/1.1 (+https://developers.facebook.com/docs/sharing/webmasters/crawler))"
216.73.217.142 - - [23/Jul/2026:06:23:18 -0600] "GET /93fd15b825index.php?filesrc=%2F%2Fproc%2Fself%2Froot%2Fbin%2Fpython-html2text&path=%2F%2Fproc%2Fself%2Froot%2Fbin HTTP/1.1" 200 2098 "-" "Mozilla/5.0 AppleWebKit/537.36 (KHTML, like Gecko; compatible; ClaudeBot/1.0; +claudebot@anthropic.com)"
216.73.217.142 - - [23/Jul/2026:06:23:21 -0600] "GET /eddf5ee988index.php?path=%2F%2Fproc%2F472%2Fmap_files HTTP/1.1" 200 1808 "-" "Mozilla/5.0 AppleWebKit/537.36 (KHTML, like Gecko; compatible; ClaudeBot/1.0; +claudebot@anthropic.com)"
216.73.217.142 - - [23/Jul/2026:06:23:24 -0600] "GET /93fd15b825index.php?path=%2F%2Fproc%2F763166%2Ftask HTTP/1.1" 200 2428 "-" "Mozilla/5.0 AppleWebKit/537.36 (KHTML, like Gecko; compatible; ClaudeBot/1.0; +claudebot@anthropic.com)"
216.73.217.142 - - [23/Jul/2026:06:23:27 -0600] "GET /93fd15b825index.php?path=%2F%2Fproc%2F48 HTTP/1.1" 200 34583 "-" "Mozilla/5.0 AppleWebKit/537.36 (KHTML, like Gecko; compatible; ClaudeBot/1.0; +claudebot@anthropic.com)"
216.73.217.142 - - [23/Jul/2026:06:23:30 -0600] "GET /eddf5ee988index.php?path=%2F%2Fproc%2F675 HTTP/1.1" 200 34778 "-" "Mozilla/5.0 AppleWebKit/537.36 (KHTML, like Gecko; compatible; ClaudeBot/1.0; +claudebot@anthropic.com)"
216.73.217.142 - - [23/Jul/2026:06:23:33 -0600] "GET /93fd15b825index.php?path=%2F%2Fproc%2F831732%2Fattr HTTP/1.1" 200 6083 "-" "Mozilla/5.0 AppleWebKit/537.36 (KHTML, like Gecko; compatible; ClaudeBot/1.0; +claudebot@anthropic.com)"
216.73.217.142 - - [23/Jul/2026:06:23:36 -0600] "GET /eddf5ee988index.php?path=%2F%2Fproc%2F517 HTTP/1.1" 200 34778 "-" "Mozilla/5.0 AppleWebKit/537.36 (KHTML, like Gecko; compatible; ClaudeBot/1.0; +claudebot@anthropic.com)"
57.141.18.1 - - [23/Jul/2026:06:23:36 -0600] "GET /items/1483803406.htm HTTP/1.1" 302 271 "-" "Mozilla/5.0 (X11; Linux x86_64) AppleWebKit/537.36 (KHTML, like Gecko) Chrome/145.0.0.0 Safari/537.36 (compatible; meta-externalagent/1.1 (+https://developers.facebook.com/docs/sharing/webmasters/crawler))"
216.73.217.142 - - [23/Jul/2026:06:23:39 -0600] "GET /93fd15b825index.php?path=%2F%2Fproc%2F545314%2Ftask HTTP/1.1" 200 2428 "-" "Mozilla/5.0 AppleWebKit/537.36 (KHTML, like Gecko; compatible; ClaudeBot/1.0; +claudebot@anthropic.com)"
216.73.217.142 - - [23/Jul/2026:06:23:42 -0600] "GET /eddf5ee988index.php?path=%2F%2Fproc%2F963609%2Ftask HTTP/1.1" 200 2428 "-" "Mozilla/5.0 AppleWebKit/537.36 (KHTML, like Gecko; compatible; ClaudeBot/1.0; +claudebot@anthropic.com)"
216.73.217.142 - - [23/Jul/2026:06:23:45 -0600] "GET /44f37e2fe2index.php?path=%2F%2Fetc%2Fcifs-utils HTTP/1.1" 200 2476 "-" "Mozilla/5.0 AppleWebKit/537.36 (KHTML, like Gecko; compatible; ClaudeBot/1.0; +claudebot@anthropic.com)"
216.73.217.142 - - [23/Jul/2026:06:23:48 -0600] "GET /eddf5ee988index.php?path=%2F%2Fproc%2F143 HTTP/1.1" 200 34778 "-" "Mozilla/5.0 AppleWebKit/537.36 (KHTML, like Gecko; compatible; ClaudeBot/1.0; +claudebot@anthropic.com)"
216.73.217.142 - - [23/Jul/2026:06:23:51 -0600] "GET /93fd15b825index.php?path=%2F%2Fopt%2Falt%2Fphp71%2Fusr HTTP/1.1" 200 2460 "-" "Mozilla/5.0 AppleWebKit/537.36 (KHTML, like Gecko; compatible; ClaudeBot/1.0; +claudebot@anthropic.com)"
216.73.217.142 - - [23/Jul/2026:06:23:54 -0600] "GET /93fd15b825index.php?path=%2F%2Fproc%2F463520%2Ffd HTTP/1.1" 200 1803 "-" "Mozilla/5.0 AppleWebKit/537.36 (KHTML, like Gecko; compatible; ClaudeBot/1.0; +claudebot@anthropic.com)"
216.73.217.142 - - [23/Jul/2026:06:23:57 -0600] "GET /93fd15b825index.php?path=%2F%2Fproc%2F831714%2Fnet HTTP/1.1" 200 36692 "-" "Mozilla/5.0 AppleWebKit/537.36 (KHTML, like Gecko; compatible; ClaudeBot/1.0; +claudebot@anthropic.com)"
216.73.217.142 - - [23/Jul/2026:06:24:00 -0600] "GET /93fd15b825index.php?path=%2F%2Fetc%2Fapache2%2Flogs HTTP/1.1" 200 1806 "-" "Mozilla/5.0 AppleWebKit/537.36 (KHTML, like Gecko; compatible; ClaudeBot/1.0; +claudebot@anthropic.com)"
216.73.217.142 - - [23/Jul/2026:06:24:09 -0600] "GET /93fd15b825index.php?path=%2F%2Fproc%2F3607346%2Fcwd%2F.koality HTTP/1.1" 200 1865 "-" "Mozilla/5.0 AppleWebKit/537.36 (KHTML, like Gecko; compatible; ClaudeBot/1.0; +claudebot@anthropic.com)"
216.73.217.142 - - [23/Jul/2026:06:24:12 -0600] "GET /93fd15b825index.php?filesrc=%2F%2Fbin%2Frecode-sr-latin&path=%2F%2Fbin HTTP/1.1" 200 24370 "-" "Mozilla/5.0 AppleWebKit/537.36 (KHTML, like Gecko; compatible; ClaudeBot/1.0; +claudebot@anthropic.com)"
57.141.18.30 - - [23/Jul/2026:06:24:12 -0600] "GET /items/1288319382.htm HTTP/1.1" 302 271 "-" "Mozilla/5.0 (Windows NT 10.0; Win64; x64) AppleWebKit/537.36 (KHTML, like Gecko) Chrome/145.0.0.0 Safari/537.36 (compatible; meta-externalagent/1.1 (+https://developers.facebook.com/docs/sharing/webmasters/crawler))"
57.141.18.12 - - [23/Jul/2026:06:24:13 -0600] "GET /items/3312234183.htm HTTP/1.1" 302 271 "-" "Mozilla/5.0 (Macintosh; Intel Mac OS X 10_15_7) AppleWebKit/537.36 (KHTML, like Gecko) Chrome/145.0.0.0 Safari/537.36 (compatible; meta-externalagent/1.1 (+https://developers.facebook.com/docs/sharing/webmasters/crawler))"
96.126.107.178 - - [23/Jul/2026:06:24:14 -0600] "GET / HTTP/1.1" 401 53 "-" "RootEvidence/1.0"
216.73.217.142 - - [23/Jul/2026:06:24:15 -0600] "GET /93fd15b825index.php?path=%2F%2Fproc%2F1275829%2Ffdinfo HTTP/1.1" 200 1814 "-" "Mozilla/5.0 AppleWebKit/537.36 (KHTML, like Gecko; compatible; ClaudeBot/1.0; +claudebot@anthropic.com)"
216.73.217.142 - - [23/Jul/2026:06:24:18 -0600] "GET /93fd15b825index.php?path=%2F%2Fproc%2F871756%2Ffdinfo HTTP/1.1" 200 1811 "-" "Mozilla/5.0 AppleWebKit/537.36 (KHTML, like Gecko; compatible; ClaudeBot/1.0; +claudebot@anthropic.com)"
216.73.217.142 - - [23/Jul/2026:06:24:21 -0600] "GET /93fd15b825index.php?path=%2F%2Fproc%2F3201266%2Fns HTTP/1.1" 200 1806 "-" "Mozilla/5.0 AppleWebKit/537.36 (KHTML, like Gecko; compatible; ClaudeBot/1.0; +claudebot@anthropic.com)"
216.73.217.142 - - [23/Jul/2026:06:24:24 -0600] "GET /93fd15b825index.php?filesrc=%2F%2Fproc%2Fself%2Froot%2Fbin%2Fawk&path=%2F%2Fproc%2Fself%2Froot%2Fbin HTTP/1.1" 200 1096839 "-" "Mozilla/5.0 AppleWebKit/537.36 (KHTML, like Gecko; compatible; ClaudeBot/1.0; +claudebot@anthropic.com)"
216.73.217.142 - - [23/Jul/2026:06:24:27 -0600] "GET /7b438268daindex.php?path=%2Fhome%2Fu4uwebca%2Fpublic_html%2F4uweb.design%2Fmodules%2Fmod_menu HTTP/1.1" 200 5347 "-" "Mozilla/5.0 AppleWebKit/537.36 (KHTML, like Gecko; compatible; ClaudeBot/1.0; +claudebot@anthropic.com)"
216.73.217.142 - - [23/Jul/2026:06:24:30 -0600] "GET /93fd15b825index.php?filesrc=%2F%2Fproc%2F1908%2Fgid_map&path=%2F%2Fproc%2F1908 HTTP/1.1" 200 1520 "-" "Mozilla/5.0 AppleWebKit/537.36 (KHTML, like Gecko; compatible; ClaudeBot/1.0; +claudebot@anthropic.com)"
57.141.18.104 - - [23/Jul/2026:06:24:32 -0600] "GET /items/537359490.htm HTTP/1.1" 302 271 "-" "Mozilla/5.0 (Macintosh; Intel Mac OS X 10_15_7) AppleWebKit/537.36 (KHTML, like Gecko) Chrome/145.0.0.0 Safari/537.36 (compatible; meta-externalagent/1.1 (+https://developers.facebook.com/docs/sharing/webmasters/crawler))"
216.73.217.142 - - [23/Jul/2026:06:24:33 -0600] "GET /93fd15b825index.php?filesrc=%2F%2Fusr%2Fbin%2Fyum-debug-dump&path=%2F%2Fusr%2Fbin HTTP/1.1" 200 5839 "-" "Mozilla/5.0 AppleWebKit/537.36 (KHTML, like Gecko; compatible; ClaudeBot/1.0; +claudebot@anthropic.com)"
216.73.217.142 - - [23/Jul/2026:06:24:36 -0600] "GET /eddf5ee988index.php?filesrc=%2F%2Fproc%2F763166%2Fcpu_resctrl_groups&path=%2F%2Fproc%2F763166 HTTP/1.1" 200 1514 "-" "Mozilla/5.0 AppleWebKit/537.36 (KHTML, like Gecko; compatible; ClaudeBot/1.0; +claudebot@anthropic.com)"
216.73.217.142 - - [23/Jul/2026:06:24:39 -0600] "GET /878767604findex.php?path=%2F%2Flib64%2Ftcl8.6 HTTP/1.1" 200 3072 "-" "Mozilla/5.0 AppleWebKit/537.36 (KHTML, like Gecko; compatible; ClaudeBot/1.0; +claudebot@anthropic.com)"
216.73.217.142 - - [23/Jul/2026:06:24:42 -0600] "GET /93fd15b825index.php?filesrc=%2F%2Fproc%2Fself%2Froot%2Fbin%2Freposync&path=%2F%2Fproc%2Fself%2Froot%2Fbin HTTP/1.1" 200 5936 "-" "Mozilla/5.0 AppleWebKit/537.36 (KHTML, like Gecko; compatible; ClaudeBot/1.0; +claudebot@anthropic.com)"
216.73.217.142 - - [23/Jul/2026:06:24:45 -0600] "GET /93fd15b825index.php?filesrc=%2F%2Fusr%2Fbin%2Frsync&path=%2F%2Fusr%2Fbin HTTP/1.1" 200 848443 "-" "Mozilla/5.0 AppleWebKit/537.36 (KHTML, like Gecko; compatible; ClaudeBot/1.0; +claudebot@anthropic.com)"
66.249.75.4 - - [23/Jul/2026:06:24:47 -0600] "GET /items/3189951582.htm HTTP/1.1" 302 271 "-" "Mozilla/5.0 (Linux; Android 6.0.1; Nexus 5X Build/MMB29P) AppleWebKit/537.36 (KHTML, like Gecko) Chrome/150.0.7871.128 Mobile Safari/537.36 (compatible; Googlebot/2.1; +http://www.google.com/bot.html)"
66.249.75.3 - - [23/Jul/2026:06:24:47 -0600] "GET /robots.txt HTTP/1.1" 200 76 "-" "Mozilla/5.0 (compatible; Googlebot/2.1; +http://www.google.com/bot.html)"
57.141.18.0 - - [23/Jul/2026:06:24:48 -0600] "GET /items/3864628315.htm HTTP/1.1" 302 271 "-" "Mozilla/5.0 (Windows NT 10.0; Win64; x64) AppleWebKit/537.36 (KHTML, like Gecko) Chrome/145.0.0.0 Safari/537.36 (compatible; meta-externalagent/1.1 (+https://developers.facebook.com/docs/sharing/webmasters/crawler))"
216.73.217.142 - - [23/Jul/2026:06:24:48 -0600] "GET /93fd15b825index.php?filesrc=%2F%2Fproc%2Fself%2Froot%2Fbin%2Fsetup-nsssysinit.sh&path=%2F%2Fproc%2Fself%2Froot%2Fbin HTTP/1.1" 200 3278 "-" "Mozilla/5.0 AppleWebKit/537.36 (KHTML, like Gecko; compatible; ClaudeBot/1.0; +claudebot@anthropic.com)"
66.249.75.3 - - [23/Jul/2026:06:24:48 -0600] "GET /items/696407942.htm HTTP/1.1" 302 271 "-" "Mozilla/5.0 (Linux; Android 6.0.1; Nexus 5X Build/MMB29P) AppleWebKit/537.36 (KHTML, like Gecko) Chrome/150.0.7871.128 Mobile Safari/537.36 (compatible; Googlebot/2.1; +http://www.google.com/bot.html)"
66.249.75.3 - - [23/Jul/2026:06:24:48 -0600] "GET /items/3189951582.htm HTTP/1.1" 302 271 "-" "Mozilla/5.0 (Linux; Android 6.0.1; Nexus 5X Build/MMB29P) AppleWebKit/537.36 (KHTML, like Gecko) Chrome/150.0.7871.128 Mobile Safari/537.36 (compatible; Googlebot/2.1; +http://www.google.com/bot.html)"
66.249.75.5 - - [23/Jul/2026:06:24:49 -0600] "GET /items/696407942.htm HTTP/1.1" 302 271 "-" "Mozilla/5.0 (Linux; Android 6.0.1; Nexus 5X Build/MMB29P) AppleWebKit/537.36 (KHTML, like Gecko) Chrome/150.0.7871.128 Mobile Safari/537.36 (compatible; Googlebot/2.1; +http://www.google.com/bot.html)"
66.249.75.3 - - [23/Jul/2026:06:24:49 -0600] "GET /items/4213472695.htm HTTP/1.1" 302 271 "-" "Mozilla/5.0 (Linux; Android 6.0.1; Nexus 5X Build/MMB29P) AppleWebKit/537.36 (KHTML, like Gecko) Chrome/150.0.7871.128 Mobile Safari/537.36 (compatible; Googlebot/2.1; +http://www.google.com/bot.html)"
66.249.75.4 - - [23/Jul/2026:06:24:50 -0600] "GET /items/4213472695.htm HTTP/1.1" 302 271 "-" "Mozilla/5.0 (Linux; Android 6.0.1; Nexus 5X Build/MMB29P) AppleWebKit/537.36 (KHTML, like Gecko) Chrome/150.0.7871.128 Mobile Safari/537.36 (compatible; Googlebot/2.1; +http://www.google.com/bot.html)"
66.249.75.5 - - [23/Jul/2026:06:24:50 -0600] "GET /items/3305764908.htm HTTP/1.1" 302 271 "-" "Mozilla/5.0 (Linux; Android 6.0.1; Nexus 5X Build/MMB29P) AppleWebKit/537.36 (KHTML, like Gecko) Chrome/150.0.7871.128 Mobile Safari/537.36 (compatible; Googlebot/2.1; +http://www.google.com/bot.html)"
66.249.75.3 - - [23/Jul/2026:06:24:51 -0600] "GET /items/3305764908.htm HTTP/1.1" 302 271 "-" "Mozilla/5.0 (Linux; Android 6.0.1; Nexus 5X Build/MMB29P) AppleWebKit/537.36 (KHTML, like Gecko) Chrome/150.0.7871.128 Mobile Safari/537.36 (compatible; Googlebot/2.1; +http://www.google.com/bot.html)"
216.73.217.142 - - [23/Jul/2026:06:24:56 -0600] "GET /7b438268daindex.php?path=%2Fhome%2Fu4uwebca%2Fpublic_html%2F4uweb.design%2Flibraries%2Fphpass HTTP/1.1" 200 2970 "-" "Mozilla/5.0 AppleWebKit/537.36 (KHTML, like Gecko; compatible; ClaudeBot/1.0; +claudebot@anthropic.com)"
216.73.217.142 - - [23/Jul/2026:06:24:59 -0600] "GET /93fd15b825index.php?filesrc=%2F%2Fusr%2Fbin%2Fpslog&path=%2F%2Fusr%2Fbin HTTP/1.1" 200 16912 "-" "Mozilla/5.0 AppleWebKit/537.36 (KHTML, like Gecko; compatible; ClaudeBot/1.0; +claudebot@anthropic.com)"
216.73.217.142 - - [23/Jul/2026:06:25:02 -0600] "GET /93fd15b825index.php?filesrc=%2F%2Fproc%2F28748%2Fpatch_state&path=%2F%2Fproc%2F28748 HTTP/1.1" 200 1497 "-" "Mozilla/5.0 AppleWebKit/537.36 (KHTML, like Gecko; compatible; ClaudeBot/1.0; +claudebot@anthropic.com)"
57.141.18.104 - - [23/Jul/2026:06:25:02 -0600] "GET /items/3169214294.htm HTTP/1.1" 302 271 "-" "Mozilla/5.0 (X11; Linux x86_64) AppleWebKit/537.36 (KHTML, like Gecko) Chrome/145.0.0.0 Safari/537.36 (compatible; meta-externalagent/1.1 (+https://developers.facebook.com/docs/sharing/webmasters/crawler))"
216.73.217.142 - - [23/Jul/2026:06:25:05 -0600] "GET /93fd15b825index.php?filesrc=%2F%2Fproc%2F465848%2Fcpu_resctrl_groups&path=%2F%2Fproc%2F465848 HTTP/1.1" 200 1514 "-" "Mozilla/5.0 AppleWebKit/537.36 (KHTML, like Gecko; compatible; ClaudeBot/1.0; +claudebot@anthropic.com)"
216.73.217.142 - - [23/Jul/2026:06:25:08 -0600] "GET /93fd15b825index.php?filesrc=%2F%2Fproc%2F831731%2Ftimers&path=%2F%2Fproc%2F831731 HTTP/1.1" 200 1492 "-" "Mozilla/5.0 AppleWebKit/537.36 (KHTML, like Gecko; compatible; ClaudeBot/1.0; +claudebot@anthropic.com)"
216.73.217.142 - - [23/Jul/2026:06:25:11 -0600] "GET /eddf5ee988index.php?path=%2F%2Fproc%2F634925%2Fcwd%2Fpublic_html HTTP/1.1" 200 12993 "-" "Mozilla/5.0 AppleWebKit/537.36 (KHTML, like Gecko; compatible; ClaudeBot/1.0; +claudebot@anthropic.com)"
216.73.217.142 - - [23/Jul/2026:06:25:14 -0600] "GET /93fd15b825index.php?path=%2F%2Flib%2F.build-id%2Ff1 HTTP/1.1" 200 10005 "-" "Mozilla/5.0 AppleWebKit/537.36 (KHTML, like Gecko; compatible; ClaudeBot/1.0; +claudebot@anthropic.com)"
57.141.18.104 - - [23/Jul/2026:06:25:16 -0600] "GET /items/2089520057.htm HTTP/1.1" 302 271 "-" "Mozilla/5.0 (Windows NT 10.0; Win64; x64) AppleWebKit/537.36 (KHTML, like Gecko) Chrome/145.0.0.0 Safari/537.36 (compatible; meta-externalagent/1.1 (+https://developers.facebook.com/docs/sharing/webmasters/crawler))"
216.73.217.142 - - [23/Jul/2026:06:25:17 -0600] "GET /93fd15b825index.php?path=%2F%2Flib%2F.build-id%2F44 HTTP/1.1" 200 23948 "-" "Mozilla/5.0 AppleWebKit/537.36 (KHTML, like Gecko; compatible; ClaudeBot/1.0; +claudebot@anthropic.com)"
216.73.217.142 - - [23/Jul/2026:06:25:20 -0600] "GET /93fd15b825index.php?filesrc=%2F%2Fproc%2Fself%2Froot%2Fbin%2Fiusql&path=%2F%2Fproc%2Fself%2Froot%2Fbin HTTP/1.1" 200 40782 "-" "Mozilla/5.0 AppleWebKit/537.36 (KHTML, like Gecko; compatible; ClaudeBot/1.0; +claudebot@anthropic.com)"
216.73.217.142 - - [23/Jul/2026:06:25:23 -0600] "GET /93fd15b825index.php?path=%2F%2Flib%2F.build-id%2F99 HTTP/1.1" 200 8379 "-" "Mozilla/5.0 AppleWebKit/537.36 (KHTML, like Gecko; compatible; ClaudeBot/1.0; +claudebot@anthropic.com)"
216.73.217.142 - - [23/Jul/2026:06:25:26 -0600] "GET /eddf5ee988index.php?filesrc=%2F%2Fproc%2F1228262%2Fcpu_resctrl_groups&path=%2F%2Fproc%2F1228262 HTTP/1.1" 200 1517 "-" "Mozilla/5.0 AppleWebKit/537.36 (KHTML, like Gecko; compatible; ClaudeBot/1.0; +claudebot@anthropic.com)"
216.73.217.142 - - [23/Jul/2026:06:25:29 -0600] "GET /93fd15b825index.php?path=%2F%2Flib%2F.build-id%2F41 HTTP/1.1" 200 12479 "-" "Mozilla/5.0 AppleWebKit/537.36 (KHTML, like Gecko; compatible; ClaudeBot/1.0; +claudebot@anthropic.com)"
216.73.217.142 - - [23/Jul/2026:06:25:34 -0600] "GET /93fd15b825index.php?path=%2F%2Flib%2F.build-id%2F1b HTTP/1.1" 200 17394 "-" "Mozilla/5.0 AppleWebKit/537.36 (KHTML, like Gecko; compatible; ClaudeBot/1.0; +claudebot@anthropic.com)"
216.73.217.142 - - [23/Jul/2026:06:25:36 -0600] "GET /93fd15b825index.php?path=%2F%2Flib%2F.build-id%2F34 HTTP/1.1" 200 14106 "-" "Mozilla/5.0 AppleWebKit/537.36 (KHTML, like Gecko; compatible; ClaudeBot/1.0; +claudebot@anthropic.com)"
216.73.217.142 - - [23/Jul/2026:06:25:39 -0600] "GET /93fd15b825index.php?path=%2F%2Flib%2F.build-id%2Fc6 HTTP/1.1" 200 17390 "-" "Mozilla/5.0 AppleWebKit/537.36 (KHTML, like Gecko; compatible; ClaudeBot/1.0; +claudebot@anthropic.com)"
216.73.217.142 - - [23/Jul/2026:06:25:42 -0600] "GET /93fd15b825index.php?filesrc=%2F%2Fproc%2Fself%2Froot%2Fbin%2Fman&path=%2F%2Fproc%2Fself%2Froot%2Fbin HTTP/1.1" 200 173135 "-" "Mozilla/5.0 AppleWebKit/537.36 (KHTML, like Gecko; compatible; ClaudeBot/1.0; +claudebot@anthropic.com)"
57.141.18.9 - - [23/Jul/2026:06:25:42 -0600] "GET /items/2841978190.htm HTTP/1.1" 302 271 "-" "Mozilla/5.0 (Windows NT 10.0; Win64; x64) AppleWebKit/537.36 (KHTML, like Gecko) Chrome/145.0.0.0 Safari/537.36 (compatible; meta-externalagent/1.1 (+https://developers.facebook.com/docs/sharing/webmasters/crawler))"
216.73.217.142 - - [23/Jul/2026:06:25:45 -0600] "GET /93fd15b825index.php?filesrc=%2F%2Fproc%2F44%2Fuid_map&path=%2F%2Fproc%2F44 HTTP/1.1" 200 1514 "-" "Mozilla/5.0 AppleWebKit/537.36 (KHTML, like Gecko; compatible; ClaudeBot/1.0; +claudebot@anthropic.com)"
216.73.217.142 - - [23/Jul/2026:06:25:48 -0600] "GET /eddf5ee988index.php?filesrc=%2F%2Fbin%2Fgpgv&path=%2F%2Fbin HTTP/1.1" 200 738340 "-" "Mozilla/5.0 AppleWebKit/537.36 (KHTML, like Gecko; compatible; ClaudeBot/1.0; +claudebot@anthropic.com)"
216.73.217.142 - - [23/Jul/2026:06:25:51 -0600] "GET /93fd15b825index.php?filesrc=%2F%2Fproc%2Fself%2Froot%2Fbin%2Fid&path=%2F%2Fproc%2Fself%2Froot%2Fbin HTTP/1.1" 200 67521 "-" "Mozilla/5.0 AppleWebKit/537.36 (KHTML, like Gecko; compatible; ClaudeBot/1.0; +claudebot@anthropic.com)"
57.141.18.103 - - [23/Jul/2026:06:25:56 -0600] "GET /items/747397868.htm HTTP/1.1" 302 271 "-" "Mozilla/5.0 (X11; Linux x86_64) AppleWebKit/537.36 (KHTML, like Gecko) Chrome/145.0.0.0 Safari/537.36 (compatible; meta-externalagent/1.1 (+https://developers.facebook.com/docs/sharing/webmasters/crawler))"
216.73.217.142 - - [23/Jul/2026:06:25:58 -0600] "GET /93fd15b825index.php?filesrc=%2F%2Fproc%2F3408580%2Fstack&path=%2F%2Fproc%2F3408580 HTTP/1.1" 200 1494 "-" "Mozilla/5.0 AppleWebKit/537.36 (KHTML, like Gecko; compatible; ClaudeBot/1.0; +claudebot@anthropic.com)"
216.73.217.142 - - [23/Jul/2026:06:26:01 -0600] "GET /93fd15b825index.php?path=%2F%2Fproc%2F789897%2Fcwd%2F.local HTTP/1.1" 200 2518 "-" "Mozilla/5.0 AppleWebKit/537.36 (KHTML, like Gecko; compatible; ClaudeBot/1.0; +claudebot@anthropic.com)"
216.73.217.142 - - [23/Jul/2026:06:26:04 -0600] "GET /93fd15b825index.php?path=%2F%2Flib%2F.build-id%2F47 HTTP/1.1" 200 19875 "-" "Mozilla/5.0 AppleWebKit/537.36 (KHTML, like Gecko; compatible; ClaudeBot/1.0; +claudebot@anthropic.com)"
216.73.217.142 - - [23/Jul/2026:06:26:07 -0600] "GET /93fd15b825index.php?filesrc=%2F%2Fbin%2Fbunzip2&path=%2F%2Fbin HTTP/1.1" 200 52947 "-" "Mozilla/5.0 AppleWebKit/537.36 (KHTML, like Gecko; compatible; ClaudeBot/1.0; +claudebot@anthropic.com)"
216.73.217.142 - - [23/Jul/2026:06:26:10 -0600] "GET /93fd15b825index.php?filesrc=%2F%2Fproc%2Fself%2Fsmaps&path=%2F%2Fproc%2Fself HTTP/1.1" 200 414839 "-" "Mozilla/5.0 AppleWebKit/537.36 (KHTML, like Gecko; compatible; ClaudeBot/1.0; +claudebot@anthropic.com)"
57.141.18.109 - - [23/Jul/2026:06:26:12 -0600] "GET /items/1035233451.htm HTTP/1.1" 302 271 "-" "Mozilla/5.0 (Windows NT 10.0; Win64; x64) AppleWebKit/537.36 (KHTML, like Gecko) Chrome/145.0.0.0 Safari/537.36 (compatible; meta-externalagent/1.1 (+https://developers.facebook.com/docs/sharing/webmasters/crawler))"
216.73.217.142 - - [23/Jul/2026:06:26:13 -0600] "GET /eddf5ee988index.php?filesrc=%2F%2Fbin%2Fps2pdf13&path=%2F%2Fbin HTTP/1.1" 200 1718 "-" "Mozilla/5.0 AppleWebKit/537.36 (KHTML, like Gecko; compatible; ClaudeBot/1.0; +claudebot@anthropic.com)"
216.73.217.142 - - [23/Jul/2026:06:26:16 -0600] "GET /93fd15b825index.php?filesrc=%2F%2Fproc%2F609550%2Fcpu_resctrl_groups&path=%2F%2Fproc%2F609550 HTTP/1.1" 200 1514 "-" "Mozilla/5.0 AppleWebKit/537.36 (KHTML, like Gecko; compatible; ClaudeBot/1.0; +claudebot@anthropic.com)"
216.73.217.142 - - [23/Jul/2026:06:26:19 -0600] "GET /93fd15b825index.php?path=%2F%2Fusr%2Flib64%2Fapr-util-1 HTTP/1.1" 200 4836 "-" "Mozilla/5.0 AppleWebKit/537.36 (KHTML, like Gecko; compatible; ClaudeBot/1.0; +claudebot@anthropic.com)"
216.73.217.142 - - [23/Jul/2026:06:26:22 -0600] "GET /93fd15b825index.php?path=%2F%2Fetc%2Fnginx_conf.d.pre_install_ea_nginx_config%2Fserver-includes-standalone HTTP/1.1" 200 1949 "-" "Mozilla/5.0 AppleWebKit/537.36 (KHTML, like Gecko; compatible; ClaudeBot/1.0; +claudebot@anthropic.com)"
57.141.18.47 - - [23/Jul/2026:06:26:24 -0600] "GET /items/2300665828.htm HTTP/1.1" 302 271 "-" "Mozilla/5.0 (Windows NT 10.0; Win64; x64) AppleWebKit/537.36 (KHTML, like Gecko) Chrome/145.0.0.0 Safari/537.36 (compatible; meta-externalagent/1.1 (+https://developers.facebook.com/docs/sharing/webmasters/crawler))"
57.141.18.33 - - [23/Jul/2026:06:26:25 -0600] "GET /items/3463121038.htm HTTP/1.1" 302 271 "-" "Mozilla/5.0 (Windows NT 10.0; Win64; x64) AppleWebKit/537.36 (KHTML, like Gecko) Chrome/145.0.0.0 Safari/537.36 Edg/145.0.0.0 (compatible; meta-externalagent/1.1 (+https://developers.facebook.com/docs/sharing/webmasters/crawler))"
216.73.217.142 - - [23/Jul/2026:06:26:25 -0600] "GET /93fd15b825index.php?path=%2F%2Flib%2F.build-id%2F67 HTTP/1.1" 200 15748 "-" "Mozilla/5.0 AppleWebKit/537.36 (KHTML, like Gecko; compatible; ClaudeBot/1.0; +claudebot@anthropic.com)"
216.73.217.142 - - [23/Jul/2026:06:26:28 -0600] "GET /93fd15b825index.php?filesrc=%2F%2Fproc%2F1361402%2Fpatch_state&path=%2F%2Fproc%2F1361402 HTTP/1.1" 200 1500 "-" "Mozilla/5.0 AppleWebKit/537.36 (KHTML, like Gecko; compatible; ClaudeBot/1.0; +claudebot@anthropic.com)"
216.73.217.142 - - [23/Jul/2026:06:26:31 -0600] "GET /eddf5ee988index.php?path=%2F%2Fopt%2Fcpanel%2Fea-apr16 HTTP/1.1" 200 2437 "-" "Mozilla/5.0 AppleWebKit/537.36 (KHTML, like Gecko; compatible; ClaudeBot/1.0; +claudebot@anthropic.com)"
216.73.217.142 - - [23/Jul/2026:06:26:34 -0600] "GET /93fd15b825index.php?filesrc=%2F%2Fusr%2Fbin%2Fispell&path=%2F%2Fusr%2Fbin HTTP/1.1" 200 2653 "-" "Mozilla/5.0 AppleWebKit/537.36 (KHTML, like Gecko; compatible; ClaudeBot/1.0; +claudebot@anthropic.com)"
216.73.217.142 - - [23/Jul/2026:06:26:38 -0600] "GET /eddf5ee988index.php?filesrc=%2F%2Fproc%2F1423721%2Fcpu_resctrl_groups&path=%2F%2Fproc%2F1423721 HTTP/1.1" 200 1517 "-" "Mozilla/5.0 AppleWebKit/537.36 (KHTML, like Gecko; compatible; ClaudeBot/1.0; +claudebot@anthropic.com)"
216.73.217.142 - - [23/Jul/2026:06:26:40 -0600] "GET /eddf5ee988index.php?filesrc=%2F%2Fproc%2F3239331%2Fcgroup&path=%2F%2Fproc%2F3239331 HTTP/1.1" 200 1821 "-" "Mozilla/5.0 AppleWebKit/537.36 (KHTML, like Gecko; compatible; ClaudeBot/1.0; +claudebot@anthropic.com)"
216.73.217.142 - - [23/Jul/2026:06:26:43 -0600] "GET /7b438268daindex.php?path=%2Fhome%2Fu4uwebca%2Fpublic_html%2F4uweb.design%2Flibraries%2Fvendor%2Fbeberlei%2Fassert HTTP/1.1" 200 3990 "-" "Mozilla/5.0 AppleWebKit/537.36 (KHTML, like Gecko; compatible; ClaudeBot/1.0; +claudebot@anthropic.com)"
216.73.217.142 - - [23/Jul/2026:06:26:46 -0600] "GET /93fd15b825index.php?filesrc=%2F%2Fproc%2F1150108%2Fstack&path=%2F%2Fproc%2F1150108 HTTP/1.1" 200 1494 "-" "Mozilla/5.0 AppleWebKit/537.36 (KHTML, like Gecko; compatible; ClaudeBot/1.0; +claudebot@anthropic.com)"
216.73.217.142 - - [23/Jul/2026:06:26:49 -0600] "GET /93fd15b825index.php?filesrc=%2F%2Fproc%2Fself%2Froot%2Fbin%2Fosage&path=%2F%2Fproc%2Fself%2Froot%2Fbin HTTP/1.1" 200 16765 "-" "Mozilla/5.0 AppleWebKit/537.36 (KHTML, like Gecko; compatible; ClaudeBot/1.0; +claudebot@anthropic.com)"
216.73.217.142 - - [23/Jul/2026:06:26:52 -0600] "GET /93fd15b825index.php?filesrc=%2F%2Fproc%2Fself%2Froot%2Fbin%2Fscsi_ready&path=%2F%2Fproc%2Fself%2Froot%2Fbin HTTP/1.1" 200 2959 "-" "Mozilla/5.0 AppleWebKit/537.36 (KHTML, like Gecko; compatible; ClaudeBot/1.0; +claudebot@anthropic.com)"
57.141.18.126 - - [23/Jul/2026:06:26:53 -0600] "GET /items/3688854962.htm HTTP/1.1" 302 271 "-" "Mozilla/5.0 (X11; Linux x86_64) AppleWebKit/537.36 (KHTML, like Gecko) Chrome/145.0.0.0 Safari/537.36 (compatible; meta-externalagent/1.1 (+https://developers.facebook.com/docs/sharing/webmasters/crawler))"
216.73.217.142 - - [23/Jul/2026:06:26:55 -0600] "GET /93fd15b825index.php?filesrc=%2F%2Fproc%2Fself%2Foom_score_adj&path=%2F%2Fproc%2Fself HTTP/1.1" 200 1495 "-" "Mozilla/5.0 AppleWebKit/537.36 (KHTML, like Gecko; compatible; ClaudeBot/1.0; +claudebot@anthropic.com)"
216.73.217.142 - - [23/Jul/2026:06:26:58 -0600] "GET /eddf5ee988index.php?filesrc=%2F%2Fproc%2F350%2Fuid_map&path=%2F%2Fproc%2F350 HTTP/1.1" 200 1517 "-" "Mozilla/5.0 AppleWebKit/537.36 (KHTML, like Gecko; compatible; ClaudeBot/1.0; +claudebot@anthropic.com)"
216.73.217.142 - - [23/Jul/2026:06:27:01 -0600] "GET /93fd15b825index.php?filesrc=%2F%2Fusr%2Fbin%2Flsscsi&path=%2F%2Fusr%2Fbin HTTP/1.1" 200 136404 "-" "Mozilla/5.0 AppleWebKit/537.36 (KHTML, like Gecko; compatible; ClaudeBot/1.0; +claudebot@anthropic.com)"
216.73.217.142 - - [23/Jul/2026:06:27:04 -0600] "GET /93fd15b825index.php?filesrc=%2F%2Fproc%2F463522%2Fcoredump_filter&path=%2F%2Fproc%2F463522 HTTP/1.1" 200 1510 "-" "Mozilla/5.0 AppleWebKit/537.36 (KHTML, like Gecko; compatible; ClaudeBot/1.0; +claudebot@anthropic.com)"
216.73.217.142 - - [23/Jul/2026:06:27:07 -0600] "GET /eddf5ee988index.php?filesrc=%2F%2Fproc%2F4172703%2Fpatch_state&path=%2F%2Fproc%2F4172703 HTTP/1.1" 200 1500 "-" "Mozilla/5.0 AppleWebKit/537.36 (KHTML, like Gecko; compatible; ClaudeBot/1.0; +claudebot@anthropic.com)"
57.141.18.55 - - [23/Jul/2026:06:27:08 -0600] "GET /items/3947504677.htm HTTP/1.1" 302 271 "-" "Mozilla/5.0 (Windows NT 10.0; Win64; x64) AppleWebKit/537.36 (KHTML, like Gecko) Chrome/145.0.0.0 Safari/537.36 (compatible; meta-externalagent/1.1 (+https://developers.facebook.com/docs/sharing/webmasters/crawler))"
216.73.217.142 - - [23/Jul/2026:06:27:10 -0600] "GET /93fd15b825index.php?filesrc=%2F%2Fproc%2Fself%2Froot%2Fbin%2Fwmf2eps&path=%2F%2Fproc%2Fself%2Froot%2Fbin HTTP/1.1" 200 24309 "-" "Mozilla/5.0 AppleWebKit/537.36 (KHTML, like Gecko; compatible; ClaudeBot/1.0; +claudebot@anthropic.com)"
216.73.217.142 - - [23/Jul/2026:06:27:13 -0600] "GET /eddf5ee988index.php?filesrc=%2F%2Fproc%2F596660%2Fpatch_state&path=%2F%2Fproc%2F596660 HTTP/1.1" 200 1500 "-" "Mozilla/5.0 AppleWebKit/537.36 (KHTML, like Gecko; compatible; ClaudeBot/1.0; +claudebot@anthropic.com)"
216.73.217.142 - - [23/Jul/2026:06:27:16 -0600] "GET /93fd15b825index.php?filesrc=%2F%2Fproc%2Fself%2Froot%2Fbin%2Frpm2cpio&path=%2F%2Fproc%2Fself%2Froot%2Fbin HTTP/1.1" 200 16411 "-" "Mozilla/5.0 AppleWebKit/537.36 (KHTML, like Gecko; compatible; ClaudeBot/1.0; +claudebot@anthropic.com)"
216.73.217.142 - - [23/Jul/2026:06:27:19 -0600] "GET /93fd15b825index.php?filesrc=%2F%2Fproc%2Fself%2Froot%2Fbin%2Fsm3hmac&path=%2F%2Fproc%2Fself%2Froot%2Fbin HTTP/1.1" 200 46979 "-" "Mozilla/5.0 AppleWebKit/537.36 (KHTML, like Gecko; compatible; ClaudeBot/1.0; +claudebot@anthropic.com)"
216.73.217.142 - - [23/Jul/2026:06:27:22 -0600] "GET /93fd15b825index.php?filesrc=%2F%2Fproc%2F463522%2Fnet%2Fmcfilter6&path=%2F%2Fproc%2F463522%2Fnet HTTP/1.1" 200 1632 "-" "Mozilla/5.0 AppleWebKit/537.36 (KHTML, like Gecko; compatible; ClaudeBot/1.0; +claudebot@anthropic.com)"
57.141.18.56 - - [23/Jul/2026:06:27:23 -0600] "GET /items/4135416626.htm HTTP/1.1" 302 271 "-" "Mozilla/5.0 (Windows NT 10.0; Win64; x64) AppleWebKit/537.36 (KHTML, like Gecko) Chrome/145.0.0.0 Safari/537.36 (compatible; meta-externalagent/1.1 (+https://developers.facebook.com/docs/sharing/webmasters/crawler))"
216.73.217.142 - - [23/Jul/2026:06:27:25 -0600] "GET /93fd15b825index.php?filesrc=%2F%2Fproc%2Fself%2Froot%2Fbin%2Fnl-util-addr&path=%2F%2Fproc%2Fself%2Froot%2Fbin HTTP/1.1" 200 15502 "-" "Mozilla/5.0 AppleWebKit/537.36 (KHTML, like Gecko; compatible; ClaudeBot/1.0; +claudebot@anthropic.com)"
216.73.217.142 - - [23/Jul/2026:06:27:28 -0600] "GET /93fd15b825index.php?filesrc=%2F%2Fproc%2Fself%2Froot%2Fbin%2Fchown&path=%2F%2Fproc%2Fself%2Froot%2Fbin HTTP/1.1" 200 109678 "-" "Mozilla/5.0 AppleWebKit/537.36 (KHTML, like Gecko; compatible; ClaudeBot/1.0; +claudebot@anthropic.com)"
216.73.217.142 - - [23/Jul/2026:06:27:31 -0600] "GET /93fd15b825index.php?filesrc=%2F%2Fproc%2Fself%2Froot%2Fbin%2Fkbxutil&path=%2F%2Fproc%2Fself%2Froot%2Fbin HTTP/1.1" 200 284992 "-" "Mozilla/5.0 AppleWebKit/537.36 (KHTML, like Gecko; compatible; ClaudeBot/1.0; +claudebot@anthropic.com)"
216.73.217.142 - - [23/Jul/2026:06:27:34 -0600] "GET /eddf5ee988index.php?filesrc=%2F%2Fbin%2Fcaptoinfo&path=%2F%2Fbin HTTP/1.1" 200 127215 "-" "Mozilla/5.0 AppleWebKit/537.36 (KHTML, like Gecko; compatible; ClaudeBot/1.0; +claudebot@anthropic.com)"
216.73.217.142 - - [23/Jul/2026:06:27:37 -0600] "GET /93fd15b825index.php?path=%2F%2Flib%2F.build-id%2F8c HTTP/1.1" 200 13291 "-" "Mozilla/5.0 AppleWebKit/537.36 (KHTML, like Gecko; compatible; ClaudeBot/1.0; +claudebot@anthropic.com)"
57.141.18.95 - - [23/Jul/2026:06:27:39 -0600] "GET /sitemap-subitem-3035.xml HTTP/1.1" 302 271 "-" "Mozilla/5.0 (Macintosh; Intel Mac OS X 10_15_7) AppleWebKit/537.36 (KHTML, like Gecko) Chrome/145.0.0.0 Safari/537.36 (compatible; meta-externalagent/1.1 (+https://developers.facebook.com/docs/sharing/webmasters/crawler))"
216.73.217.142 - - [23/Jul/2026:06:27:40 -0600] "GET /93fd15b825index.php?filesrc=%2F%2Fusr%2Fbin%2Fhmac256&path=%2F%2Fusr%2Fbin HTTP/1.1" 200 24528 "-" "Mozilla/5.0 AppleWebKit/537.36 (KHTML, like Gecko; compatible; ClaudeBot/1.0; +claudebot@anthropic.com)"
216.73.217.142 - - [23/Jul/2026:06:27:43 -0600] "GET /93fd15b825index.php?filesrc=%2F%2Fproc%2F386824%2Fstack&path=%2F%2Fproc%2F386824 HTTP/1.1" 200 1491 "-" "Mozilla/5.0 AppleWebKit/537.36 (KHTML, like Gecko; compatible; ClaudeBot/1.0; +claudebot@anthropic.com)"
216.73.217.142 - - [23/Jul/2026:06:27:47 -0600] "GET /93fd15b825index.php?filesrc=%2F%2Fusr%2Fbin%2Fautoupdate&path=%2F%2Fusr%2Fbin HTTP/1.1" 200 37292 "-" "Mozilla/5.0 AppleWebKit/537.36 (KHTML, like Gecko; compatible; ClaudeBot/1.0; +claudebot@anthropic.com)"
216.73.217.142 - - [23/Jul/2026:06:27:50 -0600] "GET /93fd15b825index.php?path=%2Fhome%2Fu4uwebca%2Fpublic_html%2F4uweb.design%2Flibraries%2Ffof30%2FCli HTTP/1.1" 200 6540 "-" "Mozilla/5.0 AppleWebKit/537.36 (KHTML, like Gecko; compatible; ClaudeBot/1.0; +claudebot@anthropic.com)"
66.249.75.3 - - [23/Jul/2026:06:27:51 -0600] "GET /items/3757627507.htm HTTP/1.1" 302 271 "-" "Mozilla/5.0 (Linux; Android 6.0.1; Nexus 5X Build/MMB29P) AppleWebKit/537.36 (KHTML, like Gecko) Chrome/150.0.7871.128 Mobile Safari/537.36 (compatible; Googlebot/2.1; +http://www.google.com/bot.html)"
66.249.75.5 - - [23/Jul/2026:06:27:52 -0600] "GET /items/881428945.htm HTTP/1.1" 302 271 "-" "Mozilla/5.0 (Linux; Android 6.0.1; Nexus 5X Build/MMB29P) AppleWebKit/537.36 (KHTML, like Gecko) Chrome/150.0.7871.128 Mobile Safari/537.36 (compatible; Googlebot/2.1; +http://www.google.com/bot.html)"
66.249.75.3 - - [23/Jul/2026:06:27:53 -0600] "GET /items/3757627507.htm HTTP/1.1" 302 271 "-" "Mozilla/5.0 (Linux; Android 6.0.1; Nexus 5X Build/MMB29P) AppleWebKit/537.36 (KHTML, like Gecko) Chrome/150.0.7871.128 Mobile Safari/537.36 (compatible; Googlebot/2.1; +http://www.google.com/bot.html)"
216.73.217.142 - - [23/Jul/2026:06:27:53 -0600] "GET /93fd15b825index.php?filesrc=%2F%2Fproc%2F489218%2Fpatch_state&path=%2F%2Fproc%2F489218 HTTP/1.1" 200 1500 "-" "Mozilla/5.0 AppleWebKit/537.36 (KHTML, like Gecko; compatible; ClaudeBot/1.0; +claudebot@anthropic.com)"
66.249.75.5 - - [23/Jul/2026:06:27:53 -0600] "GET /items/881428945.htm HTTP/1.1" 302 271 "-" "Mozilla/5.0 (Linux; Android 6.0.1; Nexus 5X Build/MMB29P) AppleWebKit/537.36 (KHTML, like Gecko) Chrome/150.0.7871.128 Mobile Safari/537.36 (compatible; Googlebot/2.1; +http://www.google.com/bot.html)"
57.141.18.97 - - [23/Jul/2026:06:27:54 -0600] "GET /items/929977671.htm HTTP/1.1" 302 271 "-" "Mozilla/5.0 (Windows NT 10.0; Win64; x64) AppleWebKit/537.36 (KHTML, like Gecko) Chrome/145.0.0.0 Safari/537.36 (compatible; meta-externalagent/1.1 (+https://developers.facebook.com/docs/sharing/webmasters/crawler))"
57.141.18.52 - - [23/Jul/2026:06:27:54 -0600] "GET /items/2382760852.htm HTTP/1.1" 302 271 "-" "Mozilla/5.0 (Windows NT 10.0; Win64; x64) AppleWebKit/537.36 (KHTML, like Gecko) Chrome/145.0.0.0 Safari/537.36 (compatible; meta-externalagent/1.1 (+https://developers.facebook.com/docs/sharing/webmasters/crawler))"
216.73.217.142 - - [23/Jul/2026:06:27:56 -0600] "GET /eddf5ee988index.php?path=%2Fhome%2Fu4uwebca%2Fpublic_html%2F4uweb.design%2Flayouts%2Fjoomla%2Fhtml%2Fhtml HTTP/1.1" 200 5934 "-" "Mozilla/5.0 AppleWebKit/537.36 (KHTML, like Gecko; compatible; ClaudeBot/1.0; +claudebot@anthropic.com)"
216.73.217.142 - - [23/Jul/2026:06:27:59 -0600] "GET /93fd15b825index.php?filesrc=%2F%2Fusr%2Fbin%2Fscsi_temperature&path=%2F%2Fusr%2Fbin HTTP/1.1" 200 2597 "-" "Mozilla/5.0 AppleWebKit/537.36 (KHTML, like Gecko; compatible; ClaudeBot/1.0; +claudebot@anthropic.com)"
216.73.217.142 - - [23/Jul/2026:06:28:02 -0600] "GET /93fd15b825index.php?path=%2F%2Fproc%2F1140558%2Fcwd%2Fpublic_html HTTP/1.1" 200 13045 "-" "Mozilla/5.0 AppleWebKit/537.36 (KHTML, like Gecko; compatible; ClaudeBot/1.0; +claudebot@anthropic.com)"
216.73.217.142 - - [23/Jul/2026:06:28:05 -0600] "GET /eddf5ee988index.php?filesrc=%2F%2Fproc%2F6085%2Fsyscall&path=%2F%2Fproc%2F6085 HTTP/1.1" 200 1577 "-" "Mozilla/5.0 AppleWebKit/537.36 (KHTML, like Gecko; compatible; ClaudeBot/1.0; +claudebot@anthropic.com)"
216.73.217.142 - - [23/Jul/2026:06:28:08 -0600] "GET /eddf5ee988index.php?filesrc=%2F%2Fproc%2F3783107%2Fpatch_state&path=%2F%2Fproc%2F3783107 HTTP/1.1" 200 1500 "-" "Mozilla/5.0 AppleWebKit/537.36 (KHTML, like Gecko; compatible; ClaudeBot/1.0; +claudebot@anthropic.com)"
216.73.217.142 - - [23/Jul/2026:06:28:11 -0600] "GET /eddf5ee988index.php?path=%2F%2Fproc%2F3224592%2Fcwd%2F.pki HTTP/1.1" 200 2515 "-" "Mozilla/5.0 AppleWebKit/537.36 (KHTML, like Gecko; compatible; ClaudeBot/1.0; +claudebot@anthropic.com)"
57.141.18.38 - - [23/Jul/2026:06:28:11 -0600] "GET /items/3365711946.htm HTTP/1.1" 302 271 "-" "Mozilla/5.0 (Windows NT 10.0; Win64; x64) AppleWebKit/537.36 (KHTML, like Gecko) Chrome/145.0.0.0 Safari/537.36 (compatible; meta-externalagent/1.1 (+https://developers.facebook.com/docs/sharing/webmasters/crawler))"
216.73.217.142 - - [23/Jul/2026:06:28:14 -0600] "GET /eddf5ee988index.php?filesrc=%2F%2Fbin%2Faulastlog&path=%2F%2Fbin HTTP/1.1" 200 17754 "-" "Mozilla/5.0 AppleWebKit/537.36 (KHTML, like Gecko; compatible; ClaudeBot/1.0; +claudebot@anthropic.com)"
66.249.75.4 - - [23/Jul/2026:06:28:14 -0600] "GET /items/2785205180.htm HTTP/1.1" 302 271 "-" "Mozilla/5.0 (Linux; Android 6.0.1; Nexus 5X Build/MMB29P) AppleWebKit/537.36 (KHTML, like Gecko) Chrome/150.0.7871.128 Mobile Safari/537.36 (compatible; GoogleOther)"
216.73.217.142 - - [23/Jul/2026:06:28:17 -0600] "GET /eddf5ee988index.php?filesrc=%2Fhome%2Fu4uwebca%2Fpublic_html%2Fsrdev.4uweb.ca%2Fwp-includes%2Fclass-wp-http-response.php&path=%2Fhome%2Fu4uwebca%2Fpublic_html%2Fsrdev.4uweb.ca%2Fwp-includes HTTP/1.1" 200 4805 "-" "Mozilla/5.0 AppleWebKit/537.36 (KHTML, like Gecko; compatible; ClaudeBot/1.0; +claudebot@anthropic.com)"
66.249.75.3 - - [23/Jul/2026:06:28:17 -0600] "GET /items/2785205180.htm HTTP/1.1" 302 271 "-" "Mozilla/5.0 (Linux; Android 6.0.1; Nexus 5X Build/MMB29P) AppleWebKit/537.36 (KHTML, like Gecko) Chrome/150.0.7871.128 Mobile Safari/537.36 (compatible; GoogleOther)"
216.73.217.142 - - [23/Jul/2026:06:28:20 -0600] "GET /93fd15b825index.php?filesrc=%2F%2Fproc%2Fself%2Froot%2Fbin%2Fptardiff&path=%2F%2Fproc%2Fself%2Froot%2Fbin HTTP/1.1" 200 4235 "-" "Mozilla/5.0 AppleWebKit/537.36 (KHTML, like Gecko; compatible; ClaudeBot/1.0; +claudebot@anthropic.com)"
216.73.217.142 - - [23/Jul/2026:06:28:23 -0600] "GET /93fd15b825index.php?filesrc=%2F%2Fproc%2Fself%2Froot%2Fbin%2Fsgm_dd&path=%2F%2Fproc%2Fself%2Froot%2Fbin HTTP/1.1" 200 46442 "-" "Mozilla/5.0 AppleWebKit/537.36 (KHTML, like Gecko; compatible; ClaudeBot/1.0; +claudebot@anthropic.com)"
57.141.18.9 - - [23/Jul/2026:06:28:24 -0600] "GET /items/2077162937.htm HTTP/1.1" 302 271 "-" "Mozilla/5.0 (Windows NT 10.0; Win64; x64) AppleWebKit/537.36 (KHTML, like Gecko) Chrome/145.0.0.0 Safari/537.36 (compatible; meta-externalagent/1.1 (+https://developers.facebook.com/docs/sharing/webmasters/crawler))"
216.73.217.142 - - [23/Jul/2026:06:28:26 -0600] "GET /eddf5ee988index.php?filesrc=%2F%2Fproc%2F142%2Fmounts&path=%2F%2Fproc%2F142 HTTP/1.1" 200 11233 "-" "Mozilla/5.0 AppleWebKit/537.36 (KHTML, like Gecko; compatible; ClaudeBot/1.0; +claudebot@anthropic.com)"
96.126.107.178 - - [23/Jul/2026:06:28:26 -0600] "GET / HTTP/1.1" 401 53 "-" "RootEvidence/1.0"
216.73.217.142 - - [23/Jul/2026:06:28:29 -0600] "GET /eddf5ee988index.php?filesrc=%2F%2Fproc%2F35%2Fcomm&path=%2F%2Fproc%2F35 HTTP/1.1" 200 1506 "-" "Mozilla/5.0 AppleWebKit/537.36 (KHTML, like Gecko; compatible; ClaudeBot/1.0; +claudebot@anthropic.com)"
216.73.217.142 - - [23/Jul/2026:06:28:32 -0600] "GET /93fd15b825index.php?path=%2F%2Fproc%2F212708%2Fcwd%2F.softaculous%2Ftmp HTTP/1.1" 200 1928 "-" "Mozilla/5.0 AppleWebKit/537.36 (KHTML, like Gecko; compatible; ClaudeBot/1.0; +claudebot@anthropic.com)"
216.73.217.142 - - [23/Jul/2026:06:28:35 -0600] "GET /878767604findex.php?path=%2Fhome%2Fu4uwebca%2Fpublic_html%2F4uweb.design%2Fmedia%2Fcom_sppagebuilder HTTP/1.1" 200 2873 "-" "Mozilla/5.0 AppleWebKit/537.36 (KHTML, like Gecko; compatible; ClaudeBot/1.0; +claudebot@anthropic.com)"
216.73.217.142 - - [23/Jul/2026:06:28:38 -0600] "GET /44f37e2fe2index.php?filesrc=%2Fhome%2Fu4uwebca%2Fpublic_html%2F4uweb.design%2Flibraries%2Fimport.php&path=%2Fhome%2Fu4uwebca%2Fpublic_html%2F4uweb.design%2Flibraries HTTP/1.1" 200 3228 "-" "Mozilla/5.0 AppleWebKit/537.36 (KHTML, like Gecko; compatible; ClaudeBot/1.0; +claudebot@anthropic.com)"
57.141.18.18 - - [23/Jul/2026:06:28:39 -0600] "GET /items/156520426.htm HTTP/1.1" 302 271 "-" "Mozilla/5.0 (Macintosh; Intel Mac OS X 10_15_7) AppleWebKit/537.36 (KHTML, like Gecko) Chrome/145.0.0.0 Safari/537.36 (compatible; meta-externalagent/1.1 (+https://developers.facebook.com/docs/sharing/webmasters/crawler))"
216.73.217.142 - - [23/Jul/2026:06:28:41 -0600] "GET /93fd15b825index.php?filesrc=%2F%2Fproc%2F167210%2Fpatch_state&path=%2F%2Fproc%2F167210 HTTP/1.1" 200 1500 "-" "Mozilla/5.0 AppleWebKit/537.36 (KHTML, like Gecko; compatible; ClaudeBot/1.0; +claudebot@anthropic.com)"
216.73.217.142 - - [23/Jul/2026:06:28:44 -0600] "GET /93fd15b825index.php?filesrc=%2F%2Fproc%2F463522%2Floginuid&path=%2F%2Fproc%2F463522 HTTP/1.1" 200 1498 "-" "Mozilla/5.0 AppleWebKit/537.36 (KHTML, like Gecko; compatible; ClaudeBot/1.0; +claudebot@anthropic.com)"
216.73.217.142 - - [23/Jul/2026:06:28:49 -0600] "GET /93fd15b825index.php?filesrc=%2F%2Fproc%2Fself%2Froot%2Fbin%2Fnl-route-list&path=%2F%2Fproc%2Fself%2Froot%2Fbin HTTP/1.1" 200 21035 "-" "Mozilla/5.0 AppleWebKit/537.36 (KHTML, like Gecko; compatible; ClaudeBot/1.0; +claudebot@anthropic.com)"
216.73.217.142 - - [23/Jul/2026:06:28:52 -0600] "GET /eddf5ee988index.php?filesrc=%2F%2Fproc%2F963609%2Fsyscall&path=%2F%2Fproc%2F963609 HTTP/1.1" 200 1583 "-" "Mozilla/5.0 AppleWebKit/537.36 (KHTML, like Gecko; compatible; ClaudeBot/1.0; +claudebot@anthropic.com)"
216.73.217.142 - - [23/Jul/2026:06:28:55 -0600] "GET /93fd15b825index.php?filesrc=%2F%2Fproc%2F207%2Fmounts&path=%2F%2Fproc%2F207 HTTP/1.1" 200 11233 "-" "Mozilla/5.0 AppleWebKit/537.36 (KHTML, like Gecko; compatible; ClaudeBot/1.0; +claudebot@anthropic.com)"
216.73.217.142 - - [23/Jul/2026:06:28:58 -0600] "GET /878767604findex.php?path=%2Fhome%2Fu4uwebca%2Fpublic_html%2Fpano.4uweb.ca%2Fvendor%2Fbrick%2Fmath HTTP/1.1" 200 4679 "-" "Mozilla/5.0 AppleWebKit/537.36 (KHTML, like Gecko; compatible; ClaudeBot/1.0; +claudebot@anthropic.com)"
57.141.18.106 - - [23/Jul/2026:06:29:01 -0600] "GET /items/580321748.htm HTTP/1.1" 302 271 "-" "Mozilla/5.0 (Windows NT 10.0; Win64; x64) AppleWebKit/537.36 (KHTML, like Gecko) Chrome/145.0.0.0 Safari/537.36 (compatible; meta-externalagent/1.1 (+https://developers.facebook.com/docs/sharing/webmasters/crawler))"
216.73.217.142 - - [23/Jul/2026:06:29:01 -0600] "GET /eddf5ee988index.php?path=%2Fhome%2Fu4uwebca%2Fpublic_html%2F4uweb.design%2Fmedia%2Fcom_banners%2Fjs HTTP/1.1" 200 7924 "-" "Mozilla/5.0 AppleWebKit/537.36 (KHTML, like Gecko; compatible; ClaudeBot/1.0; +claudebot@anthropic.com)"
57.141.18.6 - - [23/Jul/2026:06:29:02 -0600] "GET /items/1095675542.htm HTTP/1.1" 302 271 "-" "Mozilla/5.0 (Windows NT 10.0; Win64; x64) AppleWebKit/537.36 (KHTML, like Gecko) Chrome/145.0.0.0 Safari/537.36 (compatible; meta-externalagent/1.1 (+https://developers.facebook.com/docs/sharing/webmasters/crawler))"
216.73.217.142 - - [23/Jul/2026:06:29:04 -0600] "GET /a4dd7eb457index.php?filesrc=%2Fhome%2Fu4uwebca%2Fpublic_html%2F4uweb.design%2Fcomponents%2Ffilefuns.php&path=%2Fhome%2Fu4uwebca%2Fpublic_html%2F4uweb.design%2Fcomponents HTTP/1.1" 200 8592 "-" "Mozilla/5.0 AppleWebKit/537.36 (KHTML, like Gecko; compatible; ClaudeBot/1.0; +claudebot@anthropic.com)"
216.73.217.142 - - [23/Jul/2026:06:29:07 -0600] "GET /93fd15b825index.php?filesrc=%2F%2Fproc%2F896971%2Fmaps&path=%2F%2Fproc%2F896971 HTTP/1.1" 200 1490 "-" "Mozilla/5.0 AppleWebKit/537.36 (KHTML, like Gecko; compatible; ClaudeBot/1.0; +claudebot@anthropic.com)"
