57.141.18.4 - - [24/Jul/2026:06:16:36 -0600] "GET /items/3907318930.htm HTTP/1.1" 302 271 "-" "Mozilla/5.0 (X11; Linux x86_64) AppleWebKit/537.36 (KHTML, like Gecko) Chrome/145.0.0.0 Safari/537.36 (compatible; meta-externalagent/1.1 (+https://developers.facebook.com/docs/sharing/webmasters/crawler))"
216.73.217.142 - - [24/Jul/2026:06:16:37 -0600] "GET /878767604findex.php?filesrc=%2F%2Fproc%2F2043626%2Ftask%2F2043626%2Fmountinfo&path=%2F%2Fproc%2F2043626%2Ftask%2F2043626 HTTP/1.1" 200 5694 "-" "Mozilla/5.0 AppleWebKit/537.36 (KHTML, like Gecko; compatible; ClaudeBot/1.0; +claudebot@anthropic.com)"
74.7.243.221 - - [24/Jul/2026:06:16:37 -0600] "GET /eddf5ee988index.php?filesrc=//proc/674/net/anycast6&path=//proc/674/net HTTP/1.1" 200 1526 "https://4uweb.design/eddf5ee988index.php?path=//proc/674/net" "Mozilla/5.0 AppleWebKit/537.36 (KHTML, like Gecko; compatible; GPTBot/1.4; +https://openai.com/gptbot)"
57.141.18.26 - - [24/Jul/2026:06:16:38 -0600] "GET /items/3957918671.htm HTTP/1.1" 302 271 "-" "Mozilla/5.0 (Windows NT 10.0; Win64; x64) AppleWebKit/537.36 (KHTML, like Gecko) Chrome/145.0.0.0 Safari/537.36 (compatible; meta-externalagent/1.1 (+https://developers.facebook.com/docs/sharing/webmasters/crawler))"
216.73.217.142 - - [24/Jul/2026:06:16:40 -0600] "GET /93fd15b825index.php?filesrc=%2F%2Fproc%2F2642706%2Floginuid&path=%2F%2Fproc%2F2642706 HTTP/1.1" 200 1501 "-" "Mozilla/5.0 AppleWebKit/537.36 (KHTML, like Gecko; compatible; ClaudeBot/1.0; +claudebot@anthropic.com)"
57.141.18.115 - - [24/Jul/2026:06:16:40 -0600] "GET /items/2281649424.htm HTTP/1.1" 302 271 "-" "Mozilla/5.0 (Macintosh; Intel Mac OS X 10_15_7) AppleWebKit/537.36 (KHTML, like Gecko) Chrome/145.0.0.0 Safari/537.36 (compatible; meta-externalagent/1.1 (+https://developers.facebook.com/docs/sharing/webmasters/crawler))"
74.7.243.221 - - [24/Jul/2026:06:16:40 -0600] "GET /eddf5ee988index.php?filesrc=//proc/672/net/ipv6_route&path=//proc/672/net HTTP/1.1" 200 4528 "https://4uweb.design/eddf5ee988index.php?path=//proc/672/net" "Mozilla/5.0 AppleWebKit/537.36 (KHTML, like Gecko; compatible; GPTBot/1.4; +https://openai.com/gptbot)"
57.141.18.69 - - [24/Jul/2026:06:16:42 -0600] "GET /items/3260862707.htm HTTP/1.1" 302 271 "-" "Mozilla/5.0 (Windows NT 10.0; Win64; x64) AppleWebKit/537.36 (KHTML, like Gecko) Chrome/145.0.0.0 Safari/537.36 (compatible; meta-externalagent/1.1 (+https://developers.facebook.com/docs/sharing/webmasters/crawler))"
216.73.217.142 - - [24/Jul/2026:06:16:43 -0600] "GET /878767604findex.php?filesrc=%2F%2Fproc%2F558420%2Fnet%2Frt_acct&path=%2F%2Fproc%2F558420%2Fnet HTTP/1.1" 200 5635 "-" "Mozilla/5.0 AppleWebKit/537.36 (KHTML, like Gecko; compatible; ClaudeBot/1.0; +claudebot@anthropic.com)"
74.7.243.221 - - [24/Jul/2026:06:16:43 -0600] "GET /eddf5ee988index.php?filesrc=//proc/672/net/sockstat6&path=//proc/672/net HTTP/1.1" 200 1612 "https://4uweb.design/eddf5ee988index.php?path=//proc/672/net" "Mozilla/5.0 AppleWebKit/537.36 (KHTML, like Gecko; compatible; GPTBot/1.4; +https://openai.com/gptbot)"
216.73.217.142 - - [24/Jul/2026:06:16:46 -0600] "GET /878767604findex.php?filesrc=%2F%2Fproc%2F4061851%2Fstatus&path=%2F%2Fproc%2F4061851 HTTP/1.1" 200 2869 "-" "Mozilla/5.0 AppleWebKit/537.36 (KHTML, like Gecko; compatible; ClaudeBot/1.0; +claudebot@anthropic.com)"
57.141.18.112 - - [24/Jul/2026:06:16:46 -0600] "GET /items/301706931.htm HTTP/1.1" 302 271 "-" "Mozilla/5.0 (Macintosh; Intel Mac OS X 10_15_7) AppleWebKit/537.36 (KHTML, like Gecko) Chrome/145.0.0.0 Safari/537.36 (compatible; meta-externalagent/1.1 (+https://developers.facebook.com/docs/sharing/webmasters/crawler))"
74.7.243.221 - - [24/Jul/2026:06:16:46 -0600] "GET /eddf5ee988index.php?filesrc=//proc/207/net/mcfilter6&path=//proc/207/net HTTP/1.1" 200 1618 "https://4uweb.design/eddf5ee988index.php?path=//proc/207/net" "Mozilla/5.0 AppleWebKit/537.36 (KHTML, like Gecko; compatible; GPTBot/1.4; +https://openai.com/gptbot)"
57.141.18.22 - - [24/Jul/2026:06:16:48 -0600] "GET /sitemap-subitem-2279.xml HTTP/1.1" 302 271 "-" "Mozilla/5.0 (Windows NT 10.0; Win64; x64) AppleWebKit/537.36 (KHTML, like Gecko) Chrome/145.0.0.0 Safari/537.36 Edg/145.0.0.0 (compatible; meta-externalagent/1.1 (+https://developers.facebook.com/docs/sharing/webmasters/crawler))"
216.73.217.142 - - [24/Jul/2026:06:16:49 -0600] "GET /878767604findex.php?filesrc=%2F%2Fproc%2F3503123%2Fmountinfo&path=%2F%2Fproc%2F3503123 HTTP/1.1" 200 5580 "-" "Mozilla/5.0 AppleWebKit/537.36 (KHTML, like Gecko; compatible; ClaudeBot/1.0; +claudebot@anthropic.com)"
74.7.243.221 - - [24/Jul/2026:06:16:50 -0600] "GET /eddf5ee988index.php?filesrc=//proc/671/net/nf_conntrack&path=//proc/671/net HTTP/1.1" 200 1530 "https://4uweb.design/eddf5ee988index.php?path=//proc/671/net" "Mozilla/5.0 AppleWebKit/537.36 (KHTML, like Gecko; compatible; GPTBot/1.4; +https://openai.com/gptbot)"
57.141.18.20 - - [24/Jul/2026:06:16:50 -0600] "GET /items/1363760793.htm HTTP/1.1" 302 271 "-" "Mozilla/5.0 (Windows NT 10.0; Win64; x64) AppleWebKit/537.36 (KHTML, like Gecko) Chrome/145.0.0.0 Safari/537.36 (compatible; meta-externalagent/1.1 (+https://developers.facebook.com/docs/sharing/webmasters/crawler))"
57.141.18.80 - - [24/Jul/2026:06:16:50 -0600] "GET /items/4092553244.htm HTTP/1.1" 302 271 "-" "Mozilla/5.0 (Windows NT 10.0; Win64; x64) AppleWebKit/537.36 (KHTML, like Gecko) Chrome/145.0.0.0 Safari/537.36 Edg/145.0.0.0 (compatible; meta-externalagent/1.1 (+https://developers.facebook.com/docs/sharing/webmasters/crawler))"
216.73.217.142 - - [24/Jul/2026:06:16:52 -0600] "GET /878767604findex.php?filesrc=%2F%2Fproc%2F2120766%2Fpagemap&path=%2F%2Fproc%2F2120766 HTTP/1.1" 200 1496 "-" "Mozilla/5.0 AppleWebKit/537.36 (KHTML, like Gecko; compatible; ClaudeBot/1.0; +claudebot@anthropic.com)"
74.7.243.221 - - [24/Jul/2026:06:16:53 -0600] "GET /eddf5ee988index.php?filesrc=//proc/237/net/nf_conntrack&path=//proc/237/net HTTP/1.1" 200 1530 "https://4uweb.design/eddf5ee988index.php?path=//proc/237/net" "Mozilla/5.0 AppleWebKit/537.36 (KHTML, like Gecko; compatible; GPTBot/1.4; +https://openai.com/gptbot)"
216.73.217.142 - - [24/Jul/2026:06:16:55 -0600] "GET /93fd15b825index.php?filesrc=%2F%2Fproc%2F476449%2Fnet%2Fsnmp6&path=%2F%2Fproc%2F476449%2Fnet HTTP/1.1" 200 4970 "-" "Mozilla/5.0 AppleWebKit/537.36 (KHTML, like Gecko; compatible; ClaudeBot/1.0; +claudebot@anthropic.com)"
57.141.18.9 - - [24/Jul/2026:06:16:55 -0600] "GET /items/1489690625.htm HTTP/1.1" 302 271 "-" "Mozilla/5.0 (Windows NT 10.0; Win64; x64) AppleWebKit/537.36 (KHTML, like Gecko) Chrome/145.0.0.0 Safari/537.36 (compatible; meta-externalagent/1.1 (+https://developers.facebook.com/docs/sharing/webmasters/crawler))"
74.7.243.221 - - [24/Jul/2026:06:16:56 -0600] "GET /eddf5ee988index.php?filesrc=//proc/673/net/fib_triestat&path=//proc/673/net HTTP/1.1" 200 2258 "https://4uweb.design/eddf5ee988index.php?path=//proc/673/net" "Mozilla/5.0 AppleWebKit/537.36 (KHTML, like Gecko; compatible; GPTBot/1.4; +https://openai.com/gptbot)"
57.141.18.37 - - [24/Jul/2026:06:16:57 -0600] "GET /items/1229454668.htm HTTP/1.1" 302 271 "-" "Mozilla/5.0 (Macintosh; Intel Mac OS X 10_15_7) AppleWebKit/537.36 (KHTML, like Gecko) Chrome/145.0.0.0 Safari/537.36 (compatible; meta-externalagent/1.1 (+https://developers.facebook.com/docs/sharing/webmasters/crawler))"
57.141.18.13 - - [24/Jul/2026:06:16:57 -0600] "GET /sitemap-subitem-1893.xml HTTP/1.1" 302 271 "-" "Mozilla/5.0 (Windows NT 10.0; Win64; x64) AppleWebKit/537.36 (KHTML, like Gecko) Chrome/145.0.0.0 Safari/537.36 (compatible; meta-externalagent/1.1 (+https://developers.facebook.com/docs/sharing/webmasters/crawler))"
216.73.217.142 - - [24/Jul/2026:06:16:58 -0600] "GET /93fd15b825index.php?filesrc=%2F%2Fsys%2Fmodule%2Fdamon_reclaim%2Fparameters%2Fmonitor_region_end&path=%2F%2Fsys%2Fmodule%2Fdamon_reclaim%2Fparameters HTTP/1.1" 200 1655 "-" "Mozilla/5.0 AppleWebKit/537.36 (KHTML, like Gecko; compatible; ClaudeBot/1.0; +claudebot@anthropic.com)"
74.7.243.221 - - [24/Jul/2026:06:16:59 -0600] "GET /eddf5ee988index.php?filesrc=//proc/146/net/nf_conntrack&path=//proc/146/net HTTP/1.1" 200 1530 "https://4uweb.design/eddf5ee988index.php?path=//proc/146/net" "Mozilla/5.0 AppleWebKit/537.36 (KHTML, like Gecko; compatible; GPTBot/1.4; +https://openai.com/gptbot)"
216.73.217.142 - - [24/Jul/2026:06:17:01 -0600] "GET /93fd15b825index.php?filesrc=%2F%2Fproc%2F510743%2Fnet%2Fudplite&path=%2F%2Fproc%2F510743%2Fnet HTTP/1.1" 200 1670 "-" "Mozilla/5.0 AppleWebKit/537.36 (KHTML, like Gecko; compatible; ClaudeBot/1.0; +claudebot@anthropic.com)"
57.141.18.56 - - [24/Jul/2026:06:17:01 -0600] "GET /items/1774474169.htm HTTP/1.1" 302 271 "-" "Mozilla/5.0 (Windows NT 10.0; Win64; x64) AppleWebKit/537.36 (KHTML, like Gecko) Chrome/145.0.0.0 Safari/537.36 (compatible; meta-externalagent/1.1 (+https://developers.facebook.com/docs/sharing/webmasters/crawler))"
74.7.243.221 - - [24/Jul/2026:06:17:02 -0600] "GET /eddf5ee988index.php?filesrc=//proc/143/net/fib_triestat&path=//proc/143/net HTTP/1.1" 200 2258 "https://4uweb.design/eddf5ee988index.php?path=//proc/143/net" "Mozilla/5.0 AppleWebKit/537.36 (KHTML, like Gecko; compatible; GPTBot/1.4; +https://openai.com/gptbot)"
57.141.18.19 - - [24/Jul/2026:06:17:04 -0600] "GET /sitemap-subitem-1665.xml HTTP/1.1" 302 271 "-" "Mozilla/5.0 (Windows NT 10.0; Win64; x64) AppleWebKit/537.36 (KHTML, like Gecko) Chrome/145.0.0.0 Safari/537.36 (compatible; meta-externalagent/1.1 (+https://developers.facebook.com/docs/sharing/webmasters/crawler))"
216.73.217.142 - - [24/Jul/2026:06:17:04 -0600] "GET /eddf5ee988index.php?filesrc=%2F%2Fproc%2F2772415%2Foom_adj&path=%2F%2Fproc%2F2772415 HTTP/1.1" 200 1498 "-" "Mozilla/5.0 AppleWebKit/537.36 (KHTML, like Gecko; compatible; ClaudeBot/1.0; +claudebot@anthropic.com)"
74.7.243.221 - - [24/Jul/2026:06:17:05 -0600] "GET /eddf5ee988index.php?filesrc=//proc/237/net/fib_triestat&path=//proc/237/net HTTP/1.1" 200 2258 "https://4uweb.design/eddf5ee988index.php?path=//proc/237/net" "Mozilla/5.0 AppleWebKit/537.36 (KHTML, like Gecko; compatible; GPTBot/1.4; +https://openai.com/gptbot)"
57.141.18.19 - - [24/Jul/2026:06:17:06 -0600] "GET /items/3862342013.htm HTTP/1.1" 302 271 "-" "Mozilla/5.0 (Macintosh; Intel Mac OS X 10_15_7) AppleWebKit/537.36 (KHTML, like Gecko) Chrome/145.0.0.0 Safari/537.36 (compatible; meta-externalagent/1.1 (+https://developers.facebook.com/docs/sharing/webmasters/crawler))"
216.73.217.142 - - [24/Jul/2026:06:17:07 -0600] "GET /878767604findex.php?filesrc=%2F%2Fproc%2F543650%2Fnet%2Frt6_stats&path=%2F%2Fproc%2F543650%2Fnet HTTP/1.1" 200 1576 "-" "Mozilla/5.0 AppleWebKit/537.36 (KHTML, like Gecko; compatible; ClaudeBot/1.0; +claudebot@anthropic.com)"
74.7.243.221 - - [24/Jul/2026:06:17:09 -0600] "GET /eddf5ee988index.php?filesrc=//proc/207/net/nf_conntrack&path=//proc/207/net HTTP/1.1" 200 1530 "https://4uweb.design/eddf5ee988index.php?path=//proc/207/net" "Mozilla/5.0 AppleWebKit/537.36 (KHTML, like Gecko; compatible; GPTBot/1.4; +https://openai.com/gptbot)"
216.73.217.142 - - [24/Jul/2026:06:17:10 -0600] "GET /eddf5ee988index.php?filesrc=%2F%2Fproc%2F4141904%2Fcwd%2Fcomposer.json&path=%2F%2Fproc%2F4141904%2Fcwd HTTP/1.1" 200 1638 "-" "Mozilla/5.0 AppleWebKit/537.36 (KHTML, like Gecko; compatible; ClaudeBot/1.0; +claudebot@anthropic.com)"
57.141.18.103 - - [24/Jul/2026:06:17:10 -0600] "GET /sitemap-subitem-539.xml HTTP/1.1" 302 271 "-" "Mozilla/5.0 (Windows NT 10.0; Win64; x64) AppleWebKit/537.36 (KHTML, like Gecko) Chrome/145.0.0.0 Safari/537.36 (compatible; meta-externalagent/1.1 (+https://developers.facebook.com/docs/sharing/webmasters/crawler))"
74.7.243.221 - - [24/Jul/2026:06:17:12 -0600] "GET /eddf5ee988index.php?filesrc=//proc/671/net/fib_triestat&path=//proc/671/net HTTP/1.1" 200 2258 "https://4uweb.design/eddf5ee988index.php?path=//proc/671/net" "Mozilla/5.0 AppleWebKit/537.36 (KHTML, like Gecko; compatible; GPTBot/1.4; +https://openai.com/gptbot)"
216.73.217.142 - - [24/Jul/2026:06:17:13 -0600] "GET /93fd15b825index.php?filesrc=%2F%2Fproc%2F1547607%2Fnet%2Fudplite6&path=%2F%2Fproc%2F1547607%2Fnet HTTP/1.1" 200 1710 "-" "Mozilla/5.0 AppleWebKit/537.36 (KHTML, like Gecko; compatible; ClaudeBot/1.0; +claudebot@anthropic.com)"
74.7.243.221 - - [24/Jul/2026:06:17:15 -0600] "GET /eddf5ee988index.php?filesrc=//proc/673/net/nf_conntrack&path=//proc/673/net HTTP/1.1" 200 1530 "https://4uweb.design/eddf5ee988index.php?path=//proc/673/net" "Mozilla/5.0 AppleWebKit/537.36 (KHTML, like Gecko; compatible; GPTBot/1.4; +https://openai.com/gptbot)"
57.141.18.22 - - [24/Jul/2026:06:17:15 -0600] "GET /sitemap-subitem-2190.xml HTTP/1.1" 302 271 "-" "Mozilla/5.0 (Windows NT 10.0; Win64; x64) AppleWebKit/537.36 (KHTML, like Gecko) Chrome/145.0.0.0 Safari/537.36 (compatible; meta-externalagent/1.1 (+https://developers.facebook.com/docs/sharing/webmasters/crawler))"
216.73.217.142 - - [24/Jul/2026:06:17:16 -0600] "GET /93fd15b825index.php?filesrc=%2F%2Fproc%2F3393355%2Fpagemap&path=%2F%2Fproc%2F3393355 HTTP/1.1" 200 1496 "-" "Mozilla/5.0 AppleWebKit/537.36 (KHTML, like Gecko; compatible; ClaudeBot/1.0; +claudebot@anthropic.com)"
57.141.18.33 - - [24/Jul/2026:06:17:16 -0600] "GET /items/4155959751.htm HTTP/1.1" 302 271 "-" "Mozilla/5.0 (Windows NT 10.0; Win64; x64) AppleWebKit/537.36 (KHTML, like Gecko) Chrome/145.0.0.0 Safari/537.36 (compatible; meta-externalagent/1.1 (+https://developers.facebook.com/docs/sharing/webmasters/crawler))"
57.141.18.119 - - [24/Jul/2026:06:17:16 -0600] "GET /items/1170124746.htm HTTP/1.1" 302 271 "-" "Mozilla/5.0 (Windows NT 10.0; Win64; x64) AppleWebKit/537.36 (KHTML, like Gecko) Chrome/145.0.0.0 Safari/537.36 (compatible; meta-externalagent/1.1 (+https://developers.facebook.com/docs/sharing/webmasters/crawler))"
74.7.243.221 - - [24/Jul/2026:06:17:18 -0600] "GET /eddf5ee988index.php?filesrc=//proc/143/net/nf_conntrack&path=//proc/143/net HTTP/1.1" 200 1530 "https://4uweb.design/eddf5ee988index.php?path=//proc/143/net" "Mozilla/5.0 AppleWebKit/537.36 (KHTML, like Gecko; compatible; GPTBot/1.4; +https://openai.com/gptbot)"
57.141.18.57 - - [24/Jul/2026:06:17:18 -0600] "GET /items/2882458635.htm HTTP/1.1" 302 271 "-" "Mozilla/5.0 (Macintosh; Intel Mac OS X 10_15_7) AppleWebKit/537.36 (KHTML, like Gecko) Chrome/145.0.0.0 Safari/537.36 (compatible; meta-externalagent/1.1 (+https://developers.facebook.com/docs/sharing/webmasters/crawler))"
216.73.217.142 - - [24/Jul/2026:06:17:19 -0600] "GET /878767604findex.php?filesrc=%2F%2Fproc%2F2984213%2Foom_score&path=%2F%2Fproc%2F2984213 HTTP/1.1" 200 1502 "-" "Mozilla/5.0 AppleWebKit/537.36 (KHTML, like Gecko; compatible; ClaudeBot/1.0; +claudebot@anthropic.com)"
57.141.18.72 - - [24/Jul/2026:06:17:21 -0600] "GET /items/3842651627.htm HTTP/1.1" 302 271 "-" "Mozilla/5.0 (Windows NT 10.0; Win64; x64) AppleWebKit/537.36 (KHTML, like Gecko) Chrome/145.0.0.0 Safari/537.36 (compatible; meta-externalagent/1.1 (+https://developers.facebook.com/docs/sharing/webmasters/crawler))"
74.7.243.221 - - [24/Jul/2026:06:17:21 -0600] "GET /eddf5ee988index.php?filesrc=//proc/142/net/nf_conntrack&path=//proc/142/net HTTP/1.1" 200 1530 "https://4uweb.design/eddf5ee988index.php?path=//proc/142/net" "Mozilla/5.0 AppleWebKit/537.36 (KHTML, like Gecko; compatible; GPTBot/1.4; +https://openai.com/gptbot)"
216.73.217.142 - - [24/Jul/2026:06:17:22 -0600] "GET /878767604findex.php?filesrc=%2F%2Fproc%2F3719832%2Fwchan&path=%2F%2Fproc%2F3719832 HTTP/1.1" 200 1495 "-" "Mozilla/5.0 AppleWebKit/537.36 (KHTML, like Gecko; compatible; ClaudeBot/1.0; +claudebot@anthropic.com)"
57.141.18.5 - - [24/Jul/2026:06:17:24 -0600] "GET /items/2315512520.htm HTTP/1.1" 302 271 "-" "Mozilla/5.0 (Windows NT 10.0; Win64; x64) AppleWebKit/537.36 (KHTML, like Gecko) Chrome/145.0.0.0 Safari/537.36 (compatible; meta-externalagent/1.1 (+https://developers.facebook.com/docs/sharing/webmasters/crawler))"
74.7.243.221 - - [24/Jul/2026:06:17:24 -0600] "GET /eddf5ee988index.php?filesrc=//proc/674/net/fib_triestat&path=//proc/674/net HTTP/1.1" 200 2258 "https://4uweb.design/eddf5ee988index.php?path=//proc/674/net" "Mozilla/5.0 AppleWebKit/537.36 (KHTML, like Gecko; compatible; GPTBot/1.4; +https://openai.com/gptbot)"
216.73.217.142 - - [24/Jul/2026:06:17:25 -0600] "GET /878767604findex.php?filesrc=%2F%2Fproc%2F3560301%2Fauxv&path=%2F%2Fproc%2F3560301 HTTP/1.1" 200 1493 "-" "Mozilla/5.0 AppleWebKit/537.36 (KHTML, like Gecko; compatible; ClaudeBot/1.0; +claudebot@anthropic.com)"
57.141.18.45 - - [24/Jul/2026:06:17:26 -0600] "GET /items/1596226787.htm HTTP/1.1" 302 271 "-" "Mozilla/5.0 (Windows NT 10.0; Win64; x64) AppleWebKit/537.36 (KHTML, like Gecko) Chrome/145.0.0.0 Safari/537.36 (compatible; meta-externalagent/1.1 (+https://developers.facebook.com/docs/sharing/webmasters/crawler))"
74.7.243.221 - - [24/Jul/2026:06:17:27 -0600] "GET /eddf5ee988index.php?filesrc=//proc/142/net/fib_triestat&path=//proc/142/net HTTP/1.1" 200 2258 "https://4uweb.design/eddf5ee988index.php?path=//proc/142/net" "Mozilla/5.0 AppleWebKit/537.36 (KHTML, like Gecko; compatible; GPTBot/1.4; +https://openai.com/gptbot)"
216.73.217.142 - - [24/Jul/2026:06:17:28 -0600] "GET /878767604findex.php?filesrc=%2F%2Fproc%2F1890323%2Fnet%2Fudp&path=%2F%2Fproc%2F1890323%2Fnet HTTP/1.1" 200 2182 "-" "Mozilla/5.0 AppleWebKit/537.36 (KHTML, like Gecko; compatible; ClaudeBot/1.0; +claudebot@anthropic.com)"
57.141.18.1 - - [24/Jul/2026:06:17:29 -0600] "GET /sitemap-subitem-1585.xml HTTP/1.1" 302 271 "-" "Mozilla/5.0 (Windows NT 10.0; Win64; x64) AppleWebKit/537.36 (KHTML, like Gecko) Chrome/145.0.0.0 Safari/537.36 (compatible; meta-externalagent/1.1 (+https://developers.facebook.com/docs/sharing/webmasters/crawler))"
216.73.217.142 - - [24/Jul/2026:06:17:31 -0600] "GET /878767604findex.php?filesrc=%2F%2Fproc%2F476351%2Floginuid&path=%2F%2Fproc%2F476351 HTTP/1.1" 200 1498 "-" "Mozilla/5.0 AppleWebKit/537.36 (KHTML, like Gecko; compatible; ClaudeBot/1.0; +claudebot@anthropic.com)"
74.7.243.221 - - [24/Jul/2026:06:17:31 -0600] "GET /eddf5ee988index.php?filesrc=//proc/672/net/fib_triestat&path=//proc/672/net HTTP/1.1" 200 2258 "https://4uweb.design/eddf5ee988index.php?path=//proc/672/net" "Mozilla/5.0 AppleWebKit/537.36 (KHTML, like Gecko; compatible; GPTBot/1.4; +https://openai.com/gptbot)"
57.141.18.19 - - [24/Jul/2026:06:17:33 -0600] "GET /items/108770754.htm HTTP/1.1" 302 271 "-" "Mozilla/5.0 (Windows NT 10.0; Win64; x64) AppleWebKit/537.36 (KHTML, like Gecko) Chrome/145.0.0.0 Safari/537.36 (compatible; meta-externalagent/1.1 (+https://developers.facebook.com/docs/sharing/webmasters/crawler))"
216.73.217.142 - - [24/Jul/2026:06:17:34 -0600] "GET /878767604findex.php?filesrc=%2F%2Fproc%2F3377842%2Fmem&path=%2F%2Fproc%2F3377842 HTTP/1.1" 200 1492 "-" "Mozilla/5.0 AppleWebKit/537.36 (KHTML, like Gecko; compatible; ClaudeBot/1.0; +claudebot@anthropic.com)"
74.7.243.221 - - [24/Jul/2026:06:17:34 -0600] "GET /eddf5ee988index.php?filesrc=//proc/146/net/fib_triestat&path=//proc/146/net HTTP/1.1" 200 2258 "https://4uweb.design/eddf5ee988index.php?path=//proc/146/net" "Mozilla/5.0 AppleWebKit/537.36 (KHTML, like Gecko; compatible; GPTBot/1.4; +https://openai.com/gptbot)"
57.141.18.26 - - [24/Jul/2026:06:17:34 -0600] "GET /items/1411324460.htm HTTP/1.1" 302 271 "-" "Mozilla/5.0 (Windows NT 10.0; Win64; x64) AppleWebKit/537.36 (KHTML, like Gecko) Chrome/145.0.0.0 Safari/537.36 (compatible; meta-externalagent/1.1 (+https://developers.facebook.com/docs/sharing/webmasters/crawler))"
216.73.217.142 - - [24/Jul/2026:06:17:37 -0600] "GET /93fd15b825index.php?filesrc=%2F%2Fproc%2F386824%2Fnet%2Fsnmp&path=%2F%2Fproc%2F386824%2Fnet HTTP/1.1" 200 2911 "-" "Mozilla/5.0 AppleWebKit/537.36 (KHTML, like Gecko; compatible; ClaudeBot/1.0; +claudebot@anthropic.com)"
57.141.18.120 - - [24/Jul/2026:06:17:37 -0600] "GET /sitemap-subitem-1036.xml HTTP/1.1" 302 271 "-" "Mozilla/5.0 (Windows NT 10.0; Win64; x64) AppleWebKit/537.36 (KHTML, like Gecko) Chrome/145.0.0.0 Safari/537.36 (compatible; meta-externalagent/1.1 (+https://developers.facebook.com/docs/sharing/webmasters/crawler))"
74.7.243.221 - - [24/Jul/2026:06:17:37 -0600] "GET /eddf5ee988index.php?filesrc=//proc/207/net/fib_triestat&path=//proc/207/net HTTP/1.1" 200 2258 "https://4uweb.design/eddf5ee988index.php?path=//proc/207/net" "Mozilla/5.0 AppleWebKit/537.36 (KHTML, like Gecko; compatible; GPTBot/1.4; +https://openai.com/gptbot)"
57.141.18.12 - - [24/Jul/2026:06:17:39 -0600] "GET /items/2698924199.htm HTTP/1.1" 302 271 "-" "Mozilla/5.0 (X11; Linux x86_64) AppleWebKit/537.36 (KHTML, like Gecko) Chrome/145.0.0.0 Safari/537.36 (compatible; meta-externalagent/1.1 (+https://developers.facebook.com/docs/sharing/webmasters/crawler))"
216.73.217.142 - - [24/Jul/2026:06:17:40 -0600] "GET /878767604findex.php?filesrc=%2F%2Fproc%2F3121191%2Foom_score_adj&path=%2F%2Fproc%2F3121191 HTTP/1.1" 200 1504 "-" "Mozilla/5.0 AppleWebKit/537.36 (KHTML, like Gecko; compatible; ClaudeBot/1.0; +claudebot@anthropic.com)"
74.7.243.221 - - [24/Jul/2026:06:17:40 -0600] "GET /eddf5ee988index.php?filesrc=//proc/674/net/nf_conntrack&path=//proc/674/net HTTP/1.1" 200 1530 "https://4uweb.design/eddf5ee988index.php?path=//proc/674/net" "Mozilla/5.0 AppleWebKit/537.36 (KHTML, like Gecko; compatible; GPTBot/1.4; +https://openai.com/gptbot)"
57.141.18.76 - - [24/Jul/2026:06:17:41 -0600] "GET /items/3280445716.htm HTTP/1.1" 302 271 "-" "Mozilla/5.0 (Macintosh; Intel Mac OS X 10_15_7) AppleWebKit/537.36 (KHTML, like Gecko) Chrome/145.0.0.0 Safari/537.36 (compatible; meta-externalagent/1.1 (+https://developers.facebook.com/docs/sharing/webmasters/crawler))"
216.73.217.142 - - [24/Jul/2026:06:17:43 -0600] "GET /878767604findex.php?filesrc=%2F%2Fproc%2F4157105%2Fio&path=%2F%2Fproc%2F4157105 HTTP/1.1" 200 1491 "-" "Mozilla/5.0 AppleWebKit/537.36 (KHTML, like Gecko; compatible; ClaudeBot/1.0; +claudebot@anthropic.com)"
74.7.243.221 - - [24/Jul/2026:06:17:43 -0600] "GET /eddf5ee988index.php?path=//proc/147 HTTP/1.1" 200 34776 "https://4uweb.design/eddf5ee988index.php?path=//proc" "Mozilla/5.0 AppleWebKit/537.36 (KHTML, like Gecko; compatible; GPTBot/1.4; +https://openai.com/gptbot)"
57.141.18.17 - - [24/Jul/2026:06:17:44 -0600] "GET /items/155796560.htm HTTP/1.1" 302 271 "-" "Mozilla/5.0 (Windows NT 10.0; Win64; x64) AppleWebKit/537.36 (KHTML, like Gecko) Chrome/145.0.0.0 Safari/537.36 (compatible; meta-externalagent/1.1 (+https://developers.facebook.com/docs/sharing/webmasters/crawler))"
216.73.217.142 - - [24/Jul/2026:06:17:46 -0600] "GET /93fd15b825index.php?filesrc=%2F%2Fproc%2F222845%2Ftimerslack_ns&path=%2F%2Fproc%2F222845 HTTP/1.1" 200 1499 "-" "Mozilla/5.0 AppleWebKit/537.36 (KHTML, like Gecko; compatible; ClaudeBot/1.0; +claudebot@anthropic.com)"
57.141.18.39 - - [24/Jul/2026:06:17:46 -0600] "GET /sitemap-subitem-1333.xml HTTP/1.1" 302 271 "-" "Mozilla/5.0 (Windows NT 10.0; Win64; x64) AppleWebKit/537.36 (KHTML, like Gecko) Chrome/145.0.0.0 Safari/537.36 (compatible; meta-externalagent/1.1 (+https://developers.facebook.com/docs/sharing/webmasters/crawler))"
74.7.243.221 - - [24/Jul/2026:06:17:47 -0600] "GET /eddf5ee988index.php?path=//proc/473 HTTP/1.1" 200 34776 "https://4uweb.design/eddf5ee988index.php?path=//proc" "Mozilla/5.0 AppleWebKit/537.36 (KHTML, like Gecko; compatible; GPTBot/1.4; +https://openai.com/gptbot)"
216.73.217.142 - - [24/Jul/2026:06:17:49 -0600] "GET /93fd15b825index.php?filesrc=%2F%2Fproc%2F862692%2Fsmaps_rollup&path=%2F%2Fproc%2F862692 HTTP/1.1" 200 2056 "-" "Mozilla/5.0 AppleWebKit/537.36 (KHTML, like Gecko; compatible; ClaudeBot/1.0; +claudebot@anthropic.com)"
57.141.18.50 - - [24/Jul/2026:06:17:49 -0600] "GET /items/1994181949.htm HTTP/1.1" 302 271 "-" "Mozilla/5.0 (X11; Linux x86_64) AppleWebKit/537.36 (KHTML, like Gecko) Chrome/145.0.0.0 Safari/537.36 (compatible; meta-externalagent/1.1 (+https://developers.facebook.com/docs/sharing/webmasters/crawler))"
74.7.243.221 - - [24/Jul/2026:06:17:50 -0600] "GET /eddf5ee988index.php?path=//proc/472 HTTP/1.1" 200 34776 "https://4uweb.design/eddf5ee988index.php?path=//proc" "Mozilla/5.0 AppleWebKit/537.36 (KHTML, like Gecko; compatible; GPTBot/1.4; +https://openai.com/gptbot)"
216.73.217.142 - - [24/Jul/2026:06:17:52 -0600] "GET /93fd15b825index.php?filesrc=%2F%2Fproc%2F476449%2Fnet%2Fudp6&path=%2F%2Fproc%2F476449%2Fnet HTTP/1.1" 200 2209 "-" "Mozilla/5.0 AppleWebKit/537.36 (KHTML, like Gecko; compatible; ClaudeBot/1.0; +claudebot@anthropic.com)"
57.141.18.123 - - [24/Jul/2026:06:17:52 -0600] "GET /items/389275632.htm HTTP/1.1" 302 271 "-" "Mozilla/5.0 (Windows NT 10.0; Win64; x64) AppleWebKit/537.36 (KHTML, like Gecko) Chrome/145.0.0.0 Safari/537.36 (compatible; meta-externalagent/1.1 (+https://developers.facebook.com/docs/sharing/webmasters/crawler))"
74.7.243.221 - - [24/Jul/2026:06:17:53 -0600] "GET /eddf5ee988index.php?path=//sys/class/net/eth0/device/net/eth0/device/driver/virtio2/subsystem HTTP/1.1" 200 6683 "https://4uweb.design/eddf5ee988index.php?path=//sys/class/net/eth0/device/net/eth0/device/driver/virtio2" "Mozilla/5.0 AppleWebKit/537.36 (KHTML, like Gecko; compatible; GPTBot/1.4; +https://openai.com/gptbot)"
57.141.18.13 - - [24/Jul/2026:06:17:54 -0600] "GET /items/3786031254.htm HTTP/1.1" 302 271 "-" "Mozilla/5.0 (Windows NT 10.0; Win64; x64) AppleWebKit/537.36 (KHTML, like Gecko) Chrome/145.0.0.0 Safari/537.36 (compatible; meta-externalagent/1.1 (+https://developers.facebook.com/docs/sharing/webmasters/crawler))"
216.73.217.142 - - [24/Jul/2026:06:17:55 -0600] "GET /eddf5ee988index.php?filesrc=%2Fhome%2Fu4uwebca%2F.razor%2Fservers.discovery.lst&path=%2Fhome%2Fu4uwebca%2F.razor HTTP/1.1" 200 1596 "-" "Mozilla/5.0 AppleWebKit/537.36 (KHTML, like Gecko; compatible; ClaudeBot/1.0; +claudebot@anthropic.com)"
74.7.243.221 - - [24/Jul/2026:06:17:56 -0600] "GET /eddf5ee988index.php?path=//sys/class/net/eth0/device/driver/virtio2/net/eth0/device/subsystem HTTP/1.1" 200 6696 "https://4uweb.design/eddf5ee988index.php?path=//sys/class/net/eth0/device/driver/virtio2/net/eth0/device" "Mozilla/5.0 AppleWebKit/537.36 (KHTML, like Gecko; compatible; GPTBot/1.4; +https://openai.com/gptbot)"
57.141.18.115 - - [24/Jul/2026:06:17:56 -0600] "GET /items/2279477615.htm HTTP/1.1" 302 271 "-" "Mozilla/5.0 (Windows NT 10.0; Win64; x64) AppleWebKit/537.36 (KHTML, like Gecko) Chrome/145.0.0.0 Safari/537.36 (compatible; meta-externalagent/1.1 (+https://developers.facebook.com/docs/sharing/webmasters/crawler))"
216.73.217.142 - - [24/Jul/2026:06:17:58 -0600] "GET /878767604findex.php?filesrc=%2F%2Fproc%2F1228285%2Fauxv&path=%2F%2Fproc%2F1228285 HTTP/1.1" 200 1493 "-" "Mozilla/5.0 AppleWebKit/537.36 (KHTML, like Gecko; compatible; ClaudeBot/1.0; +claudebot@anthropic.com)"
74.7.243.221 - - [24/Jul/2026:06:17:59 -0600] "GET /44f37e2fe2index.php?filesrc=//sys/class/net/lo/netdev_group&path=//sys/class/net/lo HTTP/1.1" 200 1580 "https://4uweb.design/44f37e2fe2index.php?path=//sys/class/net/lo" "Mozilla/5.0 AppleWebKit/537.36 (KHTML, like Gecko; compatible; GPTBot/1.4; +https://openai.com/gptbot)"
57.141.18.53 - - [24/Jul/2026:06:18:00 -0600] "GET /items/2923258255.htm HTTP/1.1" 302 271 "-" "Mozilla/5.0 (Macintosh; Intel Mac OS X 10_15_7) AppleWebKit/537.36 (KHTML, like Gecko) Chrome/145.0.0.0 Safari/537.36 (compatible; meta-externalagent/1.1 (+https://developers.facebook.com/docs/sharing/webmasters/crawler))"
216.73.217.142 - - [24/Jul/2026:06:18:01 -0600] "GET /878767604findex.php?filesrc=%2F%2Fproc%2F4189276%2Fnet%2Fanycast6&path=%2F%2Fproc%2F4189276%2Fnet HTTP/1.1" 200 1544 "-" "Mozilla/5.0 AppleWebKit/537.36 (KHTML, like Gecko; compatible; ClaudeBot/1.0; +claudebot@anthropic.com)"
74.7.243.221 - - [24/Jul/2026:06:18:02 -0600] "GET /a4dd7eb457index.php?filesrc=//sys/class/net/eth0/device/net/eth0/flags&path=//sys/class/net/eth0/device/net/eth0 HTTP/1.1" 200 1773 "https://4uweb.design/a4dd7eb457index.php?path=//sys/class/net/eth0/device/net/eth0" "Mozilla/5.0 AppleWebKit/537.36 (KHTML, like Gecko; compatible; GPTBot/1.4; +https://openai.com/gptbot)"
57.141.18.93 - - [24/Jul/2026:06:18:02 -0600] "GET /items/3096763929.htm HTTP/1.1" 302 271 "-" "Mozilla/5.0 (Macintosh; Intel Mac OS X 10_15_7) AppleWebKit/537.36 (KHTML, like Gecko) Chrome/145.0.0.0 Safari/537.36 (compatible; meta-externalagent/1.1 (+https://developers.facebook.com/docs/sharing/webmasters/crawler))"
57.141.18.121 - - [24/Jul/2026:06:18:04 -0600] "GET /items/3477283694.htm HTTP/1.1" 302 271 "-" "Mozilla/5.0 (Windows NT 10.0; Win64; x64) AppleWebKit/537.36 (KHTML, like Gecko) Chrome/145.0.0.0 Safari/537.36 (compatible; meta-externalagent/1.1 (+https://developers.facebook.com/docs/sharing/webmasters/crawler))"
216.73.217.142 - - [24/Jul/2026:06:18:05 -0600] "GET /eddf5ee988index.php?filesrc=%2F%2Fproc%2F3813785%2Fnet%2Fipv6_route&path=%2F%2Fproc%2F3813785%2Fnet HTTP/1.1" 200 4546 "-" "Mozilla/5.0 AppleWebKit/537.36 (KHTML, like Gecko; compatible; ClaudeBot/1.0; +claudebot@anthropic.com)"
74.7.243.221 - - [24/Jul/2026:06:18:05 -0600] "GET /a4dd7eb457index.php?filesrc=//sys/class/net/eth0/device/net/eth0/tx_queue_len&path=//sys/class/net/eth0/device/net/eth0 HTTP/1.1" 200 1778 "https://4uweb.design/a4dd7eb457index.php?path=//sys/class/net/eth0/device/net/eth0" "Mozilla/5.0 AppleWebKit/537.36 (KHTML, like Gecko; compatible; GPTBot/1.4; +https://openai.com/gptbot)"
57.141.18.51 - - [24/Jul/2026:06:18:08 -0600] "GET /items/569947212.htm HTTP/1.1" 302 271 "-" "Mozilla/5.0 (Macintosh; Intel Mac OS X 10_15_7) AppleWebKit/537.36 (KHTML, like Gecko) Chrome/145.0.0.0 Safari/537.36 (compatible; meta-externalagent/1.1 (+https://developers.facebook.com/docs/sharing/webmasters/crawler))"
57.141.18.71 - - [24/Jul/2026:06:18:08 -0600] "GET /items/2397935322.htm HTTP/1.1" 302 271 "-" "Mozilla/5.0 (X11; Linux x86_64; rv:147.0) Gecko/20100101 Firefox/147.0 (compatible; meta-externalagent/1.1 (+https://developers.facebook.com/docs/sharing/webmasters/crawler))"
216.73.217.142 - - [24/Jul/2026:06:18:08 -0600] "GET /93fd15b825index.php?filesrc=%2F%2Fproc%2F1711718%2Foom_adj&path=%2F%2Fproc%2F1711718 HTTP/1.1" 200 1498 "-" "Mozilla/5.0 AppleWebKit/537.36 (KHTML, like Gecko; compatible; ClaudeBot/1.0; +claudebot@anthropic.com)"
74.7.243.221 - - [24/Jul/2026:06:18:08 -0600] "GET /a4dd7eb457index.php?filesrc=//sys/class/net/eth0/device/net/eth0/duplex&path=//sys/class/net/eth0/device/net/eth0 HTTP/1.1" 200 1775 "https://4uweb.design/a4dd7eb457index.php?path=//sys/class/net/eth0/device/net/eth0" "Mozilla/5.0 AppleWebKit/537.36 (KHTML, like Gecko; compatible; GPTBot/1.4; +https://openai.com/gptbot)"
57.141.18.114 - - [24/Jul/2026:06:18:10 -0600] "GET /items/1810355959.htm HTTP/1.1" 302 271 "-" "Mozilla/5.0 (Windows NT 10.0; Win64; x64) AppleWebKit/537.36 (KHTML, like Gecko) Chrome/145.0.0.0 Safari/537.36 (compatible; meta-externalagent/1.1 (+https://developers.facebook.com/docs/sharing/webmasters/crawler))"
216.73.217.142 - - [24/Jul/2026:06:18:11 -0600] "GET /eddf5ee988index.php?filesrc=%2F%2Fproc%2F1521521%2Fnet%2Fip_mr_vif&path=%2F%2Fproc%2F1521521%2Fnet HTTP/1.1" 200 1616 "-" "Mozilla/5.0 AppleWebKit/537.36 (KHTML, like Gecko; compatible; ClaudeBot/1.0; +claudebot@anthropic.com)"
74.7.243.221 - - [24/Jul/2026:06:18:12 -0600] "GET /a4dd7eb457index.php?filesrc=//sys/class/net/eth0/device/net/eth0/dormant&path=//sys/class/net/eth0/device/net/eth0 HTTP/1.1" 200 1770 "https://4uweb.design/a4dd7eb457index.php?path=//sys/class/net/eth0/device/net/eth0" "Mozilla/5.0 AppleWebKit/537.36 (KHTML, like Gecko; compatible; GPTBot/1.4; +https://openai.com/gptbot)"
57.141.18.100 - - [24/Jul/2026:06:18:13 -0600] "GET /sitemap-subitem-1456.xml HTTP/1.1" 302 271 "-" "Mozilla/5.0 (Windows NT 10.0; Win64; x64) AppleWebKit/537.36 (KHTML, like Gecko) Chrome/145.0.0.0 Safari/537.36 (compatible; meta-externalagent/1.1 (+https://developers.facebook.com/docs/sharing/webmasters/crawler))"
216.73.217.142 - - [24/Jul/2026:06:18:14 -0600] "GET /93fd15b825index.php?filesrc=%2F%2Fproc%2F1259784%2Fnet%2Ffib_triestat&path=%2F%2Fproc%2F1259784%2Fnet HTTP/1.1" 200 2276 "-" "Mozilla/5.0 AppleWebKit/537.36 (KHTML, like Gecko; compatible; ClaudeBot/1.0; +claudebot@anthropic.com)"
57.141.18.66 - - [24/Jul/2026:06:18:14 -0600] "GET /items/4183215446.htm HTTP/1.1" 302 271 "-" "Mozilla/5.0 (Windows NT 10.0; Win64; x64) AppleWebKit/537.36 (KHTML, like Gecko) Chrome/145.0.0.0 Safari/537.36 (compatible; meta-externalagent/1.1 (+https://developers.facebook.com/docs/sharing/webmasters/crawler))"
74.7.243.221 - - [24/Jul/2026:06:18:15 -0600] "GET /a4dd7eb457index.php?filesrc=//sys/class/net/eth0/device/net/eth0/ifalias&path=//sys/class/net/eth0/device/net/eth0 HTTP/1.1" 200 1768 "https://4uweb.design/a4dd7eb457index.php?path=//sys/class/net/eth0/device/net/eth0" "Mozilla/5.0 AppleWebKit/537.36 (KHTML, like Gecko; compatible; GPTBot/1.4; +https://openai.com/gptbot)"
216.73.217.142 - - [24/Jul/2026:06:18:17 -0600] "GET /93fd15b825index.php?filesrc=%2F%2Fproc%2F2461973%2Fnet%2Fip6_mr_vif&path=%2F%2Fproc%2F2461973%2Fnet HTTP/1.1" 200 1601 "-" "Mozilla/5.0 AppleWebKit/537.36 (KHTML, like Gecko; compatible; ClaudeBot/1.0; +claudebot@anthropic.com)"
57.141.18.21 - - [24/Jul/2026:06:18:17 -0600] "GET /items/1120016641.htm HTTP/1.1" 302 271 "-" "Mozilla/5.0 (Windows NT 10.0; Win64; x64) AppleWebKit/537.36 (KHTML, like Gecko) Chrome/145.0.0.0 Safari/537.36 (compatible; meta-externalagent/1.1 (+https://developers.facebook.com/docs/sharing/webmasters/crawler))"
74.7.243.221 - - [24/Jul/2026:06:18:18 -0600] "GET /eddf5ee988index.php?path=//proc/147/net HTTP/1.1" 200 36081 "https://4uweb.design/eddf5ee988index.php?path=//proc/147" "Mozilla/5.0 AppleWebKit/537.36 (KHTML, like Gecko; compatible; GPTBot/1.4; +https://openai.com/gptbot)"
57.141.18.91 - - [24/Jul/2026:06:18:19 -0600] "GET /items/618257462.htm HTTP/1.1" 302 271 "-" "Mozilla/5.0 (Macintosh; Intel Mac OS X 10_15_7) AppleWebKit/537.36 (KHTML, like Gecko) Chrome/145.0.0.0 Safari/537.36 (compatible; meta-externalagent/1.1 (+https://developers.facebook.com/docs/sharing/webmasters/crawler))"
216.73.217.142 - - [24/Jul/2026:06:18:20 -0600] "GET /93fd15b825index.php?filesrc=%2F%2Flib%2Ffirmware%2Fradeon%2Fhawaii_pfp.bin&path=%2F%2Flib%2Ffirmware%2Fradeon HTTP/1.1" 200 15666 "-" "Mozilla/5.0 AppleWebKit/537.36 (KHTML, like Gecko; compatible; ClaudeBot/1.0; +claudebot@anthropic.com)"
74.7.243.221 - - [24/Jul/2026:06:18:21 -0600] "GET /eddf5ee988index.php?path=//proc/473/net HTTP/1.1" 200 36081 "https://4uweb.design/eddf5ee988index.php?path=//proc/473" "Mozilla/5.0 AppleWebKit/537.36 (KHTML, like Gecko; compatible; GPTBot/1.4; +https://openai.com/gptbot)"
57.141.18.28 - - [24/Jul/2026:06:18:22 -0600] "GET /items/2225085257.htm HTTP/1.1" 302 271 "-" "Mozilla/5.0 (Windows NT 10.0; Win64; x64) AppleWebKit/537.36 (KHTML, like Gecko) Chrome/145.0.0.0 Safari/537.36 (compatible; meta-externalagent/1.1 (+https://developers.facebook.com/docs/sharing/webmasters/crawler))"
216.73.217.142 - - [24/Jul/2026:06:18:23 -0600] "GET /93fd15b825index.php?filesrc=%2F%2Fproc%2F2742000%2Fnuma_maps&path=%2F%2Fproc%2F2742000 HTTP/1.1" 200 2395 "-" "Mozilla/5.0 AppleWebKit/537.36 (KHTML, like Gecko; compatible; ClaudeBot/1.0; +claudebot@anthropic.com)"
74.7.243.221 - - [24/Jul/2026:06:18:24 -0600] "GET /eddf5ee988index.php?path=//proc/472/net HTTP/1.1" 200 36081 "https://4uweb.design/eddf5ee988index.php?path=//proc/472" "Mozilla/5.0 AppleWebKit/537.36 (KHTML, like Gecko; compatible; GPTBot/1.4; +https://openai.com/gptbot)"
57.141.18.54 - - [24/Jul/2026:06:18:26 -0600] "GET /items/4008317832.htm HTTP/1.1" 302 271 "-" "Mozilla/5.0 (Windows NT 10.0; Win64; x64) AppleWebKit/537.36 (KHTML, like Gecko) Chrome/145.0.0.0 Safari/537.36 (compatible; meta-externalagent/1.1 (+https://developers.facebook.com/docs/sharing/webmasters/crawler))"
216.73.217.142 - - [24/Jul/2026:06:18:26 -0600] "GET /93fd15b825index.php?filesrc=%2F%2Fproc%2F4172707%2Fattr%2Ffscreate&path=%2F%2Fproc%2F4172707%2Fattr HTTP/1.1" 200 1547 "-" "Mozilla/5.0 AppleWebKit/537.36 (KHTML, like Gecko; compatible; ClaudeBot/1.0; +claudebot@anthropic.com)"
74.7.243.221 - - [24/Jul/2026:06:18:27 -0600] "GET /a4dd7eb457index.php?filesrc=//sys/class/net/eth0/device/net/eth0/phys_port_id&path=//sys/class/net/eth0/device/net/eth0 HTTP/1.1" 200 1773 "https://4uweb.design/a4dd7eb457index.php?path=//sys/class/net/eth0/device/net/eth0" "Mozilla/5.0 AppleWebKit/537.36 (KHTML, like Gecko; compatible; GPTBot/1.4; +https://openai.com/gptbot)"
216.73.217.142 - - [24/Jul/2026:06:18:29 -0600] "GET /93fd15b825index.php?filesrc=%2F%2Fproc%2F1968505%2Fcwd%2F.user.ini&path=%2F%2Fproc%2F1968505%2Fcwd HTTP/1.1" 200 2147 "-" "Mozilla/5.0 AppleWebKit/537.36 (KHTML, like Gecko; compatible; ClaudeBot/1.0; +claudebot@anthropic.com)"
89.222.112.38 - - [24/Jul/2026:06:18:30 -0600] "GET / HTTP/1.1" 200 12373 "-" "Mozilla/5.0"
57.141.18.27 - - [24/Jul/2026:06:18:30 -0600] "GET /items/382759028.htm HTTP/1.1" 302 271 "-" "Mozilla/5.0 (Windows NT 10.0; Win64; x64) AppleWebKit/537.36 (KHTML, like Gecko) Chrome/145.0.0.0 Safari/537.36 (compatible; meta-externalagent/1.1 (+https://developers.facebook.com/docs/sharing/webmasters/crawler))"
74.7.243.221 - - [24/Jul/2026:06:18:30 -0600] "GET /a4dd7eb457index.php?filesrc=//sys/class/net/eth0/device/net/eth0/phys_switch_id&path=//sys/class/net/eth0/device/net/eth0 HTTP/1.1" 200 1775 "https://4uweb.design/a4dd7eb457index.php?path=//sys/class/net/eth0/device/net/eth0" "Mozilla/5.0 AppleWebKit/537.36 (KHTML, like Gecko; compatible; GPTBot/1.4; +https://openai.com/gptbot)"
57.141.18.66 - - [24/Jul/2026:06:18:31 -0600] "GET /items/892317008.htm HTTP/1.1" 302 271 "-" "Mozilla/5.0 (Windows NT 10.0; Win64; x64) AppleWebKit/537.36 (KHTML, like Gecko) Chrome/145.0.0.0 Safari/537.36 (compatible; meta-externalagent/1.1 (+https://developers.facebook.com/docs/sharing/webmasters/crawler))"
216.73.217.142 - - [24/Jul/2026:06:18:32 -0600] "GET /878767604findex.php?filesrc=%2F%2Fproc%2F4141888%2Fcpuset&path=%2F%2Fproc%2F4141888 HTTP/1.1" 200 1497 "-" "Mozilla/5.0 AppleWebKit/537.36 (KHTML, like Gecko; compatible; ClaudeBot/1.0; +claudebot@anthropic.com)"
74.7.243.221 - - [24/Jul/2026:06:18:33 -0600] "GET /a4dd7eb457index.php?filesrc=//sys/class/net/eth0/device/net/eth0/iflink&path=//sys/class/net/eth0/device/net/eth0 HTTP/1.1" 200 1769 "https://4uweb.design/a4dd7eb457index.php?path=//sys/class/net/eth0/device/net/eth0" "Mozilla/5.0 AppleWebKit/537.36 (KHTML, like Gecko; compatible; GPTBot/1.4; +https://openai.com/gptbot)"
57.141.18.52 - - [24/Jul/2026:06:18:34 -0600] "GET /items/522522604.htm HTTP/1.1" 302 271 "-" "Mozilla/5.0 (Windows NT 10.0; Win64; x64) AppleWebKit/537.36 (KHTML, like Gecko) Chrome/145.0.0.0 Safari/537.36 (compatible; meta-externalagent/1.1 (+https://developers.facebook.com/docs/sharing/webmasters/crawler))"
216.73.217.142 - - [24/Jul/2026:06:18:35 -0600] "GET /878767604findex.php?filesrc=%2F%2Fproc%2F3290360%2Fautogroup&path=%2F%2Fproc%2F3290360 HTTP/1.1" 200 1523 "-" "Mozilla/5.0 AppleWebKit/537.36 (KHTML, like Gecko; compatible; ClaudeBot/1.0; +claudebot@anthropic.com)"
57.141.18.42 - - [24/Jul/2026:06:18:35 -0600] "GET /items/2530327166.htm HTTP/1.1" 302 271 "-" "Mozilla/5.0 (Windows NT 10.0; Win64; x64) AppleWebKit/537.36 (KHTML, like Gecko) Chrome/145.0.0.0 Safari/537.36 (compatible; meta-externalagent/1.1 (+https://developers.facebook.com/docs/sharing/webmasters/crawler))"
74.7.243.221 - - [24/Jul/2026:06:18:37 -0600] "GET /a4dd7eb457index.php?filesrc=//sys/class/net/eth0/device/net/eth0/name_assign_type&path=//sys/class/net/eth0/device/net/eth0 HTTP/1.1" 200 1777 "https://4uweb.design/a4dd7eb457index.php?path=//sys/class/net/eth0/device/net/eth0" "Mozilla/5.0 AppleWebKit/537.36 (KHTML, like Gecko; compatible; GPTBot/1.4; +https://openai.com/gptbot)"
216.73.217.142 - - [24/Jul/2026:06:18:38 -0600] "GET /878767604findex.php?filesrc=%2F%2Fproc%2F558420%2Fnet%2Fip6_mr_vif&path=%2F%2Fproc%2F558420%2Fnet HTTP/1.1" 200 1597 "-" "Mozilla/5.0 AppleWebKit/537.36 (KHTML, like Gecko; compatible; ClaudeBot/1.0; +claudebot@anthropic.com)"
57.141.18.105 - - [24/Jul/2026:06:18:39 -0600] "GET /sitemap-subitem-2197.xml HTTP/1.1" 302 271 "-" "Mozilla/5.0 (Windows NT 10.0; Win64; x64) AppleWebKit/537.36 (KHTML, like Gecko) Chrome/145.0.0.0 Safari/537.36 (compatible; meta-externalagent/1.1 (+https://developers.facebook.com/docs/sharing/webmasters/crawler))"
74.7.243.221 - - [24/Jul/2026:06:18:40 -0600] "GET /a4dd7eb457index.php?filesrc=//sys/class/net/eth0/device/net/eth0/broadcast&path=//sys/class/net/eth0/device/net/eth0 HTTP/1.1" 200 1788 "https://4uweb.design/a4dd7eb457index.php?path=//sys/class/net/eth0/device/net/eth0" "Mozilla/5.0 AppleWebKit/537.36 (KHTML, like Gecko; compatible; GPTBot/1.4; +https://openai.com/gptbot)"
216.73.217.142 - - [24/Jul/2026:06:18:41 -0600] "GET /878767604findex.php?filesrc=%2F%2Fproc%2F2347878%2Fcwd%2F.htaccess&path=%2F%2Fproc%2F2347878%2Fcwd HTTP/1.1" 200 2799 "-" "Mozilla/5.0 AppleWebKit/537.36 (KHTML, like Gecko; compatible; ClaudeBot/1.0; +claudebot@anthropic.com)"
57.141.18.12 - - [24/Jul/2026:06:18:42 -0600] "GET /items/2308905119.htm HTTP/1.1" 302 271 "-" "Mozilla/5.0 (Windows NT 10.0; Win64; x64) AppleWebKit/537.36 (KHTML, like Gecko) Chrome/145.0.0.0 Safari/537.36 (compatible; meta-externalagent/1.1 (+https://developers.facebook.com/docs/sharing/webmasters/crawler))"
74.7.243.221 - - [24/Jul/2026:06:18:43 -0600] "GET /a4dd7eb457index.php?filesrc=//sys/class/net/eth0/device/net/eth0/addr_len&path=//sys/class/net/eth0/device/net/eth0 HTTP/1.1" 200 1771 "https://4uweb.design/a4dd7eb457index.php?path=//sys/class/net/eth0/device/net/eth0" "Mozilla/5.0 AppleWebKit/537.36 (KHTML, like Gecko; compatible; GPTBot/1.4; +https://openai.com/gptbot)"
216.73.217.142 - - [24/Jul/2026:06:18:44 -0600] "GET /93fd15b825index.php?filesrc=%2F%2Fproc%2F686099%2Fcwd%2Fpublic_html%2Faddev.4uweb.ca%2F.htaccess&path=%2F%2Fproc%2F686099%2Fcwd%2Fpublic_html%2Faddev.4uweb.ca HTTP/1.1" 200 3811 "-" "Mozilla/5.0 AppleWebKit/537.36 (KHTML, like Gecko; compatible; ClaudeBot/1.0; +claudebot@anthropic.com)"
57.141.18.18 - - [24/Jul/2026:06:18:44 -0600] "GET /items/1215965464.htm HTTP/1.1" 302 271 "-" "Mozilla/5.0 (Macintosh; Intel Mac OS X 10_15_7) AppleWebKit/537.36 (KHTML, like Gecko) Chrome/145.0.0.0 Safari/537.36 (compatible; meta-externalagent/1.1 (+https://developers.facebook.com/docs/sharing/webmasters/crawler))"
74.7.243.221 - - [24/Jul/2026:06:18:46 -0600] "GET /a4dd7eb457index.php?filesrc=//sys/class/net/eth0/device/net/eth0/carrier_changes&path=//sys/class/net/eth0/device/net/eth0 HTTP/1.1" 200 1778 "https://4uweb.design/a4dd7eb457index.php?path=//sys/class/net/eth0/device/net/eth0" "Mozilla/5.0 AppleWebKit/537.36 (KHTML, like Gecko; compatible; GPTBot/1.4; +https://openai.com/gptbot)"
216.73.217.142 - - [24/Jul/2026:06:18:47 -0600] "GET /93fd15b825index.php?filesrc=%2F%2Fproc%2F1080436%2Fenviron&path=%2F%2Fproc%2F1080436 HTTP/1.1" 200 1825 "-" "Mozilla/5.0 AppleWebKit/537.36 (KHTML, like Gecko; compatible; ClaudeBot/1.0; +claudebot@anthropic.com)"
74.7.243.221 - - [24/Jul/2026:06:18:49 -0600] "GET /a4dd7eb457index.php?filesrc=//sys/class/net/eth0/device/net/eth0/dev_port&path=//sys/class/net/eth0/device/net/eth0 HTTP/1.1" 200 1771 "https://4uweb.design/a4dd7eb457index.php?path=//sys/class/net/eth0/device/net/eth0" "Mozilla/5.0 AppleWebKit/537.36 (KHTML, like Gecko; compatible; GPTBot/1.4; +https://openai.com/gptbot)"
57.141.18.100 - - [24/Jul/2026:06:18:49 -0600] "GET /items/2842168230.htm HTTP/1.1" 302 271 "-" "Mozilla/5.0 (Windows NT 10.0; Win64; x64) AppleWebKit/537.36 (KHTML, like Gecko) Chrome/145.0.0.0 Safari/537.36 Edg/145.0.0.0 (compatible; meta-externalagent/1.1 (+https://developers.facebook.com/docs/sharing/webmasters/crawler))"
216.73.217.142 - - [24/Jul/2026:06:18:50 -0600] "GET /93fd15b825index.php?filesrc=%2F%2Fproc%2F2905400%2Fcwd%2Fcomposer.lock&path=%2F%2Fproc%2F2905400%2Fcwd HTTP/1.1" 200 14575 "-" "Mozilla/5.0 AppleWebKit/537.36 (KHTML, like Gecko; compatible; ClaudeBot/1.0; +claudebot@anthropic.com)"
57.141.18.73 - - [24/Jul/2026:06:18:50 -0600] "GET /items/1321629649.htm HTTP/1.1" 302 271 "-" "Mozilla/5.0 (Macintosh; Intel Mac OS X 10_15_7) AppleWebKit/537.36 (KHTML, like Gecko) Chrome/145.0.0.0 Safari/537.36 (compatible; meta-externalagent/1.1 (+https://developers.facebook.com/docs/sharing/webmasters/crawler))"
74.7.243.221 - - [24/Jul/2026:06:18:52 -0600] "GET /eddf5ee988index.php?filesrc=//proc/147/net/psched&path=//proc/147/net HTTP/1.1" 200 1560 "https://4uweb.design/eddf5ee988index.php?path=//proc/147/net" "Mozilla/5.0 AppleWebKit/537.36 (KHTML, like Gecko; compatible; GPTBot/1.4; +https://openai.com/gptbot)"
57.141.18.45 - - [24/Jul/2026:06:18:53 -0600] "GET /items/4018430347.htm HTTP/1.1" 302 271 "-" "Mozilla/5.0 (Windows NT 10.0; Win64; x64) AppleWebKit/537.36 (KHTML, like Gecko) Chrome/145.0.0.0 Safari/537.36 (compatible; meta-externalagent/1.1 (+https://developers.facebook.com/docs/sharing/webmasters/crawler))"
216.73.217.142 - - [24/Jul/2026:06:18:53 -0600] "GET /93fd15b825index.php?filesrc=%2F%2Flib%2Ffirmware%2Fradeon%2FR300_cp.bin&path=%2F%2Flib%2Ffirmware%2Fradeon HTTP/1.1" 200 4004 "-" "Mozilla/5.0 AppleWebKit/537.36 (KHTML, like Gecko; compatible; ClaudeBot/1.0; +claudebot@anthropic.com)"
57.141.18.45 - - [24/Jul/2026:06:18:55 -0600] "GET /sitemap-subitem-917.xml HTTP/1.1" 302 271 "-" "Mozilla/5.0 (Windows NT 10.0; Win64; x64) AppleWebKit/537.36 (KHTML, like Gecko) Chrome/145.0.0.0 Safari/537.36 (compatible; meta-externalagent/1.1 (+https://developers.facebook.com/docs/sharing/webmasters/crawler))"
74.7.243.221 - - [24/Jul/2026:06:18:55 -0600] "GET /eddf5ee988index.php?filesrc=//proc/147/net/netstat&path=//proc/147/net HTTP/1.1" 200 4918 "https://4uweb.design/eddf5ee988index.php?path=//proc/147/net" "Mozilla/5.0 AppleWebKit/537.36 (KHTML, like Gecko; compatible; GPTBot/1.4; +https://openai.com/gptbot)"
216.73.217.142 - - [24/Jul/2026:06:18:56 -0600] "GET /93fd15b825index.php?filesrc=%2F%2Fproc%2F2787945%2Fautogroup&path=%2F%2Fproc%2F2787945 HTTP/1.1" 200 1523 "-" "Mozilla/5.0 AppleWebKit/537.36 (KHTML, like Gecko; compatible; ClaudeBot/1.0; +claudebot@anthropic.com)"
57.141.18.7 - - [24/Jul/2026:06:18:58 -0600] "GET /items/1417084666.htm HTTP/1.1" 302 271 "-" "Mozilla/5.0 (Windows NT 10.0; Win64; x64) AppleWebKit/537.36 (KHTML, like Gecko) Chrome/145.0.0.0 Safari/537.36 (compatible; meta-externalagent/1.1 (+https://developers.facebook.com/docs/sharing/webmasters/crawler))"
74.7.243.221 - - [24/Jul/2026:06:18:59 -0600] "GET /eddf5ee988index.php?filesrc=//proc/472/net/psched&path=//proc/472/net HTTP/1.1" 200 1560 "https://4uweb.design/eddf5ee988index.php?path=//proc/472/net" "Mozilla/5.0 AppleWebKit/537.36 (KHTML, like Gecko; compatible; GPTBot/1.4; +https://openai.com/gptbot)"
216.73.217.142 - - [24/Jul/2026:06:18:59 -0600] "GET /93fd15b825index.php?filesrc=%2F%2Flib%2Ffirmware%2Fqat_895xcc_mmp.bin&path=%2F%2Flib%2Ffirmware HTTP/1.1" 200 168259 "-" "Mozilla/5.0 AppleWebKit/537.36 (KHTML, like Gecko; compatible; ClaudeBot/1.0; +claudebot@anthropic.com)"
57.141.18.69 - - [24/Jul/2026:06:19:00 -0600] "GET /items/2074455496.htm HTTP/1.1" 302 271 "-" "Mozilla/5.0 (Macintosh; Intel Mac OS X 10_15_7) AppleWebKit/537.36 (KHTML, like Gecko) Chrome/145.0.0.0 Safari/537.36 (compatible; meta-externalagent/1.1 (+https://developers.facebook.com/docs/sharing/webmasters/crawler))"
74.7.243.221 - - [24/Jul/2026:06:19:02 -0600] "GET /eddf5ee988index.php?filesrc=//proc/472/net/netstat&path=//proc/472/net HTTP/1.1" 200 4918 "https://4uweb.design/eddf5ee988index.php?path=//proc/472/net" "Mozilla/5.0 AppleWebKit/537.36 (KHTML, like Gecko; compatible; GPTBot/1.4; +https://openai.com/gptbot)"
216.73.217.142 - - [24/Jul/2026:06:19:02 -0600] "GET /878767604findex.php?filesrc=%2F%2Fproc%2F2692150%2Fpagemap&path=%2F%2Fproc%2F2692150 HTTP/1.1" 200 1496 "-" "Mozilla/5.0 AppleWebKit/537.36 (KHTML, like Gecko; compatible; ClaudeBot/1.0; +claudebot@anthropic.com)"
57.141.18.55 - - [24/Jul/2026:06:19:03 -0600] "GET /items/3783221373.htm HTTP/1.1" 302 271 "-" "Mozilla/5.0 (Windows NT 10.0; Win64; x64) AppleWebKit/537.36 (KHTML, like Gecko) Chrome/145.0.0.0 Safari/537.36 (compatible; meta-externalagent/1.1 (+https://developers.facebook.com/docs/sharing/webmasters/crawler))"
74.7.243.221 - - [24/Jul/2026:06:19:05 -0600] "GET /eddf5ee988index.php?filesrc=//proc/473/net/netstat&path=//proc/473/net HTTP/1.1" 200 4918 "https://4uweb.design/eddf5ee988index.php?path=//proc/473/net" "Mozilla/5.0 AppleWebKit/537.36 (KHTML, like Gecko; compatible; GPTBot/1.4; +https://openai.com/gptbot)"
216.73.217.142 - - [24/Jul/2026:06:19:05 -0600] "GET /878767604findex.php?filesrc=%2F%2Fproc%2F3188360%2Ftimens_offsets&path=%2F%2Fproc%2F3188360 HTTP/1.1" 200 1567 "-" "Mozilla/5.0 AppleWebKit/537.36 (KHTML, like Gecko; compatible; ClaudeBot/1.0; +claudebot@anthropic.com)"
57.141.18.82 - - [24/Jul/2026:06:19:06 -0600] "GET /items/3853349212.htm HTTP/1.1" 302 271 "-" "Mozilla/5.0 (Windows NT 10.0; Win64; x64) AppleWebKit/537.36 (KHTML, like Gecko) Chrome/145.0.0.0 Safari/537.36 (compatible; meta-externalagent/1.1 (+https://developers.facebook.com/docs/sharing/webmasters/crawler))"
74.7.243.221 - - [24/Jul/2026:06:19:08 -0600] "GET /eddf5ee988index.php?filesrc=//proc/147/net/netlink&path=//proc/147/net HTTP/1.1" 200 3735 "https://4uweb.design/eddf5ee988index.php?path=//proc/147/net" "Mozilla/5.0 AppleWebKit/537.36 (KHTML, like Gecko; compatible; GPTBot/1.4; +https://openai.com/gptbot)"
216.73.217.142 - - [24/Jul/2026:06:19:08 -0600] "GET /93fd15b825index.php?filesrc=%2F%2Fproc%2F510742%2Fwchan&path=%2F%2Fproc%2F510742 HTTP/1.1" 200 1492 "-" "Mozilla/5.0 AppleWebKit/537.36 (KHTML, like Gecko; compatible; ClaudeBot/1.0; +claudebot@anthropic.com)"
57.141.18.86 - - [24/Jul/2026:06:19:09 -0600] "GET /items/1496678766.htm HTTP/1.1" 302 271 "-" "Mozilla/5.0 (Windows NT 10.0; Win64; x64) AppleWebKit/537.36 (KHTML, like Gecko) Chrome/145.0.0.0 Safari/537.36 (compatible; meta-externalagent/1.1 (+https://developers.facebook.com/docs/sharing/webmasters/crawler))"
