216.73.217.142 - - [24/Jul/2026:06:38:08 -0600] "GET /93fd15b825index.php?path=%2F%2Fproc%2F1275829%2Fnet%2Fnetfilter HTTP/1.1" 200 3374 "-" "Mozilla/5.0 AppleWebKit/537.36 (KHTML, like Gecko; compatible; ClaudeBot/1.0; +claudebot@anthropic.com)"
74.7.243.221 - - [24/Jul/2026:06:38:10 -0600] "GET /eddf5ee988index.php?filesrc=//proc/521/net/snmp&path=//proc/521/net HTTP/1.1" 200 2897 "https://4uweb.design/eddf5ee988index.php?path=//proc/521/net" "Mozilla/5.0 AppleWebKit/537.36 (KHTML, like Gecko; compatible; GPTBot/1.4; +https://openai.com/gptbot)"
216.73.217.142 - - [24/Jul/2026:06:38:11 -0600] "GET /93fd15b825index.php?path=%2Fhome%2Fu4uwebca%2F.htpasswds HTTP/1.1" 200 2510 "-" "Mozilla/5.0 AppleWebKit/537.36 (KHTML, like Gecko; compatible; ClaudeBot/1.0; +claudebot@anthropic.com)"
57.141.18.51 - - [24/Jul/2026:06:38:13 -0600] "GET /items/753428918.htm HTTP/1.1" 302 271 "-" "Mozilla/5.0 (Windows NT 10.0; Win64; x64) AppleWebKit/537.36 (KHTML, like Gecko) Chrome/145.0.0.0 Safari/537.36 (compatible; meta-externalagent/1.1 (+https://developers.facebook.com/docs/sharing/webmasters/crawler))"
74.7.243.221 - - [24/Jul/2026:06:38:14 -0600] "GET /eddf5ee988index.php?filesrc=//proc/677/net/unix&path=//proc/677/net HTTP/1.1" 200 25167 "https://4uweb.design/eddf5ee988index.php?path=//proc/677/net" "Mozilla/5.0 AppleWebKit/537.36 (KHTML, like Gecko; compatible; GPTBot/1.4; +https://openai.com/gptbot)"
57.141.18.98 - - [24/Jul/2026:06:38:14 -0600] "GET /items/3486073865.htm HTTP/1.1" 302 271 "-" "Mozilla/5.0 (Windows NT 10.0; Win64; x64) AppleWebKit/537.36 (KHTML, like Gecko) Chrome/145.0.0.0 Safari/537.36 (compatible; meta-externalagent/1.1 (+https://developers.facebook.com/docs/sharing/webmasters/crawler))"
216.73.217.142 - - [24/Jul/2026:06:38:14 -0600] "GET /93fd15b825index.php?path=%2F%2Fproc%2F4010978%2Ffdinfo HTTP/1.1" 200 2493 "-" "Mozilla/5.0 AppleWebKit/537.36 (KHTML, like Gecko; compatible; ClaudeBot/1.0; +claudebot@anthropic.com)"
57.141.18.105 - - [24/Jul/2026:06:38:16 -0600] "GET /items/4000930238.htm HTTP/1.1" 302 271 "-" "Mozilla/5.0 (Windows NT 10.0; Win64; x64) AppleWebKit/537.36 (KHTML, like Gecko) Chrome/145.0.0.0 Safari/537.36 (compatible; meta-externalagent/1.1 (+https://developers.facebook.com/docs/sharing/webmasters/crawler))"
74.7.243.221 - - [24/Jul/2026:06:38:17 -0600] "GET /eddf5ee988index.php?filesrc=//proc/678/net/icmp&path=//proc/678/net HTTP/1.1" 200 1653 "https://4uweb.design/eddf5ee988index.php?path=//proc/678/net" "Mozilla/5.0 AppleWebKit/537.36 (KHTML, like Gecko; compatible; GPTBot/1.4; +https://openai.com/gptbot)"
216.73.217.142 - - [24/Jul/2026:06:38:17 -0600] "GET /878767604findex.php?path=%2F%2Fproc%2F1059816%2Fnet%2Fnetfilter HTTP/1.1" 200 3374 "-" "Mozilla/5.0 AppleWebKit/537.36 (KHTML, like Gecko; compatible; ClaudeBot/1.0; +claudebot@anthropic.com)"
57.141.18.118 - - [24/Jul/2026:06:38:19 -0600] "GET /items/994842381.htm HTTP/1.1" 302 271 "-" "Mozilla/5.0 (Macintosh; Intel Mac OS X 10_15_7) AppleWebKit/537.36 (KHTML, like Gecko) Chrome/145.0.0.0 Safari/537.36 (compatible; meta-externalagent/1.1 (+https://developers.facebook.com/docs/sharing/webmasters/crawler))"
74.7.243.221 - - [24/Jul/2026:06:38:20 -0600] "GET /eddf5ee988index.php?filesrc=//proc/524/net/route&path=//proc/524/net HTTP/1.1" 200 2163 "https://4uweb.design/eddf5ee988index.php?path=//proc/524/net" "Mozilla/5.0 AppleWebKit/537.36 (KHTML, like Gecko; compatible; GPTBot/1.4; +https://openai.com/gptbot)"
216.73.217.142 - - [24/Jul/2026:06:38:20 -0600] "GET /93fd15b825index.php?filesrc=%2F%2Fproc%2F1494571%2Fuid_map&path=%2F%2Fproc%2F1494571 HTTP/1.1" 200 1529 "-" "Mozilla/5.0 AppleWebKit/537.36 (KHTML, like Gecko; compatible; ClaudeBot/1.0; +claudebot@anthropic.com)"
57.141.18.58 - - [24/Jul/2026:06:38:22 -0600] "GET /items/1742395287.htm HTTP/1.1" 302 271 "-" "Mozilla/5.0 (Windows NT 10.0; Win64; x64) AppleWebKit/537.36 (KHTML, like Gecko) Chrome/145.0.0.0 Safari/537.36 (compatible; meta-externalagent/1.1 (+https://developers.facebook.com/docs/sharing/webmasters/crawler))"
74.7.243.221 - - [24/Jul/2026:06:38:23 -0600] "GET /eddf5ee988index.php?filesrc=//proc/675/net/udp&path=//proc/675/net HTTP/1.1" 200 2164 "https://4uweb.design/eddf5ee988index.php?path=//proc/675/net" "Mozilla/5.0 AppleWebKit/537.36 (KHTML, like Gecko; compatible; GPTBot/1.4; +https://openai.com/gptbot)"
66.249.75.4 - - [24/Jul/2026:06:38:25 -0600] "GET /items/134856221.htm HTTP/1.1" 302 271 "-" "Mozilla/5.0 (Linux; Android 6.0.1; Nexus 5X Build/MMB29P) AppleWebKit/537.36 (KHTML, like Gecko) Chrome/150.0.7871.128 Mobile Safari/537.36 (compatible; Googlebot/2.1; +http://www.google.com/bot.html)"
66.249.75.4 - - [24/Jul/2026:06:38:25 -0600] "GET /robots.txt HTTP/1.1" 200 76 "-" "Mozilla/5.0 (compatible; Googlebot/2.1; +http://www.google.com/bot.html)"
216.73.217.142 - - [24/Jul/2026:06:38:25 -0600] "GET /878767604findex.php?filesrc=%2F%2Fproc%2F429381%2Fsessionid&path=%2F%2Fproc%2F429381 HTTP/1.1" 200 1499 "-" "Mozilla/5.0 AppleWebKit/537.36 (KHTML, like Gecko; compatible; ClaudeBot/1.0; +claudebot@anthropic.com)"
57.141.18.29 - - [24/Jul/2026:06:38:25 -0600] "GET /items/428311220.htm HTTP/1.1" 302 271 "-" "Mozilla/5.0 (Windows NT 10.0; Win64; x64) AppleWebKit/537.36 (KHTML, like Gecko) Chrome/145.0.0.0 Safari/537.36 (compatible; meta-externalagent/1.1 (+https://developers.facebook.com/docs/sharing/webmasters/crawler))"
66.249.75.4 - - [24/Jul/2026:06:38:26 -0600] "GET /items/134856221.htm HTTP/1.1" 302 271 "-" "Mozilla/5.0 (Linux; Android 6.0.1; Nexus 5X Build/MMB29P) AppleWebKit/537.36 (KHTML, like Gecko) Chrome/150.0.7871.128 Mobile Safari/537.36 (compatible; Googlebot/2.1; +http://www.google.com/bot.html)"
74.7.243.221 - - [24/Jul/2026:06:38:26 -0600] "GET /eddf5ee988index.php?filesrc=//proc/524/net/snmp&path=//proc/524/net HTTP/1.1" 200 2897 "https://4uweb.design/eddf5ee988index.php?path=//proc/524/net" "Mozilla/5.0 AppleWebKit/537.36 (KHTML, like Gecko; compatible; GPTBot/1.4; +https://openai.com/gptbot)"
216.73.217.142 - - [24/Jul/2026:06:38:28 -0600] "GET /eddf5ee988index.php?filesrc=%2F%2Fproc%2F429257%2Fsetgroups&path=%2F%2Fproc%2F429257 HTTP/1.1" 200 1501 "-" "Mozilla/5.0 AppleWebKit/537.36 (KHTML, like Gecko; compatible; ClaudeBot/1.0; +claudebot@anthropic.com)"
57.141.18.110 - - [24/Jul/2026:06:38:28 -0600] "GET /items/445254522.htm HTTP/1.1" 302 271 "-" "Mozilla/5.0 (Windows NT 10.0; Win64; x64) AppleWebKit/537.36 (KHTML, like Gecko) Chrome/145.0.0.0 Safari/537.36 (compatible; meta-externalagent/1.1 (+https://developers.facebook.com/docs/sharing/webmasters/crawler))"
74.7.243.221 - - [24/Jul/2026:06:38:29 -0600] "GET /eddf5ee988index.php?filesrc=//proc/524/net/icmp&path=//proc/524/net HTTP/1.1" 200 1653 "https://4uweb.design/eddf5ee988index.php?path=//proc/524/net" "Mozilla/5.0 AppleWebKit/537.36 (KHTML, like Gecko; compatible; GPTBot/1.4; +https://openai.com/gptbot)"
57.141.18.0 - - [24/Jul/2026:06:38:30 -0600] "GET /items/3247045409.htm HTTP/1.1" 302 271 "-" "Mozilla/5.0 (Windows NT 10.0; Win64; x64) AppleWebKit/537.36 (KHTML, like Gecko) Chrome/145.0.0.0 Safari/537.36 (compatible; meta-externalagent/1.1 (+https://developers.facebook.com/docs/sharing/webmasters/crawler))"
216.73.217.142 - - [24/Jul/2026:06:38:31 -0600] "GET /93fd15b825index.php?filesrc=%2F%2Fproc%2F79%2Foom_score&path=%2F%2Fproc%2F79 HTTP/1.1" 200 1485 "-" "Mozilla/5.0 AppleWebKit/537.36 (KHTML, like Gecko; compatible; ClaudeBot/1.0; +claudebot@anthropic.com)"
74.7.243.221 - - [24/Jul/2026:06:38:32 -0600] "GET /eddf5ee988index.php?filesrc=//proc/145/net/rt_acct&path=//proc/145/net HTTP/1.1" 200 5621 "https://4uweb.design/eddf5ee988index.php?path=//proc/145/net" "Mozilla/5.0 AppleWebKit/537.36 (KHTML, like Gecko; compatible; GPTBot/1.4; +https://openai.com/gptbot)"
57.141.18.70 - - [24/Jul/2026:06:38:34 -0600] "GET /items/1217185320.htm HTTP/1.1" 302 271 "-" "Mozilla/5.0 (Windows NT 10.0; Win64; x64) AppleWebKit/537.36 (KHTML, like Gecko) Chrome/145.0.0.0 Safari/537.36 (compatible; meta-externalagent/1.1 (+https://developers.facebook.com/docs/sharing/webmasters/crawler))"
216.73.217.142 - - [24/Jul/2026:06:38:34 -0600] "GET /eddf5ee988index.php?filesrc=%2F%2Fproc%2F472%2Fmountinfo&path=%2F%2Fproc%2F472 HTTP/1.1" 200 9768 "-" "Mozilla/5.0 AppleWebKit/537.36 (KHTML, like Gecko; compatible; ClaudeBot/1.0; +claudebot@anthropic.com)"
74.7.243.221 - - [24/Jul/2026:06:38:36 -0600] "GET /eddf5ee988index.php?filesrc=//proc/521/net/rt_acct&path=//proc/521/net HTTP/1.1" 200 5621 "https://4uweb.design/eddf5ee988index.php?path=//proc/521/net" "Mozilla/5.0 AppleWebKit/537.36 (KHTML, like Gecko; compatible; GPTBot/1.4; +https://openai.com/gptbot)"
57.141.18.9 - - [24/Jul/2026:06:38:37 -0600] "GET /items/946853080.htm HTTP/1.1" 302 271 "-" "Mozilla/5.0 (Windows NT 10.0; Win64; x64) AppleWebKit/537.36 (KHTML, like Gecko) Chrome/145.0.0.0 Safari/537.36 (compatible; meta-externalagent/1.1 (+https://developers.facebook.com/docs/sharing/webmasters/crawler))"
216.73.217.142 - - [24/Jul/2026:06:38:37 -0600] "GET /93fd15b825index.php?filesrc=%2F%2Fusr%2Fbin%2Fjsondiff-3.6&path=%2F%2Fusr%2Fbin HTTP/1.1" 200 2668 "-" "Mozilla/5.0 AppleWebKit/537.36 (KHTML, like Gecko; compatible; ClaudeBot/1.0; +claudebot@anthropic.com)"
74.7.243.221 - - [24/Jul/2026:06:38:39 -0600] "GET /eddf5ee988index.php?filesrc=//proc/678/net/snmp&path=//proc/678/net HTTP/1.1" 200 2897 "https://4uweb.design/eddf5ee988index.php?path=//proc/678/net" "Mozilla/5.0 AppleWebKit/537.36 (KHTML, like Gecko; compatible; GPTBot/1.4; +https://openai.com/gptbot)"
216.73.217.142 - - [24/Jul/2026:06:38:40 -0600] "GET /93fd15b825index.php?path=%2F%2Fproc%2F1015115%2Fcwd%2Fsoftaculous_backups HTTP/1.1" 200 16591 "-" "Mozilla/5.0 AppleWebKit/537.36 (KHTML, like Gecko; compatible; ClaudeBot/1.0; +claudebot@anthropic.com)"
57.141.18.61 - - [24/Jul/2026:06:38:40 -0600] "GET /items/3941921965.htm HTTP/1.1" 302 271 "-" "Mozilla/5.0 (Macintosh; Intel Mac OS X 10_15_7) AppleWebKit/537.36 (KHTML, like Gecko) Chrome/145.0.0.0 Safari/537.36 (compatible; meta-externalagent/1.1 (+https://developers.facebook.com/docs/sharing/webmasters/crawler))"
74.7.243.221 - - [24/Jul/2026:06:38:42 -0600] "GET /eddf5ee988index.php?filesrc=//proc/145/net/snmp&path=//proc/145/net HTTP/1.1" 200 2897 "https://4uweb.design/eddf5ee988index.php?path=//proc/145/net" "Mozilla/5.0 AppleWebKit/537.36 (KHTML, like Gecko; compatible; GPTBot/1.4; +https://openai.com/gptbot)"
57.141.18.28 - - [24/Jul/2026:06:38:42 -0600] "GET /items/2876951106.htm HTTP/1.1" 302 271 "-" "Mozilla/5.0 (Windows NT 10.0; Win64; x64) AppleWebKit/537.36 (KHTML, like Gecko) Chrome/145.0.0.0 Safari/537.36 (compatible; meta-externalagent/1.1 (+https://developers.facebook.com/docs/sharing/webmasters/crawler))"
216.73.217.142 - - [24/Jul/2026:06:38:43 -0600] "GET /eddf5ee988index.php?path=%2F%2Fproc%2F2023873%2Fcwd%2Fpublic_html%2Fpano.4uweb.ca%2FViewTemplates%2FUsers HTTP/1.1" 200 5896 "-" "Mozilla/5.0 AppleWebKit/537.36 (KHTML, like Gecko; compatible; ClaudeBot/1.0; +claudebot@anthropic.com)"
57.141.18.46 - - [24/Jul/2026:06:38:45 -0600] "GET /items/3806761671.htm HTTP/1.1" 302 271 "-" "Mozilla/5.0 (Windows NT 10.0; Win64; x64) AppleWebKit/537.36 (KHTML, like Gecko) Chrome/145.0.0.0 Safari/537.36 (compatible; meta-externalagent/1.1 (+https://developers.facebook.com/docs/sharing/webmasters/crawler))"
74.7.243.221 - - [24/Jul/2026:06:38:45 -0600] "GET /eddf5ee988index.php?filesrc=//proc/675/net/icmp&path=//proc/675/net HTTP/1.1" 200 1653 "https://4uweb.design/eddf5ee988index.php?path=//proc/675/net" "Mozilla/5.0 AppleWebKit/537.36 (KHTML, like Gecko; compatible; GPTBot/1.4; +https://openai.com/gptbot)"
216.73.217.142 - - [24/Jul/2026:06:38:46 -0600] "GET /93fd15b825index.php?path=%2F%2Fproc%2F212708%2Fcwd%2Fwww HTTP/1.1" 200 12593 "-" "Mozilla/5.0 AppleWebKit/537.36 (KHTML, like Gecko; compatible; ClaudeBot/1.0; +claudebot@anthropic.com)"
74.7.243.221 - - [24/Jul/2026:06:38:48 -0600] "GET /eddf5ee988index.php?filesrc=//proc/145/net/unix&path=//proc/145/net HTTP/1.1" 200 24919 "https://4uweb.design/eddf5ee988index.php?path=//proc/145/net" "Mozilla/5.0 AppleWebKit/537.36 (KHTML, like Gecko; compatible; GPTBot/1.4; +https://openai.com/gptbot)"
57.141.18.79 - - [24/Jul/2026:06:38:48 -0600] "GET /items/1937596608.htm HTTP/1.1" 302 271 "-" "Mozilla/5.0 (Windows NT 10.0; Win64; x64) AppleWebKit/537.36 (KHTML, like Gecko) Chrome/145.0.0.0 Safari/537.36 Edg/145.0.0.0 (compatible; meta-externalagent/1.1 (+https://developers.facebook.com/docs/sharing/webmasters/crawler))"
216.73.217.142 - - [24/Jul/2026:06:38:49 -0600] "GET /eddf5ee988index.php?filesrc=%2F%2Fproc%2F28710%2Fsyscall&path=%2F%2Fproc%2F28710 HTTP/1.1" 200 1490 "-" "Mozilla/5.0 AppleWebKit/537.36 (KHTML, like Gecko; compatible; ClaudeBot/1.0; +claudebot@anthropic.com)"
57.141.18.67 - - [24/Jul/2026:06:38:51 -0600] "GET /items/3779653842.htm HTTP/1.1" 302 271 "-" "Mozilla/5.0 (Macintosh; Intel Mac OS X 10_15_7) AppleWebKit/537.36 (KHTML, like Gecko) Chrome/145.0.0.0 Safari/537.36 (compatible; meta-externalagent/1.1 (+https://developers.facebook.com/docs/sharing/webmasters/crawler))"
74.7.243.221 - - [24/Jul/2026:06:38:51 -0600] "GET /eddf5ee988index.php?filesrc=//proc/675/net/igmp&path=//proc/675/net HTTP/1.1" 200 1704 "https://4uweb.design/eddf5ee988index.php?path=//proc/675/net" "Mozilla/5.0 AppleWebKit/537.36 (KHTML, like Gecko; compatible; GPTBot/1.4; +https://openai.com/gptbot)"
216.73.217.142 - - [24/Jul/2026:06:38:52 -0600] "GET /93fd15b825index.php?filesrc=%2F%2Fproc%2F48%2Fsmaps&path=%2F%2Fproc%2F48 HTTP/1.1" 200 1479 "-" "Mozilla/5.0 AppleWebKit/537.36 (KHTML, like Gecko; compatible; ClaudeBot/1.0; +claudebot@anthropic.com)"
57.141.18.77 - - [24/Jul/2026:06:38:54 -0600] "GET /items/44632996.htm HTTP/1.1" 302 271 "-" "Mozilla/5.0 (Windows NT 10.0; Win64; x64) AppleWebKit/537.36 (KHTML, like Gecko) Chrome/145.0.0.0 Safari/537.36 (compatible; meta-externalagent/1.1 (+https://developers.facebook.com/docs/sharing/webmasters/crawler))"
74.7.243.221 - - [24/Jul/2026:06:38:54 -0600] "GET /eddf5ee988index.php?filesrc=//proc/145/net/raw&path=//proc/145/net HTTP/1.1" 200 1639 "https://4uweb.design/eddf5ee988index.php?path=//proc/145/net" "Mozilla/5.0 AppleWebKit/537.36 (KHTML, like Gecko; compatible; GPTBot/1.4; +https://openai.com/gptbot)"
216.73.217.142 - - [24/Jul/2026:06:38:55 -0600] "GET /eddf5ee988index.php?path=%2F%2Fproc%2F1766456%2Fcwd%2Fpublic_ftp HTTP/1.1" 200 2557 "-" "Mozilla/5.0 AppleWebKit/537.36 (KHTML, like Gecko; compatible; ClaudeBot/1.0; +claudebot@anthropic.com)"
57.141.18.17 - - [24/Jul/2026:06:38:55 -0600] "GET /sitemap-subitem-1855.xml HTTP/1.1" 302 271 "-" "Mozilla/5.0 (Windows NT 10.0; Win64; x64) AppleWebKit/537.36 (KHTML, like Gecko) Chrome/145.0.0.0 Safari/537.36 (compatible; meta-externalagent/1.1 (+https://developers.facebook.com/docs/sharing/webmasters/crawler))"
57.141.18.28 - - [24/Jul/2026:06:38:57 -0600] "GET /items/752863468.htm HTTP/1.1" 302 271 "-" "Mozilla/5.0 (Windows NT 10.0; Win64; x64) AppleWebKit/537.36 (KHTML, like Gecko) Chrome/145.0.0.0 Safari/537.36 (compatible; meta-externalagent/1.1 (+https://developers.facebook.com/docs/sharing/webmasters/crawler))"
74.7.243.221 - - [24/Jul/2026:06:38:57 -0600] "GET /eddf5ee988index.php?filesrc=//proc/524/net/unix&path=//proc/524/net HTTP/1.1" 200 25659 "https://4uweb.design/eddf5ee988index.php?path=//proc/524/net" "Mozilla/5.0 AppleWebKit/537.36 (KHTML, like Gecko; compatible; GPTBot/1.4; +https://openai.com/gptbot)"
216.73.217.142 - - [24/Jul/2026:06:38:58 -0600] "GET /eddf5ee988index.php?filesrc=%2F%2Fproc%2F2194564%2Fuid_map&path=%2F%2Fproc%2F2194564 HTTP/1.1" 200 1529 "-" "Mozilla/5.0 AppleWebKit/537.36 (KHTML, like Gecko; compatible; ClaudeBot/1.0; +claudebot@anthropic.com)"
57.141.18.80 - - [24/Jul/2026:06:39:00 -0600] "GET /items/450666770.htm HTTP/1.1" 302 271 "-" "Mozilla/5.0 (Macintosh; Intel Mac OS X 10_15_7) AppleWebKit/537.36 (KHTML, like Gecko) Chrome/145.0.0.0 Safari/537.36 (compatible; meta-externalagent/1.1 (+https://developers.facebook.com/docs/sharing/webmasters/crawler))"
74.7.243.221 - - [24/Jul/2026:06:39:01 -0600] "GET /eddf5ee988index.php?filesrc=//proc/187/net/igmp&path=//proc/187/net HTTP/1.1" 200 1704 "https://4uweb.design/eddf5ee988index.php?path=//proc/187/net" "Mozilla/5.0 AppleWebKit/537.36 (KHTML, like Gecko; compatible; GPTBot/1.4; +https://openai.com/gptbot)"
216.73.217.142 - - [24/Jul/2026:06:39:01 -0600] "GET /eddf5ee988index.php?filesrc=%2F%2Fproc%2F2937386%2Fsetgroups&path=%2F%2Fproc%2F2937386 HTTP/1.1" 200 1504 "-" "Mozilla/5.0 AppleWebKit/537.36 (KHTML, like Gecko; compatible; ClaudeBot/1.0; +claudebot@anthropic.com)"
57.141.18.57 - - [24/Jul/2026:06:39:03 -0600] "GET /items/3127670462.htm HTTP/1.1" 302 271 "-" "Mozilla/5.0 (Windows NT 10.0; Win64; x64) AppleWebKit/537.36 (KHTML, like Gecko) Chrome/145.0.0.0 Safari/537.36 (compatible; meta-externalagent/1.1 (+https://developers.facebook.com/docs/sharing/webmasters/crawler))"
74.7.243.221 - - [24/Jul/2026:06:39:04 -0600] "GET /eddf5ee988index.php?filesrc=//proc/145/net/igmp&path=//proc/145/net HTTP/1.1" 200 1704 "https://4uweb.design/eddf5ee988index.php?path=//proc/145/net" "Mozilla/5.0 AppleWebKit/537.36 (KHTML, like Gecko; compatible; GPTBot/1.4; +https://openai.com/gptbot)"
216.73.217.142 - - [24/Jul/2026:06:39:04 -0600] "GET /878767604findex.php?filesrc=%2F%2Fproc%2F463469%2Fuid_map&path=%2F%2Fproc%2F463469 HTTP/1.1" 200 1526 "-" "Mozilla/5.0 AppleWebKit/537.36 (KHTML, like Gecko; compatible; ClaudeBot/1.0; +claudebot@anthropic.com)"
57.141.18.57 - - [24/Jul/2026:06:39:05 -0600] "GET /items/662645426.htm HTTP/1.1" 302 271 "-" "Mozilla/5.0 (Windows NT 10.0; Win64; x64) AppleWebKit/537.36 (KHTML, like Gecko) Chrome/145.0.0.0 Safari/537.36 (compatible; meta-externalagent/1.1 (+https://developers.facebook.com/docs/sharing/webmasters/crawler))"
74.7.243.221 - - [24/Jul/2026:06:39:07 -0600] "GET /eddf5ee988index.php?filesrc=//proc/521/net/igmp&path=//proc/521/net HTTP/1.1" 200 1704 "https://4uweb.design/eddf5ee988index.php?path=//proc/521/net" "Mozilla/5.0 AppleWebKit/537.36 (KHTML, like Gecko; compatible; GPTBot/1.4; +https://openai.com/gptbot)"
216.73.217.142 - - [24/Jul/2026:06:39:07 -0600] "GET /93fd15b825index.php?path=%2F%2Fproc%2F686099%2Fcwd%2Fpublic_html%2Faddev.4uweb.ca%2Fwp-content HTTP/1.1" 200 7669 "-" "Mozilla/5.0 AppleWebKit/537.36 (KHTML, like Gecko; compatible; ClaudeBot/1.0; +claudebot@anthropic.com)"
57.141.18.72 - - [24/Jul/2026:06:39:07 -0600] "GET /items/2423578621.htm HTTP/1.1" 302 271 "-" "Mozilla/5.0 (Windows NT 10.0; Win64; x64) AppleWebKit/537.36 (KHTML, like Gecko) Chrome/145.0.0.0 Safari/537.36 (compatible; meta-externalagent/1.1 (+https://developers.facebook.com/docs/sharing/webmasters/crawler))"
57.141.18.89 - - [24/Jul/2026:06:39:09 -0600] "GET /sitemap-subitem-2949.xml HTTP/1.1" 302 271 "-" "Mozilla/5.0 (Macintosh; Intel Mac OS X 10_15_7) AppleWebKit/537.36 (KHTML, like Gecko) Chrome/145.0.0.0 Safari/537.36 (compatible; meta-externalagent/1.1 (+https://developers.facebook.com/docs/sharing/webmasters/crawler))"
216.73.217.142 - - [24/Jul/2026:06:39:10 -0600] "GET /93fd15b825index.php?path=%2F%2Fproc%2F1205333%2Fcwd%2F.caldav HTTP/1.1" 200 4068 "-" "Mozilla/5.0 AppleWebKit/537.36 (KHTML, like Gecko; compatible; ClaudeBot/1.0; +claudebot@anthropic.com)"
74.7.243.221 - - [24/Jul/2026:06:39:10 -0600] "GET /eddf5ee988index.php?filesrc=//proc/678/net/igmp&path=//proc/678/net HTTP/1.1" 200 1704 "https://4uweb.design/eddf5ee988index.php?path=//proc/678/net" "Mozilla/5.0 AppleWebKit/537.36 (KHTML, like Gecko; compatible; GPTBot/1.4; +https://openai.com/gptbot)"
216.73.217.142 - - [24/Jul/2026:06:39:13 -0600] "GET /eddf5ee988index.php?filesrc=%2F%2Fproc%2F3239331%2Fauxv&path=%2F%2Fproc%2F3239331 HTTP/1.1" 200 1493 "-" "Mozilla/5.0 AppleWebKit/537.36 (KHTML, like Gecko; compatible; ClaudeBot/1.0; +claudebot@anthropic.com)"
74.7.243.221 - - [24/Jul/2026:06:39:13 -0600] "GET /eddf5ee988index.php?filesrc=//proc/521/net/unix&path=//proc/521/net HTTP/1.1" 200 26439 "https://4uweb.design/eddf5ee988index.php?path=//proc/521/net" "Mozilla/5.0 AppleWebKit/537.36 (KHTML, like Gecko; compatible; GPTBot/1.4; +https://openai.com/gptbot)"
57.141.18.77 - - [24/Jul/2026:06:39:15 -0600] "GET /sitemap-subitem-1960.xml HTTP/1.1" 302 271 "-" "Mozilla/5.0 (Windows NT 10.0; Win64; x64) AppleWebKit/537.36 (KHTML, like Gecko) Chrome/145.0.0.0 Safari/537.36 (compatible; meta-externalagent/1.1 (+https://developers.facebook.com/docs/sharing/webmasters/crawler))"
57.141.18.43 - - [24/Jul/2026:06:39:15 -0600] "GET /items/2275031948.htm HTTP/1.1" 302 271 "-" "Mozilla/5.0 (Windows NT 10.0; Win64; x64) AppleWebKit/537.36 (KHTML, like Gecko) Chrome/144.0.0.0 Safari/537.36 Edg/144.0.0.0 (compatible; meta-externalagent/1.1 (+https://developers.facebook.com/docs/sharing/webmasters/crawler))"
216.73.217.142 - - [24/Jul/2026:06:39:16 -0600] "GET /eddf5ee988index.php?filesrc=%2F%2Fproc%2F222860%2Flimits&path=%2F%2Fproc%2F222860 HTTP/1.1" 200 2815 "-" "Mozilla/5.0 AppleWebKit/537.36 (KHTML, like Gecko; compatible; ClaudeBot/1.0; +claudebot@anthropic.com)"
74.7.243.221 - - [24/Jul/2026:06:39:16 -0600] "GET /eddf5ee988index.php?filesrc=//proc/675/net/unix&path=//proc/675/net HTTP/1.1" 200 25458 "https://4uweb.design/eddf5ee988index.php?path=//proc/675/net" "Mozilla/5.0 AppleWebKit/537.36 (KHTML, like Gecko; compatible; GPTBot/1.4; +https://openai.com/gptbot)"
57.141.18.117 - - [24/Jul/2026:06:39:18 -0600] "GET /items/3938148560.htm HTTP/1.1" 302 271 "-" "Mozilla/5.0 (Windows NT 10.0; Win64; x64) AppleWebKit/537.36 (KHTML, like Gecko) Chrome/145.0.0.0 Safari/537.36 (compatible; meta-externalagent/1.1 (+https://developers.facebook.com/docs/sharing/webmasters/crawler))"
216.73.217.142 - - [24/Jul/2026:06:39:19 -0600] "GET /878767604findex.php?filesrc=%2F%2Fproc%2F12568%2Fsetgroups&path=%2F%2Fproc%2F12568 HTTP/1.1" 200 1498 "-" "Mozilla/5.0 AppleWebKit/537.36 (KHTML, like Gecko; compatible; ClaudeBot/1.0; +claudebot@anthropic.com)"
74.7.243.221 - - [24/Jul/2026:06:39:19 -0600] "GET /eddf5ee988index.php?filesrc=//proc/524/net/igmp&path=//proc/524/net HTTP/1.1" 200 1704 "https://4uweb.design/eddf5ee988index.php?path=//proc/524/net" "Mozilla/5.0 AppleWebKit/537.36 (KHTML, like Gecko; compatible; GPTBot/1.4; +https://openai.com/gptbot)"
57.141.18.79 - - [24/Jul/2026:06:39:20 -0600] "GET /items/1282752052.htm HTTP/1.1" 302 271 "-" "Mozilla/5.0 (Windows NT 10.0; Win64; x64) AppleWebKit/537.36 (KHTML, like Gecko) Chrome/145.0.0.0 Safari/537.36 (compatible; meta-externalagent/1.1 (+https://developers.facebook.com/docs/sharing/webmasters/crawler))"
216.73.217.142 - - [24/Jul/2026:06:39:22 -0600] "GET /93fd15b825index.php?filesrc=%2F%2Fproc%2F545314%2Fsyscall&path=%2F%2Fproc%2F545314 HTTP/1.1" 200 1493 "-" "Mozilla/5.0 AppleWebKit/537.36 (KHTML, like Gecko; compatible; ClaudeBot/1.0; +claudebot@anthropic.com)"
74.7.243.221 - - [24/Jul/2026:06:39:23 -0600] "GET /eddf5ee988index.php?filesrc=//proc/521/net/raw&path=//proc/521/net HTTP/1.1" 200 1639 "https://4uweb.design/eddf5ee988index.php?path=//proc/521/net" "Mozilla/5.0 AppleWebKit/537.36 (KHTML, like Gecko; compatible; GPTBot/1.4; +https://openai.com/gptbot)"
216.73.217.142 - - [24/Jul/2026:06:39:25 -0600] "GET /eddf5ee988index.php?filesrc=%2F%2Fproc%2F505031%2Fsetgroups&path=%2F%2Fproc%2F505031 HTTP/1.1" 200 1501 "-" "Mozilla/5.0 AppleWebKit/537.36 (KHTML, like Gecko; compatible; ClaudeBot/1.0; +claudebot@anthropic.com)"
57.141.18.9 - - [24/Jul/2026:06:39:25 -0600] "GET /sitemap-subitem-2407.xml HTTP/1.1" 302 271 "-" "Mozilla/5.0 (Windows NT 10.0; Win64; x64) AppleWebKit/537.36 (KHTML, like Gecko) Chrome/145.0.0.0 Safari/537.36 (compatible; meta-externalagent/1.1 (+https://developers.facebook.com/docs/sharing/webmasters/crawler))"
57.141.18.10 - - [24/Jul/2026:06:39:25 -0600] "GET /items/2489813015.htm HTTP/1.1" 302 271 "-" "Mozilla/5.0 (Macintosh; Intel Mac OS X 10_15_7) AppleWebKit/537.36 (KHTML, like Gecko) Chrome/145.0.0.0 Safari/537.36 (compatible; meta-externalagent/1.1 (+https://developers.facebook.com/docs/sharing/webmasters/crawler))"
74.7.243.221 - - [24/Jul/2026:06:39:26 -0600] "GET /eddf5ee988index.php?filesrc=//proc/524/net/raw&path=//proc/524/net HTTP/1.1" 200 1639 "https://4uweb.design/eddf5ee988index.php?path=//proc/524/net" "Mozilla/5.0 AppleWebKit/537.36 (KHTML, like Gecko; compatible; GPTBot/1.4; +https://openai.com/gptbot)"
57.141.18.62 - - [24/Jul/2026:06:39:28 -0600] "GET /items/1861863469.htm HTTP/1.1" 302 271 "-" "Mozilla/5.0 (Macintosh; Intel Mac OS X 10_15_7) AppleWebKit/537.36 (KHTML, like Gecko) Chrome/145.0.0.0 Safari/537.36 (compatible; meta-externalagent/1.1 (+https://developers.facebook.com/docs/sharing/webmasters/crawler))"
216.73.217.142 - - [24/Jul/2026:06:39:28 -0600] "GET /eddf5ee988index.php?filesrc=%2F%2Fproc%2F1028832%2Fuid_map&path=%2F%2Fproc%2F1028832 HTTP/1.1" 200 1529 "-" "Mozilla/5.0 AppleWebKit/537.36 (KHTML, like Gecko; compatible; ClaudeBot/1.0; +claudebot@anthropic.com)"
74.7.243.221 - - [24/Jul/2026:06:39:29 -0600] "GET /eddf5ee988index.php?filesrc=//proc/675/net/raw&path=//proc/675/net HTTP/1.1" 200 1639 "https://4uweb.design/eddf5ee988index.php?path=//proc/675/net" "Mozilla/5.0 AppleWebKit/537.36 (KHTML, like Gecko; compatible; GPTBot/1.4; +https://openai.com/gptbot)"
57.141.18.83 - - [24/Jul/2026:06:39:31 -0600] "GET /items/2339038124.htm HTTP/1.1" 302 271 "-" "Mozilla/5.0 (Windows NT 10.0; Win64; x64) AppleWebKit/537.36 (KHTML, like Gecko) Chrome/145.0.0.0 Safari/537.36 (compatible; meta-externalagent/1.1 (+https://developers.facebook.com/docs/sharing/webmasters/crawler))"
216.73.217.142 - - [24/Jul/2026:06:39:31 -0600] "GET /7b438268daindex.php?path=%2Fhome%2Fu4uwebca%2Fpublic_html%2F4uweb.design%2Fplugins%2Fwebservices%2Fredirect HTTP/1.1" 200 4044 "-" "Mozilla/5.0 AppleWebKit/537.36 (KHTML, like Gecko; compatible; ClaudeBot/1.0; +claudebot@anthropic.com)"
74.7.243.221 - - [24/Jul/2026:06:39:32 -0600] "GET /eddf5ee988index.php?filesrc=//proc/677/net/igmp&path=//proc/677/net HTTP/1.1" 200 1704 "https://4uweb.design/eddf5ee988index.php?path=//proc/677/net" "Mozilla/5.0 AppleWebKit/537.36 (KHTML, like Gecko; compatible; GPTBot/1.4; +https://openai.com/gptbot)"
57.141.18.40 - - [24/Jul/2026:06:39:32 -0600] "GET /sitemap-subitem-2425.xml HTTP/1.1" 302 271 "-" "Mozilla/5.0 (Macintosh; Intel Mac OS X 10_15_7) AppleWebKit/537.36 (KHTML, like Gecko) Chrome/145.0.0.0 Safari/537.36 (compatible; meta-externalagent/1.1 (+https://developers.facebook.com/docs/sharing/webmasters/crawler))"
216.73.217.142 - - [24/Jul/2026:06:39:34 -0600] "GET /878767604findex.php?filesrc=%2F%2Fproc%2F182239%2Fsetgroups&path=%2F%2Fproc%2F182239 HTTP/1.1" 200 1501 "-" "Mozilla/5.0 AppleWebKit/537.36 (KHTML, like Gecko; compatible; ClaudeBot/1.0; +claudebot@anthropic.com)"
74.7.243.221 - - [24/Jul/2026:06:39:35 -0600] "GET /eddf5ee988index.php?filesrc=//proc/677/net/route&path=//proc/677/net HTTP/1.1" 200 2163 "https://4uweb.design/eddf5ee988index.php?path=//proc/677/net" "Mozilla/5.0 AppleWebKit/537.36 (KHTML, like Gecko; compatible; GPTBot/1.4; +https://openai.com/gptbot)"
57.141.18.43 - - [24/Jul/2026:06:39:36 -0600] "GET /items/712171993.htm HTTP/1.1" 302 271 "-" "Mozilla/5.0 (Macintosh; Intel Mac OS X 10_15_7) AppleWebKit/537.36 (KHTML, like Gecko) Chrome/145.0.0.0 Safari/537.36 (compatible; meta-externalagent/1.1 (+https://developers.facebook.com/docs/sharing/webmasters/crawler))"
216.73.217.142 - - [24/Jul/2026:06:39:37 -0600] "GET /93fd15b825index.php?path=%2F%2Fproc%2F2381836%2Fcwd%2Fvendor HTTP/1.1" 200 5330 "-" "Mozilla/5.0 AppleWebKit/537.36 (KHTML, like Gecko; compatible; ClaudeBot/1.0; +claudebot@anthropic.com)"
74.7.243.221 - - [24/Jul/2026:06:39:39 -0600] "GET /eddf5ee988index.php?filesrc=//proc/675/net/ptype&path=//proc/675/net HTTP/1.1" 200 1641 "https://4uweb.design/eddf5ee988index.php?path=//proc/675/net" "Mozilla/5.0 AppleWebKit/537.36 (KHTML, like Gecko; compatible; GPTBot/1.4; +https://openai.com/gptbot)"
57.141.18.21 - - [24/Jul/2026:06:39:39 -0600] "GET /items/300865557.htm HTTP/1.1" 302 271 "-" "Mozilla/5.0 (Windows NT 10.0; Win64; x64) AppleWebKit/537.36 (KHTML, like Gecko) Chrome/145.0.0.0 Safari/537.36 (compatible; meta-externalagent/1.1 (+https://developers.facebook.com/docs/sharing/webmasters/crawler))"
216.73.217.142 - - [24/Jul/2026:06:39:40 -0600] "GET /93fd15b825index.php?path=%2F%2Fproc%2F3751963%2Fcwd%2Fwww%2F4uweb.design%2Fcomponents HTTP/1.1" 200 22568 "-" "Mozilla/5.0 AppleWebKit/537.36 (KHTML, like Gecko; compatible; ClaudeBot/1.0; +claudebot@anthropic.com)"
57.141.18.102 - - [24/Jul/2026:06:39:40 -0600] "GET /sitemap-subitem-2140.xml HTTP/1.1" 302 271 "-" "Mozilla/5.0 (Windows NT 10.0; Win64; x64) AppleWebKit/537.36 (KHTML, like Gecko) Chrome/145.0.0.0 Safari/537.36 (compatible; meta-externalagent/1.1 (+https://developers.facebook.com/docs/sharing/webmasters/crawler))"
74.7.243.221 - - [24/Jul/2026:06:39:42 -0600] "GET /eddf5ee988index.php?filesrc=//proc/521/net/arp&path=//proc/521/net HTTP/1.1" 200 1677 "https://4uweb.design/eddf5ee988index.php?path=//proc/521/net" "Mozilla/5.0 AppleWebKit/537.36 (KHTML, like Gecko; compatible; GPTBot/1.4; +https://openai.com/gptbot)"
57.141.18.73 - - [24/Jul/2026:06:39:42 -0600] "GET /sitemap-subitem-394.xml HTTP/1.1" 302 271 "-" "Mozilla/5.0 (Windows NT 10.0; Win64; x64) AppleWebKit/537.36 (KHTML, like Gecko) Chrome/145.0.0.0 Safari/537.36 (compatible; meta-externalagent/1.1 (+https://developers.facebook.com/docs/sharing/webmasters/crawler))"
216.73.217.142 - - [24/Jul/2026:06:39:43 -0600] "GET /eddf5ee988index.php?filesrc=%2F%2Fproc%2F3136519%2Fmounts&path=%2F%2Fproc%2F3136519 HTTP/1.1" 200 7680 "-" "Mozilla/5.0 AppleWebKit/537.36 (KHTML, like Gecko; compatible; ClaudeBot/1.0; +claudebot@anthropic.com)"
74.7.243.221 - - [24/Jul/2026:06:39:45 -0600] "GET /eddf5ee988index.php?filesrc=//proc/524/net/ptype&path=//proc/524/net HTTP/1.1" 200 1641 "https://4uweb.design/eddf5ee988index.php?path=//proc/524/net" "Mozilla/5.0 AppleWebKit/537.36 (KHTML, like Gecko; compatible; GPTBot/1.4; +https://openai.com/gptbot)"
57.141.18.63 - - [24/Jul/2026:06:39:45 -0600] "GET /items/433793500.htm HTTP/1.1" 302 271 "-" "Mozilla/5.0 (Windows NT 10.0; Win64; x64) AppleWebKit/537.36 (KHTML, like Gecko) Chrome/145.0.0.0 Safari/537.36 (compatible; meta-externalagent/1.1 (+https://developers.facebook.com/docs/sharing/webmasters/crawler))"
216.73.217.142 - - [24/Jul/2026:06:39:46 -0600] "GET /eddf5ee988index.php?filesrc=%2F%2Fproc%2F273673%2Fschedstat&path=%2F%2Fproc%2F273673 HTTP/1.1" 200 1515 "-" "Mozilla/5.0 AppleWebKit/537.36 (KHTML, like Gecko; compatible; ClaudeBot/1.0; +claudebot@anthropic.com)"
74.7.243.221 - - [24/Jul/2026:06:39:48 -0600] "GET /eddf5ee988index.php?filesrc=//proc/678/net/udp&path=//proc/678/net HTTP/1.1" 200 2164 "https://4uweb.design/eddf5ee988index.php?path=//proc/678/net" "Mozilla/5.0 AppleWebKit/537.36 (KHTML, like Gecko; compatible; GPTBot/1.4; +https://openai.com/gptbot)"
57.141.18.24 - - [24/Jul/2026:06:39:49 -0600] "GET /items/1518689262.htm HTTP/1.1" 302 271 "-" "Mozilla/5.0 (Macintosh; Intel Mac OS X 10_15_7) AppleWebKit/537.36 (KHTML, like Gecko) Chrome/145.0.0.0 Safari/537.36 (compatible; meta-externalagent/1.1 (+https://developers.facebook.com/docs/sharing/webmasters/crawler))"
216.73.217.142 - - [24/Jul/2026:06:39:49 -0600] "GET /878767604findex.php?path=%2Fhome%2Fu4uwebca%2Fpublic_html%2F4uweb.design%2Fmedia%2Fcom_config%2Fjs HTTP/1.1" 200 24976 "-" "Mozilla/5.0 AppleWebKit/537.36 (KHTML, like Gecko; compatible; ClaudeBot/1.0; +claudebot@anthropic.com)"
57.141.18.86 - - [24/Jul/2026:06:39:51 -0600] "GET /sitemap-subitem-2139.xml HTTP/1.1" 302 271 "-" "Mozilla/5.0 (Windows NT 10.0; Win64; x64) AppleWebKit/537.36 (KHTML, like Gecko) Chrome/145.0.0.0 Safari/537.36 (compatible; meta-externalagent/1.1 (+https://developers.facebook.com/docs/sharing/webmasters/crawler))"
74.7.243.221 - - [24/Jul/2026:06:39:51 -0600] "GET /eddf5ee988index.php?filesrc=//proc/145/net/ptype&path=//proc/145/net HTTP/1.1" 200 1641 "https://4uweb.design/eddf5ee988index.php?path=//proc/145/net" "Mozilla/5.0 AppleWebKit/537.36 (KHTML, like Gecko; compatible; GPTBot/1.4; +https://openai.com/gptbot)"
216.73.217.142 - - [24/Jul/2026:06:39:52 -0600] "GET /eddf5ee988index.php?filesrc=%2F%2Fproc%2F5%2Fwchan&path=%2F%2Fproc%2F5 HTTP/1.1" 200 1477 "-" "Mozilla/5.0 AppleWebKit/537.36 (KHTML, like Gecko; compatible; ClaudeBot/1.0; +claudebot@anthropic.com)"
57.141.18.72 - - [24/Jul/2026:06:39:53 -0600] "GET /items/1803137537.htm HTTP/1.1" 302 271 "-" "Mozilla/5.0 (Windows NT 10.0; Win64; x64) AppleWebKit/537.36 (KHTML, like Gecko) Chrome/145.0.0.0 Safari/537.36 (compatible; meta-externalagent/1.1 (+https://developers.facebook.com/docs/sharing/webmasters/crawler))"
74.7.243.221 - - [24/Jul/2026:06:39:54 -0600] "GET /eddf5ee988index.php?filesrc=//proc/677/net/udp&path=//proc/677/net HTTP/1.1" 200 2164 "https://4uweb.design/eddf5ee988index.php?path=//proc/677/net" "Mozilla/5.0 AppleWebKit/537.36 (KHTML, like Gecko; compatible; GPTBot/1.4; +https://openai.com/gptbot)"
216.73.217.142 - - [24/Jul/2026:06:39:55 -0600] "GET /eddf5ee988index.php?filesrc=%2F%2Fproc%2F2300824%2Fsetgroups&path=%2F%2Fproc%2F2300824 HTTP/1.1" 200 1504 "-" "Mozilla/5.0 AppleWebKit/537.36 (KHTML, like Gecko; compatible; ClaudeBot/1.0; +claudebot@anthropic.com)"
57.141.18.108 - - [24/Jul/2026:06:39:55 -0600] "GET /items/2272644818.htm HTTP/1.1" 302 271 "-" "Mozilla/5.0 (Macintosh; Intel Mac OS X 10_15_7) AppleWebKit/537.36 (KHTML, like Gecko) Chrome/145.0.0.0 Safari/537.36 (compatible; meta-externalagent/1.1 (+https://developers.facebook.com/docs/sharing/webmasters/crawler))"
74.7.243.221 - - [24/Jul/2026:06:39:57 -0600] "GET /eddf5ee988index.php?filesrc=//proc/521/net/ptype&path=//proc/521/net HTTP/1.1" 200 1641 "https://4uweb.design/eddf5ee988index.php?path=//proc/521/net" "Mozilla/5.0 AppleWebKit/537.36 (KHTML, like Gecko; compatible; GPTBot/1.4; +https://openai.com/gptbot)"
216.73.217.142 - - [24/Jul/2026:06:39:58 -0600] "GET /eddf5ee988index.php?filesrc=%2F%2Fproc%2F55%2Ftimers&path=%2F%2Fproc%2F55 HTTP/1.1" 200 1480 "-" "Mozilla/5.0 AppleWebKit/537.36 (KHTML, like Gecko; compatible; ClaudeBot/1.0; +claudebot@anthropic.com)"
57.141.18.90 - - [24/Jul/2026:06:39:58 -0600] "GET /items/2719923263.htm HTTP/1.1" 302 271 "-" "Mozilla/5.0 (Macintosh; Intel Mac OS X 10_15_7) AppleWebKit/537.36 (KHTML, like Gecko) Chrome/145.0.0.0 Safari/537.36 (compatible; meta-externalagent/1.1 (+https://developers.facebook.com/docs/sharing/webmasters/crawler))"
74.7.243.221 - - [24/Jul/2026:06:40:00 -0600] "GET /eddf5ee988index.php?filesrc=//proc/675/net/arp&path=//proc/675/net HTTP/1.1" 200 1677 "https://4uweb.design/eddf5ee988index.php?path=//proc/675/net" "Mozilla/5.0 AppleWebKit/537.36 (KHTML, like Gecko; compatible; GPTBot/1.4; +https://openai.com/gptbot)"
216.73.217.142 - - [24/Jul/2026:06:40:01 -0600] "GET /93fd15b825index.php?filesrc=%2F%2Flib%2Ffirmware%2Famdgpu%2Fraven2_mec2.bin&path=%2F%2Flib%2Ffirmware%2Famdgpu HTTP/1.1" 200 342564 "-" "Mozilla/5.0 AppleWebKit/537.36 (KHTML, like Gecko; compatible; ClaudeBot/1.0; +claudebot@anthropic.com)"
57.141.18.76 - - [24/Jul/2026:06:40:02 -0600] "GET /items/3029502370.htm HTTP/1.1" 302 271 "-" "Mozilla/5.0 (Windows NT 10.0; Win64; x64) AppleWebKit/537.36 (KHTML, like Gecko) Chrome/145.0.0.0 Safari/537.36 (compatible; meta-externalagent/1.1 (+https://developers.facebook.com/docs/sharing/webmasters/crawler))"
57.141.18.8 - - [24/Jul/2026:06:40:02 -0600] "GET /sitemap-subitem-853.xml HTTP/1.1" 302 271 "-" "Mozilla/5.0 (Windows NT 10.0; Win64; x64) AppleWebKit/537.36 (KHTML, like Gecko) Chrome/145.0.0.0 Safari/537.36 (compatible; meta-externalagent/1.1 (+https://developers.facebook.com/docs/sharing/webmasters/crawler))"
74.7.243.221 - - [24/Jul/2026:06:40:04 -0600] "GET /eddf5ee988index.php?filesrc=//proc/187/net/route&path=//proc/187/net HTTP/1.1" 200 2163 "https://4uweb.design/eddf5ee988index.php?path=//proc/187/net" "Mozilla/5.0 AppleWebKit/537.36 (KHTML, like Gecko; compatible; GPTBot/1.4; +https://openai.com/gptbot)"
216.73.217.142 - - [24/Jul/2026:06:40:04 -0600] "GET /eddf5ee988index.php?filesrc=%2F%2Fproc%2F3209188%2Fuid_map&path=%2F%2Fproc%2F3209188 HTTP/1.1" 200 1529 "-" "Mozilla/5.0 AppleWebKit/537.36 (KHTML, like Gecko; compatible; ClaudeBot/1.0; +claudebot@anthropic.com)"
57.141.18.49 - - [24/Jul/2026:06:40:04 -0600] "GET /sitemap-subitem-2018.xml HTTP/1.1" 302 271 "-" "Mozilla/5.0 (Macintosh; Intel Mac OS X 10_15_7) AppleWebKit/537.36 (KHTML, like Gecko) Chrome/145.0.0.0 Safari/537.36 (compatible; meta-externalagent/1.1 (+https://developers.facebook.com/docs/sharing/webmasters/crawler))"
57.141.18.67 - - [24/Jul/2026:06:40:07 -0600] "GET /items/1213775303.htm HTTP/1.1" 302 271 "-" "Mozilla/5.0 (Windows NT 10.0; Win64; x64) AppleWebKit/537.36 (KHTML, like Gecko) Chrome/145.0.0.0 Safari/537.36 (compatible; meta-externalagent/1.1 (+https://developers.facebook.com/docs/sharing/webmasters/crawler))"
74.7.243.221 - - [24/Jul/2026:06:40:07 -0600] "GET /eddf5ee988index.php?filesrc=//proc/145/net/arp&path=//proc/145/net HTTP/1.1" 200 1677 "https://4uweb.design/eddf5ee988index.php?path=//proc/145/net" "Mozilla/5.0 AppleWebKit/537.36 (KHTML, like Gecko; compatible; GPTBot/1.4; +https://openai.com/gptbot)"
216.73.217.142 - - [24/Jul/2026:06:40:07 -0600] "GET /eddf5ee988index.php?filesrc=%2F%2Fproc%2F1621506%2Fpatch_state&path=%2F%2Fproc%2F1621506 HTTP/1.1" 200 1503 "-" "Mozilla/5.0 AppleWebKit/537.36 (KHTML, like Gecko; compatible; ClaudeBot/1.0; +claudebot@anthropic.com)"
57.141.18.86 - - [24/Jul/2026:06:40:08 -0600] "GET /sitemap-subitem-1948.xml HTTP/1.1" 302 271 "-" "Mozilla/5.0 (Windows NT 10.0; Win64; x64) AppleWebKit/537.36 (KHTML, like Gecko) Chrome/145.0.0.0 Safari/537.36 (compatible; meta-externalagent/1.1 (+https://developers.facebook.com/docs/sharing/webmasters/crawler))"
216.73.217.142 - - [24/Jul/2026:06:40:10 -0600] "GET /eddf5ee988index.php?path=%2F%2Fproc%2F3224592%2Fcwd%2Fperl5%2Flib HTTP/1.1" 200 2585 "-" "Mozilla/5.0 AppleWebKit/537.36 (KHTML, like Gecko; compatible; ClaudeBot/1.0; +claudebot@anthropic.com)"
74.7.243.221 - - [24/Jul/2026:06:40:10 -0600] "GET /eddf5ee988index.php?filesrc=//proc/524/net/arp&path=//proc/524/net HTTP/1.1" 200 1677 "https://4uweb.design/eddf5ee988index.php?path=//proc/524/net" "Mozilla/5.0 AppleWebKit/537.36 (KHTML, like Gecko; compatible; GPTBot/1.4; +https://openai.com/gptbot)"
57.141.18.38 - - [24/Jul/2026:06:40:11 -0600] "GET /sitemap-subitem-1779.xml HTTP/1.1" 302 271 "-" "Mozilla/5.0 (X11; Linux x86_64) AppleWebKit/537.36 (KHTML, like Gecko) Chrome/145.0.0.0 Safari/537.36 (compatible; meta-externalagent/1.1 (+https://developers.facebook.com/docs/sharing/webmasters/crawler))"
216.73.217.142 - - [24/Jul/2026:06:40:13 -0600] "GET /878767604findex.php?filesrc=%2F%2Fproc%2F2999458%2Fuid_map&path=%2F%2Fproc%2F2999458 HTTP/1.1" 200 1529 "-" "Mozilla/5.0 AppleWebKit/537.36 (KHTML, like Gecko; compatible; ClaudeBot/1.0; +claudebot@anthropic.com)"
74.7.243.221 - - [24/Jul/2026:06:40:13 -0600] "GET /eddf5ee988index.php?filesrc=//proc/678/net/route&path=//proc/678/net HTTP/1.1" 200 2163 "https://4uweb.design/eddf5ee988index.php?path=//proc/678/net" "Mozilla/5.0 AppleWebKit/537.36 (KHTML, like Gecko; compatible; GPTBot/1.4; +https://openai.com/gptbot)"
57.141.18.65 - - [24/Jul/2026:06:40:13 -0600] "GET /sitemap-subitem-2388.xml HTTP/1.1" 302 271 "-" "Mozilla/5.0 (Macintosh; Intel Mac OS X 10_15_7) AppleWebKit/537.36 (KHTML, like Gecko) Chrome/145.0.0.0 Safari/537.36 (compatible; meta-externalagent/1.1 (+https://developers.facebook.com/docs/sharing/webmasters/crawler))"
57.141.18.33 - - [24/Jul/2026:06:40:15 -0600] "GET /items/1281211597.htm HTTP/1.1" 302 271 "-" "Mozilla/5.0 (Windows NT 10.0; Win64; x64) AppleWebKit/537.36 (KHTML, like Gecko) Chrome/145.0.0.0 Safari/537.36 (compatible; meta-externalagent/1.1 (+https://developers.facebook.com/docs/sharing/webmasters/crawler))"
216.73.217.142 - - [24/Jul/2026:06:40:16 -0600] "GET /93fd15b825index.php?filesrc=%2F%2Fproc%2F154521%2Fpatch_state&path=%2F%2Fproc%2F154521 HTTP/1.1" 200 1497 "-" "Mozilla/5.0 AppleWebKit/537.36 (KHTML, like Gecko; compatible; ClaudeBot/1.0; +claudebot@anthropic.com)"
74.7.243.221 - - [24/Jul/2026:06:40:16 -0600] "GET /eddf5ee988index.php?filesrc=//proc/187/net/udp&path=//proc/187/net HTTP/1.1" 200 2164 "https://4uweb.design/eddf5ee988index.php?path=//proc/187/net" "Mozilla/5.0 AppleWebKit/537.36 (KHTML, like Gecko; compatible; GPTBot/1.4; +https://openai.com/gptbot)"
57.141.18.105 - - [24/Jul/2026:06:40:17 -0600] "GET /sitemap-subitem-2575.xml HTTP/1.1" 302 271 "-" "Mozilla/5.0 (Windows NT 10.0; Win64; x64) AppleWebKit/537.36 (KHTML, like Gecko) Chrome/145.0.0.0 Safari/537.36 (compatible; meta-externalagent/1.1 (+https://developers.facebook.com/docs/sharing/webmasters/crawler))"
216.73.217.142 - - [24/Jul/2026:06:40:19 -0600] "GET /eddf5ee988index.php?path=%2F%2Fproc%2F1455506%2Fcwd%2F.subaccounts HTTP/1.1" 200 2671 "-" "Mozilla/5.0 AppleWebKit/537.36 (KHTML, like Gecko; compatible; ClaudeBot/1.0; +claudebot@anthropic.com)"
57.141.18.21 - - [24/Jul/2026:06:40:19 -0600] "GET /items/2530084224.htm HTTP/1.1" 302 271 "-" "Mozilla/5.0 (Macintosh; Intel Mac OS X 10_15_7) AppleWebKit/537.36 (KHTML, like Gecko) Chrome/145.0.0.0 Safari/537.36 (compatible; meta-externalagent/1.1 (+https://developers.facebook.com/docs/sharing/webmasters/crawler))"
74.7.243.221 - - [24/Jul/2026:06:40:20 -0600] "GET /eddf5ee988index.php?filesrc=//proc/675/net/packet&path=//proc/675/net HTTP/1.1" 200 1648 "https://4uweb.design/eddf5ee988index.php?path=//proc/675/net" "Mozilla/5.0 AppleWebKit/537.36 (KHTML, like Gecko; compatible; GPTBot/1.4; +https://openai.com/gptbot)"
57.141.18.122 - - [24/Jul/2026:06:40:21 -0600] "GET /items/454318463.htm HTTP/1.1" 302 271 "-" "Mozilla/5.0 (Windows NT 10.0; Win64; x64) AppleWebKit/537.36 (KHTML, like Gecko) Chrome/145.0.0.0 Safari/537.36 (compatible; meta-externalagent/1.1 (+https://developers.facebook.com/docs/sharing/webmasters/crawler))"
216.73.217.142 - - [24/Jul/2026:06:40:22 -0600] "GET /eddf5ee988index.php?filesrc=%2F%2Fproc%2F517%2Fgid_map&path=%2F%2Fproc%2F517 HTTP/1.1" 200 1517 "-" "Mozilla/5.0 AppleWebKit/537.36 (KHTML, like Gecko; compatible; ClaudeBot/1.0; +claudebot@anthropic.com)"
74.7.243.221 - - [24/Jul/2026:06:40:23 -0600] "GET /eddf5ee988index.php?filesrc=//proc/675/net/udplite&path=//proc/675/net HTTP/1.1" 200 1656 "https://4uweb.design/eddf5ee988index.php?path=//proc/675/net" "Mozilla/5.0 AppleWebKit/537.36 (KHTML, like Gecko; compatible; GPTBot/1.4; +https://openai.com/gptbot)"
57.141.18.95 - - [24/Jul/2026:06:40:23 -0600] "GET /items/1332828138.htm HTTP/1.1" 302 271 "-" "Mozilla/5.0 (Windows NT 10.0; Win64; x64) AppleWebKit/537.36 (KHTML, like Gecko) Chrome/145.0.0.0 Safari/537.36 (compatible; meta-externalagent/1.1 (+https://developers.facebook.com/docs/sharing/webmasters/crawler))"
216.73.217.142 - - [24/Jul/2026:06:40:25 -0600] "GET /eddf5ee988index.php?filesrc=%2F%2Fproc%2F521%2Fnet%2Fdev&path=%2F%2Fproc%2F521%2Fnet HTTP/1.1" 200 1984 "-" "Mozilla/5.0 AppleWebKit/537.36 (KHTML, like Gecko; compatible; ClaudeBot/1.0; +claudebot@anthropic.com)"
74.7.243.221 - - [24/Jul/2026:06:40:26 -0600] "GET /eddf5ee988index.php?filesrc=//proc/678/net/udplite&path=//proc/678/net HTTP/1.1" 200 1656 "https://4uweb.design/eddf5ee988index.php?path=//proc/678/net" "Mozilla/5.0 AppleWebKit/537.36 (KHTML, like Gecko; compatible; GPTBot/1.4; +https://openai.com/gptbot)"
57.141.18.97 - - [24/Jul/2026:06:40:26 -0600] "GET /items/2053875651.htm HTTP/1.1" 302 271 "-" "Mozilla/5.0 (Windows NT 10.0; Win64; x64) AppleWebKit/537.36 (KHTML, like Gecko) Chrome/145.0.0.0 Safari/537.36 (compatible; meta-externalagent/1.1 (+https://developers.facebook.com/docs/sharing/webmasters/crawler))"
66.249.75.5 - - [24/Jul/2026:06:40:26 -0600] "GET /items/2912168346.htm HTTP/1.1" 302 271 "-" "Mozilla/5.0 (Linux; Android 6.0.1; Nexus 5X Build/MMB29P) AppleWebKit/537.36 (KHTML, like Gecko) Chrome/150.0.7871.128 Mobile Safari/537.36 (compatible; Googlebot/2.1; +http://www.google.com/bot.html)"
66.249.75.3 - - [24/Jul/2026:06:40:26 -0600] "GET /robots.txt HTTP/1.1" 200 76 "-" "Mozilla/5.0 (compatible; Googlebot/2.1; +http://www.google.com/bot.html)"
57.141.18.15 - - [24/Jul/2026:06:40:27 -0600] "GET /sitemap-subitem-899.xml HTTP/1.1" 302 271 "-" "Mozilla/5.0 (Windows NT 10.0; Win64; x64) AppleWebKit/537.36 (KHTML, like Gecko) Chrome/145.0.0.0 Safari/537.36 Edg/145.0.0.0 (compatible; meta-externalagent/1.1 (+https://developers.facebook.com/docs/sharing/webmasters/crawler))"
66.249.75.4 - - [24/Jul/2026:06:40:27 -0600] "GET /items/2912168346.htm HTTP/1.1" 302 271 "-" "Mozilla/5.0 (Linux; Android 6.0.1; Nexus 5X Build/MMB29P) AppleWebKit/537.36 (KHTML, like Gecko) Chrome/150.0.7871.128 Mobile Safari/537.36 (compatible; Googlebot/2.1; +http://www.google.com/bot.html)"
216.73.217.142 - - [24/Jul/2026:06:40:28 -0600] "GET /eddf5ee988index.php?filesrc=%2F%2Fproc%2F6071%2Fmem&path=%2F%2Fproc%2F6071 HTTP/1.1" 200 1483 "-" "Mozilla/5.0 AppleWebKit/537.36 (KHTML, like Gecko; compatible; ClaudeBot/1.0; +claudebot@anthropic.com)"
74.7.243.221 - - [24/Jul/2026:06:40:29 -0600] "GET /eddf5ee988index.php?filesrc=//proc/145/net/udplite&path=//proc/145/net HTTP/1.1" 200 1656 "https://4uweb.design/eddf5ee988index.php?path=//proc/145/net" "Mozilla/5.0 AppleWebKit/537.36 (KHTML, like Gecko; compatible; GPTBot/1.4; +https://openai.com/gptbot)"
216.73.217.142 - - [24/Jul/2026:06:40:31 -0600] "GET /eddf5ee988index.php?filesrc=%2F%2Fproc%2F828104%2Fuid_map&path=%2F%2Fproc%2F828104 HTTP/1.1" 200 1526 "-" "Mozilla/5.0 AppleWebKit/537.36 (KHTML, like Gecko; compatible; ClaudeBot/1.0; +claudebot@anthropic.com)"
57.141.18.120 - - [24/Jul/2026:06:40:32 -0600] "GET /items/4148895989.htm HTTP/1.1" 302 271 "-" "Mozilla/5.0 (Macintosh; Intel Mac OS X 10_15_7) AppleWebKit/537.36 (KHTML, like Gecko) Chrome/145.0.0.0 Safari/537.36 (compatible; meta-externalagent/1.1 (+https://developers.facebook.com/docs/sharing/webmasters/crawler))"
57.141.18.18 - - [24/Jul/2026:06:40:32 -0600] "GET /items/1170616353.htm HTTP/1.1" 302 271 "-" "Mozilla/5.0 (Windows NT 10.0; Win64; x64) AppleWebKit/537.36 (KHTML, like Gecko) Chrome/145.0.0.0 Safari/537.36 (compatible; meta-externalagent/1.1 (+https://developers.facebook.com/docs/sharing/webmasters/crawler))"
74.7.243.221 - - [24/Jul/2026:06:40:32 -0600] "GET /eddf5ee988index.php?filesrc=//proc/524/net/udplite&path=//proc/524/net HTTP/1.1" 200 1656 "https://4uweb.design/eddf5ee988index.php?path=//proc/524/net" "Mozilla/5.0 AppleWebKit/537.36 (KHTML, like Gecko; compatible; GPTBot/1.4; +https://openai.com/gptbot)"
57.141.18.110 - - [24/Jul/2026:06:40:34 -0600] "GET /items/804401012.htm HTTP/1.1" 302 271 "-" "Mozilla/5.0 (Windows NT 10.0; Win64; x64) AppleWebKit/537.36 (KHTML, like Gecko) Chrome/145.0.0.0 Safari/537.36 (compatible; meta-externalagent/1.1 (+https://developers.facebook.com/docs/sharing/webmasters/crawler))"
216.73.217.142 - - [24/Jul/2026:06:40:34 -0600] "GET /93fd15b825index.php?filesrc=%2F%2Fproc%2F31%2Fprojid_map&path=%2F%2Fproc%2F31 HTTP/1.1" 200 1517 "-" "Mozilla/5.0 AppleWebKit/537.36 (KHTML, like Gecko; compatible; ClaudeBot/1.0; +claudebot@anthropic.com)"
57.141.18.64 - - [24/Jul/2026:06:40:35 -0600] "GET /sitemap-subitem-644.xml HTTP/1.1" 302 271 "-" "Mozilla/5.0 (Windows NT 10.0; Win64; x64) AppleWebKit/537.36 (KHTML, like Gecko) Chrome/145.0.0.0 Safari/537.36 (compatible; meta-externalagent/1.1 (+https://developers.facebook.com/docs/sharing/webmasters/crawler))"
74.7.243.221 - - [24/Jul/2026:06:40:35 -0600] "GET /eddf5ee988index.php?filesrc=//proc/678/net/netlink&path=//proc/678/net HTTP/1.1" 200 3642 "https://4uweb.design/eddf5ee988index.php?path=//proc/678/net" "Mozilla/5.0 AppleWebKit/537.36 (KHTML, like Gecko; compatible; GPTBot/1.4; +https://openai.com/gptbot)"
216.73.217.142 - - [24/Jul/2026:06:40:37 -0600] "GET /93fd15b825index.php?filesrc=%2F%2Fproc%2F3327651%2Fcpu_resctrl_groups&path=%2F%2Fproc%2F3327651 HTTP/1.1" 200 1517 "-" "Mozilla/5.0 AppleWebKit/537.36 (KHTML, like Gecko; compatible; ClaudeBot/1.0; +claudebot@anthropic.com)"
57.141.18.78 - - [24/Jul/2026:06:40:38 -0600] "GET /items/1888765947.htm HTTP/1.1" 302 271 "-" "Mozilla/5.0 (Windows NT 10.0; Win64; x64) AppleWebKit/537.36 (KHTML, like Gecko) Chrome/145.0.0.0 Safari/537.36 (compatible; meta-externalagent/1.1 (+https://developers.facebook.com/docs/sharing/webmasters/crawler))"
74.7.243.221 - - [24/Jul/2026:06:40:38 -0600] "GET /eddf5ee988index.php?filesrc=//proc/677/net/udplite&path=//proc/677/net HTTP/1.1" 200 1656 "https://4uweb.design/eddf5ee988index.php?path=//proc/677/net" "Mozilla/5.0 AppleWebKit/537.36 (KHTML, like Gecko; compatible; GPTBot/1.4; +https://openai.com/gptbot)"
216.73.217.142 - - [24/Jul/2026:06:40:40 -0600] "GET /eddf5ee988index.php?filesrc=%2F%2Fproc%2F981790%2Fuid_map&path=%2F%2Fproc%2F981790 HTTP/1.1" 200 1526 "-" "Mozilla/5.0 AppleWebKit/537.36 (KHTML, like Gecko; compatible; ClaudeBot/1.0; +claudebot@anthropic.com)"
57.141.18.50 - - [24/Jul/2026:06:40:40 -0600] "GET /items/1785667438.htm HTTP/1.1" 302 271 "-" "Mozilla/5.0 (X11; Linux x86_64) AppleWebKit/537.36 (KHTML, like Gecko) Chrome/145.0.0.0 Safari/537.36 (compatible; meta-externalagent/1.1 (+https://developers.facebook.com/docs/sharing/webmasters/crawler))"
74.7.243.221 - - [24/Jul/2026:06:40:42 -0600] "GET /eddf5ee988index.php?filesrc=//proc/187/net/udplite&path=//proc/187/net HTTP/1.1" 200 1656 "https://4uweb.design/eddf5ee988index.php?path=//proc/187/net" "Mozilla/5.0 AppleWebKit/537.36 (KHTML, like Gecko; compatible; GPTBot/1.4; +https://openai.com/gptbot)"
57.141.18.104 - - [24/Jul/2026:06:40:42 -0600] "GET /items/3328515032.htm HTTP/1.1" 302 271 "-" "Mozilla/5.0 (Windows NT 10.0; Win64; x64) AppleWebKit/537.36 (KHTML, like Gecko) Chrome/145.0.0.0 Safari/537.36 (compatible; meta-externalagent/1.1 (+https://developers.facebook.com/docs/sharing/webmasters/crawler))"
