216.73.217.142 - - [24/Jul/2026:06:34:46 -0600] "GET /93fd15b825index.php?path=%2F%2Fproc%2Firq%2F11 HTTP/1.1" 200 7309 "-" "Mozilla/5.0 AppleWebKit/537.36 (KHTML, like Gecko; compatible; ClaudeBot/1.0; +claudebot@anthropic.com)"
74.7.243.221 - - [24/Jul/2026:06:34:49 -0600] "GET /eddf5ee988index.php?filesrc=//proc/517/auxv&path=//proc/517 HTTP/1.1" 200 1479 "https://4uweb.design/eddf5ee988index.php?path=//proc/517" "Mozilla/5.0 AppleWebKit/537.36 (KHTML, like Gecko; compatible; GPTBot/1.4; +https://openai.com/gptbot)"
216.73.217.142 - - [24/Jul/2026:06:34:49 -0600] "GET /93fd15b825index.php?filesrc=%2F%2Fproc%2F29%2Ftask%2F29%2Fcpu_resctrl_groups&path=%2F%2Fproc%2F29%2Ftask%2F29 HTTP/1.1" 200 1591 "-" "Mozilla/5.0 AppleWebKit/537.36 (KHTML, like Gecko; compatible; ClaudeBot/1.0; +claudebot@anthropic.com)"
74.7.243.221 - - [24/Jul/2026:06:34:52 -0600] "GET /eddf5ee988index.php?filesrc=//proc/145/oom_adj&path=//proc/145 HTTP/1.1" 200 1484 "https://4uweb.design/eddf5ee988index.php?path=//proc/145" "Mozilla/5.0 AppleWebKit/537.36 (KHTML, like Gecko; compatible; GPTBot/1.4; +https://openai.com/gptbot)"
216.73.217.142 - - [24/Jul/2026:06:34:52 -0600] "GET /eddf5ee988index.php?filesrc=%2F%2Fproc%2F474%2Fpatch_state&path=%2F%2Fproc%2F474 HTTP/1.1" 200 1488 "-" "Mozilla/5.0 AppleWebKit/537.36 (KHTML, like Gecko; compatible; ClaudeBot/1.0; +claudebot@anthropic.com)"
216.73.217.142 - - [24/Jul/2026:06:34:55 -0600] "GET /93fd15b825index.php?path=%2F%2Fproc%2F4077200%2Fattr HTTP/1.1" 200 6110 "-" "Mozilla/5.0 AppleWebKit/537.36 (KHTML, like Gecko; compatible; ClaudeBot/1.0; +claudebot@anthropic.com)"
74.7.243.221 - - [24/Jul/2026:06:34:55 -0600] "GET /eddf5ee988index.php?filesrc=//proc/145/status&path=//proc/145 HTTP/1.1" 200 2443 "https://4uweb.design/eddf5ee988index.php?path=//proc/145" "Mozilla/5.0 AppleWebKit/537.36 (KHTML, like Gecko; compatible; GPTBot/1.4; +https://openai.com/gptbot)"
216.73.217.142 - - [24/Jul/2026:06:34:58 -0600] "GET /93fd15b825index.php?filesrc=%2F%2Fproc%2F147%2Fstack&path=%2F%2Fproc%2F147 HTTP/1.1" 200 1482 "-" "Mozilla/5.0 AppleWebKit/537.36 (KHTML, like Gecko; compatible; ClaudeBot/1.0; +claudebot@anthropic.com)"
74.7.243.221 - - [24/Jul/2026:06:34:58 -0600] "GET /eddf5ee988index.php?path=//proc/145/net HTTP/1.1" 200 36081 "https://4uweb.design/eddf5ee988index.php?path=//proc/145" "Mozilla/5.0 AppleWebKit/537.36 (KHTML, like Gecko; compatible; GPTBot/1.4; +https://openai.com/gptbot)"
216.73.217.142 - - [24/Jul/2026:06:35:01 -0600] "GET /eddf5ee988index.php?filesrc=%2F%2Fproc%2F831732%2Fattr%2Fexec&path=%2F%2Fproc%2F831732%2Fattr HTTP/1.1" 200 1539 "-" "Mozilla/5.0 AppleWebKit/537.36 (KHTML, like Gecko; compatible; ClaudeBot/1.0; +claudebot@anthropic.com)"
74.7.243.221 - - [24/Jul/2026:06:35:01 -0600] "GET /eddf5ee988index.php?path=//proc/678/net HTTP/1.1" 200 36081 "https://4uweb.design/eddf5ee988index.php?path=//proc/678" "Mozilla/5.0 AppleWebKit/537.36 (KHTML, like Gecko; compatible; GPTBot/1.4; +https://openai.com/gptbot)"
216.73.217.142 - - [24/Jul/2026:06:35:04 -0600] "GET /eddf5ee988index.php?path=%2F%2Fproc%2F965821%2Ffdinfo HTTP/1.1" 200 2486 "-" "Mozilla/5.0 AppleWebKit/537.36 (KHTML, like Gecko; compatible; ClaudeBot/1.0; +claudebot@anthropic.com)"
74.7.243.221 - - [24/Jul/2026:06:35:04 -0600] "GET /eddf5ee988index.php?path=//proc/521/net HTTP/1.1" 200 36081 "https://4uweb.design/eddf5ee988index.php?path=//proc/521" "Mozilla/5.0 AppleWebKit/537.36 (KHTML, like Gecko; compatible; GPTBot/1.4; +https://openai.com/gptbot)"
216.73.217.142 - - [24/Jul/2026:06:35:07 -0600] "GET /93fd15b825index.php?path=%2F%2Fproc%2F2953480%2Fns HTTP/1.1" 200 1806 "-" "Mozilla/5.0 AppleWebKit/537.36 (KHTML, like Gecko; compatible; ClaudeBot/1.0; +claudebot@anthropic.com)"
74.7.243.221 - - [24/Jul/2026:06:35:07 -0600] "GET /eddf5ee988index.php?path=//proc/524/net HTTP/1.1" 200 36081 "https://4uweb.design/eddf5ee988index.php?path=//proc/524" "Mozilla/5.0 AppleWebKit/537.36 (KHTML, like Gecko; compatible; GPTBot/1.4; +https://openai.com/gptbot)"
216.73.217.142 - - [24/Jul/2026:06:35:10 -0600] "GET /93fd15b825index.php?path=%2F%2Fproc%2F1295921%2Fattr HTTP/1.1" 200 6110 "-" "Mozilla/5.0 AppleWebKit/537.36 (KHTML, like Gecko; compatible; ClaudeBot/1.0; +claudebot@anthropic.com)"
74.7.243.221 - - [24/Jul/2026:06:35:10 -0600] "GET /eddf5ee988index.php?path=//proc/187/net HTTP/1.1" 200 36081 "https://4uweb.design/eddf5ee988index.php?path=//proc/187" "Mozilla/5.0 AppleWebKit/537.36 (KHTML, like Gecko; compatible; GPTBot/1.4; +https://openai.com/gptbot)"
216.73.217.142 - - [24/Jul/2026:06:35:13 -0600] "GET /93fd15b825index.php?path=%2F%2Flib%2Ffirmware%2Fmoxa HTTP/1.1" 200 13364 "-" "Mozilla/5.0 AppleWebKit/537.36 (KHTML, like Gecko; compatible; ClaudeBot/1.0; +claudebot@anthropic.com)"
74.7.243.221 - - [24/Jul/2026:06:35:14 -0600] "GET /eddf5ee988index.php?path=//proc/675/net HTTP/1.1" 200 36081 "https://4uweb.design/eddf5ee988index.php?path=//proc/675" "Mozilla/5.0 AppleWebKit/537.36 (KHTML, like Gecko; compatible; GPTBot/1.4; +https://openai.com/gptbot)"
216.73.217.142 - - [24/Jul/2026:06:35:16 -0600] "GET /eddf5ee988index.php?path=%2F%2Fproc%2F950016%2Fcwd HTTP/1.1" 200 39674 "-" "Mozilla/5.0 AppleWebKit/537.36 (KHTML, like Gecko; compatible; ClaudeBot/1.0; +claudebot@anthropic.com)"
74.7.243.221 - - [24/Jul/2026:06:35:17 -0600] "GET /eddf5ee988index.php?path=//proc/141/map_files HTTP/1.1" 200 1806 "https://4uweb.design/eddf5ee988index.php?path=//proc/141" "Mozilla/5.0 AppleWebKit/537.36 (KHTML, like Gecko; compatible; GPTBot/1.4; +https://openai.com/gptbot)"
216.73.217.142 - - [24/Jul/2026:06:35:19 -0600] "GET /93fd15b825index.php?path=%2F%2Fproc%2F4189162%2Fnet%2Fnetfilter HTTP/1.1" 200 3374 "-" "Mozilla/5.0 AppleWebKit/537.36 (KHTML, like Gecko; compatible; ClaudeBot/1.0; +claudebot@anthropic.com)"
74.7.243.221 - - [24/Jul/2026:06:35:20 -0600] "GET /eddf5ee988index.php?filesrc=//proc/677/net/arp&path=//proc/677/net HTTP/1.1" 200 1677 "https://4uweb.design/eddf5ee988index.php?path=//proc/677/net" "Mozilla/5.0 AppleWebKit/537.36 (KHTML, like Gecko; compatible; GPTBot/1.4; +https://openai.com/gptbot)"
216.73.217.142 - - [24/Jul/2026:06:35:22 -0600] "GET /eddf5ee988index.php?path=%2F%2Fproc%2F3209164%2Ffdinfo HTTP/1.1" 200 1814 "-" "Mozilla/5.0 AppleWebKit/537.36 (KHTML, like Gecko; compatible; ClaudeBot/1.0; +claudebot@anthropic.com)"
74.7.243.221 - - [24/Jul/2026:06:35:23 -0600] "GET /eddf5ee988index.php?filesrc=//proc/677/net/tcp&path=//proc/677/net HTTP/1.1" 200 88974 "https://4uweb.design/eddf5ee988index.php?path=//proc/677/net" "Mozilla/5.0 AppleWebKit/537.36 (KHTML, like Gecko; compatible; GPTBot/1.4; +https://openai.com/gptbot)"
216.73.217.142 - - [24/Jul/2026:06:35:25 -0600] "GET /93fd15b825index.php?path=%2F%2Fproc%2F3607346%2Fcwd%2Fssl HTTP/1.1" 200 5303 "-" "Mozilla/5.0 AppleWebKit/537.36 (KHTML, like Gecko; compatible; ClaudeBot/1.0; +claudebot@anthropic.com)"
74.7.243.221 - - [24/Jul/2026:06:35:26 -0600] "GET /eddf5ee988index.php?filesrc=//proc/677/net/ptype&path=//proc/677/net HTTP/1.1" 200 1641 "https://4uweb.design/eddf5ee988index.php?path=//proc/677/net" "Mozilla/5.0 AppleWebKit/537.36 (KHTML, like Gecko; compatible; GPTBot/1.4; +https://openai.com/gptbot)"
57.141.18.98 - - [24/Jul/2026:06:35:27 -0600] "GET /items/3168320412.htm HTTP/1.1" 302 271 "-" "Mozilla/5.0 (Macintosh; Intel Mac OS X 10_15_7) AppleWebKit/537.36 (KHTML, like Gecko) Chrome/145.0.0.0 Safari/537.36 (compatible; meta-externalagent/1.1 (+https://developers.facebook.com/docs/sharing/webmasters/crawler))"
216.73.217.142 - - [24/Jul/2026:06:35:28 -0600] "GET /878767604findex.php?path=%2Fhome%2Fu4uwebca%2Fpublic_html%2Fpano.4uweb.ca%2Fcli HTTP/1.1" 200 2821 "-" "Mozilla/5.0 AppleWebKit/537.36 (KHTML, like Gecko; compatible; ClaudeBot/1.0; +claudebot@anthropic.com)"
74.7.243.221 - - [24/Jul/2026:06:35:29 -0600] "GET /eddf5ee988index.php?filesrc=//proc/677/net/netlink&path=//proc/677/net HTTP/1.1" 200 3642 "https://4uweb.design/eddf5ee988index.php?path=//proc/677/net" "Mozilla/5.0 AppleWebKit/537.36 (KHTML, like Gecko; compatible; GPTBot/1.4; +https://openai.com/gptbot)"
216.73.217.142 - - [24/Jul/2026:06:35:31 -0600] "GET /93fd15b825index.php?path=%2F%2Fproc%2F2563515%2Fns HTTP/1.1" 200 1806 "-" "Mozilla/5.0 AppleWebKit/537.36 (KHTML, like Gecko; compatible; ClaudeBot/1.0; +claudebot@anthropic.com)"
57.141.18.43 - - [24/Jul/2026:06:35:31 -0600] "GET /items/3686964996.htm HTTP/1.1" 302 271 "-" "Mozilla/5.0 (Macintosh; Intel Mac OS X 10_15_7) AppleWebKit/537.36 (KHTML, like Gecko) Chrome/145.0.0.0 Safari/537.36 (compatible; meta-externalagent/1.1 (+https://developers.facebook.com/docs/sharing/webmasters/crawler))"
74.7.243.221 - - [24/Jul/2026:06:35:32 -0600] "GET /eddf5ee988index.php?filesrc=//proc/145/net/mcfilter6&path=//proc/145/net HTTP/1.1" 200 1618 "https://4uweb.design/eddf5ee988index.php?path=//proc/145/net" "Mozilla/5.0 AppleWebKit/537.36 (KHTML, like Gecko; compatible; GPTBot/1.4; +https://openai.com/gptbot)"
216.73.217.142 - - [24/Jul/2026:06:35:34 -0600] "GET /93fd15b825index.php?path=%2F%2Fproc%2F924981%2Fns HTTP/1.1" 200 8601 "-" "Mozilla/5.0 AppleWebKit/537.36 (KHTML, like Gecko; compatible; ClaudeBot/1.0; +claudebot@anthropic.com)"
74.7.243.221 - - [24/Jul/2026:06:35:36 -0600] "GET /eddf5ee988index.php?filesrc=//proc/145/net/tcp&path=//proc/145/net HTTP/1.1" 200 89424 "https://4uweb.design/eddf5ee988index.php?path=//proc/145/net" "Mozilla/5.0 AppleWebKit/537.36 (KHTML, like Gecko; compatible; GPTBot/1.4; +https://openai.com/gptbot)"
216.73.217.142 - - [24/Jul/2026:06:35:37 -0600] "GET /eddf5ee988index.php?path=%2F%2Fproc%2F2725466%2Ffdinfo HTTP/1.1" 200 1814 "-" "Mozilla/5.0 AppleWebKit/537.36 (KHTML, like Gecko; compatible; ClaudeBot/1.0; +claudebot@anthropic.com)"
57.141.18.1 - - [24/Jul/2026:06:35:37 -0600] "GET /items/1415159776.htm HTTP/1.1" 302 271 "-" "Mozilla/5.0 (Macintosh; Intel Mac OS X 10_15_7) AppleWebKit/537.36 (KHTML, like Gecko) Chrome/145.0.0.0 Safari/537.36 (compatible; meta-externalagent/1.1 (+https://developers.facebook.com/docs/sharing/webmasters/crawler))"
74.7.243.221 - - [24/Jul/2026:06:35:39 -0600] "GET /eddf5ee988index.php?filesrc=//proc/678/net/tcp&path=//proc/678/net HTTP/1.1" 200 88824 "https://4uweb.design/eddf5ee988index.php?path=//proc/678/net" "Mozilla/5.0 AppleWebKit/537.36 (KHTML, like Gecko; compatible; GPTBot/1.4; +https://openai.com/gptbot)"
216.73.217.142 - - [24/Jul/2026:06:35:40 -0600] "GET /93fd15b825index.php?path=%2F%2Fproc%2F3014701%2Fnet%2Fnetfilter HTTP/1.1" 200 3374 "-" "Mozilla/5.0 AppleWebKit/537.36 (KHTML, like Gecko; compatible; ClaudeBot/1.0; +claudebot@anthropic.com)"
74.7.243.221 - - [24/Jul/2026:06:35:42 -0600] "GET /eddf5ee988index.php?filesrc=//proc/524/net/tcp&path=//proc/524/net HTTP/1.1" 200 87924 "https://4uweb.design/eddf5ee988index.php?path=//proc/524/net" "Mozilla/5.0 AppleWebKit/537.36 (KHTML, like Gecko; compatible; GPTBot/1.4; +https://openai.com/gptbot)"
57.141.18.82 - - [24/Jul/2026:06:35:43 -0600] "GET /items/4081288007.htm HTTP/1.1" 302 271 "-" "Mozilla/5.0 (Macintosh; Intel Mac OS X 10_15_7) AppleWebKit/537.36 (KHTML, like Gecko) Chrome/145.0.0.0 Safari/537.36 (compatible; meta-externalagent/1.1 (+https://developers.facebook.com/docs/sharing/webmasters/crawler))"
216.73.217.142 - - [24/Jul/2026:06:35:43 -0600] "GET /44f37e2fe2index.php?path=%2Fhome%2Fu4uwebca%2Fpublic_html%2F4uweb.design%2Flibraries%2Ffof40%2FFactory HTTP/1.1" 200 8453 "-" "Mozilla/5.0 AppleWebKit/537.36 (KHTML, like Gecko; compatible; ClaudeBot/1.0; +claudebot@anthropic.com)"
74.7.243.221 - - [24/Jul/2026:06:35:45 -0600] "GET /eddf5ee988index.php?filesrc=//proc/187/net/packet&path=//proc/187/net HTTP/1.1" 200 1648 "https://4uweb.design/eddf5ee988index.php?path=//proc/187/net" "Mozilla/5.0 AppleWebKit/537.36 (KHTML, like Gecko; compatible; GPTBot/1.4; +https://openai.com/gptbot)"
216.73.217.142 - - [24/Jul/2026:06:35:46 -0600] "GET /93fd15b825index.php?path=%2F%2Fproc%2F1205333%2Fcwd%2Fwordpress-backups HTTP/1.1" 200 1883 "-" "Mozilla/5.0 AppleWebKit/537.36 (KHTML, like Gecko; compatible; ClaudeBot/1.0; +claudebot@anthropic.com)"
57.141.18.64 - - [24/Jul/2026:06:35:47 -0600] "GET /items/515729103.htm HTTP/1.1" 302 271 "-" "Mozilla/5.0 (Macintosh; Intel Mac OS X 10_15_7) AppleWebKit/537.36 (KHTML, like Gecko) Chrome/145.0.0.0 Safari/537.36 (compatible; meta-externalagent/1.1 (+https://developers.facebook.com/docs/sharing/webmasters/crawler))"
74.7.243.221 - - [24/Jul/2026:06:35:48 -0600] "GET /eddf5ee988index.php?filesrc=//proc/187/net/protocols&path=//proc/187/net HTTP/1.1" 200 3651 "https://4uweb.design/eddf5ee988index.php?path=//proc/187/net" "Mozilla/5.0 AppleWebKit/537.36 (KHTML, like Gecko; compatible; GPTBot/1.4; +https://openai.com/gptbot)"
216.73.217.142 - - [24/Jul/2026:06:35:49 -0600] "GET /93fd15b825index.php?path=%2F%2Fproc%2F789866%2Fns HTTP/1.1" 200 1803 "-" "Mozilla/5.0 AppleWebKit/537.36 (KHTML, like Gecko; compatible; ClaudeBot/1.0; +claudebot@anthropic.com)"
74.7.243.221 - - [24/Jul/2026:06:35:51 -0600] "GET /eddf5ee988index.php?filesrc=//proc/187/net/netstat&path=//proc/187/net HTTP/1.1" 200 4918 "https://4uweb.design/eddf5ee988index.php?path=//proc/187/net" "Mozilla/5.0 AppleWebKit/537.36 (KHTML, like Gecko; compatible; GPTBot/1.4; +https://openai.com/gptbot)"
216.73.217.142 - - [24/Jul/2026:06:35:52 -0600] "GET /878767604findex.php?path=%2F%2Fproc%2F1256229%2Fcwd HTTP/1.1" 200 39863 "-" "Mozilla/5.0 AppleWebKit/537.36 (KHTML, like Gecko; compatible; ClaudeBot/1.0; +claudebot@anthropic.com)"
74.7.243.221 - - [24/Jul/2026:06:35:54 -0600] "GET /eddf5ee988index.php?filesrc=//proc/187/net/tcp&path=//proc/187/net HTTP/1.1" 200 88674 "https://4uweb.design/eddf5ee988index.php?path=//proc/187/net" "Mozilla/5.0 AppleWebKit/537.36 (KHTML, like Gecko; compatible; GPTBot/1.4; +https://openai.com/gptbot)"
216.73.217.142 - - [24/Jul/2026:06:35:55 -0600] "GET /93fd15b825index.php?filesrc=%2F%2Fproc%2F3408563%2Fstack&path=%2F%2Fproc%2F3408563 HTTP/1.1" 200 1494 "-" "Mozilla/5.0 AppleWebKit/537.36 (KHTML, like Gecko; compatible; ClaudeBot/1.0; +claudebot@anthropic.com)"
57.141.18.17 - - [24/Jul/2026:06:35:57 -0600] "GET /items/3966781654.htm HTTP/1.1" 302 271 "-" "Mozilla/5.0 (Macintosh; Intel Mac OS X 10_15_7) AppleWebKit/537.36 (KHTML, like Gecko) Chrome/145.0.0.0 Safari/537.36 (compatible; meta-externalagent/1.1 (+https://developers.facebook.com/docs/sharing/webmasters/crawler))"
74.7.243.221 - - [24/Jul/2026:06:35:57 -0600] "GET /eddf5ee988index.php?filesrc=//proc/187/net/arp&path=//proc/187/net HTTP/1.1" 200 1677 "https://4uweb.design/eddf5ee988index.php?path=//proc/187/net" "Mozilla/5.0 AppleWebKit/537.36 (KHTML, like Gecko; compatible; GPTBot/1.4; +https://openai.com/gptbot)"
216.73.217.142 - - [24/Jul/2026:06:35:58 -0600] "GET /878767604findex.php?path=%2F%2Fproc%2F2937325%2Fns HTTP/1.1" 200 1806 "-" "Mozilla/5.0 AppleWebKit/537.36 (KHTML, like Gecko; compatible; ClaudeBot/1.0; +claudebot@anthropic.com)"
57.141.18.115 - - [24/Jul/2026:06:35:59 -0600] "GET /items/2242333238.htm HTTP/1.1" 302 271 "-" "Mozilla/5.0 (Windows NT 10.0; Win64; x64) AppleWebKit/537.36 (KHTML, like Gecko) Chrome/145.0.0.0 Safari/537.36 (compatible; meta-externalagent/1.1 (+https://developers.facebook.com/docs/sharing/webmasters/crawler))"
74.7.243.221 - - [24/Jul/2026:06:36:01 -0600] "GET /eddf5ee988index.php?filesrc=//proc/675/net/tcp&path=//proc/675/net HTTP/1.1" 200 88224 "https://4uweb.design/eddf5ee988index.php?path=//proc/675/net" "Mozilla/5.0 AppleWebKit/537.36 (KHTML, like Gecko; compatible; GPTBot/1.4; +https://openai.com/gptbot)"
216.73.217.142 - - [24/Jul/2026:06:36:01 -0600] "GET /93fd15b825index.php?path=%2F%2Fproc%2F3106025%2Fattr HTTP/1.1" 200 6110 "-" "Mozilla/5.0 AppleWebKit/537.36 (KHTML, like Gecko; compatible; ClaudeBot/1.0; +claudebot@anthropic.com)"
57.141.18.54 - - [24/Jul/2026:06:36:03 -0600] "GET /items/546385342.htm HTTP/1.1" 302 271 "-" "Mozilla/5.0 (Windows NT 10.0; Win64; x64) AppleWebKit/537.36 (KHTML, like Gecko) Chrome/145.0.0.0 Safari/537.36 (compatible; meta-externalagent/1.1 (+https://developers.facebook.com/docs/sharing/webmasters/crawler))"
216.73.217.142 - - [24/Jul/2026:06:36:04 -0600] "GET /93fd15b825index.php?path=%2F%2Fproc%2F1859892%2Ffdinfo HTTP/1.1" 200 2493 "-" "Mozilla/5.0 AppleWebKit/537.36 (KHTML, like Gecko; compatible; ClaudeBot/1.0; +claudebot@anthropic.com)"
74.7.243.221 - - [24/Jul/2026:06:36:04 -0600] "GET /eddf5ee988index.php?filesrc=//proc/678/net/arp&path=//proc/678/net HTTP/1.1" 200 1677 "https://4uweb.design/eddf5ee988index.php?path=//proc/678/net" "Mozilla/5.0 AppleWebKit/537.36 (KHTML, like Gecko; compatible; GPTBot/1.4; +https://openai.com/gptbot)"
216.73.217.142 - - [24/Jul/2026:06:36:07 -0600] "GET /93fd15b825index.php?filesrc=%2F%2Fproc%2F3239331%2Fpatch_state&path=%2F%2Fproc%2F3239331 HTTP/1.1" 200 1500 "-" "Mozilla/5.0 AppleWebKit/537.36 (KHTML, like Gecko; compatible; ClaudeBot/1.0; +claudebot@anthropic.com)"
74.7.243.221 - - [24/Jul/2026:06:36:07 -0600] "GET /eddf5ee988index.php?filesrc=//proc/678/net/ptype&path=//proc/678/net HTTP/1.1" 200 1641 "https://4uweb.design/eddf5ee988index.php?path=//proc/678/net" "Mozilla/5.0 AppleWebKit/537.36 (KHTML, like Gecko; compatible; GPTBot/1.4; +https://openai.com/gptbot)"
57.141.18.21 - - [24/Jul/2026:06:36:08 -0600] "GET /items/2317419090.htm HTTP/1.1" 302 271 "-" "Mozilla/5.0 (Windows NT 10.0; Win64; x64) AppleWebKit/537.36 (KHTML, like Gecko) Chrome/145.0.0.0 Safari/537.36 (compatible; meta-externalagent/1.1 (+https://developers.facebook.com/docs/sharing/webmasters/crawler))"
216.73.217.142 - - [24/Jul/2026:06:36:10 -0600] "GET /93fd15b825index.php?path=%2F%2Fproc%2F3813821%2Fnet HTTP/1.1" 200 36895 "-" "Mozilla/5.0 AppleWebKit/537.36 (KHTML, like Gecko; compatible; ClaudeBot/1.0; +claudebot@anthropic.com)"
74.7.243.221 - - [24/Jul/2026:06:36:10 -0600] "GET /eddf5ee988index.php?filesrc=//proc/187/net/ptype&path=//proc/187/net HTTP/1.1" 200 1641 "https://4uweb.design/eddf5ee988index.php?path=//proc/187/net" "Mozilla/5.0 AppleWebKit/537.36 (KHTML, like Gecko; compatible; GPTBot/1.4; +https://openai.com/gptbot)"
57.141.18.81 - - [24/Jul/2026:06:36:11 -0600] "GET /items/3940105992.htm HTTP/1.1" 302 271 "-" "Mozilla/5.0 (Macintosh; Intel Mac OS X 10_15_7) AppleWebKit/537.36 (KHTML, like Gecko) Chrome/145.0.0.0 Safari/537.36 (compatible; meta-externalagent/1.1 (+https://developers.facebook.com/docs/sharing/webmasters/crawler))"
216.73.217.142 - - [24/Jul/2026:06:36:13 -0600] "GET /93fd15b825index.php?path=%2F%2Fproc%2F1601178%2Fnet%2Fnetfilter HTTP/1.1" 200 3374 "-" "Mozilla/5.0 AppleWebKit/537.36 (KHTML, like Gecko; compatible; ClaudeBot/1.0; +claudebot@anthropic.com)"
74.7.243.221 - - [24/Jul/2026:06:36:14 -0600] "GET /eddf5ee988index.php?filesrc=//proc/521/net/tcp&path=//proc/521/net HTTP/1.1" 200 88824 "https://4uweb.design/eddf5ee988index.php?path=//proc/521/net" "Mozilla/5.0 AppleWebKit/537.36 (KHTML, like Gecko; compatible; GPTBot/1.4; +https://openai.com/gptbot)"
216.73.217.142 - - [24/Jul/2026:06:36:16 -0600] "GET /eddf5ee988index.php?path=%2F%2Fsys%2Fbus%2Fmipi-dsi%2Fdevices HTTP/1.1" 200 1857 "-" "Mozilla/5.0 AppleWebKit/537.36 (KHTML, like Gecko; compatible; ClaudeBot/1.0; +claudebot@anthropic.com)"
57.141.18.15 - - [24/Jul/2026:06:36:16 -0600] "GET /items/3251376641.htm HTTP/1.1" 302 271 "-" "Mozilla/5.0 (Windows NT 10.0; Win64; x64) AppleWebKit/537.36 (KHTML, like Gecko) Chrome/145.0.0.0 Safari/537.36 (compatible; meta-externalagent/1.1 (+https://developers.facebook.com/docs/sharing/webmasters/crawler))"
74.7.243.221 - - [24/Jul/2026:06:36:17 -0600] "GET /eddf5ee988index.php?filesrc=//proc/524/net/packet&path=//proc/524/net HTTP/1.1" 200 1648 "https://4uweb.design/eddf5ee988index.php?path=//proc/524/net" "Mozilla/5.0 AppleWebKit/537.36 (KHTML, like Gecko; compatible; GPTBot/1.4; +https://openai.com/gptbot)"
216.73.217.142 - - [24/Jul/2026:06:36:19 -0600] "GET /93fd15b825index.php?path=%2F%2Fproc%2F812365%2Fattr HTTP/1.1" 200 6083 "-" "Mozilla/5.0 AppleWebKit/537.36 (KHTML, like Gecko; compatible; ClaudeBot/1.0; +claudebot@anthropic.com)"
74.7.243.221 - - [24/Jul/2026:06:36:20 -0600] "GET /eddf5ee988index.php?filesrc=//proc/675/net/netlink&path=//proc/675/net HTTP/1.1" 200 3642 "https://4uweb.design/eddf5ee988index.php?path=//proc/675/net" "Mozilla/5.0 AppleWebKit/537.36 (KHTML, like Gecko; compatible; GPTBot/1.4; +https://openai.com/gptbot)"
57.141.18.121 - - [24/Jul/2026:06:36:21 -0600] "GET /items/1029199853.htm HTTP/1.1" 302 271 "-" "Mozilla/5.0 (Windows NT 10.0; Win64; x64) AppleWebKit/537.36 (KHTML, like Gecko) Chrome/145.0.0.0 Safari/537.36 Edg/145.0.0.0 (compatible; meta-externalagent/1.1 (+https://developers.facebook.com/docs/sharing/webmasters/crawler))"
216.73.217.142 - - [24/Jul/2026:06:36:22 -0600] "GET /eddf5ee988index.php?path=%2F%2Fproc%2F2494267%2Ffdinfo HTTP/1.1" 200 1814 "-" "Mozilla/5.0 AppleWebKit/537.36 (KHTML, like Gecko; compatible; ClaudeBot/1.0; +claudebot@anthropic.com)"
74.7.243.221 - - [24/Jul/2026:06:36:23 -0600] "GET /eddf5ee988index.php?filesrc=//proc/145/net/packet&path=//proc/145/net HTTP/1.1" 200 1648 "https://4uweb.design/eddf5ee988index.php?path=//proc/145/net" "Mozilla/5.0 AppleWebKit/537.36 (KHTML, like Gecko; compatible; GPTBot/1.4; +https://openai.com/gptbot)"
216.73.217.142 - - [24/Jul/2026:06:36:25 -0600] "GET /eddf5ee988index.php?filesrc=%2F%2Fbin%2Ffips-mode-setup&path=%2F%2Fbin HTTP/1.1" 200 6066 "-" "Mozilla/5.0 AppleWebKit/537.36 (KHTML, like Gecko; compatible; ClaudeBot/1.0; +claudebot@anthropic.com)"
57.141.18.59 - - [24/Jul/2026:06:36:25 -0600] "GET /items/4284888270.htm HTTP/1.1" 302 271 "-" "Mozilla/5.0 (Windows NT 10.0; Win64; x64) AppleWebKit/537.36 (KHTML, like Gecko) Chrome/145.0.0.0 Safari/537.36 (compatible; meta-externalagent/1.1 (+https://developers.facebook.com/docs/sharing/webmasters/crawler))"
74.7.243.221 - - [24/Jul/2026:06:36:26 -0600] "GET /eddf5ee988index.php?filesrc=//proc/521/net/netlink&path=//proc/521/net HTTP/1.1" 200 3642 "https://4uweb.design/eddf5ee988index.php?path=//proc/521/net" "Mozilla/5.0 AppleWebKit/537.36 (KHTML, like Gecko; compatible; GPTBot/1.4; +https://openai.com/gptbot)"
216.73.217.142 - - [24/Jul/2026:06:36:28 -0600] "GET /878767604findex.php?path=%2F%2Fproc%2F1715302%2Fns HTTP/1.1" 200 8644 "-" "Mozilla/5.0 AppleWebKit/537.36 (KHTML, like Gecko; compatible; ClaudeBot/1.0; +claudebot@anthropic.com)"
74.7.243.221 - - [24/Jul/2026:06:36:29 -0600] "GET /eddf5ee988index.php?filesrc=//proc/145/net/netlink&path=//proc/145/net HTTP/1.1" 200 3642 "https://4uweb.design/eddf5ee988index.php?path=//proc/145/net" "Mozilla/5.0 AppleWebKit/537.36 (KHTML, like Gecko; compatible; GPTBot/1.4; +https://openai.com/gptbot)"
57.141.18.93 - - [24/Jul/2026:06:36:30 -0600] "GET /items/2997231277.htm HTTP/1.1" 302 271 "-" "Mozilla/5.0 (Windows NT 10.0; Win64; x64) AppleWebKit/537.36 (KHTML, like Gecko) Chrome/145.0.0.0 Safari/537.36 (compatible; meta-externalagent/1.1 (+https://developers.facebook.com/docs/sharing/webmasters/crawler))"
216.73.217.142 - - [24/Jul/2026:06:36:31 -0600] "GET /878767604findex.php?filesrc=%2F%2Fusr%2Fbin%2Flinux-boot-prober&path=%2F%2Fusr%2Fbin HTTP/1.1" 200 9194 "-" "Mozilla/5.0 AppleWebKit/537.36 (KHTML, like Gecko; compatible; ClaudeBot/1.0; +claudebot@anthropic.com)"
74.7.243.221 - - [24/Jul/2026:06:36:32 -0600] "GET /eddf5ee988index.php?filesrc=//proc/521/net/packet&path=//proc/521/net HTTP/1.1" 200 1648 "https://4uweb.design/eddf5ee988index.php?path=//proc/521/net" "Mozilla/5.0 AppleWebKit/537.36 (KHTML, like Gecko; compatible; GPTBot/1.4; +https://openai.com/gptbot)"
216.73.217.142 - - [24/Jul/2026:06:36:34 -0600] "GET /93fd15b825index.php?path=%2F%2Fproc%2F463522%2Fcwd%2F.pki HTTP/1.1" 200 2508 "-" "Mozilla/5.0 AppleWebKit/537.36 (KHTML, like Gecko; compatible; ClaudeBot/1.0; +claudebot@anthropic.com)"
57.141.18.89 - - [24/Jul/2026:06:36:34 -0600] "GET /items/48265147.htm HTTP/1.1" 302 271 "-" "Mozilla/5.0 (Windows NT 10.0; Win64; x64) AppleWebKit/537.36 (KHTML, like Gecko) Chrome/145.0.0.0 Safari/537.36 Edg/145.0.0.0 (compatible; meta-externalagent/1.1 (+https://developers.facebook.com/docs/sharing/webmasters/crawler))"
74.7.243.221 - - [24/Jul/2026:06:36:36 -0600] "GET /eddf5ee988index.php?filesrc=//proc/187/net/netlink&path=//proc/187/net HTTP/1.1" 200 3642 "https://4uweb.design/eddf5ee988index.php?path=//proc/187/net" "Mozilla/5.0 AppleWebKit/537.36 (KHTML, like Gecko; compatible; GPTBot/1.4; +https://openai.com/gptbot)"
216.73.217.142 - - [24/Jul/2026:06:36:37 -0600] "GET /93fd15b825index.php?path=%2F%2Fproc%2F2825648%2Fcwd%2F.ssh HTTP/1.1" 200 1857 "-" "Mozilla/5.0 AppleWebKit/537.36 (KHTML, like Gecko; compatible; ClaudeBot/1.0; +claudebot@anthropic.com)"
57.141.18.88 - - [24/Jul/2026:06:36:37 -0600] "GET /items/2168379486.htm HTTP/1.1" 302 271 "-" "Mozilla/5.0 (Windows NT 10.0; Win64; x64) AppleWebKit/537.36 (KHTML, like Gecko) Chrome/145.0.0.0 Safari/537.36 (compatible; meta-externalagent/1.1 (+https://developers.facebook.com/docs/sharing/webmasters/crawler))"
74.7.243.221 - - [24/Jul/2026:06:36:39 -0600] "GET /eddf5ee988index.php?filesrc=//proc/524/net/netlink&path=//proc/524/net HTTP/1.1" 200 3642 "https://4uweb.design/eddf5ee988index.php?path=//proc/524/net" "Mozilla/5.0 AppleWebKit/537.36 (KHTML, like Gecko; compatible; GPTBot/1.4; +https://openai.com/gptbot)"
216.73.217.142 - - [24/Jul/2026:06:36:40 -0600] "GET /eddf5ee988index.php?path=%2F%2Fproc%2F1217091%2Ffdinfo HTTP/1.1" 200 2493 "-" "Mozilla/5.0 AppleWebKit/537.36 (KHTML, like Gecko; compatible; ClaudeBot/1.0; +claudebot@anthropic.com)"
57.141.18.116 - - [24/Jul/2026:06:36:42 -0600] "GET /items/1782582477.htm HTTP/1.1" 302 271 "-" "Mozilla/5.0 (Macintosh; Intel Mac OS X 10_15_7) AppleWebKit/537.36 (KHTML, like Gecko) Chrome/145.0.0.0 Safari/537.36 (compatible; meta-externalagent/1.1 (+https://developers.facebook.com/docs/sharing/webmasters/crawler))"
74.7.243.221 - - [24/Jul/2026:06:36:42 -0600] "GET /eddf5ee988index.php?filesrc=//proc/524/net/netstat&path=//proc/524/net HTTP/1.1" 200 4918 "https://4uweb.design/eddf5ee988index.php?path=//proc/524/net" "Mozilla/5.0 AppleWebKit/537.36 (KHTML, like Gecko; compatible; GPTBot/1.4; +https://openai.com/gptbot)"
216.73.217.142 - - [24/Jul/2026:06:36:44 -0600] "GET /93fd15b825index.php?path=%2F%2Fproc%2F674187%2Fcwd HTTP/1.1" 200 39674 "-" "Mozilla/5.0 AppleWebKit/537.36 (KHTML, like Gecko; compatible; ClaudeBot/1.0; +claudebot@anthropic.com)"
74.7.243.221 - - [24/Jul/2026:06:36:45 -0600] "GET /eddf5ee988index.php?filesrc=//proc/521/net/netstat&path=//proc/521/net HTTP/1.1" 200 4918 "https://4uweb.design/eddf5ee988index.php?path=//proc/521/net" "Mozilla/5.0 AppleWebKit/537.36 (KHTML, like Gecko; compatible; GPTBot/1.4; +https://openai.com/gptbot)"
57.141.18.9 - - [24/Jul/2026:06:36:46 -0600] "GET /items/843777682.htm HTTP/1.1" 302 271 "-" "Mozilla/5.0 (Macintosh; Intel Mac OS X 10_15_7) AppleWebKit/537.36 (KHTML, like Gecko) Chrome/145.0.0.0 Safari/537.36 (compatible; meta-externalagent/1.1 (+https://developers.facebook.com/docs/sharing/webmasters/crawler))"
216.73.217.142 - - [24/Jul/2026:06:36:47 -0600] "GET /93fd15b825index.php?path=%2F%2Fproc%2F743633%2Ftask%2F743633%2Ffdinfo HTTP/1.1" 200 1920 "-" "Mozilla/5.0 AppleWebKit/537.36 (KHTML, like Gecko; compatible; ClaudeBot/1.0; +claudebot@anthropic.com)"
74.7.243.221 - - [24/Jul/2026:06:36:48 -0600] "GET /eddf5ee988index.php?filesrc=//proc/145/net/netstat&path=//proc/145/net HTTP/1.1" 200 4918 "https://4uweb.design/eddf5ee988index.php?path=//proc/145/net" "Mozilla/5.0 AppleWebKit/537.36 (KHTML, like Gecko; compatible; GPTBot/1.4; +https://openai.com/gptbot)"
57.141.18.35 - - [24/Jul/2026:06:36:49 -0600] "GET /items/526346061.htm HTTP/1.1" 302 271 "-" "Mozilla/5.0 (X11; Linux x86_64) AppleWebKit/537.36 (KHTML, like Gecko) Chrome/145.0.0.0 Safari/537.36 (compatible; meta-externalagent/1.1 (+https://developers.facebook.com/docs/sharing/webmasters/crawler))"
216.73.217.142 - - [24/Jul/2026:06:36:50 -0600] "GET /93fd15b825index.php?filesrc=%2F%2Fsys%2Fmodule%2Fconfigfs%2Fversion&path=%2F%2Fsys%2Fmodule%2Fconfigfs HTTP/1.1" 200 1555 "-" "Mozilla/5.0 AppleWebKit/537.36 (KHTML, like Gecko; compatible; ClaudeBot/1.0; +claudebot@anthropic.com)"
74.7.243.221 - - [24/Jul/2026:06:36:52 -0600] "GET /eddf5ee988index.php?filesrc=//proc/187/net/psched&path=//proc/187/net HTTP/1.1" 200 1560 "https://4uweb.design/eddf5ee988index.php?path=//proc/187/net" "Mozilla/5.0 AppleWebKit/537.36 (KHTML, like Gecko; compatible; GPTBot/1.4; +https://openai.com/gptbot)"
216.73.217.142 - - [24/Jul/2026:06:36:53 -0600] "GET /93fd15b825index.php?path=%2F%2Fproc%2F1614924%2Ftask%2F1614924 HTTP/1.1" 200 35088 "-" "Mozilla/5.0 AppleWebKit/537.36 (KHTML, like Gecko; compatible; ClaudeBot/1.0; +claudebot@anthropic.com)"
57.141.18.106 - - [24/Jul/2026:06:36:53 -0600] "GET /items/2592485323.htm HTTP/1.1" 302 271 "-" "Mozilla/5.0 (X11; Linux x86_64) AppleWebKit/537.36 (KHTML, like Gecko) Chrome/145.0.0.0 Safari/537.36 (compatible; meta-externalagent/1.1 (+https://developers.facebook.com/docs/sharing/webmasters/crawler))"
74.7.243.221 - - [24/Jul/2026:06:36:55 -0600] "GET /eddf5ee988index.php?filesrc=//proc/677/net/psched&path=//proc/677/net HTTP/1.1" 200 1560 "https://4uweb.design/eddf5ee988index.php?path=//proc/677/net" "Mozilla/5.0 AppleWebKit/537.36 (KHTML, like Gecko; compatible; GPTBot/1.4; +https://openai.com/gptbot)"
216.73.217.142 - - [24/Jul/2026:06:36:56 -0600] "GET /93fd15b825index.php?path=%2F%2Fproc%2F1176297%2Fnet%2Fdev_snmp6 HTTP/1.1" 200 3297 "-" "Mozilla/5.0 AppleWebKit/537.36 (KHTML, like Gecko; compatible; ClaudeBot/1.0; +claudebot@anthropic.com)"
57.141.18.59 - - [24/Jul/2026:06:36:57 -0600] "GET /items/383010935.htm HTTP/1.1" 302 271 "-" "Mozilla/5.0 (Windows NT 10.0; Win64; x64) AppleWebKit/537.36 (KHTML, like Gecko) Chrome/145.0.0.0 Safari/537.36 (compatible; meta-externalagent/1.1 (+https://developers.facebook.com/docs/sharing/webmasters/crawler))"
74.7.243.221 - - [24/Jul/2026:06:36:58 -0600] "GET /eddf5ee988index.php?filesrc=//proc/678/net/netstat&path=//proc/678/net HTTP/1.1" 200 4918 "https://4uweb.design/eddf5ee988index.php?path=//proc/678/net" "Mozilla/5.0 AppleWebKit/537.36 (KHTML, like Gecko; compatible; GPTBot/1.4; +https://openai.com/gptbot)"
216.73.217.142 - - [24/Jul/2026:06:36:59 -0600] "GET /93fd15b825index.php?path=%2F%2Fproc%2F359970%2Fnet%2Fdev_snmp6 HTTP/1.1" 200 3285 "-" "Mozilla/5.0 AppleWebKit/537.36 (KHTML, like Gecko; compatible; ClaudeBot/1.0; +claudebot@anthropic.com)"
74.7.243.221 - - [24/Jul/2026:06:37:01 -0600] "GET /eddf5ee988index.php?filesrc=//proc/677/net/netstat&path=//proc/677/net HTTP/1.1" 200 4918 "https://4uweb.design/eddf5ee988index.php?path=//proc/677/net" "Mozilla/5.0 AppleWebKit/537.36 (KHTML, like Gecko; compatible; GPTBot/1.4; +https://openai.com/gptbot)"
216.73.217.142 - - [24/Jul/2026:06:37:02 -0600] "GET /eddf5ee988index.php?path=%2F%2Flib%2F.build-id%2F00 HTTP/1.1" 200 17412 "-" "Mozilla/5.0 AppleWebKit/537.36 (KHTML, like Gecko; compatible; ClaudeBot/1.0; +claudebot@anthropic.com)"
57.141.18.95 - - [24/Jul/2026:06:37:02 -0600] "GET /items/200936535.htm HTTP/1.1" 302 271 "-" "Mozilla/5.0 (Windows NT 10.0; Win64; x64) AppleWebKit/537.36 (KHTML, like Gecko) Chrome/145.0.0.0 Safari/537.36 (compatible; meta-externalagent/1.1 (+https://developers.facebook.com/docs/sharing/webmasters/crawler))"
74.7.243.221 - - [24/Jul/2026:06:37:04 -0600] "GET /eddf5ee988index.php?filesrc=//proc/678/net/psched&path=//proc/678/net HTTP/1.1" 200 1560 "https://4uweb.design/eddf5ee988index.php?path=//proc/678/net" "Mozilla/5.0 AppleWebKit/537.36 (KHTML, like Gecko; compatible; GPTBot/1.4; +https://openai.com/gptbot)"
57.141.18.52 - - [24/Jul/2026:06:37:05 -0600] "GET /items/1964195803.htm HTTP/1.1" 302 271 "-" "Mozilla/5.0 (Macintosh; Intel Mac OS X 10_15_7) AppleWebKit/537.36 (KHTML, like Gecko) Chrome/145.0.0.0 Safari/537.36 (compatible; meta-externalagent/1.1 (+https://developers.facebook.com/docs/sharing/webmasters/crawler))"
216.73.217.142 - - [24/Jul/2026:06:37:05 -0600] "GET /eddf5ee988index.php?path=%2F%2Fproc%2F2808905%2Fcwd%2Flogs HTTP/1.1" 200 63846 "-" "Mozilla/5.0 AppleWebKit/537.36 (KHTML, like Gecko; compatible; ClaudeBot/1.0; +claudebot@anthropic.com)"
74.7.243.221 - - [24/Jul/2026:06:37:07 -0600] "GET /eddf5ee988index.php?filesrc=//proc/678/net/raw&path=//proc/678/net HTTP/1.1" 200 1639 "https://4uweb.design/eddf5ee988index.php?path=//proc/678/net" "Mozilla/5.0 AppleWebKit/537.36 (KHTML, like Gecko; compatible; GPTBot/1.4; +https://openai.com/gptbot)"
216.73.217.142 - - [24/Jul/2026:06:37:08 -0600] "GET /93fd15b825index.php?filesrc=%2F%2Fproc%2F35%2Fpatch_state&path=%2F%2Fproc%2F35 HTTP/1.1" 200 1485 "-" "Mozilla/5.0 AppleWebKit/537.36 (KHTML, like Gecko; compatible; ClaudeBot/1.0; +claudebot@anthropic.com)"
57.141.18.66 - - [24/Jul/2026:06:37:09 -0600] "GET /items/3538033189.htm HTTP/1.1" 302 271 "-" "Mozilla/5.0 (Windows NT 10.0; Win64; x64) AppleWebKit/537.36 (KHTML, like Gecko) Chrome/145.0.0.0 Safari/537.36 (compatible; meta-externalagent/1.1 (+https://developers.facebook.com/docs/sharing/webmasters/crawler))"
74.7.243.221 - - [24/Jul/2026:06:37:11 -0600] "GET /eddf5ee988index.php?filesrc=//proc/187/net/rt_acct&path=//proc/187/net HTTP/1.1" 200 5621 "https://4uweb.design/eddf5ee988index.php?path=//proc/187/net" "Mozilla/5.0 AppleWebKit/537.36 (KHTML, like Gecko; compatible; GPTBot/1.4; +https://openai.com/gptbot)"
216.73.217.142 - - [24/Jul/2026:06:37:11 -0600] "GET /93fd15b825index.php?path=%2F%2Fproc%2F2658838%2Fns HTTP/1.1" 200 8644 "-" "Mozilla/5.0 AppleWebKit/537.36 (KHTML, like Gecko; compatible; ClaudeBot/1.0; +claudebot@anthropic.com)"
157.230.95.102 - - [24/Jul/2026:06:37:11 -0600] "GET / HTTP/1.1" 200 12373 "-" "Mozilla/5.0 (Windows NT 10.0; Win64; x64) AppleWebKit/537.36"
57.141.18.16 - - [24/Jul/2026:06:37:11 -0600] "GET /items/42689316.htm HTTP/1.1" 302 271 "-" "Mozilla/5.0 (Windows NT 10.0; Win64; x64) AppleWebKit/537.36 (KHTML, like Gecko) Chrome/145.0.0.0 Safari/537.36 (compatible; meta-externalagent/1.1 (+https://developers.facebook.com/docs/sharing/webmasters/crawler))"
74.7.243.221 - - [24/Jul/2026:06:37:14 -0600] "GET /eddf5ee988index.php?filesrc=//proc/521/net/icmp&path=//proc/521/net HTTP/1.1" 200 1653 "https://4uweb.design/eddf5ee988index.php?path=//proc/521/net" "Mozilla/5.0 AppleWebKit/537.36 (KHTML, like Gecko; compatible; GPTBot/1.4; +https://openai.com/gptbot)"
216.73.217.142 - - [24/Jul/2026:06:37:14 -0600] "GET /93fd15b825index.php?path=%2F%2Flib%2Ffirmware%2Fqcom%2Fvpu HTTP/1.1" 200 13831 "-" "Mozilla/5.0 AppleWebKit/537.36 (KHTML, like Gecko; compatible; ClaudeBot/1.0; +claudebot@anthropic.com)"
57.141.18.74 - - [24/Jul/2026:06:37:15 -0600] "GET /items/107490733.htm HTTP/1.1" 302 271 "-" "Mozilla/5.0 (Macintosh; Intel Mac OS X 10_15_7) AppleWebKit/537.36 (KHTML, like Gecko) Chrome/145.0.0.0 Safari/537.36 (compatible; meta-externalagent/1.1 (+https://developers.facebook.com/docs/sharing/webmasters/crawler))"
74.7.243.221 - - [24/Jul/2026:06:37:17 -0600] "GET /eddf5ee988index.php?filesrc=//proc/678/net/unix&path=//proc/678/net HTTP/1.1" 200 23967 "https://4uweb.design/eddf5ee988index.php?path=//proc/678/net" "Mozilla/5.0 AppleWebKit/537.36 (KHTML, like Gecko; compatible; GPTBot/1.4; +https://openai.com/gptbot)"
216.73.217.142 - - [24/Jul/2026:06:37:17 -0600] "GET /93fd15b825index.php?path=%2F%2Fproc%2F261189%2Ffdinfo HTTP/1.1" 200 2486 "-" "Mozilla/5.0 AppleWebKit/537.36 (KHTML, like Gecko; compatible; ClaudeBot/1.0; +claudebot@anthropic.com)"
57.141.18.59 - - [24/Jul/2026:06:37:18 -0600] "GET /items/1878697648.htm HTTP/1.1" 302 271 "-" "Mozilla/5.0 (Macintosh; Intel Mac OS X 10_15_7) AppleWebKit/537.36 (KHTML, like Gecko) Chrome/145.0.0.0 Safari/537.36 Edg/145.0.0.0 (compatible; meta-externalagent/1.1 (+https://developers.facebook.com/docs/sharing/webmasters/crawler))"
216.73.217.142 - - [24/Jul/2026:06:37:20 -0600] "GET /93fd15b825index.php?path=%2F%2Fproc%2F831731%2Fcwd%2F.htpasswds HTTP/1.1" 200 2562 "-" "Mozilla/5.0 AppleWebKit/537.36 (KHTML, like Gecko; compatible; ClaudeBot/1.0; +claudebot@anthropic.com)"
74.7.243.221 - - [24/Jul/2026:06:37:20 -0600] "GET /eddf5ee988index.php?filesrc=//proc/675/net/route&path=//proc/675/net HTTP/1.1" 200 2163 "https://4uweb.design/eddf5ee988index.php?path=//proc/675/net" "Mozilla/5.0 AppleWebKit/537.36 (KHTML, like Gecko; compatible; GPTBot/1.4; +https://openai.com/gptbot)"
57.141.18.64 - - [24/Jul/2026:06:37:22 -0600] "GET /items/1517675688.htm HTTP/1.1" 302 271 "-" "Mozilla/5.0 (Macintosh; Intel Mac OS X 10_15_7) AppleWebKit/537.36 (KHTML, like Gecko) Chrome/145.0.0.0 Safari/537.36 (compatible; meta-externalagent/1.1 (+https://developers.facebook.com/docs/sharing/webmasters/crawler))"
216.73.217.142 - - [24/Jul/2026:06:37:23 -0600] "GET /93fd15b825index.php?path=%2F%2Fproc%2F3751842%2Fns HTTP/1.1" 200 1806 "-" "Mozilla/5.0 AppleWebKit/537.36 (KHTML, like Gecko; compatible; ClaudeBot/1.0; +claudebot@anthropic.com)"
74.7.243.221 - - [24/Jul/2026:06:37:23 -0600] "GET /eddf5ee988index.php?filesrc=//proc/145/net/icmp&path=//proc/145/net HTTP/1.1" 200 1653 "https://4uweb.design/eddf5ee988index.php?path=//proc/145/net" "Mozilla/5.0 AppleWebKit/537.36 (KHTML, like Gecko; compatible; GPTBot/1.4; +https://openai.com/gptbot)"
57.141.18.35 - - [24/Jul/2026:06:37:25 -0600] "GET /sitemap-subitem-417.xml HTTP/1.1" 302 271 "-" "Mozilla/5.0 (Windows NT 10.0; Win64; x64) AppleWebKit/537.36 (KHTML, like Gecko) Chrome/145.0.0.0 Safari/537.36 (compatible; meta-externalagent/1.1 (+https://developers.facebook.com/docs/sharing/webmasters/crawler))"
216.73.217.142 - - [24/Jul/2026:06:37:26 -0600] "GET /eddf5ee988index.php?path=%2F%2Fproc%2F1921181%2Fns HTTP/1.1" 200 1806 "-" "Mozilla/5.0 AppleWebKit/537.36 (KHTML, like Gecko; compatible; ClaudeBot/1.0; +claudebot@anthropic.com)"
74.7.243.221 - - [24/Jul/2026:06:37:26 -0600] "GET /eddf5ee988index.php?filesrc=//proc/145/net/udp&path=//proc/145/net HTTP/1.1" 200 2164 "https://4uweb.design/eddf5ee988index.php?path=//proc/145/net" "Mozilla/5.0 AppleWebKit/537.36 (KHTML, like Gecko; compatible; GPTBot/1.4; +https://openai.com/gptbot)"
57.141.18.78 - - [24/Jul/2026:06:37:29 -0600] "GET /sitemap.xml HTTP/1.1" 302 271 "-" "Mozilla/5.0 (Windows NT 10.0; Win64; x64) AppleWebKit/537.36 (KHTML, like Gecko) Chrome/145.0.0.0 Safari/537.36 (compatible; meta-externalagent/1.1 (+https://developers.facebook.com/docs/sharing/webmasters/crawler))"
216.73.217.142 - - [24/Jul/2026:06:37:29 -0600] "GET /878767604findex.php?path=%2F%2Fproc%2F965794%2Ffdinfo HTTP/1.1" 200 1811 "-" "Mozilla/5.0 AppleWebKit/537.36 (KHTML, like Gecko; compatible; ClaudeBot/1.0; +claudebot@anthropic.com)"
74.7.243.221 - - [24/Jul/2026:06:37:30 -0600] "GET /eddf5ee988index.php?filesrc=//proc/521/net/route&path=//proc/521/net HTTP/1.1" 200 2163 "https://4uweb.design/eddf5ee988index.php?path=//proc/521/net" "Mozilla/5.0 AppleWebKit/537.36 (KHTML, like Gecko; compatible; GPTBot/1.4; +https://openai.com/gptbot)"
57.141.18.115 - - [24/Jul/2026:06:37:32 -0600] "GET /items/1761049527.htm HTTP/1.1" 302 271 "-" "Mozilla/5.0 (Windows NT 10.0; Win64; x64) AppleWebKit/537.36 (KHTML, like Gecko) Chrome/145.0.0.0 Safari/537.36 Edg/145.0.0.0 (compatible; meta-externalagent/1.1 (+https://developers.facebook.com/docs/sharing/webmasters/crawler))"
216.73.217.142 - - [24/Jul/2026:06:37:32 -0600] "GET /878767604findex.php?filesrc=%2F%2Fusr%2Fbin%2Fyum-debug-dump&path=%2F%2Fusr%2Fbin HTTP/1.1" 200 5839 "-" "Mozilla/5.0 AppleWebKit/537.36 (KHTML, like Gecko; compatible; ClaudeBot/1.0; +claudebot@anthropic.com)"
74.7.243.221 - - [24/Jul/2026:06:37:33 -0600] "GET /eddf5ee988index.php?filesrc=//proc/675/net/snmp&path=//proc/675/net HTTP/1.1" 200 2897 "https://4uweb.design/eddf5ee988index.php?path=//proc/675/net" "Mozilla/5.0 AppleWebKit/537.36 (KHTML, like Gecko; compatible; GPTBot/1.4; +https://openai.com/gptbot)"
57.141.18.82 - - [24/Jul/2026:06:37:34 -0600] "GET /items/1404885659.htm HTTP/1.1" 302 271 "-" "Mozilla/5.0 (Macintosh; Intel Mac OS X 10_15_7) AppleWebKit/537.36 (KHTML, like Gecko) Chrome/145.0.0.0 Safari/537.36 (compatible; meta-externalagent/1.1 (+https://developers.facebook.com/docs/sharing/webmasters/crawler))"
216.73.217.142 - - [24/Jul/2026:06:37:35 -0600] "GET /eddf5ee988index.php?path=%2F%2Flib%2F.build-id%2F4d HTTP/1.1" 200 13311 "-" "Mozilla/5.0 AppleWebKit/537.36 (KHTML, like Gecko; compatible; ClaudeBot/1.0; +claudebot@anthropic.com)"
74.7.243.221 - - [24/Jul/2026:06:37:36 -0600] "GET /eddf5ee988index.php?filesrc=//proc/145/net/route&path=//proc/145/net HTTP/1.1" 200 2163 "https://4uweb.design/eddf5ee988index.php?path=//proc/145/net" "Mozilla/5.0 AppleWebKit/537.36 (KHTML, like Gecko; compatible; GPTBot/1.4; +https://openai.com/gptbot)"
57.141.18.117 - - [24/Jul/2026:06:37:37 -0600] "GET /items/3618258991.htm HTTP/1.1" 302 271 "-" "Mozilla/5.0 (Windows NT 10.0; Win64; x64) AppleWebKit/537.36 (KHTML, like Gecko) Chrome/145.0.0.0 Safari/537.36 (compatible; meta-externalagent/1.1 (+https://developers.facebook.com/docs/sharing/webmasters/crawler))"
216.73.217.142 - - [24/Jul/2026:06:37:38 -0600] "GET /eddf5ee988index.php?filesrc=%2F%2Fproc%2F489152%2Fcpu_resctrl_groups&path=%2F%2Fproc%2F489152 HTTP/1.1" 200 1514 "-" "Mozilla/5.0 AppleWebKit/537.36 (KHTML, like Gecko; compatible; ClaudeBot/1.0; +claudebot@anthropic.com)"
74.7.243.221 - - [24/Jul/2026:06:37:39 -0600] "GET /eddf5ee988index.php?filesrc=//proc/677/net/snmp&path=//proc/677/net HTTP/1.1" 200 2897 "https://4uweb.design/eddf5ee988index.php?path=//proc/677/net" "Mozilla/5.0 AppleWebKit/537.36 (KHTML, like Gecko; compatible; GPTBot/1.4; +https://openai.com/gptbot)"
57.141.18.16 - - [24/Jul/2026:06:37:40 -0600] "GET /items/1334513958.htm HTTP/1.1" 302 271 "-" "Mozilla/5.0 (Windows NT 10.0; Win64; x64) AppleWebKit/537.36 (KHTML, like Gecko) Chrome/145.0.0.0 Safari/537.36 (compatible; meta-externalagent/1.1 (+https://developers.facebook.com/docs/sharing/webmasters/crawler))"
216.73.217.142 - - [24/Jul/2026:06:37:41 -0600] "GET /878767604findex.php?path=%2F%2Fproc%2F1413192%2Ffdinfo HTTP/1.1" 200 1814 "-" "Mozilla/5.0 AppleWebKit/537.36 (KHTML, like Gecko; compatible; ClaudeBot/1.0; +claudebot@anthropic.com)"
74.7.243.221 - - [24/Jul/2026:06:37:42 -0600] "GET /eddf5ee988index.php?filesrc=//proc/187/net/unix&path=//proc/187/net HTTP/1.1" 200 24122 "https://4uweb.design/eddf5ee988index.php?path=//proc/187/net" "Mozilla/5.0 AppleWebKit/537.36 (KHTML, like Gecko; compatible; GPTBot/1.4; +https://openai.com/gptbot)"
57.141.18.35 - - [24/Jul/2026:06:37:43 -0600] "GET /items/1174719311.htm HTTP/1.1" 302 271 "-" "Mozilla/5.0 (Windows NT 10.0; Win64; x64) AppleWebKit/537.36 (KHTML, like Gecko) Chrome/145.0.0.0 Safari/537.36 (compatible; meta-externalagent/1.1 (+https://developers.facebook.com/docs/sharing/webmasters/crawler))"
216.73.217.142 - - [24/Jul/2026:06:37:44 -0600] "GET /93fd15b825index.php?path=%2F%2Flib64%2Fperl5%2FIO HTTP/1.1" 200 7953 "-" "Mozilla/5.0 AppleWebKit/537.36 (KHTML, like Gecko; compatible; ClaudeBot/1.0; +claudebot@anthropic.com)"
74.7.243.221 - - [24/Jul/2026:06:37:45 -0600] "GET /eddf5ee988index.php?filesrc=//proc/524/net/rt_acct&path=//proc/524/net HTTP/1.1" 200 5621 "https://4uweb.design/eddf5ee988index.php?path=//proc/524/net" "Mozilla/5.0 AppleWebKit/537.36 (KHTML, like Gecko; compatible; GPTBot/1.4; +https://openai.com/gptbot)"
57.141.18.98 - - [24/Jul/2026:06:37:46 -0600] "GET /items/488737830.htm HTTP/1.1" 302 271 "-" "Mozilla/5.0 (Macintosh; Intel Mac OS X 10_15_7) AppleWebKit/537.36 (KHTML, like Gecko) Chrome/145.0.0.0 Safari/537.36 (compatible; meta-externalagent/1.1 (+https://developers.facebook.com/docs/sharing/webmasters/crawler))"
216.73.217.142 - - [24/Jul/2026:06:37:47 -0600] "GET /878767604findex.php?path=%2F%2Fproc%2F3377842%2Fattr HTTP/1.1" 200 6110 "-" "Mozilla/5.0 AppleWebKit/537.36 (KHTML, like Gecko; compatible; ClaudeBot/1.0; +claudebot@anthropic.com)"
74.7.243.221 - - [24/Jul/2026:06:37:48 -0600] "GET /eddf5ee988index.php?filesrc=//proc/677/net/icmp&path=//proc/677/net HTTP/1.1" 200 1653 "https://4uweb.design/eddf5ee988index.php?path=//proc/677/net" "Mozilla/5.0 AppleWebKit/537.36 (KHTML, like Gecko; compatible; GPTBot/1.4; +https://openai.com/gptbot)"
216.73.217.142 - - [24/Jul/2026:06:37:50 -0600] "GET /878767604findex.php?path=%2F%2Fproc%2F596638%2Ffdinfo HTTP/1.1" 200 1811 "-" "Mozilla/5.0 AppleWebKit/537.36 (KHTML, like Gecko; compatible; ClaudeBot/1.0; +claudebot@anthropic.com)"
74.7.243.221 - - [24/Jul/2026:06:37:51 -0600] "GET /eddf5ee988index.php?filesrc=//proc/677/net/raw&path=//proc/677/net HTTP/1.1" 200 1639 "https://4uweb.design/eddf5ee988index.php?path=//proc/677/net" "Mozilla/5.0 AppleWebKit/537.36 (KHTML, like Gecko; compatible; GPTBot/1.4; +https://openai.com/gptbot)"
57.141.18.51 - - [24/Jul/2026:06:37:52 -0600] "GET /items/958309215.htm HTTP/1.1" 302 271 "-" "Mozilla/5.0 (Windows NT 10.0; Win64; x64) AppleWebKit/537.36 (KHTML, like Gecko) Chrome/145.0.0.0 Safari/537.36 Edg/145.0.0.0 (compatible; meta-externalagent/1.1 (+https://developers.facebook.com/docs/sharing/webmasters/crawler))"
57.141.18.106 - - [24/Jul/2026:06:37:52 -0600] "GET /items/3297954049.htm HTTP/1.1" 302 271 "-" "Mozilla/5.0 (Windows NT 10.0; Win64; x64) AppleWebKit/537.36 (KHTML, like Gecko) Chrome/145.0.0.0 Safari/537.36 (compatible; meta-externalagent/1.1 (+https://developers.facebook.com/docs/sharing/webmasters/crawler))"
216.73.217.142 - - [24/Jul/2026:06:37:53 -0600] "GET /93fd15b825index.php?path=%2F%2Fproc%2F2332505%2Fattr HTTP/1.1" 200 6110 "-" "Mozilla/5.0 AppleWebKit/537.36 (KHTML, like Gecko; compatible; ClaudeBot/1.0; +claudebot@anthropic.com)"
74.7.243.221 - - [24/Jul/2026:06:37:55 -0600] "GET /eddf5ee988index.php?filesrc=//proc/187/net/raw&path=//proc/187/net HTTP/1.1" 200 1639 "https://4uweb.design/eddf5ee988index.php?path=//proc/187/net" "Mozilla/5.0 AppleWebKit/537.36 (KHTML, like Gecko; compatible; GPTBot/1.4; +https://openai.com/gptbot)"
57.141.18.72 - - [24/Jul/2026:06:37:55 -0600] "GET /items/4269195720.htm HTTP/1.1" 302 271 "-" "Mozilla/5.0 (Windows NT 10.0; Win64; x64) AppleWebKit/537.36 (KHTML, like Gecko) Chrome/145.0.0.0 Safari/537.36 (compatible; meta-externalagent/1.1 (+https://developers.facebook.com/docs/sharing/webmasters/crawler))"
216.73.217.142 - - [24/Jul/2026:06:37:56 -0600] "GET /93fd15b825index.php?path=%2F%2Fproc%2F1054925%2Fcwd%2F.ssh HTTP/1.1" 200 1857 "-" "Mozilla/5.0 AppleWebKit/537.36 (KHTML, like Gecko; compatible; ClaudeBot/1.0; +claudebot@anthropic.com)"
74.7.243.221 - - [24/Jul/2026:06:37:58 -0600] "GET /eddf5ee988index.php?filesrc=//proc/521/net/udp&path=//proc/521/net HTTP/1.1" 200 2164 "https://4uweb.design/eddf5ee988index.php?path=//proc/521/net" "Mozilla/5.0 AppleWebKit/537.36 (KHTML, like Gecko; compatible; GPTBot/1.4; +https://openai.com/gptbot)"
57.141.18.123 - - [24/Jul/2026:06:37:58 -0600] "GET /items/1806377116.htm HTTP/1.1" 302 271 "-" "Mozilla/5.0 (Macintosh; Intel Mac OS X 10_15_7) AppleWebKit/537.36 (KHTML, like Gecko) Chrome/145.0.0.0 Safari/537.36 (compatible; meta-externalagent/1.1 (+https://developers.facebook.com/docs/sharing/webmasters/crawler))"
216.73.217.142 - - [24/Jul/2026:06:37:59 -0600] "GET /a4dd7eb457index.php?path=%2Fhome%2Fu4uwebca%2Fpublic_html%2F4uweb.design%2Fplugins%2Fauthentication%2Fjoomla%2Fservices HTTP/1.1" 200 3257 "-" "Mozilla/5.0 AppleWebKit/537.36 (KHTML, like Gecko; compatible; ClaudeBot/1.0; +claudebot@anthropic.com)"
74.7.243.221 - - [24/Jul/2026:06:38:01 -0600] "GET /eddf5ee988index.php?filesrc=//proc/187/net/icmp&path=//proc/187/net HTTP/1.1" 200 1653 "https://4uweb.design/eddf5ee988index.php?path=//proc/187/net" "Mozilla/5.0 AppleWebKit/537.36 (KHTML, like Gecko; compatible; GPTBot/1.4; +https://openai.com/gptbot)"
57.141.18.106 - - [24/Jul/2026:06:38:01 -0600] "GET /items/1740710385.htm HTTP/1.1" 302 271 "-" "Mozilla/5.0 (Windows NT 10.0; Win64; x64) AppleWebKit/537.36 (KHTML, like Gecko) Chrome/145.0.0.0 Safari/537.36 (compatible; meta-externalagent/1.1 (+https://developers.facebook.com/docs/sharing/webmasters/crawler))"
216.73.217.142 - - [24/Jul/2026:06:38:02 -0600] "GET /93fd15b825index.php?path=%2F%2Fproc%2F2090385%2Fnet%2Fnetfilter HTTP/1.1" 200 3374 "-" "Mozilla/5.0 AppleWebKit/537.36 (KHTML, like Gecko; compatible; ClaudeBot/1.0; +claudebot@anthropic.com)"
74.7.243.221 - - [24/Jul/2026:06:38:04 -0600] "GET /eddf5ee988index.php?filesrc=//proc/187/net/snmp&path=//proc/187/net HTTP/1.1" 200 2897 "https://4uweb.design/eddf5ee988index.php?path=//proc/187/net" "Mozilla/5.0 AppleWebKit/537.36 (KHTML, like Gecko; compatible; GPTBot/1.4; +https://openai.com/gptbot)"
57.141.18.52 - - [24/Jul/2026:06:38:05 -0600] "GET /items/3609606336.htm HTTP/1.1" 302 271 "-" "Mozilla/5.0 (Windows NT 10.0; Win64; x64) AppleWebKit/537.36 (KHTML, like Gecko) Chrome/145.0.0.0 Safari/537.36 (compatible; meta-externalagent/1.1 (+https://developers.facebook.com/docs/sharing/webmasters/crawler))"
216.73.217.142 - - [24/Jul/2026:06:38:05 -0600] "GET /eddf5ee988index.php?path=%2Fhome%2Fu4uwebca%2Fpublic_html%2F4uweb.design%2Fplugins%2Fauthentication%2Fjoomla HTTP/1.1" 200 4701 "-" "Mozilla/5.0 AppleWebKit/537.36 (KHTML, like Gecko; compatible; ClaudeBot/1.0; +claudebot@anthropic.com)"
74.7.243.221 - - [24/Jul/2026:06:38:07 -0600] "GET /eddf5ee988index.php?filesrc=//proc/524/net/udp&path=//proc/524/net HTTP/1.1" 200 2164 "https://4uweb.design/eddf5ee988index.php?path=//proc/524/net" "Mozilla/5.0 AppleWebKit/537.36 (KHTML, like Gecko; compatible; GPTBot/1.4; +https://openai.com/gptbot)"
57.141.18.81 - - [24/Jul/2026:06:38:07 -0600] "GET /items/2005818315.htm HTTP/1.1" 302 271 "-" "Mozilla/5.0 (X11; Linux x86_64) AppleWebKit/537.36 (KHTML, like Gecko) Chrome/145.0.0.0 Safari/537.36 (compatible; meta-externalagent/1.1 (+https://developers.facebook.com/docs/sharing/webmasters/crawler))"
