| Current Path : /proc/4046991/cwd/access-logs/ |
| Current File : //proc/4046991/cwd/access-logs/4uweb.design.4uweb.ca-ssl_log |
216.73.217.142 - - [24/Jul/2026:06:05:25 -0600] "GET /eddf5ee988index.php?filesrc=%2F%2Fproc%2F187%2Fsyscall&path=%2F%2Fproc%2F187 HTTP/1.1" 200 1484 "-" "Mozilla/5.0 AppleWebKit/537.36 (KHTML, like Gecko; compatible; ClaudeBot/1.0; +claudebot@anthropic.com)"
74.7.243.221 - - [24/Jul/2026:06:05:25 -0600] "GET /eddf5ee988index.php?filesrc=//proc/207/net/tcp&path=//proc/207/net HTTP/1.1" 200 73524 "https://4uweb.design/eddf5ee988index.php?path=//proc/207/net" "Mozilla/5.0 AppleWebKit/537.36 (KHTML, like Gecko; compatible; GPTBot/1.4; +https://openai.com/gptbot)"
57.141.18.45 - - [24/Jul/2026:06:05:26 -0600] "GET /items/1193599670.htm HTTP/1.1" 302 271 "-" "Mozilla/5.0 (Windows NT 10.0; Win64; x64) AppleWebKit/537.36 (KHTML, like Gecko) Chrome/145.0.0.0 Safari/537.36 (compatible; meta-externalagent/1.1 (+https://developers.facebook.com/docs/sharing/webmasters/crawler))"
216.73.217.142 - - [24/Jul/2026:06:05:28 -0600] "GET /93fd15b825index.php?filesrc=%2F%2Fproc%2F3831841%2Fstack&path=%2F%2Fproc%2F3831841 HTTP/1.1" 200 1494 "-" "Mozilla/5.0 AppleWebKit/537.36 (KHTML, like Gecko; compatible; ClaudeBot/1.0; +claudebot@anthropic.com)"
74.7.243.221 - - [24/Jul/2026:06:05:29 -0600] "GET /eddf5ee988index.php?filesrc=//proc/672/net/tcp&path=//proc/672/net HTTP/1.1" 200 73224 "https://4uweb.design/eddf5ee988index.php?path=//proc/672/net" "Mozilla/5.0 AppleWebKit/537.36 (KHTML, like Gecko; compatible; GPTBot/1.4; +https://openai.com/gptbot)"
57.141.18.120 - - [24/Jul/2026:06:05:29 -0600] "GET /items/1881248082.htm HTTP/1.1" 302 271 "-" "Mozilla/5.0 (Windows NT 10.0; Win64; x64) AppleWebKit/537.36 (KHTML, like Gecko) Chrome/145.0.0.0 Safari/537.36 (compatible; meta-externalagent/1.1 (+https://developers.facebook.com/docs/sharing/webmasters/crawler))"
216.73.217.142 - - [24/Jul/2026:06:05:31 -0600] "GET /eddf5ee988index.php?filesrc=%2F%2Fproc%2F3029468%2Fpatch_state&path=%2F%2Fproc%2F3029468 HTTP/1.1" 200 1500 "-" "Mozilla/5.0 AppleWebKit/537.36 (KHTML, like Gecko; compatible; ClaudeBot/1.0; +claudebot@anthropic.com)"
74.7.243.221 - - [24/Jul/2026:06:05:31 -0600] "GET /eddf5ee988index.php?filesrc=//proc/672/net/arp&path=//proc/672/net HTTP/1.1" 200 1677 "https://4uweb.design/eddf5ee988index.php?path=//proc/672/net" "Mozilla/5.0 AppleWebKit/537.36 (KHTML, like Gecko; compatible; GPTBot/1.4; +https://openai.com/gptbot)"
57.141.18.28 - - [24/Jul/2026:06:05:32 -0600] "GET /items/198985578.htm HTTP/1.1" 302 271 "-" "Mozilla/5.0 (Macintosh; Intel Mac OS X 10_15_7) AppleWebKit/537.36 (KHTML, like Gecko) Chrome/145.0.0.0 Safari/537.36 (compatible; meta-externalagent/1.1 (+https://developers.facebook.com/docs/sharing/webmasters/crawler))"
216.73.217.142 - - [24/Jul/2026:06:05:34 -0600] "GET /93fd15b825index.php?filesrc=%2F%2Fproc%2F949998%2Fpatch_state&path=%2F%2Fproc%2F949998 HTTP/1.1" 200 1497 "-" "Mozilla/5.0 AppleWebKit/537.36 (KHTML, like Gecko; compatible; ClaudeBot/1.0; +claudebot@anthropic.com)"
74.7.243.221 - - [24/Jul/2026:06:05:35 -0600] "GET /eddf5ee988index.php?filesrc=//proc/143/net/tcp&path=//proc/143/net HTTP/1.1" 200 72924 "https://4uweb.design/eddf5ee988index.php?path=//proc/143/net" "Mozilla/5.0 AppleWebKit/537.36 (KHTML, like Gecko; compatible; GPTBot/1.4; +https://openai.com/gptbot)"
57.141.18.70 - - [24/Jul/2026:06:05:37 -0600] "GET /items/1431156482.htm HTTP/1.1" 302 271 "-" "Mozilla/5.0 (Macintosh; Intel Mac OS X 10_15_7) AppleWebKit/537.36 (KHTML, like Gecko) Chrome/145.0.0.0 Safari/537.36 (compatible; meta-externalagent/1.1 (+https://developers.facebook.com/docs/sharing/webmasters/crawler))"
216.73.217.142 - - [24/Jul/2026:06:05:37 -0600] "GET /878767604findex.php?path=%2Fhome%2Fu4uwebca%2Fpublic_html%2F4uweb.design%2Fmodules%2Fmod_djmegamenu%2FHelper HTTP/1.1" 200 3133 "-" "Mozilla/5.0 AppleWebKit/537.36 (KHTML, like Gecko; compatible; ClaudeBot/1.0; +claudebot@anthropic.com)"
57.141.18.74 - - [24/Jul/2026:06:05:38 -0600] "GET /sitemap-subitem-1826.xml HTTP/1.1" 302 271 "-" "Mozilla/5.0 (Windows NT 10.0; Win64; x64) AppleWebKit/537.36 (KHTML, like Gecko) Chrome/145.0.0.0 Safari/537.36 (compatible; meta-externalagent/1.1 (+https://developers.facebook.com/docs/sharing/webmasters/crawler))"
74.7.243.221 - - [24/Jul/2026:06:05:38 -0600] "GET /eddf5ee988index.php?filesrc=//proc/207/net/arp&path=//proc/207/net HTTP/1.1" 200 1677 "https://4uweb.design/eddf5ee988index.php?path=//proc/207/net" "Mozilla/5.0 AppleWebKit/537.36 (KHTML, like Gecko; compatible; GPTBot/1.4; +https://openai.com/gptbot)"
57.141.18.50 - - [24/Jul/2026:06:05:40 -0600] "GET /items/2131127955.htm HTTP/1.1" 302 271 "-" "Mozilla/5.0 (Windows NT 10.0; Win64; x64) AppleWebKit/537.36 (KHTML, like Gecko) Chrome/145.0.0.0 Safari/537.36 (compatible; meta-externalagent/1.1 (+https://developers.facebook.com/docs/sharing/webmasters/crawler))"
216.73.217.142 - - [24/Jul/2026:06:05:40 -0600] "GET /93fd15b825index.php?filesrc=%2F%2Fproc%2F4172707%2Fpatch_state&path=%2F%2Fproc%2F4172707 HTTP/1.1" 200 1500 "-" "Mozilla/5.0 AppleWebKit/537.36 (KHTML, like Gecko; compatible; ClaudeBot/1.0; +claudebot@anthropic.com)"
74.7.243.221 - - [24/Jul/2026:06:05:41 -0600] "GET /eddf5ee988index.php?filesrc=//proc/672/net/ptype&path=//proc/672/net HTTP/1.1" 200 1641 "https://4uweb.design/eddf5ee988index.php?path=//proc/672/net" "Mozilla/5.0 AppleWebKit/537.36 (KHTML, like Gecko; compatible; GPTBot/1.4; +https://openai.com/gptbot)"
216.73.217.142 - - [24/Jul/2026:06:05:43 -0600] "GET /eddf5ee988index.php?filesrc=%2F%2Fproc%2F1361479%2Fsetgroups&path=%2F%2Fproc%2F1361479 HTTP/1.1" 200 1504 "-" "Mozilla/5.0 AppleWebKit/537.36 (KHTML, like Gecko; compatible; ClaudeBot/1.0; +claudebot@anthropic.com)"
57.141.18.0 - - [24/Jul/2026:06:05:43 -0600] "GET /items/2370992704.htm HTTP/1.1" 302 271 "-" "Mozilla/5.0 (Windows NT 10.0; Win64; x64) AppleWebKit/537.36 (KHTML, like Gecko) Chrome/145.0.0.0 Safari/537.36 (compatible; meta-externalagent/1.1 (+https://developers.facebook.com/docs/sharing/webmasters/crawler))"
74.7.243.221 - - [24/Jul/2026:06:05:44 -0600] "GET /eddf5ee988index.php?filesrc=//proc/143/net/arp&path=//proc/143/net HTTP/1.1" 200 1677 "https://4uweb.design/eddf5ee988index.php?path=//proc/143/net" "Mozilla/5.0 AppleWebKit/537.36 (KHTML, like Gecko; compatible; GPTBot/1.4; +https://openai.com/gptbot)"
216.73.217.142 - - [24/Jul/2026:06:05:46 -0600] "GET /93fd15b825index.php?path=%2F%2Fproc%2F305450%2Fcwd HTTP/1.1" 200 39674 "-" "Mozilla/5.0 AppleWebKit/537.36 (KHTML, like Gecko; compatible; ClaudeBot/1.0; +claudebot@anthropic.com)"
74.7.243.221 - - [24/Jul/2026:06:05:47 -0600] "GET /eddf5ee988index.php?filesrc=//proc/143/net/snmp&path=//proc/143/net HTTP/1.1" 200 2897 "https://4uweb.design/eddf5ee988index.php?path=//proc/143/net" "Mozilla/5.0 AppleWebKit/537.36 (KHTML, like Gecko; compatible; GPTBot/1.4; +https://openai.com/gptbot)"
57.141.18.111 - - [24/Jul/2026:06:05:49 -0600] "GET /items/2921952605.htm HTTP/1.1" 302 271 "-" "Mozilla/5.0 (Macintosh; Intel Mac OS X 10_15_7) AppleWebKit/537.36 (KHTML, like Gecko) Chrome/145.0.0.0 Safari/537.36 (compatible; meta-externalagent/1.1 (+https://developers.facebook.com/docs/sharing/webmasters/crawler))"
216.73.217.142 - - [24/Jul/2026:06:05:49 -0600] "GET /93fd15b825index.php?filesrc=%2F%2Fproc%2F31%2Fuid_map&path=%2F%2Fproc%2F31 HTTP/1.1" 200 1514 "-" "Mozilla/5.0 AppleWebKit/537.36 (KHTML, like Gecko; compatible; ClaudeBot/1.0; +claudebot@anthropic.com)"
74.7.243.221 - - [24/Jul/2026:06:05:51 -0600] "GET /eddf5ee988index.php?filesrc=//proc/143/net/icmp&path=//proc/143/net HTTP/1.1" 200 1653 "https://4uweb.design/eddf5ee988index.php?path=//proc/143/net" "Mozilla/5.0 AppleWebKit/537.36 (KHTML, like Gecko; compatible; GPTBot/1.4; +https://openai.com/gptbot)"
57.141.18.75 - - [24/Jul/2026:06:05:52 -0600] "GET /items/1946741930.htm HTTP/1.1" 302 271 "-" "Mozilla/5.0 (Macintosh; Intel Mac OS X 10_15_7) AppleWebKit/537.36 (KHTML, like Gecko) Chrome/145.0.0.0 Safari/537.36 (compatible; meta-externalagent/1.1 (+https://developers.facebook.com/docs/sharing/webmasters/crawler))"
216.73.217.142 - - [24/Jul/2026:06:05:52 -0600] "GET /eddf5ee988index.php?filesrc=%2F%2Fproc%2F3209082%2Fuid_map&path=%2F%2Fproc%2F3209082 HTTP/1.1" 200 1529 "-" "Mozilla/5.0 AppleWebKit/537.36 (KHTML, like Gecko; compatible; ClaudeBot/1.0; +claudebot@anthropic.com)"
74.7.243.221 - - [24/Jul/2026:06:05:54 -0600] "GET /eddf5ee988index.php?filesrc=//proc/207/net/rt_acct&path=//proc/207/net HTTP/1.1" 200 5621 "https://4uweb.design/eddf5ee988index.php?path=//proc/207/net" "Mozilla/5.0 AppleWebKit/537.36 (KHTML, like Gecko; compatible; GPTBot/1.4; +https://openai.com/gptbot)"
216.73.217.142 - - [24/Jul/2026:06:05:55 -0600] "GET /93fd15b825index.php?filesrc=%2F%2Fproc%2F12568%2Fpatch_state&path=%2F%2Fproc%2F12568 HTTP/1.1" 200 1497 "-" "Mozilla/5.0 AppleWebKit/537.36 (KHTML, like Gecko; compatible; ClaudeBot/1.0; +claudebot@anthropic.com)"
57.141.18.39 - - [24/Jul/2026:06:05:56 -0600] "GET /sitemap-subitem-2814.xml HTTP/1.1" 302 271 "-" "Mozilla/5.0 (Macintosh; Intel Mac OS X 10_15_7) AppleWebKit/537.36 (KHTML, like Gecko) Chrome/145.0.0.0 Safari/537.36 (compatible; meta-externalagent/1.1 (+https://developers.facebook.com/docs/sharing/webmasters/crawler))"
74.7.243.221 - - [24/Jul/2026:06:05:57 -0600] "GET /eddf5ee988index.php?filesrc=//proc/672/net/route&path=//proc/672/net HTTP/1.1" 200 2163 "https://4uweb.design/eddf5ee988index.php?path=//proc/672/net" "Mozilla/5.0 AppleWebKit/537.36 (KHTML, like Gecko; compatible; GPTBot/1.4; +https://openai.com/gptbot)"
57.141.18.80 - - [24/Jul/2026:06:05:58 -0600] "GET /items/3438237948.htm HTTP/1.1" 302 271 "-" "Mozilla/5.0 (Macintosh; Intel Mac OS X 10_15_7) AppleWebKit/537.36 (KHTML, like Gecko) Chrome/145.0.0.0 Safari/537.36 (compatible; meta-externalagent/1.1 (+https://developers.facebook.com/docs/sharing/webmasters/crawler))"
216.73.217.142 - - [24/Jul/2026:06:05:58 -0600] "GET /93fd15b825index.php?filesrc=%2F%2Fusr%2Fbin%2Fcoredumpctl&path=%2F%2Fusr%2Fbin HTTP/1.1" 200 67289 "-" "Mozilla/5.0 AppleWebKit/537.36 (KHTML, like Gecko; compatible; ClaudeBot/1.0; +claudebot@anthropic.com)"
74.7.243.221 - - [24/Jul/2026:06:06:00 -0600] "GET /eddf5ee988index.php?filesrc=//proc/207/net/icmp&path=//proc/207/net HTTP/1.1" 200 1653 "https://4uweb.design/eddf5ee988index.php?path=//proc/207/net" "Mozilla/5.0 AppleWebKit/537.36 (KHTML, like Gecko; compatible; GPTBot/1.4; +https://openai.com/gptbot)"
57.141.18.98 - - [24/Jul/2026:06:06:00 -0600] "GET /items/1129966387.htm HTTP/1.1" 302 271 "-" "Mozilla/5.0 (Windows NT 10.0; Win64; x64) AppleWebKit/537.36 (KHTML, like Gecko) Chrome/145.0.0.0 Safari/537.36 (compatible; meta-externalagent/1.1 (+https://developers.facebook.com/docs/sharing/webmasters/crawler))"
216.73.217.142 - - [24/Jul/2026:06:06:01 -0600] "GET /eddf5ee988index.php?path=%2F%2Fproc%2F3224592%2Fcwd%2F.htpasswds HTTP/1.1" 200 2569 "-" "Mozilla/5.0 AppleWebKit/537.36 (KHTML, like Gecko; compatible; ClaudeBot/1.0; +claudebot@anthropic.com)"
57.141.18.68 - - [24/Jul/2026:06:06:03 -0600] "GET /items/1055485082.htm HTTP/1.1" 302 271 "-" "Mozilla/5.0 (Windows NT 10.0; Win64; x64) AppleWebKit/537.36 (KHTML, like Gecko) Chrome/145.0.0.0 Safari/537.36 (compatible; meta-externalagent/1.1 (+https://developers.facebook.com/docs/sharing/webmasters/crawler))"
74.7.243.221 - - [24/Jul/2026:06:06:03 -0600] "GET /eddf5ee988index.php?filesrc=//proc/207/net/udp&path=//proc/207/net HTTP/1.1" 200 2164 "https://4uweb.design/eddf5ee988index.php?path=//proc/207/net" "Mozilla/5.0 AppleWebKit/537.36 (KHTML, like Gecko; compatible; GPTBot/1.4; +https://openai.com/gptbot)"
216.73.217.142 - - [24/Jul/2026:06:06:04 -0600] "GET /93fd15b825index.php?path=%2F%2Fproc%2F686099%2Fcwd%2Fpublic_html%2F4uweb.design%2Fcomponents HTTP/1.1" 200 23182 "-" "Mozilla/5.0 AppleWebKit/537.36 (KHTML, like Gecko; compatible; ClaudeBot/1.0; +claudebot@anthropic.com)"
57.141.18.74 - - [24/Jul/2026:06:06:05 -0600] "GET /items/556086513.htm HTTP/1.1" 302 271 "-" "Mozilla/5.0 (Windows NT 10.0; Win64; x64) AppleWebKit/537.36 (KHTML, like Gecko) Chrome/145.0.0.0 Safari/537.36 (compatible; meta-externalagent/1.1 (+https://developers.facebook.com/docs/sharing/webmasters/crawler))"
74.7.243.221 - - [24/Jul/2026:06:06:07 -0600] "GET /eddf5ee988index.php?filesrc=//proc/672/net/icmp&path=//proc/672/net HTTP/1.1" 200 1653 "https://4uweb.design/eddf5ee988index.php?path=//proc/672/net" "Mozilla/5.0 AppleWebKit/537.36 (KHTML, like Gecko; compatible; GPTBot/1.4; +https://openai.com/gptbot)"
216.73.217.142 - - [24/Jul/2026:06:06:07 -0600] "GET /878767604findex.php?path=%2F%2Fproc%2F527597%2Fcwd%2Fssl%2Fcerts HTTP/1.1" 200 18585 "-" "Mozilla/5.0 AppleWebKit/537.36 (KHTML, like Gecko; compatible; ClaudeBot/1.0; +claudebot@anthropic.com)"
57.141.18.94 - - [24/Jul/2026:06:06:09 -0600] "GET /items/189486923.htm HTTP/1.1" 302 271 "-" "Mozilla/5.0 (Windows NT 10.0; Win64; x64) AppleWebKit/537.36 (KHTML, like Gecko) Chrome/145.0.0.0 Safari/537.36 Edg/145.0.0.0 (compatible; meta-externalagent/1.1 (+https://developers.facebook.com/docs/sharing/webmasters/crawler))"
74.7.243.221 - - [24/Jul/2026:06:06:10 -0600] "GET /eddf5ee988index.php?filesrc=//proc/672/net/snmp&path=//proc/672/net HTTP/1.1" 200 2897 "https://4uweb.design/eddf5ee988index.php?path=//proc/672/net" "Mozilla/5.0 AppleWebKit/537.36 (KHTML, like Gecko; compatible; GPTBot/1.4; +https://openai.com/gptbot)"
216.73.217.142 - - [24/Jul/2026:06:06:10 -0600] "GET /93fd15b825index.php?filesrc=%2F%2Fproc%2F1601178%2Fpatch_state&path=%2F%2Fproc%2F1601178 HTTP/1.1" 200 1500 "-" "Mozilla/5.0 AppleWebKit/537.36 (KHTML, like Gecko; compatible; ClaudeBot/1.0; +claudebot@anthropic.com)"
74.7.243.221 - - [24/Jul/2026:06:06:13 -0600] "GET /eddf5ee988index.php?filesrc=//proc/672/net/rt_acct&path=//proc/672/net HTTP/1.1" 200 5621 "https://4uweb.design/eddf5ee988index.php?path=//proc/672/net" "Mozilla/5.0 AppleWebKit/537.36 (KHTML, like Gecko; compatible; GPTBot/1.4; +https://openai.com/gptbot)"
216.73.217.142 - - [24/Jul/2026:06:06:13 -0600] "GET /878767604findex.php?filesrc=%2F%2Fproc%2F3560325%2Fstack&path=%2F%2Fproc%2F3560325 HTTP/1.1" 200 1494 "-" "Mozilla/5.0 AppleWebKit/537.36 (KHTML, like Gecko; compatible; ClaudeBot/1.0; +claudebot@anthropic.com)"
57.141.18.123 - - [24/Jul/2026:06:06:14 -0600] "GET /items/3659526801.htm HTTP/1.1" 302 271 "-" "Mozilla/5.0 (Macintosh; Intel Mac OS X 10_15_7) AppleWebKit/537.36 (KHTML, like Gecko) Chrome/145.0.0.0 Safari/537.36 (compatible; meta-externalagent/1.1 (+https://developers.facebook.com/docs/sharing/webmasters/crawler))"
216.73.217.142 - - [24/Jul/2026:06:06:16 -0600] "GET /eddf5ee988index.php?path=%2F%2Fproc%2F1189234%2Fcwd%2F.cpanel HTTP/1.1" 200 8438 "-" "Mozilla/5.0 AppleWebKit/537.36 (KHTML, like Gecko; compatible; ClaudeBot/1.0; +claudebot@anthropic.com)"
74.7.243.221 - - [24/Jul/2026:06:06:16 -0600] "GET /eddf5ee988index.php?filesrc=//proc/207/net/snmp&path=//proc/207/net HTTP/1.1" 200 2897 "https://4uweb.design/eddf5ee988index.php?path=//proc/207/net" "Mozilla/5.0 AppleWebKit/537.36 (KHTML, like Gecko; compatible; GPTBot/1.4; +https://openai.com/gptbot)"
57.141.18.8 - - [24/Jul/2026:06:06:18 -0600] "GET /sitemap-subitem-642.xml HTTP/1.1" 302 271 "-" "Mozilla/5.0 (Windows NT 10.0; Win64; x64) AppleWebKit/537.36 (KHTML, like Gecko) Chrome/145.0.0.0 Safari/537.36 (compatible; meta-externalagent/1.1 (+https://developers.facebook.com/docs/sharing/webmasters/crawler))"
57.141.18.27 - - [24/Jul/2026:06:06:18 -0600] "GET /items/1149080641.htm HTTP/1.1" 302 271 "-" "Mozilla/5.0 (Windows NT 10.0; Win64; x64) AppleWebKit/537.36 (KHTML, like Gecko) Chrome/145.0.0.0 Safari/537.36 (compatible; meta-externalagent/1.1 (+https://developers.facebook.com/docs/sharing/webmasters/crawler))"
216.73.217.142 - - [24/Jul/2026:06:06:19 -0600] "GET /93fd15b825index.php?path=%2F%2Fproc%2F3751963%2Fcwd%2Fpublic_html%2Fpano.4uweb.ca%2Fsrc HTTP/1.1" 200 16946 "-" "Mozilla/5.0 AppleWebKit/537.36 (KHTML, like Gecko; compatible; ClaudeBot/1.0; +claudebot@anthropic.com)"
74.7.243.221 - - [24/Jul/2026:06:06:19 -0600] "GET /eddf5ee988index.php?filesrc=//proc/207/net/route&path=//proc/207/net HTTP/1.1" 200 2163 "https://4uweb.design/eddf5ee988index.php?path=//proc/207/net" "Mozilla/5.0 AppleWebKit/537.36 (KHTML, like Gecko; compatible; GPTBot/1.4; +https://openai.com/gptbot)"
57.141.18.0 - - [24/Jul/2026:06:06:20 -0600] "GET /items/856395048.htm HTTP/1.1" 302 271 "-" "Mozilla/5.0 (Macintosh; Intel Mac OS X 10_15_7) AppleWebKit/537.36 (KHTML, like Gecko) Chrome/145.0.0.0 Safari/537.36 (compatible; meta-externalagent/1.1 (+https://developers.facebook.com/docs/sharing/webmasters/crawler))"
216.73.217.142 - - [24/Jul/2026:06:06:22 -0600] "GET /878767604findex.php?filesrc=%2F%2Fproc%2F525%2Fstatus&path=%2F%2Fproc%2F525 HTTP/1.1" 200 2444 "-" "Mozilla/5.0 AppleWebKit/537.36 (KHTML, like Gecko; compatible; ClaudeBot/1.0; +claudebot@anthropic.com)"
74.7.243.221 - - [24/Jul/2026:06:06:22 -0600] "GET /eddf5ee988index.php?filesrc=//proc/672/net/udp&path=//proc/672/net HTTP/1.1" 200 2292 "https://4uweb.design/eddf5ee988index.php?path=//proc/672/net" "Mozilla/5.0 AppleWebKit/537.36 (KHTML, like Gecko; compatible; GPTBot/1.4; +https://openai.com/gptbot)"
57.141.18.25 - - [24/Jul/2026:06:06:23 -0600] "GET /items/3958307326.htm HTTP/1.1" 302 271 "-" "Mozilla/5.0 (Windows NT 10.0; Win64; x64) AppleWebKit/537.36 (KHTML, like Gecko) Chrome/145.0.0.0 Safari/537.36 (compatible; meta-externalagent/1.1 (+https://developers.facebook.com/docs/sharing/webmasters/crawler))"
216.73.217.142 - - [24/Jul/2026:06:06:25 -0600] "GET /eddf5ee988index.php?path=%2F%2Fproc%2F2023873%2Fcwd%2Fpublic_html%2Fpano.4uweb.ca%2FViewTemplates%2FExtupdates HTTP/1.1" 200 3110 "-" "Mozilla/5.0 AppleWebKit/537.36 (KHTML, like Gecko; compatible; ClaudeBot/1.0; +claudebot@anthropic.com)"
74.7.243.221 - - [24/Jul/2026:06:06:26 -0600] "GET /eddf5ee988index.php?filesrc=//proc/143/net/route&path=//proc/143/net HTTP/1.1" 200 2163 "https://4uweb.design/eddf5ee988index.php?path=//proc/143/net" "Mozilla/5.0 AppleWebKit/537.36 (KHTML, like Gecko; compatible; GPTBot/1.4; +https://openai.com/gptbot)"
57.141.18.93 - - [24/Jul/2026:06:06:26 -0600] "GET /sitemap-subitem-2373.xml HTTP/1.1" 302 271 "-" "Mozilla/5.0 (Macintosh; Intel Mac OS X 10_15_7) AppleWebKit/537.36 (KHTML, like Gecko) Chrome/145.0.0.0 Safari/537.36 (compatible; meta-externalagent/1.1 (+https://developers.facebook.com/docs/sharing/webmasters/crawler))"
216.73.217.142 - - [24/Jul/2026:06:06:28 -0600] "GET /93fd15b825index.php?filesrc=%2F%2Fproc%2F3701038%2Fpatch_state&path=%2F%2Fproc%2F3701038 HTTP/1.1" 200 1500 "-" "Mozilla/5.0 AppleWebKit/537.36 (KHTML, like Gecko; compatible; ClaudeBot/1.0; +claudebot@anthropic.com)"
74.7.243.221 - - [24/Jul/2026:06:06:29 -0600] "GET /eddf5ee988index.php?filesrc=//proc/143/net/udp&path=//proc/143/net HTTP/1.1" 200 2292 "https://4uweb.design/eddf5ee988index.php?path=//proc/143/net" "Mozilla/5.0 AppleWebKit/537.36 (KHTML, like Gecko; compatible; GPTBot/1.4; +https://openai.com/gptbot)"
57.141.18.80 - - [24/Jul/2026:06:06:29 -0600] "GET /sitemap-subitem-484.xml HTTP/1.1" 302 271 "-" "Mozilla/5.0 (Windows NT 10.0; Win64; x64) AppleWebKit/537.36 (KHTML, like Gecko) Chrome/145.0.0.0 Safari/537.36 (compatible; meta-externalagent/1.1 (+https://developers.facebook.com/docs/sharing/webmasters/crawler))"
216.73.217.142 - - [24/Jul/2026:06:06:31 -0600] "GET /93fd15b825index.php?filesrc=%2F%2Fusr%2Fbin%2Fzipcloak&path=%2F%2Fusr%2Fbin HTTP/1.1" 200 157745 "-" "Mozilla/5.0 AppleWebKit/537.36 (KHTML, like Gecko; compatible; ClaudeBot/1.0; +claudebot@anthropic.com)"
74.7.243.221 - - [24/Jul/2026:06:06:32 -0600] "GET /eddf5ee988index.php?filesrc=//proc/143/net/rt_acct&path=//proc/143/net HTTP/1.1" 200 5621 "https://4uweb.design/eddf5ee988index.php?path=//proc/143/net" "Mozilla/5.0 AppleWebKit/537.36 (KHTML, like Gecko; compatible; GPTBot/1.4; +https://openai.com/gptbot)"
57.141.18.21 - - [24/Jul/2026:06:06:32 -0600] "GET /sitemap-subitem-2145.xml HTTP/1.1" 302 271 "-" "Mozilla/5.0 (Windows NT 10.0; Win64; x64) AppleWebKit/537.36 (KHTML, like Gecko) Chrome/145.0.0.0 Safari/537.36 (compatible; meta-externalagent/1.1 (+https://developers.facebook.com/docs/sharing/webmasters/crawler))"
57.141.18.56 - - [24/Jul/2026:06:06:34 -0600] "GET /items/268680578.htm HTTP/1.1" 302 271 "-" "Mozilla/5.0 (Windows NT 10.0; Win64; x64) AppleWebKit/537.36 (KHTML, like Gecko) Chrome/145.0.0.0 Safari/537.36 (compatible; meta-externalagent/1.1 (+https://developers.facebook.com/docs/sharing/webmasters/crawler))"
74.7.243.221 - - [24/Jul/2026:06:06:35 -0600] "GET /eddf5ee988index.php?filesrc=//proc/207/net/igmp&path=//proc/207/net HTTP/1.1" 200 1704 "https://4uweb.design/eddf5ee988index.php?path=//proc/207/net" "Mozilla/5.0 AppleWebKit/537.36 (KHTML, like Gecko; compatible; GPTBot/1.4; +https://openai.com/gptbot)"
216.73.217.142 - - [24/Jul/2026:06:06:36 -0600] "GET /eddf5ee988index.php?filesrc=%2F%2Fproc%2F3988857%2Fclear_refs&path=%2F%2Fproc%2F3988857 HTTP/1.1" 200 1499 "-" "Mozilla/5.0 AppleWebKit/537.36 (KHTML, like Gecko; compatible; ClaudeBot/1.0; +claudebot@anthropic.com)"
57.141.18.18 - - [24/Jul/2026:06:06:38 -0600] "GET /items/1392368158.htm HTTP/1.1" 302 271 "-" "Mozilla/5.0 (Windows NT 10.0; Win64; x64) AppleWebKit/537.36 (KHTML, like Gecko) Chrome/145.0.0.0 Safari/537.36 (compatible; meta-externalagent/1.1 (+https://developers.facebook.com/docs/sharing/webmasters/crawler))"
74.7.243.221 - - [24/Jul/2026:06:06:38 -0600] "GET /eddf5ee988index.php?filesrc=//proc/143/net/unix&path=//proc/143/net HTTP/1.1" 200 25782 "https://4uweb.design/eddf5ee988index.php?path=//proc/143/net" "Mozilla/5.0 AppleWebKit/537.36 (KHTML, like Gecko; compatible; GPTBot/1.4; +https://openai.com/gptbot)"
57.141.18.91 - - [24/Jul/2026:06:06:39 -0600] "GET /items/2387100221.htm HTTP/1.1" 302 271 "-" "Mozilla/5.0 (X11; Linux x86_64) AppleWebKit/537.36 (KHTML, like Gecko) Chrome/145.0.0.0 Safari/537.36 (compatible; meta-externalagent/1.1 (+https://developers.facebook.com/docs/sharing/webmasters/crawler))"
216.73.217.142 - - [24/Jul/2026:06:06:40 -0600] "GET /93fd15b825index.php?filesrc=%2F%2Fproc%2F3650035%2Fcgroup&path=%2F%2Fproc%2F3650035 HTTP/1.1" 200 1821 "-" "Mozilla/5.0 AppleWebKit/537.36 (KHTML, like Gecko; compatible; ClaudeBot/1.0; +claudebot@anthropic.com)"
74.7.243.221 - - [24/Jul/2026:06:06:41 -0600] "GET /eddf5ee988index.php?filesrc=//proc/143/net/igmp&path=//proc/143/net HTTP/1.1" 200 1704 "https://4uweb.design/eddf5ee988index.php?path=//proc/143/net" "Mozilla/5.0 AppleWebKit/537.36 (KHTML, like Gecko; compatible; GPTBot/1.4; +https://openai.com/gptbot)"
216.73.217.142 - - [24/Jul/2026:06:06:43 -0600] "GET /eddf5ee988index.php?filesrc=%2F%2Fproc%2F1012923%2Fnet%2Farp&path=%2F%2Fproc%2F1012923%2Fnet HTTP/1.1" 200 1695 "-" "Mozilla/5.0 AppleWebKit/537.36 (KHTML, like Gecko; compatible; ClaudeBot/1.0; +claudebot@anthropic.com)"
74.7.243.221 - - [24/Jul/2026:06:06:45 -0600] "GET /eddf5ee988index.php?filesrc=//proc/207/net/unix&path=//proc/207/net HTTP/1.1" 200 25223 "https://4uweb.design/eddf5ee988index.php?path=//proc/207/net" "Mozilla/5.0 AppleWebKit/537.36 (KHTML, like Gecko; compatible; GPTBot/1.4; +https://openai.com/gptbot)"
57.141.18.59 - - [24/Jul/2026:06:06:45 -0600] "GET /items/275721725.htm HTTP/1.1" 302 271 "-" "Mozilla/5.0 (Windows NT 10.0; Win64; x64) AppleWebKit/537.36 (KHTML, like Gecko) Chrome/145.0.0.0 Safari/537.36 Edg/145.0.0.0 (compatible; meta-externalagent/1.1 (+https://developers.facebook.com/docs/sharing/webmasters/crawler))"
57.141.18.111 - - [24/Jul/2026:06:06:45 -0600] "GET /items/3110704063.htm HTTP/1.1" 302 271 "-" "Mozilla/5.0 (Windows NT 10.0; Win64; x64) AppleWebKit/537.36 (KHTML, like Gecko) Chrome/145.0.0.0 Safari/537.36 (compatible; meta-externalagent/1.1 (+https://developers.facebook.com/docs/sharing/webmasters/crawler))"
216.73.217.142 - - [24/Jul/2026:06:06:46 -0600] "GET /eddf5ee988index.php?filesrc=%2F%2Fproc%2F117642%2Fnet%2Fpsched&path=%2F%2Fproc%2F117642%2Fnet HTTP/1.1" 200 1574 "-" "Mozilla/5.0 AppleWebKit/537.36 (KHTML, like Gecko; compatible; ClaudeBot/1.0; +claudebot@anthropic.com)"
74.7.243.221 - - [24/Jul/2026:06:06:47 -0600] "GET /eddf5ee988index.php?filesrc=//proc/672/net/raw&path=//proc/672/net HTTP/1.1" 200 1639 "https://4uweb.design/eddf5ee988index.php?path=//proc/672/net" "Mozilla/5.0 AppleWebKit/537.36 (KHTML, like Gecko; compatible; GPTBot/1.4; +https://openai.com/gptbot)"
216.73.217.142 - - [24/Jul/2026:06:06:49 -0600] "GET /93fd15b825index.php?filesrc=%2F%2Fproc%2F4157047%2Fnet%2Fnetlink&path=%2F%2Fproc%2F4157047%2Fnet HTTP/1.1" 200 3660 "-" "Mozilla/5.0 AppleWebKit/537.36 (KHTML, like Gecko; compatible; ClaudeBot/1.0; +claudebot@anthropic.com)"
74.7.243.221 - - [24/Jul/2026:06:06:51 -0600] "GET /eddf5ee988index.php?filesrc=//proc/207/net/raw&path=//proc/207/net HTTP/1.1" 200 1639 "https://4uweb.design/eddf5ee988index.php?path=//proc/207/net" "Mozilla/5.0 AppleWebKit/537.36 (KHTML, like Gecko; compatible; GPTBot/1.4; +https://openai.com/gptbot)"
57.141.18.26 - - [24/Jul/2026:06:06:51 -0600] "GET /items/3465949271.htm HTTP/1.1" 302 271 "-" "Mozilla/5.0 (Macintosh; Intel Mac OS X 10_15_7) AppleWebKit/537.36 (KHTML, like Gecko) Chrome/145.0.0.0 Safari/537.36 (compatible; meta-externalagent/1.1 (+https://developers.facebook.com/docs/sharing/webmasters/crawler))"
57.141.18.14 - - [24/Jul/2026:06:06:51 -0600] "GET /sitemap-subitem-1453.xml HTTP/1.1" 302 271 "-" "Mozilla/5.0 (Macintosh; Intel Mac OS X 10_15_7) AppleWebKit/537.36 (KHTML, like Gecko) Chrome/145.0.0.0 Safari/537.36 (compatible; meta-externalagent/1.1 (+https://developers.facebook.com/docs/sharing/webmasters/crawler))"
216.73.217.142 - - [24/Jul/2026:06:06:52 -0600] "GET /93fd15b825index.php?filesrc=%2F%2Fproc%2F248402%2Ftask%2F248402%2Fstatus&path=%2F%2Fproc%2F248402%2Ftask%2F248402 HTTP/1.1" 200 2932 "-" "Mozilla/5.0 AppleWebKit/537.36 (KHTML, like Gecko; compatible; ClaudeBot/1.0; +claudebot@anthropic.com)"
74.7.243.221 - - [24/Jul/2026:06:06:54 -0600] "GET /eddf5ee988index.php?filesrc=//proc/672/net/unix&path=//proc/672/net HTTP/1.1" 200 24971 "https://4uweb.design/eddf5ee988index.php?path=//proc/672/net" "Mozilla/5.0 AppleWebKit/537.36 (KHTML, like Gecko; compatible; GPTBot/1.4; +https://openai.com/gptbot)"
57.141.18.106 - - [24/Jul/2026:06:06:54 -0600] "GET /items/1935499998.htm HTTP/1.1" 302 271 "-" "Mozilla/5.0 (Windows NT 10.0; Win64; x64) AppleWebKit/537.36 (KHTML, like Gecko) Chrome/145.0.0.0 Safari/537.36 Edg/145.0.0.0 (compatible; meta-externalagent/1.1 (+https://developers.facebook.com/docs/sharing/webmasters/crawler))"
216.73.217.142 - - [24/Jul/2026:06:06:55 -0600] "GET /878767604findex.php?filesrc=%2F%2Fproc%2F1383935%2Foom_score&path=%2F%2Fproc%2F1383935 HTTP/1.1" 200 1502 "-" "Mozilla/5.0 AppleWebKit/537.36 (KHTML, like Gecko; compatible; ClaudeBot/1.0; +claudebot@anthropic.com)"
74.7.243.221 - - [24/Jul/2026:06:06:57 -0600] "GET /eddf5ee988index.php?filesrc=//proc/143/net/raw&path=//proc/143/net HTTP/1.1" 200 1639 "https://4uweb.design/eddf5ee988index.php?path=//proc/143/net" "Mozilla/5.0 AppleWebKit/537.36 (KHTML, like Gecko; compatible; GPTBot/1.4; +https://openai.com/gptbot)"
216.73.217.142 - - [24/Jul/2026:06:06:58 -0600] "GET /93fd15b825index.php?filesrc=%2F%2Fproc%2F1455435%2Fnet%2Fsockstat&path=%2F%2Fproc%2F1455435%2Fnet HTTP/1.1" 200 1680 "-" "Mozilla/5.0 AppleWebKit/537.36 (KHTML, like Gecko; compatible; ClaudeBot/1.0; +claudebot@anthropic.com)"
57.141.18.30 - - [24/Jul/2026:06:06:58 -0600] "GET /items/1160509849.htm HTTP/1.1" 302 271 "-" "Mozilla/5.0 (Windows NT 10.0; Win64; x64) AppleWebKit/537.36 (KHTML, like Gecko) Chrome/145.0.0.0 Safari/537.36 (compatible; meta-externalagent/1.1 (+https://developers.facebook.com/docs/sharing/webmasters/crawler))"
74.7.243.221 - - [24/Jul/2026:06:07:00 -0600] "GET /eddf5ee988index.php?filesrc=//proc/672/net/igmp&path=//proc/672/net HTTP/1.1" 200 1704 "https://4uweb.design/eddf5ee988index.php?path=//proc/672/net" "Mozilla/5.0 AppleWebKit/537.36 (KHTML, like Gecko; compatible; GPTBot/1.4; +https://openai.com/gptbot)"
57.141.18.72 - - [24/Jul/2026:06:07:00 -0600] "GET /items/3463662141.htm HTTP/1.1" 302 271 "-" "Mozilla/5.0 (Macintosh; Intel Mac OS X 10_15_7) AppleWebKit/537.36 (KHTML, like Gecko) Chrome/145.0.0.0 Safari/537.36 (compatible; meta-externalagent/1.1 (+https://developers.facebook.com/docs/sharing/webmasters/crawler))"
216.73.217.142 - - [24/Jul/2026:06:07:01 -0600] "GET /93fd15b825index.php?filesrc=%2F%2Fproc%2F743633%2Fpersonality&path=%2F%2Fproc%2F743633 HTTP/1.1" 200 1497 "-" "Mozilla/5.0 AppleWebKit/537.36 (KHTML, like Gecko; compatible; ClaudeBot/1.0; +claudebot@anthropic.com)"
74.7.243.221 - - [24/Jul/2026:06:07:03 -0600] "GET /eddf5ee988index.php?filesrc=//proc/207/net/udplite&path=//proc/207/net HTTP/1.1" 200 1656 "https://4uweb.design/eddf5ee988index.php?path=//proc/207/net" "Mozilla/5.0 AppleWebKit/537.36 (KHTML, like Gecko; compatible; GPTBot/1.4; +https://openai.com/gptbot)"
57.141.18.43 - - [24/Jul/2026:06:07:03 -0600] "GET /items/279337980.htm HTTP/1.1" 302 271 "-" "Mozilla/5.0 (Macintosh; Intel Mac OS X 10_15_7) AppleWebKit/537.36 (KHTML, like Gecko) Chrome/145.0.0.0 Safari/537.36 (compatible; meta-externalagent/1.1 (+https://developers.facebook.com/docs/sharing/webmasters/crawler))"
216.73.217.142 - - [24/Jul/2026:06:07:04 -0600] "GET /eddf5ee988index.php?filesrc=%2F%2Fproc%2F3188336%2Ftimers&path=%2F%2Fproc%2F3188336 HTTP/1.1" 200 1495 "-" "Mozilla/5.0 AppleWebKit/537.36 (KHTML, like Gecko; compatible; ClaudeBot/1.0; +claudebot@anthropic.com)"
57.141.18.112 - - [24/Jul/2026:06:07:06 -0600] "GET /items/1941337091.htm HTTP/1.1" 302 271 "-" "Mozilla/5.0 (Macintosh; Intel Mac OS X 10_15_7) AppleWebKit/537.36 (KHTML, like Gecko) Chrome/145.0.0.0 Safari/537.36 (compatible; meta-externalagent/1.1 (+https://developers.facebook.com/docs/sharing/webmasters/crawler))"
74.7.243.221 - - [24/Jul/2026:06:07:07 -0600] "GET /eddf5ee988index.php?filesrc=//proc/143/net/udplite&path=//proc/143/net HTTP/1.1" 200 1656 "https://4uweb.design/eddf5ee988index.php?path=//proc/143/net" "Mozilla/5.0 AppleWebKit/537.36 (KHTML, like Gecko; compatible; GPTBot/1.4; +https://openai.com/gptbot)"
216.73.217.142 - - [24/Jul/2026:06:07:07 -0600] "GET /93fd15b825index.php?filesrc=%2F%2Fproc%2F2625491%2Fmounts&path=%2F%2Fproc%2F2625491 HTTP/1.1" 200 7777 "-" "Mozilla/5.0 AppleWebKit/537.36 (KHTML, like Gecko; compatible; ClaudeBot/1.0; +claudebot@anthropic.com)"
57.141.18.43 - - [24/Jul/2026:06:07:09 -0600] "GET /items/3825292933.htm HTTP/1.1" 302 271 "-" "Mozilla/5.0 (Windows NT 10.0; Win64; x64) AppleWebKit/537.36 (KHTML, like Gecko) Chrome/145.0.0.0 Safari/537.36 (compatible; meta-externalagent/1.1 (+https://developers.facebook.com/docs/sharing/webmasters/crawler))"
74.7.243.221 - - [24/Jul/2026:06:07:10 -0600] "GET /eddf5ee988index.php?filesrc=//proc/672/net/udplite&path=//proc/672/net HTTP/1.1" 200 1656 "https://4uweb.design/eddf5ee988index.php?path=//proc/672/net" "Mozilla/5.0 AppleWebKit/537.36 (KHTML, like Gecko; compatible; GPTBot/1.4; +https://openai.com/gptbot)"
216.73.217.142 - - [24/Jul/2026:06:07:10 -0600] "GET /93fd15b825index.php?filesrc=%2F%2Fproc%2F4141905%2Fcomm&path=%2F%2Fproc%2F4141905 HTTP/1.1" 200 1501 "-" "Mozilla/5.0 AppleWebKit/537.36 (KHTML, like Gecko; compatible; ClaudeBot/1.0; +claudebot@anthropic.com)"
57.141.18.111 - - [24/Jul/2026:06:07:12 -0600] "GET /sitemap-subitem-1751.xml HTTP/1.1" 302 271 "-" "Mozilla/5.0 (Macintosh; Intel Mac OS X 10_15_7) AppleWebKit/537.36 (KHTML, like Gecko) Chrome/145.0.0.0 Safari/537.36 (compatible; meta-externalagent/1.1 (+https://developers.facebook.com/docs/sharing/webmasters/crawler))"
74.7.243.221 - - [24/Jul/2026:06:07:13 -0600] "GET /eddf5ee988index.php?filesrc=//proc/672/net/tcp6&path=//proc/672/net HTTP/1.1" 200 7394 "https://4uweb.design/eddf5ee988index.php?path=//proc/672/net" "Mozilla/5.0 AppleWebKit/537.36 (KHTML, like Gecko; compatible; GPTBot/1.4; +https://openai.com/gptbot)"
216.73.217.142 - - [24/Jul/2026:06:07:13 -0600] "GET /eddf5ee988index.php?filesrc=%2F%2Fproc%2F672%2Fnet%2Ficmp6&path=%2F%2Fproc%2F672%2Fnet HTTP/1.1" 200 1691 "-" "Mozilla/5.0 AppleWebKit/537.36 (KHTML, like Gecko; compatible; ClaudeBot/1.0; +claudebot@anthropic.com)"
57.141.18.54 - - [24/Jul/2026:06:07:15 -0600] "GET /items/3566728226.htm HTTP/1.1" 302 271 "-" "Mozilla/5.0 (Windows NT 10.0; Win64; x64) AppleWebKit/537.36 (KHTML, like Gecko) Chrome/145.0.0.0 Safari/537.36 (compatible; meta-externalagent/1.1 (+https://developers.facebook.com/docs/sharing/webmasters/crawler))"
74.7.243.221 - - [24/Jul/2026:06:07:16 -0600] "GET /eddf5ee988index.php?filesrc=//proc/207/net/tcp6&path=//proc/207/net HTTP/1.1" 200 7394 "https://4uweb.design/eddf5ee988index.php?path=//proc/207/net" "Mozilla/5.0 AppleWebKit/537.36 (KHTML, like Gecko; compatible; GPTBot/1.4; +https://openai.com/gptbot)"
216.73.217.142 - - [24/Jul/2026:06:07:16 -0600] "GET /93fd15b825index.php?filesrc=%2F%2Fproc%2F1565708%2Fattr%2Fcurrent&path=%2F%2Fproc%2F1565708%2Fattr HTTP/1.1" 200 1546 "-" "Mozilla/5.0 AppleWebKit/537.36 (KHTML, like Gecko; compatible; ClaudeBot/1.0; +claudebot@anthropic.com)"
66.249.75.4 - - [24/Jul/2026:06:07:19 -0600] "GET /items/59945418.htm HTTP/1.1" 302 271 "-" "Mozilla/5.0 (Linux; Android 6.0.1; Nexus 5X Build/MMB29P) AppleWebKit/537.36 (KHTML, like Gecko) Chrome/150.0.7871.128 Mobile Safari/537.36 (compatible; Googlebot/2.1; +http://www.google.com/bot.html)"
74.7.243.221 - - [24/Jul/2026:06:07:19 -0600] "GET /eddf5ee988index.php?filesrc=//proc/672/net/snmp6&path=//proc/672/net HTTP/1.1" 200 4956 "https://4uweb.design/eddf5ee988index.php?path=//proc/672/net" "Mozilla/5.0 AppleWebKit/537.36 (KHTML, like Gecko; compatible; GPTBot/1.4; +https://openai.com/gptbot)"
216.73.217.142 - - [24/Jul/2026:06:07:19 -0600] "GET /eddf5ee988index.php?filesrc=%2F%2Fproc%2F274574%2Fpagemap&path=%2F%2Fproc%2F274574 HTTP/1.1" 200 1396 "-" "Mozilla/5.0 AppleWebKit/537.36 (KHTML, like Gecko; compatible; ClaudeBot/1.0; +claudebot@anthropic.com)"
57.141.18.40 - - [24/Jul/2026:06:07:20 -0600] "GET /sitemap-subitem-2392.xml HTTP/1.1" 302 271 "-" "Mozilla/5.0 (Macintosh; Intel Mac OS X 10_15_7) AppleWebKit/537.36 (KHTML, like Gecko) Chrome/145.0.0.0 Safari/537.36 (compatible; meta-externalagent/1.1 (+https://developers.facebook.com/docs/sharing/webmasters/crawler))"
57.141.18.38 - - [24/Jul/2026:06:07:20 -0600] "GET /items/3004345089.htm HTTP/1.1" 302 271 "-" "Mozilla/5.0 (Windows NT 10.0; Win64; x64) AppleWebKit/537.36 (KHTML, like Gecko) Chrome/145.0.0.0 Safari/537.36 (compatible; meta-externalagent/1.1 (+https://developers.facebook.com/docs/sharing/webmasters/crawler))"
216.73.217.142 - - [24/Jul/2026:06:07:22 -0600] "GET /eddf5ee988index.php?filesrc=%2F%2Fproc%2F558420%2Fcwd%2Fpublic_html%2Fsrdev.4uweb.ca%2Fwp-activate.php&path=%2F%2Fproc%2F558420%2Fcwd%2Fpublic_html%2Fsrdev.4uweb.ca HTTP/1.1" 200 10740 "-" "Mozilla/5.0 AppleWebKit/537.36 (KHTML, like Gecko; compatible; ClaudeBot/1.0; +claudebot@anthropic.com)"
74.7.243.221 - - [24/Jul/2026:06:07:22 -0600] "GET /eddf5ee988index.php?filesrc=//proc/672/net/icmp6&path=//proc/672/net HTTP/1.1" 200 1689 "https://4uweb.design/eddf5ee988index.php?path=//proc/672/net" "Mozilla/5.0 AppleWebKit/537.36 (KHTML, like Gecko; compatible; GPTBot/1.4; +https://openai.com/gptbot)"
57.141.18.5 - - [24/Jul/2026:06:07:23 -0600] "GET /sitemap-subitem-1156.xml HTTP/1.1" 302 271 "-" "Mozilla/5.0 (Macintosh; Intel Mac OS X 10_15_7) AppleWebKit/537.36 (KHTML, like Gecko) Chrome/145.0.0.0 Safari/537.36 (compatible; meta-externalagent/1.1 (+https://developers.facebook.com/docs/sharing/webmasters/crawler))"
173.252.82.51 - - [24/Jul/2026:06:07:24 -0600] "GET /images/lifeswitch-thumb.png HTTP/1.1" 200 66594 "-" "meta-externalagent/1.1 (+https://developers.facebook.com/docs/sharing/webmasters/crawler)"
216.73.217.142 - - [24/Jul/2026:06:07:25 -0600] "GET /93fd15b825index.php?filesrc=%2F%2Fproc%2F690435%2Fcoredump_filter&path=%2F%2Fproc%2F690435 HTTP/1.1" 200 1510 "-" "Mozilla/5.0 AppleWebKit/537.36 (KHTML, like Gecko; compatible; ClaudeBot/1.0; +claudebot@anthropic.com)"
74.7.243.221 - - [24/Jul/2026:06:07:25 -0600] "GET /eddf5ee988index.php?filesrc=//proc/672/net/udp6&path=//proc/672/net HTTP/1.1" 200 2195 "https://4uweb.design/eddf5ee988index.php?path=//proc/672/net" "Mozilla/5.0 AppleWebKit/537.36 (KHTML, like Gecko; compatible; GPTBot/1.4; +https://openai.com/gptbot)"
57.141.18.91 - - [24/Jul/2026:06:07:27 -0600] "GET /items/1380326937.htm HTTP/1.1" 302 271 "-" "Mozilla/5.0 (Windows NT 10.0; Win64; x64) AppleWebKit/537.36 (KHTML, like Gecko) Chrome/145.0.0.0 Safari/537.36 (compatible; meta-externalagent/1.1 (+https://developers.facebook.com/docs/sharing/webmasters/crawler))"
216.73.217.142 - - [24/Jul/2026:06:07:28 -0600] "GET /878767604findex.php?filesrc=%2F%2Fproc%2F1937076%2Fio&path=%2F%2Fproc%2F1937076 HTTP/1.1" 200 1491 "-" "Mozilla/5.0 AppleWebKit/537.36 (KHTML, like Gecko; compatible; ClaudeBot/1.0; +claudebot@anthropic.com)"
74.7.243.221 - - [24/Jul/2026:06:07:29 -0600] "GET /eddf5ee988index.php?filesrc=//proc/143/net/tcp6&path=//proc/143/net HTTP/1.1" 200 7394 "https://4uweb.design/eddf5ee988index.php?path=//proc/143/net" "Mozilla/5.0 AppleWebKit/537.36 (KHTML, like Gecko; compatible; GPTBot/1.4; +https://openai.com/gptbot)"
57.141.18.96 - - [24/Jul/2026:06:07:29 -0600] "GET /items/3879229138.htm HTTP/1.1" 302 271 "-" "Mozilla/5.0 (Macintosh; Intel Mac OS X 10_15_7) AppleWebKit/537.36 (KHTML, like Gecko) Chrome/145.0.0.0 Safari/537.36 (compatible; meta-externalagent/1.1 (+https://developers.facebook.com/docs/sharing/webmasters/crawler))"
216.73.217.142 - - [24/Jul/2026:06:07:31 -0600] "GET /878767604findex.php?filesrc=%2F%2Fproc%2F976781%2Fnuma_maps&path=%2F%2Fproc%2F976781 HTTP/1.1" 200 1495 "-" "Mozilla/5.0 AppleWebKit/537.36 (KHTML, like Gecko; compatible; ClaudeBot/1.0; +claudebot@anthropic.com)"
74.7.243.221 - - [24/Jul/2026:06:07:32 -0600] "GET /eddf5ee988index.php?filesrc=//proc/143/net/udp6&path=//proc/143/net HTTP/1.1" 200 2195 "https://4uweb.design/eddf5ee988index.php?path=//proc/143/net" "Mozilla/5.0 AppleWebKit/537.36 (KHTML, like Gecko; compatible; GPTBot/1.4; +https://openai.com/gptbot)"
57.141.18.60 - - [24/Jul/2026:06:07:32 -0600] "GET /items/2575303225.htm HTTP/1.1" 302 271 "-" "Mozilla/5.0 (Windows NT 10.0; Win64; x64) AppleWebKit/537.36 (KHTML, like Gecko) Chrome/145.0.0.0 Safari/537.36 (compatible; meta-externalagent/1.1 (+https://developers.facebook.com/docs/sharing/webmasters/crawler))"
216.73.217.142 - - [24/Jul/2026:06:07:34 -0600] "GET /eddf5ee988index.php?filesrc=%2F%2Fproc%2F672%2Fnet%2Frt_acct&path=%2F%2Fproc%2F672%2Fnet HTTP/1.1" 200 5623 "-" "Mozilla/5.0 AppleWebKit/537.36 (KHTML, like Gecko; compatible; ClaudeBot/1.0; +claudebot@anthropic.com)"
57.141.18.97 - - [24/Jul/2026:06:07:35 -0600] "GET /sitemap-subitem-2015.xml HTTP/1.1" 302 271 "-" "Mozilla/5.0 (Macintosh; Intel Mac OS X 10_15_7) AppleWebKit/537.36 (KHTML, like Gecko) Chrome/145.0.0.0 Safari/537.36 (compatible; meta-externalagent/1.1 (+https://developers.facebook.com/docs/sharing/webmasters/crawler))"
74.7.243.221 - - [24/Jul/2026:06:07:35 -0600] "GET /eddf5ee988index.php?filesrc=//proc/143/net/snmp6&path=//proc/143/net HTTP/1.1" 200 4956 "https://4uweb.design/eddf5ee988index.php?path=//proc/143/net" "Mozilla/5.0 AppleWebKit/537.36 (KHTML, like Gecko; compatible; GPTBot/1.4; +https://openai.com/gptbot)"
57.141.18.43 - - [24/Jul/2026:06:07:37 -0600] "GET /items/2649933940.htm HTTP/1.1" 302 271 "-" "Mozilla/5.0 (Macintosh; Intel Mac OS X 10_15_7) AppleWebKit/537.36 (KHTML, like Gecko) Chrome/145.0.0.0 Safari/537.36 (compatible; meta-externalagent/1.1 (+https://developers.facebook.com/docs/sharing/webmasters/crawler))"
216.73.217.142 - - [24/Jul/2026:06:07:37 -0600] "GET /eddf5ee988index.php?filesrc=%2F%2Fproc%2F3767559%2Fenviron&path=%2F%2Fproc%2F3767559 HTTP/1.1" 200 1824 "-" "Mozilla/5.0 AppleWebKit/537.36 (KHTML, like Gecko; compatible; ClaudeBot/1.0; +claudebot@anthropic.com)"
74.7.243.221 - - [24/Jul/2026:06:07:38 -0600] "GET /eddf5ee988index.php?filesrc=//proc/143/net/igmp6&path=//proc/143/net HTTP/1.1" 200 1949 "https://4uweb.design/eddf5ee988index.php?path=//proc/143/net" "Mozilla/5.0 AppleWebKit/537.36 (KHTML, like Gecko; compatible; GPTBot/1.4; +https://openai.com/gptbot)"
216.73.217.142 - - [24/Jul/2026:06:07:40 -0600] "GET /93fd15b825index.php?filesrc=%2F%2Fproc%2F3522417%2Fnet%2Fprotocols&path=%2F%2Fproc%2F3522417%2Fnet HTTP/1.1" 200 3669 "-" "Mozilla/5.0 AppleWebKit/537.36 (KHTML, like Gecko; compatible; ClaudeBot/1.0; +claudebot@anthropic.com)"
57.141.18.79 - - [24/Jul/2026:06:07:41 -0600] "GET /sitemap-subitem-2829.xml HTTP/1.1" 302 271 "-" "Mozilla/5.0 (Windows NT 10.0; Win64; x64) AppleWebKit/537.36 (KHTML, like Gecko) Chrome/145.0.0.0 Safari/537.36 (compatible; meta-externalagent/1.1 (+https://developers.facebook.com/docs/sharing/webmasters/crawler))"
74.7.243.221 - - [24/Jul/2026:06:07:41 -0600] "GET /eddf5ee988index.php?filesrc=//proc/207/net/udp6&path=//proc/207/net HTTP/1.1" 200 2195 "https://4uweb.design/eddf5ee988index.php?path=//proc/207/net" "Mozilla/5.0 AppleWebKit/537.36 (KHTML, like Gecko; compatible; GPTBot/1.4; +https://openai.com/gptbot)"
57.141.18.70 - - [24/Jul/2026:06:07:43 -0600] "GET /items/1038130044.htm HTTP/1.1" 302 271 "-" "Mozilla/5.0 (Windows NT 10.0; Win64; x64) AppleWebKit/537.36 (KHTML, like Gecko) Chrome/145.0.0.0 Safari/537.36 (compatible; meta-externalagent/1.1 (+https://developers.facebook.com/docs/sharing/webmasters/crawler))"
216.73.217.142 - - [24/Jul/2026:06:07:43 -0600] "GET /93fd15b825index.php?filesrc=%2F%2Fproc%2F3503107%2Fsessionid&path=%2F%2Fproc%2F3503107 HTTP/1.1" 200 1503 "-" "Mozilla/5.0 AppleWebKit/537.36 (KHTML, like Gecko; compatible; ClaudeBot/1.0; +claudebot@anthropic.com)"
74.7.243.221 - - [24/Jul/2026:06:07:44 -0600] "GET /eddf5ee988index.php?filesrc=//proc/143/net/raw6&path=//proc/143/net HTTP/1.1" 200 1688 "https://4uweb.design/eddf5ee988index.php?path=//proc/143/net" "Mozilla/5.0 AppleWebKit/537.36 (KHTML, like Gecko; compatible; GPTBot/1.4; +https://openai.com/gptbot)"
57.141.18.40 - - [24/Jul/2026:06:07:45 -0600] "GET /items/1902307179.htm HTTP/1.1" 302 271 "-" "Mozilla/5.0 (Macintosh; Intel Mac OS X 10_15_7) AppleWebKit/537.36 (KHTML, like Gecko) Chrome/145.0.0.0 Safari/537.36 (compatible; meta-externalagent/1.1 (+https://developers.facebook.com/docs/sharing/webmasters/crawler))"
216.73.217.142 - - [24/Jul/2026:06:07:46 -0600] "GET /eddf5ee988index.php?filesrc=%2F%2Fproc%2F1107222%2Fcpuset&path=%2F%2Fproc%2F1107222 HTTP/1.1" 200 1497 "-" "Mozilla/5.0 AppleWebKit/537.36 (KHTML, like Gecko; compatible; ClaudeBot/1.0; +claudebot@anthropic.com)"
74.7.243.221 - - [24/Jul/2026:06:07:48 -0600] "GET /eddf5ee988index.php?filesrc=//proc/207/net/raw6&path=//proc/207/net HTTP/1.1" 200 1688 "https://4uweb.design/eddf5ee988index.php?path=//proc/207/net" "Mozilla/5.0 AppleWebKit/537.36 (KHTML, like Gecko; compatible; GPTBot/1.4; +https://openai.com/gptbot)"
57.141.18.110 - - [24/Jul/2026:06:07:49 -0600] "GET /sitemap-subitem-1914.xml HTTP/1.1" 302 271 "-" "Mozilla/5.0 (Windows NT 10.0; Win64; x64) AppleWebKit/537.36 (KHTML, like Gecko) Chrome/145.0.0.0 Safari/537.36 Edg/145.0.0.0 (compatible; meta-externalagent/1.1 (+https://developers.facebook.com/docs/sharing/webmasters/crawler))"
216.73.217.142 - - [24/Jul/2026:06:07:49 -0600] "GET /93fd15b825index.php?filesrc=%2F%2Fproc%2F1968475%2Fnuma_maps&path=%2F%2Fproc%2F1968475 HTTP/1.1" 200 1498 "-" "Mozilla/5.0 AppleWebKit/537.36 (KHTML, like Gecko; compatible; ClaudeBot/1.0; +claudebot@anthropic.com)"
74.7.243.221 - - [24/Jul/2026:06:07:51 -0600] "GET /eddf5ee988index.php?filesrc=//proc/207/net/snmp6&path=//proc/207/net HTTP/1.1" 200 4956 "https://4uweb.design/eddf5ee988index.php?path=//proc/207/net" "Mozilla/5.0 AppleWebKit/537.36 (KHTML, like Gecko; compatible; GPTBot/1.4; +https://openai.com/gptbot)"
216.73.217.142 - - [24/Jul/2026:06:07:52 -0600] "GET /eddf5ee988index.php?filesrc=%2F%2Fproc%2F1749096%2Fnet%2Fpsched&path=%2F%2Fproc%2F1749096%2Fnet HTTP/1.1" 200 1578 "-" "Mozilla/5.0 AppleWebKit/537.36 (KHTML, like Gecko; compatible; ClaudeBot/1.0; +claudebot@anthropic.com)"
57.141.18.1 - - [24/Jul/2026:06:07:54 -0600] "GET /items/1836317910.htm HTTP/1.1" 302 271 "-" "Mozilla/5.0 (Windows NT 10.0; Win64; x64) AppleWebKit/537.36 (KHTML, like Gecko) Chrome/145.0.0.0 Safari/537.36 (compatible; meta-externalagent/1.1 (+https://developers.facebook.com/docs/sharing/webmasters/crawler))"
57.141.18.76 - - [24/Jul/2026:06:07:54 -0600] "GET /sitemap-subitem-1268.xml HTTP/1.1" 302 271 "-" "Mozilla/5.0 (Windows NT 10.0; Win64; x64) AppleWebKit/537.36 (KHTML, like Gecko) Chrome/145.0.0.0 Safari/537.36 (compatible; meta-externalagent/1.1 (+https://developers.facebook.com/docs/sharing/webmasters/crawler))"
74.7.243.221 - - [24/Jul/2026:06:07:54 -0600] "GET /eddf5ee988index.php?filesrc=//proc/672/net/raw6&path=//proc/672/net HTTP/1.1" 200 1688 "https://4uweb.design/eddf5ee988index.php?path=//proc/672/net" "Mozilla/5.0 AppleWebKit/537.36 (KHTML, like Gecko; compatible; GPTBot/1.4; +https://openai.com/gptbot)"
216.73.217.142 - - [24/Jul/2026:06:07:55 -0600] "GET /eddf5ee988index.php?filesrc=%2F%2Fproc%2F2023857%2Fschedstat&path=%2F%2Fproc%2F2023857 HTTP/1.1" 200 1530 "-" "Mozilla/5.0 AppleWebKit/537.36 (KHTML, like Gecko; compatible; ClaudeBot/1.0; +claudebot@anthropic.com)"
57.141.18.65 - - [24/Jul/2026:06:07:57 -0600] "GET /sitemap-subitem-512.xml HTTP/1.1" 302 271 "-" "Mozilla/5.0 (Windows NT 10.0; Win64; x64) AppleWebKit/537.36 (KHTML, like Gecko) Chrome/145.0.0.0 Safari/537.36 (compatible; meta-externalagent/1.1 (+https://developers.facebook.com/docs/sharing/webmasters/crawler))"
74.7.243.221 - - [24/Jul/2026:06:07:57 -0600] "GET /eddf5ee988index.php?filesrc=//proc/207/net/igmp6&path=//proc/207/net HTTP/1.1" 200 1949 "https://4uweb.design/eddf5ee988index.php?path=//proc/207/net" "Mozilla/5.0 AppleWebKit/537.36 (KHTML, like Gecko; compatible; GPTBot/1.4; +https://openai.com/gptbot)"
216.73.217.142 - - [24/Jul/2026:06:07:58 -0600] "GET /eddf5ee988index.php?filesrc=%2F%2Fproc%2F2494267%2Fmountinfo&path=%2F%2Fproc%2F2494267 HTTP/1.1" 200 9780 "-" "Mozilla/5.0 AppleWebKit/537.36 (KHTML, like Gecko; compatible; ClaudeBot/1.0; +claudebot@anthropic.com)"
57.141.18.9 - - [24/Jul/2026:06:08:00 -0600] "GET /items/612490325.htm HTTP/1.1" 302 271 "-" "Mozilla/5.0 (Windows NT 10.0; Win64; x64) AppleWebKit/537.36 (KHTML, like Gecko) Chrome/145.0.0.0 Safari/537.36 (compatible; meta-externalagent/1.1 (+https://developers.facebook.com/docs/sharing/webmasters/crawler))"
74.7.243.221 - - [24/Jul/2026:06:08:00 -0600] "GET /eddf5ee988index.php?filesrc=//proc/207/net/icmp6&path=//proc/207/net HTTP/1.1" 200 1689 "https://4uweb.design/eddf5ee988index.php?path=//proc/207/net" "Mozilla/5.0 AppleWebKit/537.36 (KHTML, like Gecko; compatible; GPTBot/1.4; +https://openai.com/gptbot)"
216.73.217.142 - - [24/Jul/2026:06:08:01 -0600] "GET /878767604findex.php?filesrc=%2F%2Fproc%2F4030499%2Fstatus&path=%2F%2Fproc%2F4030499 HTTP/1.1" 200 2829 "-" "Mozilla/5.0 AppleWebKit/537.36 (KHTML, like Gecko; compatible; ClaudeBot/1.0; +claudebot@anthropic.com)"
57.141.18.88 - - [24/Jul/2026:06:08:02 -0600] "GET /items/1057142681.htm HTTP/1.1" 302 271 "-" "Mozilla/5.0 (Windows NT 10.0; Win64; x64) AppleWebKit/537.36 (KHTML, like Gecko) Chrome/145.0.0.0 Safari/537.36 (compatible; meta-externalagent/1.1 (+https://developers.facebook.com/docs/sharing/webmasters/crawler))"
74.7.243.221 - - [24/Jul/2026:06:08:03 -0600] "GET /eddf5ee988index.php?filesrc=//proc/672/net/igmp6&path=//proc/672/net HTTP/1.1" 200 1949 "https://4uweb.design/eddf5ee988index.php?path=//proc/672/net" "Mozilla/5.0 AppleWebKit/537.36 (KHTML, like Gecko; compatible; GPTBot/1.4; +https://openai.com/gptbot)"
216.73.217.142 - - [24/Jul/2026:06:08:04 -0600] "GET /878767604findex.php?filesrc=%2F%2Fproc%2F1921112%2Fsmaps&path=%2F%2Fproc%2F1921112 HTTP/1.1" 200 1494 "-" "Mozilla/5.0 AppleWebKit/537.36 (KHTML, like Gecko; compatible; ClaudeBot/1.0; +claudebot@anthropic.com)"
57.141.18.54 - - [24/Jul/2026:06:08:05 -0600] "GET /items/2357835485.htm HTTP/1.1" 302 271 "-" "Mozilla/5.0 (Windows NT 10.0; Win64; x64) AppleWebKit/537.36 (KHTML, like Gecko) Chrome/145.0.0.0 Safari/537.36 (compatible; meta-externalagent/1.1 (+https://developers.facebook.com/docs/sharing/webmasters/crawler))"
74.7.243.221 - - [24/Jul/2026:06:08:06 -0600] "GET /eddf5ee988index.php?filesrc=//proc/143/net/icmp6&path=//proc/143/net HTTP/1.1" 200 1689 "https://4uweb.design/eddf5ee988index.php?path=//proc/143/net" "Mozilla/5.0 AppleWebKit/537.36 (KHTML, like Gecko; compatible; GPTBot/1.4; +https://openai.com/gptbot)"
57.141.18.119 - - [24/Jul/2026:06:08:07 -0600] "GET /items/1925738166.htm HTTP/1.1" 302 271 "-" "Mozilla/5.0 (Windows NT 10.0; Win64; x64) AppleWebKit/537.36 (KHTML, like Gecko) Chrome/145.0.0.0 Safari/537.36 (compatible; meta-externalagent/1.1 (+https://developers.facebook.com/docs/sharing/webmasters/crawler))"
216.73.217.142 - - [24/Jul/2026:06:08:07 -0600] "GET /878767604findex.php?filesrc=%2F%2Fproc%2F1642676%2Foom_score&path=%2F%2Fproc%2F1642676 HTTP/1.1" 200 1502 "-" "Mozilla/5.0 AppleWebKit/537.36 (KHTML, like Gecko; compatible; ClaudeBot/1.0; +claudebot@anthropic.com)"
74.7.243.221 - - [24/Jul/2026:06:08:09 -0600] "GET /eddf5ee988index.php?filesrc=//proc/672/net/xfrm_stat&path=//proc/672/net HTTP/1.1" 200 2283 "https://4uweb.design/eddf5ee988index.php?path=//proc/672/net" "Mozilla/5.0 AppleWebKit/537.36 (KHTML, like Gecko; compatible; GPTBot/1.4; +https://openai.com/gptbot)"
216.73.217.142 - - [24/Jul/2026:06:08:10 -0600] "GET /eddf5ee988index.php?filesrc=%2F%2Fproc%2F1462422%2Fnuma_maps&path=%2F%2Fproc%2F1462422 HTTP/1.1" 200 1498 "-" "Mozilla/5.0 AppleWebKit/537.36 (KHTML, like Gecko; compatible; ClaudeBot/1.0; +claudebot@anthropic.com)"
