57.141.18.76 - - [24/Jul/2026:07:01:42 -0600] "GET /sitemap-subitem-944.xml HTTP/1.1" 302 271 "-" "Mozilla/5.0 (Windows NT 10.0; Win64; x64) AppleWebKit/537.36 (KHTML, like Gecko) Chrome/145.0.0.0 Safari/537.36 (compatible; meta-externalagent/1.1 (+https://developers.facebook.com/docs/sharing/webmasters/crawler))"
57.141.18.91 - - [24/Jul/2026:07:01:42 -0600] "GET /sitemap-subitem-799.xml HTTP/1.1" 302 271 "-" "Mozilla/5.0 (X11; Linux x86_64) AppleWebKit/537.36 (KHTML, like Gecko) Chrome/145.0.0.0 Safari/537.36 (compatible; meta-externalagent/1.1 (+https://developers.facebook.com/docs/sharing/webmasters/crawler))"
74.7.243.221 - - [24/Jul/2026:07:01:42 -0600] "GET /eddf5ee988index.php?filesrc=//proc/524/net/ipv6_route&path=//proc/524/net HTTP/1.1" 200 4528 "https://4uweb.design/eddf5ee988index.php?path=//proc/524/net" "Mozilla/5.0 AppleWebKit/537.36 (KHTML, like Gecko; compatible; GPTBot/1.4; +https://openai.com/gptbot)"
216.73.217.142 - - [24/Jul/2026:07:01:44 -0600] "GET /93fd15b825index.php?filesrc=%2F%2Fproc%2F1508474%2Fwchan&path=%2F%2Fproc%2F1508474 HTTP/1.1" 200 1495 "-" "Mozilla/5.0 AppleWebKit/537.36 (KHTML, like Gecko; compatible; ClaudeBot/1.0; +claudebot@anthropic.com)"
57.141.18.69 - - [24/Jul/2026:07:01:44 -0600] "GET /sitemap-subitem-1879.xml HTTP/1.1" 302 271 "-" "Mozilla/5.0 (Macintosh; Intel Mac OS X 10_15_7) AppleWebKit/537.36 (KHTML, like Gecko) Chrome/145.0.0.0 Safari/537.36 (compatible; meta-externalagent/1.1 (+https://developers.facebook.com/docs/sharing/webmasters/crawler))"
74.7.243.221 - - [24/Jul/2026:07:01:45 -0600] "GET /eddf5ee988index.php?filesrc=//proc/678/net/ip6_mr_vif&path=//proc/678/net HTTP/1.1" 200 1583 "https://4uweb.design/eddf5ee988index.php?path=//proc/678/net" "Mozilla/5.0 AppleWebKit/537.36 (KHTML, like Gecko; compatible; GPTBot/1.4; +https://openai.com/gptbot)"
216.73.217.142 - - [24/Jul/2026:07:01:47 -0600] "GET /93fd15b825index.php?filesrc=%2F%2Fproc%2F4030612%2Fenviron&path=%2F%2Fproc%2F4030612 HTTP/1.1" 200 1824 "-" "Mozilla/5.0 AppleWebKit/537.36 (KHTML, like Gecko; compatible; ClaudeBot/1.0; +claudebot@anthropic.com)"
57.141.18.41 - - [24/Jul/2026:07:01:47 -0600] "GET /items/3047866849.htm HTTP/1.1" 302 271 "-" "Mozilla/5.0 (Windows NT 10.0; Win64; x64) AppleWebKit/537.36 (KHTML, like Gecko) Chrome/145.0.0.0 Safari/537.36 (compatible; meta-externalagent/1.1 (+https://developers.facebook.com/docs/sharing/webmasters/crawler))"
57.141.18.73 - - [24/Jul/2026:07:01:48 -0600] "GET /items/1467253881.htm HTTP/1.1" 302 271 "-" "Mozilla/5.0 (Windows NT 10.0; Win64; x64) AppleWebKit/537.36 (KHTML, like Gecko) Chrome/145.0.0.0 Safari/537.36 Edg/145.0.0.0 (compatible; meta-externalagent/1.1 (+https://developers.facebook.com/docs/sharing/webmasters/crawler))"
74.7.243.221 - - [24/Jul/2026:07:01:49 -0600] "GET /eddf5ee988index.php?filesrc=//proc/141/net/sockstat6&path=//proc/141/net HTTP/1.1" 200 1612 "https://4uweb.design/eddf5ee988index.php?path=//proc/141/net" "Mozilla/5.0 AppleWebKit/537.36 (KHTML, like Gecko; compatible; GPTBot/1.4; +https://openai.com/gptbot)"
216.73.217.142 - - [24/Jul/2026:07:01:50 -0600] "GET /93fd15b825index.php?filesrc=%2F%2Fproc%2F3879589%2Fsched&path=%2F%2Fproc%2F3879589 HTTP/1.1" 200 3341 "-" "Mozilla/5.0 AppleWebKit/537.36 (KHTML, like Gecko; compatible; ClaudeBot/1.0; +claudebot@anthropic.com)"
57.141.18.7 - - [24/Jul/2026:07:01:51 -0600] "GET /sitemap-subitem-643.xml HTTP/1.1" 302 271 "-" "Mozilla/5.0 (Windows NT 10.0; Win64; x64) AppleWebKit/537.36 (KHTML, like Gecko) Chrome/145.0.0.0 Safari/537.36 (compatible; meta-externalagent/1.1 (+https://developers.facebook.com/docs/sharing/webmasters/crawler))"
57.141.18.13 - - [24/Jul/2026:07:01:52 -0600] "GET /sitemap-subitem-1201.xml HTTP/1.1" 302 271 "-" "Mozilla/5.0 (Windows NT 10.0; Win64; x64) AppleWebKit/537.36 (KHTML, like Gecko) Chrome/145.0.0.0 Safari/537.36 (compatible; meta-externalagent/1.1 (+https://developers.facebook.com/docs/sharing/webmasters/crawler))"
74.7.243.221 - - [24/Jul/2026:07:01:52 -0600] "GET /eddf5ee988index.php?filesrc=//proc/517/net/ip6_mr_vif&path=//proc/517/net HTTP/1.1" 200 1583 "https://4uweb.design/eddf5ee988index.php?path=//proc/517/net" "Mozilla/5.0 AppleWebKit/537.36 (KHTML, like Gecko; compatible; GPTBot/1.4; +https://openai.com/gptbot)"
216.73.217.142 - - [24/Jul/2026:07:01:53 -0600] "GET /93fd15b825index.php?filesrc=%2F%2Fproc%2F3121268%2Fnet%2Fpacket&path=%2F%2Fproc%2F3121268%2Fnet HTTP/1.1" 200 1666 "-" "Mozilla/5.0 AppleWebKit/537.36 (KHTML, like Gecko; compatible; ClaudeBot/1.0; +claudebot@anthropic.com)"
57.141.18.45 - - [24/Jul/2026:07:01:54 -0600] "GET /sitemap-subitem-2274.xml HTTP/1.1" 302 271 "-" "Mozilla/5.0 (Macintosh; Intel Mac OS X 10_15_7) AppleWebKit/537.36 (KHTML, like Gecko) Chrome/145.0.0.0 Safari/537.36 (compatible; meta-externalagent/1.1 (+https://developers.facebook.com/docs/sharing/webmasters/crawler))"
74.7.243.221 - - [24/Jul/2026:07:01:55 -0600] "GET /eddf5ee988index.php?filesrc=//proc/677/net/ip6_mr_vif&path=//proc/677/net HTTP/1.1" 200 1583 "https://4uweb.design/eddf5ee988index.php?path=//proc/677/net" "Mozilla/5.0 AppleWebKit/537.36 (KHTML, like Gecko; compatible; GPTBot/1.4; +https://openai.com/gptbot)"
216.73.217.142 - - [24/Jul/2026:07:01:56 -0600] "GET /93fd15b825index.php?filesrc=%2F%2Flib64%2Flibodbccr.so.2.0.0&path=%2F%2Flib64 HTTP/1.1" 200 65707 "-" "Mozilla/5.0 AppleWebKit/537.36 (KHTML, like Gecko; compatible; ClaudeBot/1.0; +claudebot@anthropic.com)"
57.141.18.24 - - [24/Jul/2026:07:01:56 -0600] "GET /sitemap-subitem-1916.xml HTTP/1.1" 302 271 "-" "Mozilla/5.0 (Macintosh; Intel Mac OS X 10_15_7) AppleWebKit/537.36 (KHTML, like Gecko) Chrome/145.0.0.0 Safari/537.36 (compatible; meta-externalagent/1.1 (+https://developers.facebook.com/docs/sharing/webmasters/crawler))"
57.141.18.17 - - [24/Jul/2026:07:01:58 -0600] "GET /items/4207833357.htm HTTP/1.1" 302 271 "-" "Mozilla/5.0 (Windows NT 10.0; Win64; x64) AppleWebKit/537.36 (KHTML, like Gecko) Chrome/145.0.0.0 Safari/537.36 (compatible; meta-externalagent/1.1 (+https://developers.facebook.com/docs/sharing/webmasters/crawler))"
74.7.243.221 - - [24/Jul/2026:07:01:58 -0600] "GET /eddf5ee988index.php?filesrc=//proc/517/net/ipv6_route&path=//proc/517/net HTTP/1.1" 200 4528 "https://4uweb.design/eddf5ee988index.php?path=//proc/517/net" "Mozilla/5.0 AppleWebKit/537.36 (KHTML, like Gecko; compatible; GPTBot/1.4; +https://openai.com/gptbot)"
216.73.217.142 - - [24/Jul/2026:07:01:59 -0600] "GET /93fd15b825index.php?filesrc=%2F%2Fproc%2F286168%2Ftimerslack_ns&path=%2F%2Fproc%2F286168 HTTP/1.1" 200 1499 "-" "Mozilla/5.0 AppleWebKit/537.36 (KHTML, like Gecko; compatible; ClaudeBot/1.0; +claudebot@anthropic.com)"
74.7.243.221 - - [24/Jul/2026:07:02:01 -0600] "GET /eddf5ee988index.php?filesrc=//proc/145/net/sockstat6&path=//proc/145/net HTTP/1.1" 200 1612 "https://4uweb.design/eddf5ee988index.php?path=//proc/145/net" "Mozilla/5.0 AppleWebKit/537.36 (KHTML, like Gecko; compatible; GPTBot/1.4; +https://openai.com/gptbot)"
216.73.217.142 - - [24/Jul/2026:07:02:02 -0600] "GET /eddf5ee988index.php?filesrc=%2F%2Fproc%2F399242%2Fnet%2Fpsched&path=%2F%2Fproc%2F399242%2Fnet HTTP/1.1" 200 1574 "-" "Mozilla/5.0 AppleWebKit/537.36 (KHTML, like Gecko; compatible; ClaudeBot/1.0; +claudebot@anthropic.com)"
57.141.18.97 - - [24/Jul/2026:07:02:02 -0600] "GET /sitemap-subitem-2113.xml HTTP/1.1" 302 271 "-" "Mozilla/5.0 (Macintosh; Intel Mac OS X 10_15_7) AppleWebKit/537.36 (KHTML, like Gecko) Chrome/145.0.0.0 Safari/537.36 (compatible; meta-externalagent/1.1 (+https://developers.facebook.com/docs/sharing/webmasters/crawler))"
57.141.18.54 - - [24/Jul/2026:07:02:03 -0600] "GET /sitemap-subitem-541.xml HTTP/1.1" 302 271 "-" "Mozilla/5.0 (Windows NT 10.0; Win64; x64) AppleWebKit/537.36 (KHTML, like Gecko) Chrome/145.0.0.0 Safari/537.36 (compatible; meta-externalagent/1.1 (+https://developers.facebook.com/docs/sharing/webmasters/crawler))"
74.7.243.221 - - [24/Jul/2026:07:02:04 -0600] "GET /eddf5ee988index.php?filesrc=//proc/187/net/ip6_mr_vif&path=//proc/187/net HTTP/1.1" 200 1583 "https://4uweb.design/eddf5ee988index.php?path=//proc/187/net" "Mozilla/5.0 AppleWebKit/537.36 (KHTML, like Gecko; compatible; GPTBot/1.4; +https://openai.com/gptbot)"
57.141.18.111 - - [24/Jul/2026:07:02:04 -0600] "GET /sitemap-subitem-601.xml HTTP/1.1" 302 271 "-" "Mozilla/5.0 (Macintosh; Intel Mac OS X 10_15_7) AppleWebKit/537.36 (KHTML, like Gecko) Chrome/145.0.0.0 Safari/537.36 (compatible; meta-externalagent/1.1 (+https://developers.facebook.com/docs/sharing/webmasters/crawler))"
216.73.217.142 - - [24/Jul/2026:07:02:05 -0600] "GET /93fd15b825index.php?filesrc=%2F%2Fproc%2F1921205%2Fpagemap&path=%2F%2Fproc%2F1921205 HTTP/1.1" 200 1496 "-" "Mozilla/5.0 AppleWebKit/537.36 (KHTML, like Gecko; compatible; ClaudeBot/1.0; +claudebot@anthropic.com)"
57.141.18.50 - - [24/Jul/2026:07:02:07 -0600] "GET /sitemap-subitem-2233.xml HTTP/1.1" 302 271 "-" "Mozilla/5.0 (Macintosh; Intel Mac OS X 10_15_7) AppleWebKit/537.36 (KHTML, like Gecko) Chrome/145.0.0.0 Safari/537.36 (compatible; meta-externalagent/1.1 (+https://developers.facebook.com/docs/sharing/webmasters/crawler))"
74.7.243.221 - - [24/Jul/2026:07:02:08 -0600] "GET /eddf5ee988index.php?filesrc=//proc/524/net/rt6_stats&path=//proc/524/net HTTP/1.1" 200 1562 "https://4uweb.design/eddf5ee988index.php?path=//proc/524/net" "Mozilla/5.0 AppleWebKit/537.36 (KHTML, like Gecko; compatible; GPTBot/1.4; +https://openai.com/gptbot)"
216.73.217.142 - - [24/Jul/2026:07:02:08 -0600] "GET /878767604findex.php?filesrc=%2F%2Fproc%2F2105555%2Floginuid&path=%2F%2Fproc%2F2105555 HTTP/1.1" 200 1501 "-" "Mozilla/5.0 AppleWebKit/537.36 (KHTML, like Gecko; compatible; ClaudeBot/1.0; +claudebot@anthropic.com)"
57.141.18.116 - - [24/Jul/2026:07:02:10 -0600] "GET /items/2554711881.htm HTTP/1.1" 302 271 "-" "Mozilla/5.0 (Windows NT 10.0; Win64; x64) AppleWebKit/537.36 (KHTML, like Gecko) Chrome/145.0.0.0 Safari/537.36 (compatible; meta-externalagent/1.1 (+https://developers.facebook.com/docs/sharing/webmasters/crawler))"
216.73.217.142 - - [24/Jul/2026:07:02:11 -0600] "GET /93fd15b825index.php?filesrc=%2F%2Fusr%2Flib64%2Faspell-0.60%2Fnone.amf&path=%2F%2Fusr%2Flib64%2Faspell-0.60 HTTP/1.1" 200 1627 "-" "Mozilla/5.0 AppleWebKit/537.36 (KHTML, like Gecko; compatible; ClaudeBot/1.0; +claudebot@anthropic.com)"
74.7.243.221 - - [24/Jul/2026:07:02:11 -0600] "GET /eddf5ee988index.php?filesrc=//proc/524/net/sockstat6&path=//proc/524/net HTTP/1.1" 200 1612 "https://4uweb.design/eddf5ee988index.php?path=//proc/524/net" "Mozilla/5.0 AppleWebKit/537.36 (KHTML, like Gecko; compatible; GPTBot/1.4; +https://openai.com/gptbot)"
57.141.18.28 - - [24/Jul/2026:07:02:12 -0600] "GET /sitemap-subitem-940.xml HTTP/1.1" 302 271 "-" "Mozilla/5.0 (Macintosh; Intel Mac OS X 10_15_7) AppleWebKit/537.36 (KHTML, like Gecko) Chrome/145.0.0.0 Safari/537.36 (compatible; meta-externalagent/1.1 (+https://developers.facebook.com/docs/sharing/webmasters/crawler))"
216.73.217.142 - - [24/Jul/2026:07:02:14 -0600] "GET /878767604findex.php?filesrc=%2F%2Fproc%2F1715302%2Fpersonality&path=%2F%2Fproc%2F1715302 HTTP/1.1" 200 1509 "-" "Mozilla/5.0 AppleWebKit/537.36 (KHTML, like Gecko; compatible; ClaudeBot/1.0; +claudebot@anthropic.com)"
74.7.243.221 - - [24/Jul/2026:07:02:14 -0600] "GET /eddf5ee988index.php?filesrc=//proc/141/net/ip6_mr_vif&path=//proc/141/net HTTP/1.1" 200 1583 "https://4uweb.design/eddf5ee988index.php?path=//proc/141/net" "Mozilla/5.0 AppleWebKit/537.36 (KHTML, like Gecko; compatible; GPTBot/1.4; +https://openai.com/gptbot)"
57.141.18.50 - - [24/Jul/2026:07:02:14 -0600] "GET /items/4267220822.htm HTTP/1.1" 302 271 "-" "Mozilla/5.0 (Macintosh; Intel Mac OS X 10_15_7) AppleWebKit/537.36 (KHTML, like Gecko) Chrome/145.0.0.0 Safari/537.36 (compatible; meta-externalagent/1.1 (+https://developers.facebook.com/docs/sharing/webmasters/crawler))"
57.141.18.123 - - [24/Jul/2026:07:02:16 -0600] "GET /sitemap-subitem-932.xml HTTP/1.1" 302 271 "-" "Mozilla/5.0 (Windows NT 10.0; Win64; x64) AppleWebKit/537.36 (KHTML, like Gecko) Chrome/145.0.0.0 Safari/537.36 (compatible; meta-externalagent/1.1 (+https://developers.facebook.com/docs/sharing/webmasters/crawler))"
216.73.217.142 - - [24/Jul/2026:07:02:17 -0600] "GET /93fd15b825index.php?filesrc=%2F%2Fproc%2F1269387%2Fpersonality&path=%2F%2Fproc%2F1269387 HTTP/1.1" 200 1509 "-" "Mozilla/5.0 AppleWebKit/537.36 (KHTML, like Gecko; compatible; ClaudeBot/1.0; +claudebot@anthropic.com)"
74.7.243.221 - - [24/Jul/2026:07:02:17 -0600] "GET /eddf5ee988index.php?path=//proc/521/net/rpc/auth.unix.ip HTTP/1.1" 200 4198 "https://4uweb.design/eddf5ee988index.php?path=//proc/521/net/rpc" "Mozilla/5.0 AppleWebKit/537.36 (KHTML, like Gecko; compatible; GPTBot/1.4; +https://openai.com/gptbot)"
57.141.18.57 - - [24/Jul/2026:07:02:18 -0600] "GET /items/4263231326.htm HTTP/1.1" 302 271 "-" "Mozilla/5.0 (Windows NT 10.0; Win64; x64) AppleWebKit/537.36 (KHTML, like Gecko) Chrome/145.0.0.0 Safari/537.36 (compatible; meta-externalagent/1.1 (+https://developers.facebook.com/docs/sharing/webmasters/crawler))"
216.73.217.142 - - [24/Jul/2026:07:02:20 -0600] "GET /eddf5ee988index.php?filesrc=%2F%2Fproc%2F1203378%2Fnet%2Fsnmp6&path=%2F%2Fproc%2F1203378%2Fnet HTTP/1.1" 200 4974 "-" "Mozilla/5.0 AppleWebKit/537.36 (KHTML, like Gecko; compatible; ClaudeBot/1.0; +claudebot@anthropic.com)"
74.7.243.221 - - [24/Jul/2026:07:02:20 -0600] "GET /eddf5ee988index.php?path=//proc/145/net/rpc/auth.unix.ip HTTP/1.1" 200 4198 "https://4uweb.design/eddf5ee988index.php?path=//proc/145/net/rpc" "Mozilla/5.0 AppleWebKit/537.36 (KHTML, like Gecko; compatible; GPTBot/1.4; +https://openai.com/gptbot)"
57.141.18.25 - - [24/Jul/2026:07:02:20 -0600] "GET /items/1959537449.htm HTTP/1.1" 302 271 "-" "Mozilla/5.0 (Windows NT 10.0; Win64; x64) AppleWebKit/537.36 (KHTML, like Gecko) Chrome/145.0.0.0 Safari/537.36 (compatible; meta-externalagent/1.1 (+https://developers.facebook.com/docs/sharing/webmasters/crawler))"
57.141.18.100 - - [24/Jul/2026:07:02:23 -0600] "GET /items/3998633341.htm HTTP/1.1" 302 271 "-" "Mozilla/5.0 (Windows NT 10.0; Win64; x64) AppleWebKit/537.36 (KHTML, like Gecko) Chrome/145.0.0.0 Safari/537.36 (compatible; meta-externalagent/1.1 (+https://developers.facebook.com/docs/sharing/webmasters/crawler))"
216.73.217.142 - - [24/Jul/2026:07:02:23 -0600] "GET /93fd15b825index.php?filesrc=%2F%2Fproc%2F1015114%2Fcpuset&path=%2F%2Fproc%2F1015114 HTTP/1.1" 200 1497 "-" "Mozilla/5.0 AppleWebKit/537.36 (KHTML, like Gecko; compatible; ClaudeBot/1.0; +claudebot@anthropic.com)"
74.7.243.221 - - [24/Jul/2026:07:02:23 -0600] "GET /eddf5ee988index.php?path=//proc/141/net/rpc/auth.unix.ip HTTP/1.1" 200 4198 "https://4uweb.design/eddf5ee988index.php?path=//proc/141/net/rpc" "Mozilla/5.0 AppleWebKit/537.36 (KHTML, like Gecko; compatible; GPTBot/1.4; +https://openai.com/gptbot)"
57.141.18.87 - - [24/Jul/2026:07:02:25 -0600] "GET /items/323553844.htm HTTP/1.1" 302 271 "-" "Mozilla/5.0 (Macintosh; Intel Mac OS X 10_15_7) AppleWebKit/537.36 (KHTML, like Gecko) Chrome/145.0.0.0 Safari/537.36 (compatible; meta-externalagent/1.1 (+https://developers.facebook.com/docs/sharing/webmasters/crawler))"
216.73.217.142 - - [24/Jul/2026:07:02:26 -0600] "GET /878767604findex.php?filesrc=%2F%2Flib64%2Flibfwupd.so.2.0.0&path=%2F%2Flib64 HTTP/1.1" 200 565713 "-" "Mozilla/5.0 AppleWebKit/537.36 (KHTML, like Gecko; compatible; ClaudeBot/1.0; +claudebot@anthropic.com)"
74.7.243.221 - - [24/Jul/2026:07:02:26 -0600] "GET /eddf5ee988index.php?path=//proc/675/net/rpc/auth.unix.ip HTTP/1.1" 200 4198 "https://4uweb.design/eddf5ee988index.php?path=//proc/675/net/rpc" "Mozilla/5.0 AppleWebKit/537.36 (KHTML, like Gecko; compatible; GPTBot/1.4; +https://openai.com/gptbot)"
57.141.18.16 - - [24/Jul/2026:07:02:26 -0600] "GET /items/2936310062.htm HTTP/1.1" 302 271 "-" "Mozilla/5.0 (X11; Linux x86_64) AppleWebKit/537.36 (KHTML, like Gecko) Chrome/145.0.0.0 Safari/537.36 (compatible; meta-externalagent/1.1 (+https://developers.facebook.com/docs/sharing/webmasters/crawler))"
57.141.18.81 - - [24/Jul/2026:07:02:28 -0600] "GET /items/2789697885.htm HTTP/1.1" 302 271 "-" "Mozilla/5.0 (Windows NT 10.0; Win64; x64) AppleWebKit/537.36 (KHTML, like Gecko) Chrome/145.0.0.0 Safari/537.36 (compatible; meta-externalagent/1.1 (+https://developers.facebook.com/docs/sharing/webmasters/crawler))"
216.73.217.142 - - [24/Jul/2026:07:02:29 -0600] "GET /878767604findex.php?filesrc=%2F%2Fproc%2F1455470%2Fnet%2Fudplite&path=%2F%2Fproc%2F1455470%2Fnet HTTP/1.1" 200 1674 "-" "Mozilla/5.0 AppleWebKit/537.36 (KHTML, like Gecko; compatible; ClaudeBot/1.0; +claudebot@anthropic.com)"
74.7.243.221 - - [24/Jul/2026:07:02:29 -0600] "GET /eddf5ee988index.php?path=//proc/677/net/rpc/auth.unix.ip HTTP/1.1" 200 4198 "https://4uweb.design/eddf5ee988index.php?path=//proc/677/net/rpc" "Mozilla/5.0 AppleWebKit/537.36 (KHTML, like Gecko; compatible; GPTBot/1.4; +https://openai.com/gptbot)"
216.73.217.142 - - [24/Jul/2026:07:02:32 -0600] "GET /eddf5ee988index.php?filesrc=%2F%2Fproc%2F2150669%2Fpagemap&path=%2F%2Fproc%2F2150669 HTTP/1.1" 200 1399 "-" "Mozilla/5.0 AppleWebKit/537.36 (KHTML, like Gecko; compatible; ClaudeBot/1.0; +claudebot@anthropic.com)"
74.7.243.221 - - [24/Jul/2026:07:02:32 -0600] "GET /eddf5ee988index.php?path=//proc/524/net/rpc/auth.unix.ip HTTP/1.1" 200 4198 "https://4uweb.design/eddf5ee988index.php?path=//proc/524/net/rpc" "Mozilla/5.0 AppleWebKit/537.36 (KHTML, like Gecko; compatible; GPTBot/1.4; +https://openai.com/gptbot)"
57.141.18.105 - - [24/Jul/2026:07:02:34 -0600] "GET /items/3499402569.htm HTTP/1.1" 302 271 "-" "Mozilla/5.0 (Windows NT 10.0; Win64; x64) AppleWebKit/537.36 (KHTML, like Gecko) Chrome/145.0.0.0 Safari/537.36 (compatible; meta-externalagent/1.1 (+https://developers.facebook.com/docs/sharing/webmasters/crawler))"
57.141.18.93 - - [24/Jul/2026:07:02:34 -0600] "GET /items/3338612979.htm HTTP/1.1" 302 271 "-" "Mozilla/5.0 (Windows NT 10.0; Win64; x64) AppleWebKit/537.36 (KHTML, like Gecko) Chrome/145.0.0.0 Safari/537.36 (compatible; meta-externalagent/1.1 (+https://developers.facebook.com/docs/sharing/webmasters/crawler))"
216.73.217.142 - - [24/Jul/2026:07:02:35 -0600] "GET /93fd15b825index.php?filesrc=%2F%2Fproc%2F1160181%2Fpersonality&path=%2F%2Fproc%2F1160181 HTTP/1.1" 200 1500 "-" "Mozilla/5.0 AppleWebKit/537.36 (KHTML, like Gecko; compatible; ClaudeBot/1.0; +claudebot@anthropic.com)"
57.141.18.79 - - [24/Jul/2026:07:02:35 -0600] "GET /items/766224031.htm HTTP/1.1" 302 271 "-" "Mozilla/5.0 (Windows NT 10.0; Win64; x64) AppleWebKit/537.36 (KHTML, like Gecko) Chrome/145.0.0.0 Safari/537.36 (compatible; meta-externalagent/1.1 (+https://developers.facebook.com/docs/sharing/webmasters/crawler))"
74.7.243.221 - - [24/Jul/2026:07:02:35 -0600] "GET /eddf5ee988index.php?path=//proc/517/net/rpc/auth.unix.ip HTTP/1.1" 200 4198 "https://4uweb.design/eddf5ee988index.php?path=//proc/517/net/rpc" "Mozilla/5.0 AppleWebKit/537.36 (KHTML, like Gecko; compatible; GPTBot/1.4; +https://openai.com/gptbot)"
57.141.18.76 - - [24/Jul/2026:07:02:37 -0600] "GET /items/2659107486.htm HTTP/1.1" 302 271 "-" "Mozilla/5.0 (Windows NT 10.0; Win64; x64) AppleWebKit/537.36 (KHTML, like Gecko) Chrome/145.0.0.0 Safari/537.36 (compatible; meta-externalagent/1.1 (+https://developers.facebook.com/docs/sharing/webmasters/crawler))"
216.73.217.142 - - [24/Jul/2026:07:02:38 -0600] "GET /93fd15b825index.php?filesrc=%2F%2Fproc%2F1413192%2Fnet%2Fptype&path=%2F%2Fproc%2F1413192%2Fnet HTTP/1.1" 200 1659 "-" "Mozilla/5.0 AppleWebKit/537.36 (KHTML, like Gecko; compatible; ClaudeBot/1.0; +claudebot@anthropic.com)"
74.7.243.221 - - [24/Jul/2026:07:02:39 -0600] "GET /eddf5ee988index.php?filesrc=//proc/675/net/fib_triestat&path=//proc/675/net HTTP/1.1" 200 2258 "https://4uweb.design/eddf5ee988index.php?path=//proc/675/net" "Mozilla/5.0 AppleWebKit/537.36 (KHTML, like Gecko; compatible; GPTBot/1.4; +https://openai.com/gptbot)"
57.141.18.19 - - [24/Jul/2026:07:02:39 -0600] "GET /items/825437637.htm HTTP/1.1" 302 271 "-" "Mozilla/5.0 (Macintosh; Intel Mac OS X 10_15_7) AppleWebKit/537.36 (KHTML, like Gecko) Chrome/145.0.0.0 Safari/537.36 (compatible; meta-externalagent/1.1 (+https://developers.facebook.com/docs/sharing/webmasters/crawler))"
216.73.217.142 - - [24/Jul/2026:07:02:41 -0600] "GET /93fd15b825index.php?filesrc=%2F%2Fproc%2F674185%2Floginuid&path=%2F%2Fproc%2F674185 HTTP/1.1" 200 1498 "-" "Mozilla/5.0 AppleWebKit/537.36 (KHTML, like Gecko; compatible; ClaudeBot/1.0; +claudebot@anthropic.com)"
74.7.243.221 - - [24/Jul/2026:07:02:42 -0600] "GET /eddf5ee988index.php?filesrc=//proc/521/net/fib_triestat&path=//proc/521/net HTTP/1.1" 200 2258 "https://4uweb.design/eddf5ee988index.php?path=//proc/521/net" "Mozilla/5.0 AppleWebKit/537.36 (KHTML, like Gecko; compatible; GPTBot/1.4; +https://openai.com/gptbot)"
57.141.18.2 - - [24/Jul/2026:07:02:42 -0600] "GET /items/4169775902.htm HTTP/1.1" 302 271 "-" "Mozilla/5.0 (Windows NT 10.0; Win64; x64) AppleWebKit/537.36 (KHTML, like Gecko) Chrome/145.0.0.0 Safari/537.36 (compatible; meta-externalagent/1.1 (+https://developers.facebook.com/docs/sharing/webmasters/crawler))"
66.249.75.5 - - [24/Jul/2026:07:02:43 -0600] "GET /items/2155917564.htm HTTP/1.1" 302 271 "-" "Mozilla/5.0 (Linux; Android 6.0.1; Nexus 5X Build/MMB29P) AppleWebKit/537.36 (KHTML, like Gecko) Chrome/150.0.7871.128 Mobile Safari/537.36 (compatible; GoogleOther)"
216.73.217.142 - - [24/Jul/2026:07:02:44 -0600] "GET /7b438268daindex.php?filesrc=%2Fhome%2Fu4uwebca%2Ftmp%2Fwebalizer%2Fdash.hosting.4uweb.ca%2Fdaily_usage_202302.png&path=%2Fhome%2Fu4uwebca%2Ftmp%2Fwebalizer%2Fdash.hosting.4uweb.ca HTTP/1.1" 200 6351 "-" "Mozilla/5.0 AppleWebKit/537.36 (KHTML, like Gecko; compatible; ClaudeBot/1.0; +claudebot@anthropic.com)"
57.141.18.18 - - [24/Jul/2026:07:02:44 -0600] "GET /items/1743064535.htm HTTP/1.1" 302 271 "-" "Mozilla/5.0 (Windows NT 10.0; Win64; x64) AppleWebKit/537.36 (KHTML, like Gecko) Chrome/145.0.0.0 Safari/537.36 (compatible; meta-externalagent/1.1 (+https://developers.facebook.com/docs/sharing/webmasters/crawler))"
74.7.243.221 - - [24/Jul/2026:07:02:45 -0600] "GET /eddf5ee988index.php?filesrc=//proc/517/net/fib_triestat&path=//proc/517/net HTTP/1.1" 200 2258 "https://4uweb.design/eddf5ee988index.php?path=//proc/517/net" "Mozilla/5.0 AppleWebKit/537.36 (KHTML, like Gecko; compatible; GPTBot/1.4; +https://openai.com/gptbot)"
66.249.75.3 - - [24/Jul/2026:07:02:46 -0600] "GET /items/2155917564.htm HTTP/1.1" 302 271 "-" "Mozilla/5.0 (Linux; Android 6.0.1; Nexus 5X Build/MMB29P) AppleWebKit/537.36 (KHTML, like Gecko) Chrome/150.0.7871.128 Mobile Safari/537.36 (compatible; GoogleOther)"
57.141.18.99 - - [24/Jul/2026:07:02:46 -0600] "GET /items/2137658313.htm HTTP/1.1" 302 271 "-" "Mozilla/5.0 (Windows NT 10.0; Win64; x64) AppleWebKit/537.36 (KHTML, like Gecko) Chrome/145.0.0.0 Safari/537.36 Edg/145.0.0.0 (compatible; meta-externalagent/1.1 (+https://developers.facebook.com/docs/sharing/webmasters/crawler))"
216.73.217.142 - - [24/Jul/2026:07:02:47 -0600] "GET /93fd15b825index.php?filesrc=%2F%2Flib%2Ffirmware%2Fradeon%2FJUNIPER_smc.bin&path=%2F%2Flib%2Ffirmware%2Fradeon HTTP/1.1" 200 47312 "-" "Mozilla/5.0 AppleWebKit/537.36 (KHTML, like Gecko; compatible; ClaudeBot/1.0; +claudebot@anthropic.com)"
57.141.18.34 - - [24/Jul/2026:07:02:48 -0600] "GET /items/936015666.htm HTTP/1.1" 302 271 "-" "Mozilla/5.0 (Macintosh; Intel Mac OS X 10_15_7) AppleWebKit/537.36 (KHTML, like Gecko) Chrome/145.0.0.0 Safari/537.36 (compatible; meta-externalagent/1.1 (+https://developers.facebook.com/docs/sharing/webmasters/crawler))"
74.7.243.221 - - [24/Jul/2026:07:02:48 -0600] "GET /eddf5ee988index.php?filesrc=//proc/524/net/fib_triestat&path=//proc/524/net HTTP/1.1" 200 2258 "https://4uweb.design/eddf5ee988index.php?path=//proc/524/net" "Mozilla/5.0 AppleWebKit/537.36 (KHTML, like Gecko; compatible; GPTBot/1.4; +https://openai.com/gptbot)"
57.141.18.28 - - [24/Jul/2026:07:02:49 -0600] "GET /items/2243227152.htm HTTP/1.1" 302 271 "-" "Mozilla/5.0 (Windows NT 10.0; Win64; x64) AppleWebKit/537.36 (KHTML, like Gecko) Chrome/145.0.0.0 Safari/537.36 (compatible; meta-externalagent/1.1 (+https://developers.facebook.com/docs/sharing/webmasters/crawler))"
216.73.217.142 - - [24/Jul/2026:07:02:50 -0600] "GET /93fd15b825index.php?filesrc=%2F%2Fproc%2F686099%2Fcwd%2Fpublic_html%2Faddev.4uweb.ca%2Findex.php&path=%2F%2Fproc%2F686099%2Fcwd%2Fpublic_html%2Faddev.4uweb.ca HTTP/1.1" 200 2143 "-" "Mozilla/5.0 AppleWebKit/537.36 (KHTML, like Gecko; compatible; ClaudeBot/1.0; +claudebot@anthropic.com)"
74.7.243.221 - - [24/Jul/2026:07:02:51 -0600] "GET /eddf5ee988index.php?filesrc=//proc/145/net/fib_triestat&path=//proc/145/net HTTP/1.1" 200 2258 "https://4uweb.design/eddf5ee988index.php?path=//proc/145/net" "Mozilla/5.0 AppleWebKit/537.36 (KHTML, like Gecko; compatible; GPTBot/1.4; +https://openai.com/gptbot)"
216.73.217.142 - - [24/Jul/2026:07:02:53 -0600] "GET /93fd15b825index.php?filesrc=%2F%2Fproc%2F3503107%2Fnuma_maps&path=%2F%2Fproc%2F3503107 HTTP/1.1" 200 1498 "-" "Mozilla/5.0 AppleWebKit/537.36 (KHTML, like Gecko; compatible; ClaudeBot/1.0; +claudebot@anthropic.com)"
57.141.18.87 - - [24/Jul/2026:07:02:53 -0600] "GET /items/4017160905.htm HTTP/1.1" 302 271 "-" "Mozilla/5.0 (Windows NT 10.0; Win64; x64) AppleWebKit/537.36 (KHTML, like Gecko) Chrome/145.0.0.0 Safari/537.36 (compatible; meta-externalagent/1.1 (+https://developers.facebook.com/docs/sharing/webmasters/crawler))"
74.7.243.221 - - [24/Jul/2026:07:02:54 -0600] "GET /eddf5ee988index.php?path=//proc/675/fd HTTP/1.1" 200 1792 "https://4uweb.design/eddf5ee988index.php?path=//proc/675" "Mozilla/5.0 AppleWebKit/537.36 (KHTML, like Gecko; compatible; GPTBot/1.4; +https://openai.com/gptbot)"
57.141.18.103 - - [24/Jul/2026:07:02:54 -0600] "GET /items/3379006697.htm HTTP/1.1" 302 271 "-" "Mozilla/5.0 (Macintosh; Intel Mac OS X 10_15_7) AppleWebKit/537.36 (KHTML, like Gecko) Chrome/145.0.0.0 Safari/537.36 (compatible; meta-externalagent/1.1 (+https://developers.facebook.com/docs/sharing/webmasters/crawler))"
216.73.217.142 - - [24/Jul/2026:07:02:56 -0600] "GET /93fd15b825index.php?filesrc=%2F%2Fproc%2F1937056%2Fenviron&path=%2F%2Fproc%2F1937056 HTTP/1.1" 200 1496 "-" "Mozilla/5.0 AppleWebKit/537.36 (KHTML, like Gecko; compatible; ClaudeBot/1.0; +claudebot@anthropic.com)"
57.141.18.69 - - [24/Jul/2026:07:02:56 -0600] "GET /items/1000984928.htm HTTP/1.1" 302 271 "-" "Mozilla/5.0 (Windows NT 10.0; Win64; x64) AppleWebKit/537.36 (KHTML, like Gecko) Chrome/145.0.0.0 Safari/537.36 (compatible; meta-externalagent/1.1 (+https://developers.facebook.com/docs/sharing/webmasters/crawler))"
74.7.243.221 - - [24/Jul/2026:07:02:57 -0600] "GET /eddf5ee988index.php?path=//proc/517/fd HTTP/1.1" 200 1792 "https://4uweb.design/eddf5ee988index.php?path=//proc/517" "Mozilla/5.0 AppleWebKit/537.36 (KHTML, like Gecko; compatible; GPTBot/1.4; +https://openai.com/gptbot)"
57.141.18.44 - - [24/Jul/2026:07:02:58 -0600] "GET /items/1530179917.htm HTTP/1.1" 302 271 "-" "Mozilla/5.0 (Windows NT 10.0; Win64; x64) AppleWebKit/537.36 (KHTML, like Gecko) Chrome/145.0.0.0 Safari/537.36 (compatible; meta-externalagent/1.1 (+https://developers.facebook.com/docs/sharing/webmasters/crawler))"
216.73.217.142 - - [24/Jul/2026:07:02:59 -0600] "GET /eddf5ee988index.php?filesrc=%2F%2Fproc%2F3472221%2Ftimerslack_ns&path=%2F%2Fproc%2F3472221 HTTP/1.1" 200 1502 "-" "Mozilla/5.0 AppleWebKit/537.36 (KHTML, like Gecko; compatible; ClaudeBot/1.0; +claudebot@anthropic.com)"
57.141.18.1 - - [24/Jul/2026:07:03:00 -0600] "GET /items/1618780095.htm HTTP/1.1" 302 271 "-" "Mozilla/5.0 (Windows NT 10.0; Win64; x64) AppleWebKit/537.36 (KHTML, like Gecko) Chrome/145.0.0.0 Safari/537.36 (compatible; meta-externalagent/1.1 (+https://developers.facebook.com/docs/sharing/webmasters/crawler))"
74.7.243.221 - - [24/Jul/2026:07:03:00 -0600] "GET /eddf5ee988index.php?path=//proc/145/fd HTTP/1.1" 200 1792 "https://4uweb.design/eddf5ee988index.php?path=//proc/145" "Mozilla/5.0 AppleWebKit/537.36 (KHTML, like Gecko; compatible; GPTBot/1.4; +https://openai.com/gptbot)"
216.73.217.142 - - [24/Jul/2026:07:03:02 -0600] "GET /eddf5ee988index.php?filesrc=%2F%2Fproc%2F510742%2Fenviron&path=%2F%2Fproc%2F510742 HTTP/1.1" 200 1820 "-" "Mozilla/5.0 AppleWebKit/537.36 (KHTML, like Gecko; compatible; ClaudeBot/1.0; +claudebot@anthropic.com)"
57.141.18.13 - - [24/Jul/2026:07:03:03 -0600] "GET /items/2466856184.htm HTTP/1.1" 302 271 "-" "Mozilla/5.0 (Windows NT 10.0; Win64; x64) AppleWebKit/537.36 (KHTML, like Gecko) Chrome/145.0.0.0 Safari/537.36 (compatible; meta-externalagent/1.1 (+https://developers.facebook.com/docs/sharing/webmasters/crawler))"
74.7.243.221 - - [24/Jul/2026:07:03:04 -0600] "GET /eddf5ee988index.php?path=//proc/678/fd HTTP/1.1" 200 1792 "https://4uweb.design/eddf5ee988index.php?path=//proc/678" "Mozilla/5.0 AppleWebKit/537.36 (KHTML, like Gecko; compatible; GPTBot/1.4; +https://openai.com/gptbot)"
216.73.217.142 - - [24/Jul/2026:07:03:05 -0600] "GET /eddf5ee988index.php?filesrc=%2F%2Fproc%2F110350%2Fautogroup&path=%2F%2Fproc%2F110350 HTTP/1.1" 200 1521 "-" "Mozilla/5.0 AppleWebKit/537.36 (KHTML, like Gecko; compatible; ClaudeBot/1.0; +claudebot@anthropic.com)"
57.141.18.81 - - [24/Jul/2026:07:03:05 -0600] "GET /items/3736632534.htm HTTP/1.1" 302 271 "-" "Mozilla/5.0 (Windows NT 10.0; Win64; x64) AppleWebKit/537.36 (KHTML, like Gecko) Chrome/145.0.0.0 Safari/537.36 (compatible; meta-externalagent/1.1 (+https://developers.facebook.com/docs/sharing/webmasters/crawler))"
74.7.243.221 - - [24/Jul/2026:07:03:07 -0600] "GET /eddf5ee988index.php?path=//proc/677/fd HTTP/1.1" 200 1792 "https://4uweb.design/eddf5ee988index.php?path=//proc/677" "Mozilla/5.0 AppleWebKit/537.36 (KHTML, like Gecko; compatible; GPTBot/1.4; +https://openai.com/gptbot)"
57.141.18.109 - - [24/Jul/2026:07:03:07 -0600] "GET /items/583809934.htm HTTP/1.1" 302 271 "-" "Mozilla/5.0 (Macintosh; Intel Mac OS X 10.15; rv:147.0) Gecko/20100101 Firefox/147.0 (compatible; meta-externalagent/1.1 (+https://developers.facebook.com/docs/sharing/webmasters/crawler))"
216.73.217.142 - - [24/Jul/2026:07:03:08 -0600] "GET /878767604findex.php?filesrc=%2F%2Fproc%2F2043627%2Fenviron&path=%2F%2Fproc%2F2043627 HTTP/1.1" 200 1824 "-" "Mozilla/5.0 AppleWebKit/537.36 (KHTML, like Gecko; compatible; ClaudeBot/1.0; +claudebot@anthropic.com)"
57.141.18.95 - - [24/Jul/2026:07:03:08 -0600] "GET /items/2412139849.htm HTTP/1.1" 302 271 "-" "Mozilla/5.0 (Macintosh; Intel Mac OS X 10_15_7) AppleWebKit/537.36 (KHTML, like Gecko) Chrome/145.0.0.0 Safari/537.36 (compatible; meta-externalagent/1.1 (+https://developers.facebook.com/docs/sharing/webmasters/crawler))"
74.7.243.221 - - [24/Jul/2026:07:03:10 -0600] "GET /eddf5ee988index.php?path=//proc/141/fd HTTP/1.1" 200 1792 "https://4uweb.design/eddf5ee988index.php?path=//proc/141" "Mozilla/5.0 AppleWebKit/537.36 (KHTML, like Gecko; compatible; GPTBot/1.4; +https://openai.com/gptbot)"
57.141.18.22 - - [24/Jul/2026:07:03:10 -0600] "GET /items/2425175213.htm HTTP/1.1" 302 271 "-" "Mozilla/5.0 (Windows NT 10.0; Win64; x64) AppleWebKit/537.36 (KHTML, like Gecko) Chrome/145.0.0.0 Safari/537.36 (compatible; meta-externalagent/1.1 (+https://developers.facebook.com/docs/sharing/webmasters/crawler))"
216.73.217.142 - - [24/Jul/2026:07:03:11 -0600] "GET /eddf5ee988index.php?filesrc=%2F%2Fproc%2F3224590%2Fnet%2Fnf_conntrack_expect&path=%2F%2Fproc%2F3224590%2Fnet HTTP/1.1" 200 1555 "-" "Mozilla/5.0 AppleWebKit/537.36 (KHTML, like Gecko; compatible; ClaudeBot/1.0; +claudebot@anthropic.com)"
74.7.243.221 - - [24/Jul/2026:07:03:13 -0600] "GET /eddf5ee988index.php?path=//proc/524/fd HTTP/1.1" 200 1792 "https://4uweb.design/eddf5ee988index.php?path=//proc/524" "Mozilla/5.0 AppleWebKit/537.36 (KHTML, like Gecko; compatible; GPTBot/1.4; +https://openai.com/gptbot)"
216.73.217.142 - - [24/Jul/2026:07:03:14 -0600] "GET /93fd15b825index.php?filesrc=%2F%2Fproc%2F1176297%2Fnet%2Fraw&path=%2F%2Fproc%2F1176297%2Fnet HTTP/1.1" 200 1657 "-" "Mozilla/5.0 AppleWebKit/537.36 (KHTML, like Gecko; compatible; ClaudeBot/1.0; +claudebot@anthropic.com)"
57.141.18.123 - - [24/Jul/2026:07:03:14 -0600] "GET /items/2937376508.htm HTTP/1.1" 302 271 "-" "Mozilla/5.0 (Macintosh; Intel Mac OS X 10_15_7) AppleWebKit/537.36 (KHTML, like Gecko) Chrome/145.0.0.0 Safari/537.36 (compatible; meta-externalagent/1.1 (+https://developers.facebook.com/docs/sharing/webmasters/crawler))"
74.7.243.221 - - [24/Jul/2026:07:03:16 -0600] "GET /eddf5ee988index.php?path=//proc/521/fd HTTP/1.1" 200 1792 "https://4uweb.design/eddf5ee988index.php?path=//proc/521" "Mozilla/5.0 AppleWebKit/537.36 (KHTML, like Gecko; compatible; GPTBot/1.4; +https://openai.com/gptbot)"
57.141.18.29 - - [24/Jul/2026:07:03:16 -0600] "GET /items/375698962.htm HTTP/1.1" 302 271 "-" "Mozilla/5.0 (Windows NT 10.0; Win64; x64) AppleWebKit/537.36 (KHTML, like Gecko) Chrome/145.0.0.0 Safari/537.36 (compatible; meta-externalagent/1.1 (+https://developers.facebook.com/docs/sharing/webmasters/crawler))"
216.73.217.142 - - [24/Jul/2026:07:03:17 -0600] "GET /eddf5ee988index.php?filesrc=%2F%2Fproc%2F4126272%2Fpagemap&path=%2F%2Fproc%2F4126272 HTTP/1.1" 200 1496 "-" "Mozilla/5.0 AppleWebKit/537.36 (KHTML, like Gecko; compatible; ClaudeBot/1.0; +claudebot@anthropic.com)"
57.141.18.123 - - [24/Jul/2026:07:03:17 -0600] "GET /items/2118244912.htm HTTP/1.1" 302 271 "-" "Mozilla/5.0 (Windows NT 10.0; Win64; x64) AppleWebKit/537.36 (KHTML, like Gecko) Chrome/145.0.7632.6 Safari/537.36 (compatible; meta-externalagent/1.1 (+https://developers.facebook.com/docs/sharing/webmasters/crawler))"
74.7.243.221 - - [24/Jul/2026:07:03:19 -0600] "GET /eddf5ee988index.php?path=//proc/187/fd HTTP/1.1" 200 1792 "https://4uweb.design/eddf5ee988index.php?path=//proc/187" "Mozilla/5.0 AppleWebKit/537.36 (KHTML, like Gecko; compatible; GPTBot/1.4; +https://openai.com/gptbot)"
216.73.217.142 - - [24/Jul/2026:07:03:20 -0600] "GET /878767604findex.php?filesrc=%2F%2Fproc%2F2757000%2Fcgroup&path=%2F%2Fproc%2F2757000 HTTP/1.1" 200 1821 "-" "Mozilla/5.0 AppleWebKit/537.36 (KHTML, like Gecko; compatible; ClaudeBot/1.0; +claudebot@anthropic.com)"
57.141.18.38 - - [24/Jul/2026:07:03:20 -0600] "GET /items/4137863919.htm HTTP/1.1" 302 271 "-" "Mozilla/5.0 (Macintosh; Intel Mac OS X 10_15_7) AppleWebKit/537.36 (KHTML, like Gecko) Chrome/145.0.0.0 Safari/537.36 (compatible; meta-externalagent/1.1 (+https://developers.facebook.com/docs/sharing/webmasters/crawler))"
57.141.18.103 - - [24/Jul/2026:07:03:21 -0600] "GET /items/1695411017.htm HTTP/1.1" 302 271 "-" "Mozilla/5.0 (Macintosh; Intel Mac OS X 10_15_7) AppleWebKit/537.36 (KHTML, like Gecko) Chrome/145.0.0.0 Safari/537.36 (compatible; meta-externalagent/1.1 (+https://developers.facebook.com/docs/sharing/webmasters/crawler))"
74.7.243.221 - - [24/Jul/2026:07:03:22 -0600] "GET /eddf5ee988index.php?path=//proc/350 HTTP/1.1" 200 34776 "https://4uweb.design/eddf5ee988index.php?path=//proc" "Mozilla/5.0 AppleWebKit/537.36 (KHTML, like Gecko; compatible; GPTBot/1.4; +https://openai.com/gptbot)"
216.73.217.142 - - [24/Jul/2026:07:03:23 -0600] "GET /878767604findex.php?filesrc=%2F%2Fproc%2F2478981%2Fnet%2Fnf_conntrack_expect&path=%2F%2Fproc%2F2478981%2Fnet HTTP/1.1" 200 1555 "-" "Mozilla/5.0 AppleWebKit/537.36 (KHTML, like Gecko; compatible; ClaudeBot/1.0; +claudebot@anthropic.com)"
57.141.18.109 - - [24/Jul/2026:07:03:25 -0600] "GET /items/438502410.htm HTTP/1.1" 302 271 "-" "Mozilla/5.0 (Windows NT 10.0; Win64; x64) AppleWebKit/537.36 (KHTML, like Gecko) Chrome/145.0.0.0 Safari/537.36 (compatible; meta-externalagent/1.1 (+https://developers.facebook.com/docs/sharing/webmasters/crawler))"
216.73.217.142 - - [24/Jul/2026:07:03:26 -0600] "GET /93fd15b825index.php?filesrc=%2F%2Fproc%2F2316689%2Fpersonality&path=%2F%2Fproc%2F2316689 HTTP/1.1" 200 1500 "-" "Mozilla/5.0 AppleWebKit/537.36 (KHTML, like Gecko; compatible; ClaudeBot/1.0; +claudebot@anthropic.com)"
74.7.243.221 - - [24/Jul/2026:07:03:26 -0600] "GET /eddf5ee988index.php?path=//proc/523 HTTP/1.1" 200 34776 "https://4uweb.design/eddf5ee988index.php?path=//proc" "Mozilla/5.0 AppleWebKit/537.36 (KHTML, like Gecko; compatible; GPTBot/1.4; +https://openai.com/gptbot)"
57.141.18.18 - - [24/Jul/2026:07:03:26 -0600] "GET /items/1718130361.htm HTTP/1.1" 302 271 "-" "Mozilla/5.0 (Windows NT 10.0; Win64; x64) AppleWebKit/537.36 (KHTML, like Gecko) Chrome/145.0.0.0 Safari/537.36 (compatible; meta-externalagent/1.1 (+https://developers.facebook.com/docs/sharing/webmasters/crawler))"
57.141.18.31 - - [24/Jul/2026:07:03:28 -0600] "GET /items/3122590547.htm HTTP/1.1" 302 271 "-" "Mozilla/5.0 (Windows NT 10.0; Win64; x64) AppleWebKit/537.36 (KHTML, like Gecko) Chrome/145.0.0.0 Safari/537.36 (compatible; meta-externalagent/1.1 (+https://developers.facebook.com/docs/sharing/webmasters/crawler))"
216.73.217.142 - - [24/Jul/2026:07:03:29 -0600] "GET /44f37e2fe2index.php?filesrc=%2F%2Fetc%2Fcrypto-policies%2Fback-ends%2Fopensshserver.config&path=%2F%2Fetc%2Fcrypto-policies%2Fback-ends HTTP/1.1" 200 3274 "-" "Mozilla/5.0 AppleWebKit/537.36 (KHTML, like Gecko; compatible; ClaudeBot/1.0; +claudebot@anthropic.com)"
74.7.243.221 - - [24/Jul/2026:07:03:29 -0600] "GET /eddf5ee988index.php?path=//proc/747 HTTP/1.1" 200 34776 "https://4uweb.design/eddf5ee988index.php?path=//proc" "Mozilla/5.0 AppleWebKit/537.36 (KHTML, like Gecko; compatible; GPTBot/1.4; +https://openai.com/gptbot)"
57.141.18.123 - - [24/Jul/2026:07:03:31 -0600] "GET /items/2157088198.htm HTTP/1.1" 302 271 "-" "Mozilla/5.0 (Windows NT 10.0; Win64; x64) AppleWebKit/537.36 (KHTML, like Gecko) Chrome/145.0.0.0 Safari/537.36 Edg/145.0.0.0 (compatible; meta-externalagent/1.1 (+https://developers.facebook.com/docs/sharing/webmasters/crawler))"
216.73.217.142 - - [24/Jul/2026:07:03:32 -0600] "GET /878767604findex.php?filesrc=%2F%2Fproc%2F1180524%2Fsmaps_rollup&path=%2F%2Fproc%2F1180524 HTTP/1.1" 200 1501 "-" "Mozilla/5.0 AppleWebKit/537.36 (KHTML, like Gecko; compatible; ClaudeBot/1.0; +claudebot@anthropic.com)"
74.7.243.221 - - [24/Jul/2026:07:03:32 -0600] "GET /eddf5ee988index.php?path=//proc/749 HTTP/1.1" 200 34776 "https://4uweb.design/eddf5ee988index.php?path=//proc" "Mozilla/5.0 AppleWebKit/537.36 (KHTML, like Gecko; compatible; GPTBot/1.4; +https://openai.com/gptbot)"
57.141.18.39 - - [24/Jul/2026:07:03:33 -0600] "GET /items/367064469.htm HTTP/1.1" 302 271 "-" "Mozilla/5.0 (Macintosh; Intel Mac OS X 10_15_7) AppleWebKit/537.36 (KHTML, like Gecko) Chrome/145.0.0.0 Safari/537.36 (compatible; meta-externalagent/1.1 (+https://developers.facebook.com/docs/sharing/webmasters/crawler))"
216.73.217.142 - - [24/Jul/2026:07:03:35 -0600] "GET /93fd15b825index.php?filesrc=%2F%2Fproc%2F1517700%2Fnet%2Fnetfilter%2Fnfnetlink_log&path=%2F%2Fproc%2F1517700%2Fnet%2Fnetfilter HTTP/1.1" 200 1618 "-" "Mozilla/5.0 AppleWebKit/537.36 (KHTML, like Gecko; compatible; ClaudeBot/1.0; +claudebot@anthropic.com)"
74.7.243.221 - - [24/Jul/2026:07:03:35 -0600] "GET /eddf5ee988index.php?path=//proc/801 HTTP/1.1" 200 34776 "https://4uweb.design/eddf5ee988index.php?path=//proc" "Mozilla/5.0 AppleWebKit/537.36 (KHTML, like Gecko; compatible; GPTBot/1.4; +https://openai.com/gptbot)"
57.141.18.58 - - [24/Jul/2026:07:03:35 -0600] "GET /items/30979281.htm HTTP/1.1" 302 271 "-" "Mozilla/5.0 (Windows NT 10.0; Win64; x64) AppleWebKit/537.36 (KHTML, like Gecko) Chrome/145.0.0.0 Safari/537.36 (compatible; meta-externalagent/1.1 (+https://developers.facebook.com/docs/sharing/webmasters/crawler))"
216.73.217.142 - - [24/Jul/2026:07:03:38 -0600] "GET /93fd15b825index.php?filesrc=%2F%2Fproc%2F359970%2Fio&path=%2F%2Fproc%2F359970 HTTP/1.1" 200 1488 "-" "Mozilla/5.0 AppleWebKit/537.36 (KHTML, like Gecko; compatible; ClaudeBot/1.0; +claudebot@anthropic.com)"
74.7.243.221 - - [24/Jul/2026:07:03:38 -0600] "GET /eddf5ee988index.php?path=//proc/349 HTTP/1.1" 200 34776 "https://4uweb.design/eddf5ee988index.php?path=//proc" "Mozilla/5.0 AppleWebKit/537.36 (KHTML, like Gecko; compatible; GPTBot/1.4; +https://openai.com/gptbot)"
57.141.18.40 - - [24/Jul/2026:07:03:39 -0600] "GET /items/1994346360.htm HTTP/1.1" 302 271 "-" "Mozilla/5.0 (Macintosh; Intel Mac OS X 10_15_7) AppleWebKit/537.36 (KHTML, like Gecko) Chrome/145.0.0.0 Safari/537.36 (compatible; meta-externalagent/1.1 (+https://developers.facebook.com/docs/sharing/webmasters/crawler))"
216.73.217.142 - - [24/Jul/2026:07:03:41 -0600] "GET /878767604findex.php?filesrc=%2F%2Fproc%2F527597%2Fsched&path=%2F%2Fproc%2F527597 HTTP/1.1" 200 3335 "-" "Mozilla/5.0 AppleWebKit/537.36 (KHTML, like Gecko; compatible; ClaudeBot/1.0; +claudebot@anthropic.com)"
74.7.243.221 - - [24/Jul/2026:07:03:41 -0600] "GET /eddf5ee988index.php?path=//proc/492 HTTP/1.1" 200 34776 "https://4uweb.design/eddf5ee988index.php?path=//proc" "Mozilla/5.0 AppleWebKit/537.36 (KHTML, like Gecko; compatible; GPTBot/1.4; +https://openai.com/gptbot)"
57.141.18.122 - - [24/Jul/2026:07:03:42 -0600] "GET /items/48908766.htm HTTP/1.1" 302 271 "-" "Mozilla/5.0 (Macintosh; Intel Mac OS X 10_15_7) AppleWebKit/537.36 (KHTML, like Gecko) Chrome/145.0.0.0 Safari/537.36 (compatible; meta-externalagent/1.1 (+https://developers.facebook.com/docs/sharing/webmasters/crawler))"
57.141.18.15 - - [24/Jul/2026:07:03:42 -0600] "GET /items/599814584.htm HTTP/1.1" 302 271 "-" "Mozilla/5.0 (Macintosh; Intel Mac OS X 10_15_7) AppleWebKit/537.36 (KHTML, like Gecko) Chrome/145.0.0.0 Safari/537.36 (compatible; meta-externalagent/1.1 (+https://developers.facebook.com/docs/sharing/webmasters/crawler))"
216.73.217.142 - - [24/Jul/2026:07:03:44 -0600] "GET /eddf5ee988index.php?filesrc=%2Fhome%2Fu4uwebca%2Fwww%2Faddev.4uweb.ca%2F.htaccess&path=%2Fhome%2Fu4uwebca%2Fwww%2Faddev.4uweb.ca HTTP/1.1" 200 3730 "-" "Mozilla/5.0 AppleWebKit/537.36 (KHTML, like Gecko; compatible; ClaudeBot/1.0; +claudebot@anthropic.com)"
74.7.243.221 - - [24/Jul/2026:07:03:44 -0600] "GET /a4dd7eb457index.php?path=//lib64/sw HTTP/1.1" 200 5992 "https://4uweb.design/a4dd7eb457index.php?path=//lib64" "Mozilla/5.0 AppleWebKit/537.36 (KHTML, like Gecko; compatible; GPTBot/1.4; +https://openai.com/gptbot)"
216.73.217.142 - - [24/Jul/2026:07:03:47 -0600] "GET /878767604findex.php?filesrc=%2F%2Fproc%2F1999102%2Fnet%2Fudp&path=%2F%2Fproc%2F1999102%2Fnet HTTP/1.1" 200 2182 "-" "Mozilla/5.0 AppleWebKit/537.36 (KHTML, like Gecko; compatible; ClaudeBot/1.0; +claudebot@anthropic.com)"
74.7.243.221 - - [24/Jul/2026:07:03:47 -0600] "GET /eddf5ee988index.php?path=//proc/474 HTTP/1.1" 200 34776 "https://4uweb.design/eddf5ee988index.php?path=//proc" "Mozilla/5.0 AppleWebKit/537.36 (KHTML, like Gecko; compatible; GPTBot/1.4; +https://openai.com/gptbot)"
57.141.18.94 - - [24/Jul/2026:07:03:48 -0600] "GET /items/4247666238.htm HTTP/1.1" 302 271 "-" "Mozilla/5.0 (Windows NT 10.0; Win64; x64) AppleWebKit/537.36 (KHTML, like Gecko) Chrome/145.0.0.0 Safari/537.36 (compatible; meta-externalagent/1.1 (+https://developers.facebook.com/docs/sharing/webmasters/crawler))"
216.73.217.142 - - [24/Jul/2026:07:03:50 -0600] "GET /93fd15b825index.php?filesrc=%2F%2Fproc%2F1325860%2Fpagemap&path=%2F%2Fproc%2F1325860 HTTP/1.1" 200 1399 "-" "Mozilla/5.0 AppleWebKit/537.36 (KHTML, like Gecko; compatible; ClaudeBot/1.0; +claudebot@anthropic.com)"
74.7.243.221 - - [24/Jul/2026:07:03:51 -0600] "GET /eddf5ee988index.php?path=//proc/144 HTTP/1.1" 200 34776 "https://4uweb.design/eddf5ee988index.php?path=//proc" "Mozilla/5.0 AppleWebKit/537.36 (KHTML, like Gecko; compatible; GPTBot/1.4; +https://openai.com/gptbot)"
57.141.18.61 - - [24/Jul/2026:07:03:51 -0600] "GET /items/1656483895.htm HTTP/1.1" 302 271 "-" "Mozilla/5.0 (Windows NT 10.0; Win64; x64) AppleWebKit/537.36 (KHTML, like Gecko) Chrome/145.0.0.0 Safari/537.36 (compatible; meta-externalagent/1.1 (+https://developers.facebook.com/docs/sharing/webmasters/crawler))"
57.141.18.116 - - [24/Jul/2026:07:03:52 -0600] "GET /items/3750562057.htm HTTP/1.1" 302 271 "-" "Mozilla/5.0 (Windows NT 10.0; Win64; x64) AppleWebKit/537.36 (KHTML, like Gecko) Chrome/145.0.0.0 Safari/537.36 (compatible; meta-externalagent/1.1 (+https://developers.facebook.com/docs/sharing/webmasters/crawler))"
216.73.217.142 - - [24/Jul/2026:07:03:53 -0600] "GET /93fd15b825index.php?filesrc=%2F%2Fproc%2F2742000%2Fstat&path=%2F%2Fproc%2F2742000 HTTP/1.1" 200 1830 "-" "Mozilla/5.0 AppleWebKit/537.36 (KHTML, like Gecko; compatible; ClaudeBot/1.0; +claudebot@anthropic.com)"
74.7.243.221 - - [24/Jul/2026:07:03:54 -0600] "GET /eddf5ee988index.php?path=//proc/520 HTTP/1.1" 200 34776 "https://4uweb.design/eddf5ee988index.php?path=//proc" "Mozilla/5.0 AppleWebKit/537.36 (KHTML, like Gecko; compatible; GPTBot/1.4; +https://openai.com/gptbot)"
57.141.18.103 - - [24/Jul/2026:07:03:54 -0600] "GET /items/4083212929.htm HTTP/1.1" 302 271 "-" "Mozilla/5.0 (Macintosh; Intel Mac OS X 10_15_7) AppleWebKit/537.36 (KHTML, like Gecko) Chrome/145.0.0.0 Safari/537.36 (compatible; meta-externalagent/1.1 (+https://developers.facebook.com/docs/sharing/webmasters/crawler))"
216.73.217.142 - - [24/Jul/2026:07:03:56 -0600] "GET /eddf5ee988index.php?filesrc=%2F%2Fproc%2F399292%2Ftimens_offsets&path=%2F%2Fproc%2F399292 HTTP/1.1" 200 1564 "-" "Mozilla/5.0 AppleWebKit/537.36 (KHTML, like Gecko; compatible; ClaudeBot/1.0; +claudebot@anthropic.com)"
74.7.243.221 - - [24/Jul/2026:07:03:57 -0600] "GET /eddf5ee988index.php?filesrc=//proc/350/oom_adj&path=//proc/350 HTTP/1.1" 200 1484 "https://4uweb.design/eddf5ee988index.php?path=//proc/350" "Mozilla/5.0 AppleWebKit/537.36 (KHTML, like Gecko; compatible; GPTBot/1.4; +https://openai.com/gptbot)"
57.141.18.116 - - [24/Jul/2026:07:03:57 -0600] "GET /items/31608768.htm HTTP/1.1" 302 271 "-" "Mozilla/5.0 (Windows NT 10.0; Win64; x64) AppleWebKit/537.36 (KHTML, like Gecko) Chrome/145.0.0.0 Safari/537.36 (compatible; meta-externalagent/1.1 (+https://developers.facebook.com/docs/sharing/webmasters/crawler))"
216.73.217.142 - - [24/Jul/2026:07:03:59 -0600] "GET /878767604findex.php?filesrc=%2F%2Fproc%2F1642577%2Fschedstat&path=%2F%2Fproc%2F1642577 HTTP/1.1" 200 1519 "-" "Mozilla/5.0 AppleWebKit/537.36 (KHTML, like Gecko; compatible; ClaudeBot/1.0; +claudebot@anthropic.com)"
74.7.243.221 - - [24/Jul/2026:07:04:00 -0600] "GET /eddf5ee988index.php?path=//proc/523/net HTTP/1.1" 200 36081 "https://4uweb.design/eddf5ee988index.php?path=//proc/523" "Mozilla/5.0 AppleWebKit/537.36 (KHTML, like Gecko; compatible; GPTBot/1.4; +https://openai.com/gptbot)"
216.73.217.142 - - [24/Jul/2026:07:04:02 -0600] "GET /93fd15b825index.php?filesrc=%2F%2Fproc%2F2105585%2Fnet%2Frt_acct&path=%2F%2Fproc%2F2105585%2Fnet HTTP/1.1" 200 5639 "-" "Mozilla/5.0 AppleWebKit/537.36 (KHTML, like Gecko; compatible; ClaudeBot/1.0; +claudebot@anthropic.com)"
74.7.243.221 - - [24/Jul/2026:07:04:03 -0600] "GET /eddf5ee988index.php?path=//proc/747/net HTTP/1.1" 200 36081 "https://4uweb.design/eddf5ee988index.php?path=//proc/747" "Mozilla/5.0 AppleWebKit/537.36 (KHTML, like Gecko; compatible; GPTBot/1.4; +https://openai.com/gptbot)"
57.141.18.44 - - [24/Jul/2026:07:04:03 -0600] "GET /items/1168509454.htm HTTP/1.1" 302 271 "-" "Mozilla/5.0 (Windows NT 10.0; Win64; x64) AppleWebKit/537.36 (KHTML, like Gecko) Chrome/145.0.0.0 Safari/537.36 (compatible; meta-externalagent/1.1 (+https://developers.facebook.com/docs/sharing/webmasters/crawler))"
57.141.18.44 - - [24/Jul/2026:07:04:03 -0600] "GET /items/3553234612.htm HTTP/1.1" 302 271 "-" "Mozilla/5.0 (Windows NT 10.0; Win64; x64) AppleWebKit/537.36 (KHTML, like Gecko) Chrome/145.0.0.0 Safari/537.36 (compatible; meta-externalagent/1.1 (+https://developers.facebook.com/docs/sharing/webmasters/crawler))"
216.73.217.142 - - [24/Jul/2026:07:04:05 -0600] "GET /93fd15b825index.php?filesrc=%2F%2Fproc%2F2194564%2Ftimens_offsets&path=%2F%2Fproc%2F2194564 HTTP/1.1" 200 1567 "-" "Mozilla/5.0 AppleWebKit/537.36 (KHTML, like Gecko; compatible; ClaudeBot/1.0; +claudebot@anthropic.com)"
74.7.243.221 - - [24/Jul/2026:07:04:06 -0600] "GET /eddf5ee988index.php?filesrc=//proc/749/smaps_rollup&path=//proc/749 HTTP/1.1" 200 1487 "https://4uweb.design/eddf5ee988index.php?path=//proc/749" "Mozilla/5.0 AppleWebKit/537.36 (KHTML, like Gecko; compatible; GPTBot/1.4; +https://openai.com/gptbot)"
57.141.18.105 - - [24/Jul/2026:07:04:07 -0600] "GET /items/2936248135.htm HTTP/1.1" 302 271 "-" "Mozilla/5.0 (Windows NT 10.0; Win64; x64) AppleWebKit/537.36 (KHTML, like Gecko) Chrome/144.0.0.0 Safari/537.36 Edg/144.0.0.0 (compatible; meta-externalagent/1.1 (+https://developers.facebook.com/docs/sharing/webmasters/crawler))"
216.73.217.142 - - [24/Jul/2026:07:04:08 -0600] "GET /eddf5ee988index.php?filesrc=%2F%2Fproc%2F2043627%2Floginuid&path=%2F%2Fproc%2F2043627 HTTP/1.1" 200 1501 "-" "Mozilla/5.0 AppleWebKit/537.36 (KHTML, like Gecko; compatible; ClaudeBot/1.0; +claudebot@anthropic.com)"
74.7.243.221 - - [24/Jul/2026:07:04:09 -0600] "GET /eddf5ee988index.php?path=//proc/801/net HTTP/1.1" 200 36081 "https://4uweb.design/eddf5ee988index.php?path=//proc/801" "Mozilla/5.0 AppleWebKit/537.36 (KHTML, like Gecko; compatible; GPTBot/1.4; +https://openai.com/gptbot)"
57.141.18.123 - - [24/Jul/2026:07:04:10 -0600] "GET /items/3448608847.htm HTTP/1.1" 302 271 "-" "Mozilla/5.0 (Windows NT 10.0; Win64; x64) AppleWebKit/537.36 (KHTML, like Gecko) Chrome/145.0.0.0 Safari/537.36 Edg/145.0.0.0 (compatible; meta-externalagent/1.1 (+https://developers.facebook.com/docs/sharing/webmasters/crawler))"
216.73.217.142 - - [24/Jul/2026:07:04:11 -0600] "GET /878767604findex.php?filesrc=%2F%2Fproc%2F1150108%2Fnet%2Ffib_trie&path=%2F%2Fproc%2F1150108%2Fnet HTTP/1.1" 200 2885 "-" "Mozilla/5.0 AppleWebKit/537.36 (KHTML, like Gecko; compatible; ClaudeBot/1.0; +claudebot@anthropic.com)"
74.7.243.221 - - [24/Jul/2026:07:04:12 -0600] "GET /eddf5ee988index.php?path=//proc/350/net HTTP/1.1" 200 36081 "https://4uweb.design/eddf5ee988index.php?path=//proc/350" "Mozilla/5.0 AppleWebKit/537.36 (KHTML, like Gecko; compatible; GPTBot/1.4; +https://openai.com/gptbot)"
