57.141.18.112 - - [24/Jul/2026:07:04:13 -0600] "GET /items/4009162176.htm HTTP/1.1" 302 271 "-" "Mozilla/5.0 (X11; Linux x86_64) AppleWebKit/537.36 (KHTML, like Gecko) Chrome/145.0.0.0 Safari/537.36 (compatible; meta-externalagent/1.1 (+https://developers.facebook.com/docs/sharing/webmasters/crawler))"
216.73.217.142 - - [24/Jul/2026:07:04:14 -0600] "GET /eddf5ee988index.php?filesrc=%2Fhome%2Fu4uwebca%2Fpublic_html%2F4uweb.design%2Fmedia%2Fsystem%2Fjs%2Fdraggable.min.js&path=%2Fhome%2Fu4uwebca%2Fpublic_html%2F4uweb.design%2Fmedia%2Fsystem%2Fjs HTTP/1.1" 200 4806 "-" "Mozilla/5.0 AppleWebKit/537.36 (KHTML, like Gecko; compatible; ClaudeBot/1.0; +claudebot@anthropic.com)"
74.7.243.221 - - [24/Jul/2026:07:04:16 -0600] "GET /eddf5ee988index.php?path=//proc/492/net HTTP/1.1" 200 36081 "https://4uweb.design/eddf5ee988index.php?path=//proc/492" "Mozilla/5.0 AppleWebKit/537.36 (KHTML, like Gecko; compatible; GPTBot/1.4; +https://openai.com/gptbot)"
57.141.18.29 - - [24/Jul/2026:07:04:16 -0600] "GET /items/3128633970.htm HTTP/1.1" 302 271 "-" "Mozilla/5.0 (Windows NT 10.0; Win64; x64) AppleWebKit/537.36 (KHTML, like Gecko) Chrome/145.0.0.0 Safari/537.36 (compatible; meta-externalagent/1.1 (+https://developers.facebook.com/docs/sharing/webmasters/crawler))"
216.73.217.142 - - [24/Jul/2026:07:04:17 -0600] "GET /eddf5ee988index.php?filesrc=%2F%2Fproc%2F2494417%2Fnet%2Fip_mr_vif&path=%2F%2Fproc%2F2494417%2Fnet HTTP/1.1" 200 1616 "-" "Mozilla/5.0 AppleWebKit/537.36 (KHTML, like Gecko; compatible; ClaudeBot/1.0; +claudebot@anthropic.com)"
74.7.243.221 - - [24/Jul/2026:07:04:19 -0600] "GET /eddf5ee988index.php?path=//proc/749/net HTTP/1.1" 200 36081 "https://4uweb.design/eddf5ee988index.php?path=//proc/749" "Mozilla/5.0 AppleWebKit/537.36 (KHTML, like Gecko; compatible; GPTBot/1.4; +https://openai.com/gptbot)"
216.73.217.142 - - [24/Jul/2026:07:04:20 -0600] "GET /eddf5ee988index.php?filesrc=%2F%2Fproc%2F1581523%2Fnet%2Fudp6&path=%2F%2Fproc%2F1581523%2Fnet HTTP/1.1" 200 2213 "-" "Mozilla/5.0 AppleWebKit/537.36 (KHTML, like Gecko; compatible; ClaudeBot/1.0; +claudebot@anthropic.com)"
57.141.18.3 - - [24/Jul/2026:07:04:22 -0600] "GET /items/1210612205.htm HTTP/1.1" 302 271 "-" "Mozilla/5.0 (Macintosh; Intel Mac OS X 10_15_7) AppleWebKit/537.36 (KHTML, like Gecko) Chrome/145.0.0.0 Safari/537.36 (compatible; meta-externalagent/1.1 (+https://developers.facebook.com/docs/sharing/webmasters/crawler))"
74.7.243.221 - - [24/Jul/2026:07:04:22 -0600] "GET /eddf5ee988index.php?path=//proc/474/net HTTP/1.1" 200 36081 "https://4uweb.design/eddf5ee988index.php?path=//proc/474" "Mozilla/5.0 AppleWebKit/537.36 (KHTML, like Gecko; compatible; GPTBot/1.4; +https://openai.com/gptbot)"
216.73.217.142 - - [24/Jul/2026:07:04:23 -0600] "GET /93fd15b825index.php?filesrc=%2F%2Fproc%2F399242%2Fsmaps&path=%2F%2Fproc%2F399242 HTTP/1.1" 200 1491 "-" "Mozilla/5.0 AppleWebKit/537.36 (KHTML, like Gecko; compatible; ClaudeBot/1.0; +claudebot@anthropic.com)"
74.7.243.221 - - [24/Jul/2026:07:04:25 -0600] "GET /eddf5ee988index.php?path=//proc/144/fdinfo HTTP/1.1" 200 1800 "https://4uweb.design/eddf5ee988index.php?path=//proc/144" "Mozilla/5.0 AppleWebKit/537.36 (KHTML, like Gecko; compatible; GPTBot/1.4; +https://openai.com/gptbot)"
216.73.217.142 - - [24/Jul/2026:07:04:26 -0600] "GET /878767604findex.php?filesrc=%2F%2Fproc%2F1325861%2Fcpuset&path=%2F%2Fproc%2F1325861 HTTP/1.1" 200 1497 "-" "Mozilla/5.0 AppleWebKit/537.36 (KHTML, like Gecko; compatible; ClaudeBot/1.0; +claudebot@anthropic.com)"
57.141.18.103 - - [24/Jul/2026:07:04:26 -0600] "GET /items/3535395418.htm HTTP/1.1" 302 271 "-" "Mozilla/5.0 (Windows NT 10.0; Win64; x64) AppleWebKit/537.36 (KHTML, like Gecko) Chrome/145.0.0.0 Safari/537.36 (compatible; meta-externalagent/1.1 (+https://developers.facebook.com/docs/sharing/webmasters/crawler))"
57.141.18.95 - - [24/Jul/2026:07:04:26 -0600] "GET /items/1772486872.htm HTTP/1.1" 302 271 "-" "Mozilla/5.0 (Macintosh; Intel Mac OS X 10_15_7) AppleWebKit/537.36 (KHTML, like Gecko) Chrome/145.0.0.0 Safari/537.36 (compatible; meta-externalagent/1.1 (+https://developers.facebook.com/docs/sharing/webmasters/crawler))"
74.7.243.221 - - [24/Jul/2026:07:04:28 -0600] "GET /eddf5ee988index.php?path=//proc/520/net HTTP/1.1" 200 36081 "https://4uweb.design/eddf5ee988index.php?path=//proc/520" "Mozilla/5.0 AppleWebKit/537.36 (KHTML, like Gecko; compatible; GPTBot/1.4; +https://openai.com/gptbot)"
216.73.217.142 - - [24/Jul/2026:07:04:29 -0600] "GET /93fd15b825index.php?filesrc=%2F%2Fproc%2F2692169%2Fstatm&path=%2F%2Fproc%2F2692169 HTTP/1.1" 200 1516 "-" "Mozilla/5.0 AppleWebKit/537.36 (KHTML, like Gecko; compatible; ClaudeBot/1.0; +claudebot@anthropic.com)"
57.141.18.83 - - [24/Jul/2026:07:04:30 -0600] "GET /items/6532826.htm HTTP/1.1" 302 271 "-" "Mozilla/5.0 (Macintosh; Intel Mac OS X 10_15_7) AppleWebKit/537.36 (KHTML, like Gecko) Chrome/145.0.0.0 Safari/537.36 (compatible; meta-externalagent/1.1 (+https://developers.facebook.com/docs/sharing/webmasters/crawler))"
74.7.243.221 - - [24/Jul/2026:07:04:31 -0600] "GET /eddf5ee988index.php?path=//proc/144/net HTTP/1.1" 200 36081 "https://4uweb.design/eddf5ee988index.php?path=//proc/144" "Mozilla/5.0 AppleWebKit/537.36 (KHTML, like Gecko; compatible; GPTBot/1.4; +https://openai.com/gptbot)"
216.73.217.142 - - [24/Jul/2026:07:04:32 -0600] "GET /878767604findex.php?filesrc=%2F%2Fproc%2F965717%2Ftimerslack_ns&path=%2F%2Fproc%2F965717 HTTP/1.1" 200 1499 "-" "Mozilla/5.0 AppleWebKit/537.36 (KHTML, like Gecko; compatible; ClaudeBot/1.0; +claudebot@anthropic.com)"
57.141.18.117 - - [24/Jul/2026:07:04:33 -0600] "GET /items/3458404089.htm HTTP/1.1" 302 271 "-" "Mozilla/5.0 (Windows NT 10.0; Win64; x64) AppleWebKit/537.36 (KHTML, like Gecko) Chrome/145.0.0.0 Safari/537.36 (compatible; meta-externalagent/1.1 (+https://developers.facebook.com/docs/sharing/webmasters/crawler))"
74.7.243.221 - - [24/Jul/2026:07:04:35 -0600] "GET /eddf5ee988index.php?filesrc=//proc/523/net/tcp&path=//proc/523/net HTTP/1.1" 200 69174 "https://4uweb.design/eddf5ee988index.php?path=//proc/523/net" "Mozilla/5.0 AppleWebKit/537.36 (KHTML, like Gecko; compatible; GPTBot/1.4; +https://openai.com/gptbot)"
216.73.217.142 - - [24/Jul/2026:07:04:35 -0600] "GET /eddf5ee988index.php?filesrc=%2F%2Flib%2Fgrub%2Fi386-pc%2Fdrivemap.mod&path=%2F%2Flib%2Fgrub%2Fi386-pc HTTP/1.1" 200 9677 "-" "Mozilla/5.0 AppleWebKit/537.36 (KHTML, like Gecko; compatible; ClaudeBot/1.0; +claudebot@anthropic.com)"
57.141.18.40 - - [24/Jul/2026:07:04:36 -0600] "GET /items/1407483247.htm HTTP/1.1" 302 271 "-" "Mozilla/5.0 (Macintosh; Intel Mac OS X 10_15_7) AppleWebKit/537.36 (KHTML, like Gecko) Chrome/145.0.0.0 Safari/537.36 (compatible; meta-externalagent/1.1 (+https://developers.facebook.com/docs/sharing/webmasters/crawler))"
216.73.217.142 - - [24/Jul/2026:07:04:38 -0600] "GET /eddf5ee988index.php?filesrc=%2Fhome%2Fu4uwebca%2Fpublic_html%2F4uweb.design%2Fmedia%2Fcom_templates%2Fjs%2Fadmin-template-toggle-switch-es5.js&path=%2Fhome%2Fu4uwebca%2Fpublic_html%2F4uweb.design%2Fmedia%2Fcom_templates%2Fjs HTTP/1.1" 200 5917 "-" "Mozilla/5.0 AppleWebKit/537.36 (KHTML, like Gecko; compatible; ClaudeBot/1.0; +claudebot@anthropic.com)"
74.7.243.221 - - [24/Jul/2026:07:04:38 -0600] "GET /eddf5ee988index.php?filesrc=//proc/747/net/udp&path=//proc/747/net HTTP/1.1" 200 2164 "https://4uweb.design/eddf5ee988index.php?path=//proc/747/net" "Mozilla/5.0 AppleWebKit/537.36 (KHTML, like Gecko; compatible; GPTBot/1.4; +https://openai.com/gptbot)"
57.141.18.115 - - [24/Jul/2026:07:04:40 -0600] "GET /items/458627020.htm HTTP/1.1" 302 271 "-" "Mozilla/5.0 (Windows NT 10.0; Win64; x64) AppleWebKit/537.36 (KHTML, like Gecko) Chrome/145.0.0.0 Safari/537.36 (compatible; meta-externalagent/1.1 (+https://developers.facebook.com/docs/sharing/webmasters/crawler))"
216.73.217.142 - - [24/Jul/2026:07:04:41 -0600] "GET /878767604findex.php?filesrc=%2F%2Fproc%2F2563404%2Fnet%2Figmp6&path=%2F%2Fproc%2F2563404%2Fnet HTTP/1.1" 200 1967 "-" "Mozilla/5.0 AppleWebKit/537.36 (KHTML, like Gecko; compatible; ClaudeBot/1.0; +claudebot@anthropic.com)"
74.7.243.221 - - [24/Jul/2026:07:04:41 -0600] "GET /eddf5ee988index.php?filesrc=//proc/747/net/icmp&path=//proc/747/net HTTP/1.1" 200 1653 "https://4uweb.design/eddf5ee988index.php?path=//proc/747/net" "Mozilla/5.0 AppleWebKit/537.36 (KHTML, like Gecko; compatible; GPTBot/1.4; +https://openai.com/gptbot)"
216.73.217.142 - - [24/Jul/2026:07:04:44 -0600] "GET /eddf5ee988index.php?filesrc=%2F%2Fproc%2F3813785%2Fnet%2Frt6_stats&path=%2F%2Fproc%2F3813785%2Fnet HTTP/1.1" 200 1580 "-" "Mozilla/5.0 AppleWebKit/537.36 (KHTML, like Gecko; compatible; ClaudeBot/1.0; +claudebot@anthropic.com)"
74.7.243.221 - - [24/Jul/2026:07:04:44 -0600] "GET /eddf5ee988index.php?filesrc=//proc/801/net/udplite&path=//proc/801/net HTTP/1.1" 200 1656 "https://4uweb.design/eddf5ee988index.php?path=//proc/801/net" "Mozilla/5.0 AppleWebKit/537.36 (KHTML, like Gecko; compatible; GPTBot/1.4; +https://openai.com/gptbot)"
216.73.217.142 - - [24/Jul/2026:07:04:47 -0600] "GET /eddf5ee988index.php?filesrc=%2F%2Fproc%2F1059794%2Floginuid&path=%2F%2Fproc%2F1059794 HTTP/1.1" 200 1501 "-" "Mozilla/5.0 AppleWebKit/537.36 (KHTML, like Gecko; compatible; ClaudeBot/1.0; +claudebot@anthropic.com)"
57.141.18.21 - - [24/Jul/2026:07:04:47 -0600] "GET /items/1359662770.htm HTTP/1.1" 302 271 "-" "Mozilla/5.0 (Windows NT 10.0; Win64; x64) AppleWebKit/537.36 (KHTML, like Gecko) Chrome/145.0.0.0 Safari/537.36 (compatible; meta-externalagent/1.1 (+https://developers.facebook.com/docs/sharing/webmasters/crawler))"
74.7.243.221 - - [24/Jul/2026:07:04:47 -0600] "GET /eddf5ee988index.php?filesrc=//proc/350/net/if_inet6&path=//proc/350/net HTTP/1.1" 200 1688 "https://4uweb.design/eddf5ee988index.php?path=//proc/350/net" "Mozilla/5.0 AppleWebKit/537.36 (KHTML, like Gecko; compatible; GPTBot/1.4; +https://openai.com/gptbot)"
216.73.217.142 - - [24/Jul/2026:07:04:50 -0600] "GET /93fd15b825index.php?filesrc=%2F%2Fproc%2F3269795%2Fpagemap&path=%2F%2Fproc%2F3269795 HTTP/1.1" 200 1399 "-" "Mozilla/5.0 AppleWebKit/537.36 (KHTML, like Gecko; compatible; ClaudeBot/1.0; +claudebot@anthropic.com)"
74.7.243.221 - - [24/Jul/2026:07:04:50 -0600] "GET /eddf5ee988index.php?filesrc=//proc/350/net/udplite&path=//proc/350/net HTTP/1.1" 200 1656 "https://4uweb.design/eddf5ee988index.php?path=//proc/350/net" "Mozilla/5.0 AppleWebKit/537.36 (KHTML, like Gecko; compatible; GPTBot/1.4; +https://openai.com/gptbot)"
57.141.18.27 - - [24/Jul/2026:07:04:51 -0600] "GET /items/3722232684.htm HTTP/1.1" 302 271 "-" "Mozilla/5.0 (X11; Linux x86_64) AppleWebKit/537.36 (KHTML, like Gecko) Chrome/145.0.0.0 Safari/537.36 (compatible; meta-externalagent/1.1 (+https://developers.facebook.com/docs/sharing/webmasters/crawler))"
216.73.217.142 - - [24/Jul/2026:07:04:53 -0600] "GET /93fd15b825index.php?filesrc=%2F%2Fproc%2F290117%2Fnet%2Ficmp6&path=%2F%2Fproc%2F290117%2Fnet HTTP/1.1" 200 1703 "-" "Mozilla/5.0 AppleWebKit/537.36 (KHTML, like Gecko; compatible; ClaudeBot/1.0; +claudebot@anthropic.com)"
74.7.243.221 - - [24/Jul/2026:07:04:53 -0600] "GET /eddf5ee988index.php?filesrc=//proc/747/net/netstat&path=//proc/747/net HTTP/1.1" 200 4918 "https://4uweb.design/eddf5ee988index.php?path=//proc/747/net" "Mozilla/5.0 AppleWebKit/537.36 (KHTML, like Gecko; compatible; GPTBot/1.4; +https://openai.com/gptbot)"
57.141.18.70 - - [24/Jul/2026:07:04:55 -0600] "GET /items/3295012209.htm HTTP/1.1" 302 271 "-" "Mozilla/5.0 (Windows NT 10.0; Win64; x64) AppleWebKit/537.36 (KHTML, like Gecko) Chrome/145.0.0.0 Safari/537.36 (compatible; meta-externalagent/1.1 (+https://developers.facebook.com/docs/sharing/webmasters/crawler))"
216.73.217.142 - - [24/Jul/2026:07:04:56 -0600] "GET /eddf5ee988index.php?filesrc=%2F%2Flib%2Fgrub%2Fi386-pc%2Fdiv_test.mod&path=%2F%2Flib%2Fgrub%2Fi386-pc HTTP/1.1" 200 12133 "-" "Mozilla/5.0 AppleWebKit/537.36 (KHTML, like Gecko; compatible; ClaudeBot/1.0; +claudebot@anthropic.com)"
74.7.243.221 - - [24/Jul/2026:07:04:57 -0600] "GET /eddf5ee988index.php?filesrc=//proc/474/net/netstat&path=//proc/474/net HTTP/1.1" 200 4918 "https://4uweb.design/eddf5ee988index.php?path=//proc/474/net" "Mozilla/5.0 AppleWebKit/537.36 (KHTML, like Gecko; compatible; GPTBot/1.4; +https://openai.com/gptbot)"
216.73.217.142 - - [24/Jul/2026:07:04:59 -0600] "GET /eddf5ee988index.php?filesrc=%2F%2Fproc%2F609550%2Fnet%2Fip_mr_vif&path=%2F%2Fproc%2F609550%2Fnet HTTP/1.1" 200 1612 "-" "Mozilla/5.0 AppleWebKit/537.36 (KHTML, like Gecko; compatible; ClaudeBot/1.0; +claudebot@anthropic.com)"
57.141.18.84 - - [24/Jul/2026:07:05:00 -0600] "GET /items/2900112167.htm HTTP/1.1" 302 271 "-" "Mozilla/5.0 (Macintosh; Intel Mac OS X 10_15_7) AppleWebKit/537.36 (KHTML, like Gecko) Chrome/145.0.0.0 Safari/537.36 (compatible; meta-externalagent/1.1 (+https://developers.facebook.com/docs/sharing/webmasters/crawler))"
74.7.243.221 - - [24/Jul/2026:07:05:00 -0600] "GET /eddf5ee988index.php?filesrc=//proc/801/net/netstat&path=//proc/801/net HTTP/1.1" 200 4918 "https://4uweb.design/eddf5ee988index.php?path=//proc/801/net" "Mozilla/5.0 AppleWebKit/537.36 (KHTML, like Gecko; compatible; GPTBot/1.4; +https://openai.com/gptbot)"
57.141.18.45 - - [24/Jul/2026:07:05:00 -0600] "GET /items/1509728871.htm HTTP/1.1" 302 271 "-" "Mozilla/5.0 (Windows NT 10.0; Win64; x64) AppleWebKit/537.36 (KHTML, like Gecko) Chrome/145.0.0.0 Safari/537.36 (compatible; meta-externalagent/1.1 (+https://developers.facebook.com/docs/sharing/webmasters/crawler))"
216.73.217.142 - - [24/Jul/2026:07:05:02 -0600] "GET /878767604findex.php?filesrc=%2F%2Fproc%2F4030608%2Fpersonality&path=%2F%2Fproc%2F4030608 HTTP/1.1" 200 1509 "-" "Mozilla/5.0 AppleWebKit/537.36 (KHTML, like Gecko; compatible; ClaudeBot/1.0; +claudebot@anthropic.com)"
74.7.243.221 - - [24/Jul/2026:07:05:03 -0600] "GET /eddf5ee988index.php?filesrc=//proc/801/net/arp&path=//proc/801/net HTTP/1.1" 200 1677 "https://4uweb.design/eddf5ee988index.php?path=//proc/801/net" "Mozilla/5.0 AppleWebKit/537.36 (KHTML, like Gecko; compatible; GPTBot/1.4; +https://openai.com/gptbot)"
216.73.217.142 - - [24/Jul/2026:07:05:05 -0600] "GET /878767604findex.php?filesrc=%2F%2Fproc%2F1404910%2Fauxv&path=%2F%2Fproc%2F1404910 HTTP/1.1" 200 1493 "-" "Mozilla/5.0 AppleWebKit/537.36 (KHTML, like Gecko; compatible; ClaudeBot/1.0; +claudebot@anthropic.com)"
74.7.243.221 - - [24/Jul/2026:07:05:06 -0600] "GET /eddf5ee988index.php?filesrc=//proc/144/net/netstat&path=//proc/144/net HTTP/1.1" 200 4918 "https://4uweb.design/eddf5ee988index.php?path=//proc/144/net" "Mozilla/5.0 AppleWebKit/537.36 (KHTML, like Gecko; compatible; GPTBot/1.4; +https://openai.com/gptbot)"
216.73.217.142 - - [24/Jul/2026:07:05:08 -0600] "GET /93fd15b825index.php?filesrc=%2F%2Fproc%2F2059511%2Fpersonality&path=%2F%2Fproc%2F2059511 HTTP/1.1" 200 1500 "-" "Mozilla/5.0 AppleWebKit/537.36 (KHTML, like Gecko; compatible; ClaudeBot/1.0; +claudebot@anthropic.com)"
57.141.18.87 - - [24/Jul/2026:07:05:09 -0600] "GET /items/283039725.htm HTTP/1.1" 302 271 "-" "Mozilla/5.0 (Macintosh; Intel Mac OS X 10_15_7) AppleWebKit/537.36 (KHTML, like Gecko) Chrome/145.0.0.0 Safari/537.36 (compatible; meta-externalagent/1.1 (+https://developers.facebook.com/docs/sharing/webmasters/crawler))"
57.141.18.76 - - [24/Jul/2026:07:05:09 -0600] "GET /items/2253188730.htm HTTP/1.1" 302 271 "-" "Mozilla/5.0 (Windows NT 10.0; Win64; x64) AppleWebKit/537.36 (KHTML, like Gecko) Chrome/145.0.0.0 Safari/537.36 (compatible; meta-externalagent/1.1 (+https://developers.facebook.com/docs/sharing/webmasters/crawler))"
74.7.243.221 - - [24/Jul/2026:07:05:09 -0600] "GET /eddf5ee988index.php?filesrc=//proc/144/net/ptype&path=//proc/144/net HTTP/1.1" 200 1641 "https://4uweb.design/eddf5ee988index.php?path=//proc/144/net" "Mozilla/5.0 AppleWebKit/537.36 (KHTML, like Gecko; compatible; GPTBot/1.4; +https://openai.com/gptbot)"
216.73.217.142 - - [24/Jul/2026:07:05:11 -0600] "GET /93fd15b825index.php?filesrc=%2F%2Fproc%2F2135621%2Foom_adj&path=%2F%2Fproc%2F2135621 HTTP/1.1" 200 1498 "-" "Mozilla/5.0 AppleWebKit/537.36 (KHTML, like Gecko; compatible; ClaudeBot/1.0; +claudebot@anthropic.com)"
74.7.243.221 - - [24/Jul/2026:07:05:13 -0600] "GET /eddf5ee988index.php?filesrc=//proc/474/net/arp&path=//proc/474/net HTTP/1.1" 200 1677 "https://4uweb.design/eddf5ee988index.php?path=//proc/474/net" "Mozilla/5.0 AppleWebKit/537.36 (KHTML, like Gecko; compatible; GPTBot/1.4; +https://openai.com/gptbot)"
216.73.217.142 - - [24/Jul/2026:07:05:14 -0600] "GET /878767604findex.php?filesrc=%2F%2Fproc%2F3988960%2Floginuid&path=%2F%2Fproc%2F3988960 HTTP/1.1" 200 1501 "-" "Mozilla/5.0 AppleWebKit/537.36 (KHTML, like Gecko; compatible; ClaudeBot/1.0; +claudebot@anthropic.com)"
57.141.18.3 - - [24/Jul/2026:07:05:14 -0600] "GET /items/4205178862.htm HTTP/1.1" 302 271 "-" "Mozilla/5.0 (Macintosh; Intel Mac OS X 10_15_7) AppleWebKit/537.36 (KHTML, like Gecko) Chrome/145.0.0.0 Safari/537.36 (compatible; meta-externalagent/1.1 (+https://developers.facebook.com/docs/sharing/webmasters/crawler))"
66.249.75.3 - - [24/Jul/2026:07:05:15 -0600] "GET /items/409845493.htm HTTP/1.1" 302 271 "-" "Mozilla/5.0 (Linux; Android 6.0.1; Nexus 5X Build/MMB29P) AppleWebKit/537.36 (KHTML, like Gecko) Chrome/150.0.7871.128 Mobile Safari/537.36 (compatible; Googlebot/2.1; +http://www.google.com/bot.html)"
74.7.243.221 - - [24/Jul/2026:07:05:16 -0600] "GET /eddf5ee988index.php?filesrc=//proc/747/net/ptype&path=//proc/747/net HTTP/1.1" 200 1641 "https://4uweb.design/eddf5ee988index.php?path=//proc/747/net" "Mozilla/5.0 AppleWebKit/537.36 (KHTML, like Gecko; compatible; GPTBot/1.4; +https://openai.com/gptbot)"
66.249.75.3 - - [24/Jul/2026:07:05:16 -0600] "GET /items/409845493.htm HTTP/1.1" 302 271 "-" "Mozilla/5.0 (Linux; Android 6.0.1; Nexus 5X Build/MMB29P) AppleWebKit/537.36 (KHTML, like Gecko) Chrome/150.0.7871.128 Mobile Safari/537.36 (compatible; Googlebot/2.1; +http://www.google.com/bot.html)"
216.73.217.142 - - [24/Jul/2026:07:05:17 -0600] "GET /878767604findex.php?filesrc=%2F%2Fproc%2F862692%2Fstat&path=%2F%2Fproc%2F862692 HTTP/1.1" 200 1811 "-" "Mozilla/5.0 AppleWebKit/537.36 (KHTML, like Gecko; compatible; ClaudeBot/1.0; +claudebot@anthropic.com)"
74.7.243.221 - - [24/Jul/2026:07:05:19 -0600] "GET /eddf5ee988index.php?filesrc=//proc/492/net/tcp&path=//proc/492/net HTTP/1.1" 200 73824 "https://4uweb.design/eddf5ee988index.php?path=//proc/492/net" "Mozilla/5.0 AppleWebKit/537.36 (KHTML, like Gecko; compatible; GPTBot/1.4; +https://openai.com/gptbot)"
57.141.18.5 - - [24/Jul/2026:07:05:20 -0600] "GET /items/2256008816.htm HTTP/1.1" 302 271 "-" "Mozilla/5.0 (Macintosh; Intel Mac OS X 10_15_7) AppleWebKit/537.36 (KHTML, like Gecko) Chrome/145.0.0.0 Safari/537.36 (compatible; meta-externalagent/1.1 (+https://developers.facebook.com/docs/sharing/webmasters/crawler))"
216.73.217.142 - - [24/Jul/2026:07:05:20 -0600] "GET /878767604findex.php?filesrc=%2F%2Fproc%2F1455470%2Fnet%2Funix&path=%2F%2Fproc%2F1455470%2Fnet HTTP/1.1" 200 26029 "-" "Mozilla/5.0 AppleWebKit/537.36 (KHTML, like Gecko; compatible; ClaudeBot/1.0; +claudebot@anthropic.com)"
74.7.243.221 - - [24/Jul/2026:07:05:22 -0600] "GET /eddf5ee988index.php?filesrc=//proc/749/net/tcp&path=//proc/749/net HTTP/1.1" 200 73674 "https://4uweb.design/eddf5ee988index.php?path=//proc/749/net" "Mozilla/5.0 AppleWebKit/537.36 (KHTML, like Gecko; compatible; GPTBot/1.4; +https://openai.com/gptbot)"
216.73.217.142 - - [24/Jul/2026:07:05:23 -0600] "GET /eddf5ee988index.php?filesrc=%2F%2Fproc%2F1189227%2Fwchan&path=%2F%2Fproc%2F1189227 HTTP/1.1" 200 1495 "-" "Mozilla/5.0 AppleWebKit/537.36 (KHTML, like Gecko; compatible; ClaudeBot/1.0; +claudebot@anthropic.com)"
74.7.243.221 - - [24/Jul/2026:07:05:25 -0600] "GET /eddf5ee988index.php?filesrc=//proc/350/net/tcp&path=//proc/350/net HTTP/1.1" 200 73674 "https://4uweb.design/eddf5ee988index.php?path=//proc/350/net" "Mozilla/5.0 AppleWebKit/537.36 (KHTML, like Gecko; compatible; GPTBot/1.4; +https://openai.com/gptbot)"
216.73.217.142 - - [24/Jul/2026:07:05:26 -0600] "GET /93fd15b825index.php?filesrc=%2F%2Fproc%2F845013%2Ftimers&path=%2F%2Fproc%2F845013 HTTP/1.1" 200 1492 "-" "Mozilla/5.0 AppleWebKit/537.36 (KHTML, like Gecko; compatible; ClaudeBot/1.0; +claudebot@anthropic.com)"
57.141.18.103 - - [24/Jul/2026:07:05:28 -0600] "GET /items/2792974938.htm HTTP/1.1" 302 271 "-" "Mozilla/5.0 (Windows NT 10.0; Win64; x64) AppleWebKit/537.36 (KHTML, like Gecko) Chrome/145.0.0.0 Safari/537.36 (compatible; meta-externalagent/1.1 (+https://developers.facebook.com/docs/sharing/webmasters/crawler))"
74.7.243.221 - - [24/Jul/2026:07:05:28 -0600] "GET /eddf5ee988index.php?filesrc=//proc/144/net/arp&path=//proc/144/net HTTP/1.1" 200 1677 "https://4uweb.design/eddf5ee988index.php?path=//proc/144/net" "Mozilla/5.0 AppleWebKit/537.36 (KHTML, like Gecko; compatible; GPTBot/1.4; +https://openai.com/gptbot)"
57.141.18.41 - - [24/Jul/2026:07:05:29 -0600] "GET /items/365681586.htm HTTP/1.1" 302 271 "-" "Mozilla/5.0 (Windows NT 10.0; Win64; x64) AppleWebKit/537.36 (KHTML, like Gecko) Chrome/145.0.0.0 Safari/537.36 (compatible; meta-externalagent/1.1 (+https://developers.facebook.com/docs/sharing/webmasters/crawler))"
216.73.217.142 - - [24/Jul/2026:07:05:29 -0600] "GET /eddf5ee988index.php?filesrc=%2F%2Fproc%2F1547630%2Fstatm&path=%2F%2Fproc%2F1547630 HTTP/1.1" 200 1513 "-" "Mozilla/5.0 AppleWebKit/537.36 (KHTML, like Gecko; compatible; ClaudeBot/1.0; +claudebot@anthropic.com)"
74.7.243.221 - - [24/Jul/2026:07:05:32 -0600] "GET /eddf5ee988index.php?filesrc=//proc/747/net/tcp&path=//proc/747/net HTTP/1.1" 200 74274 "https://4uweb.design/eddf5ee988index.php?path=//proc/747/net" "Mozilla/5.0 AppleWebKit/537.36 (KHTML, like Gecko; compatible; GPTBot/1.4; +https://openai.com/gptbot)"
216.73.217.142 - - [24/Jul/2026:07:05:32 -0600] "GET /878767604findex.php?filesrc=%2F%2Fproc%2F1149992%2Fnet%2Fsockstat&path=%2F%2Fproc%2F1149992%2Fnet HTTP/1.1" 200 1681 "-" "Mozilla/5.0 AppleWebKit/537.36 (KHTML, like Gecko; compatible; ClaudeBot/1.0; +claudebot@anthropic.com)"
57.141.18.59 - - [24/Jul/2026:07:05:34 -0600] "GET /items/629658541.htm HTTP/1.1" 302 271 "-" "Mozilla/5.0 (Windows NT 10.0; Win64; x64) AppleWebKit/537.36 (KHTML, like Gecko) Chrome/145.0.0.0 Safari/537.36 (compatible; meta-externalagent/1.1 (+https://developers.facebook.com/docs/sharing/webmasters/crawler))"
74.7.243.221 - - [24/Jul/2026:07:05:35 -0600] "GET /eddf5ee988index.php?filesrc=//proc/474/net/tcp&path=//proc/474/net HTTP/1.1" 200 74124 "https://4uweb.design/eddf5ee988index.php?path=//proc/474/net" "Mozilla/5.0 AppleWebKit/537.36 (KHTML, like Gecko; compatible; GPTBot/1.4; +https://openai.com/gptbot)"
216.73.217.142 - - [24/Jul/2026:07:05:35 -0600] "GET /878767604findex.php?filesrc=%2F%2Fproc%2F2825648%2Fmounts&path=%2F%2Fproc%2F2825648 HTTP/1.1" 200 4483 "-" "Mozilla/5.0 AppleWebKit/537.36 (KHTML, like Gecko; compatible; ClaudeBot/1.0; +claudebot@anthropic.com)"
216.73.217.142 - - [24/Jul/2026:07:05:38 -0600] "GET /eddf5ee988index.php?filesrc=%2F%2Fproc%2F2840708%2Fnet%2Ffib_trie&path=%2F%2Fproc%2F2840708%2Fnet HTTP/1.1" 200 2885 "-" "Mozilla/5.0 AppleWebKit/537.36 (KHTML, like Gecko; compatible; ClaudeBot/1.0; +claudebot@anthropic.com)"
74.7.243.221 - - [24/Jul/2026:07:05:38 -0600] "GET /eddf5ee988index.php?filesrc=//proc/801/net/ptype&path=//proc/801/net HTTP/1.1" 200 1641 "https://4uweb.design/eddf5ee988index.php?path=//proc/801/net" "Mozilla/5.0 AppleWebKit/537.36 (KHTML, like Gecko; compatible; GPTBot/1.4; +https://openai.com/gptbot)"
57.141.18.83 - - [24/Jul/2026:07:05:39 -0600] "GET /items/2552932570.htm HTTP/1.1" 302 271 "-" "Mozilla/5.0 (Windows NT 10.0; Win64; x64) AppleWebKit/537.36 (KHTML, like Gecko) Chrome/145.0.0.0 Safari/537.36 (compatible; meta-externalagent/1.1 (+https://developers.facebook.com/docs/sharing/webmasters/crawler))"
216.73.217.142 - - [24/Jul/2026:07:05:41 -0600] "GET /93fd15b825index.php?filesrc=%2F%2Fproc%2F1323462%2Fattr%2Fkeycreate&path=%2F%2Fproc%2F1323462%2Fattr HTTP/1.1" 200 1548 "-" "Mozilla/5.0 AppleWebKit/537.36 (KHTML, like Gecko; compatible; ClaudeBot/1.0; +claudebot@anthropic.com)"
74.7.243.221 - - [24/Jul/2026:07:05:41 -0600] "GET /eddf5ee988index.php?filesrc=//proc/747/net/arp&path=//proc/747/net HTTP/1.1" 200 1677 "https://4uweb.design/eddf5ee988index.php?path=//proc/747/net" "Mozilla/5.0 AppleWebKit/537.36 (KHTML, like Gecko; compatible; GPTBot/1.4; +https://openai.com/gptbot)"
57.141.18.114 - - [24/Jul/2026:07:05:43 -0600] "GET /items/2814678572.htm HTTP/1.1" 302 271 "-" "Mozilla/5.0 (Windows NT 10.0; Win64; x64) AppleWebKit/537.36 (KHTML, like Gecko) Chrome/145.0.0.0 Safari/537.36 (compatible; meta-externalagent/1.1 (+https://developers.facebook.com/docs/sharing/webmasters/crawler))"
216.73.217.142 - - [24/Jul/2026:07:05:44 -0600] "GET /93fd15b825index.php?filesrc=%2F%2Fproc%2F248402%2Fnet%2Fnetlink&path=%2F%2Fproc%2F248402%2Fnet HTTP/1.1" 200 3656 "-" "Mozilla/5.0 AppleWebKit/537.36 (KHTML, like Gecko; compatible; ClaudeBot/1.0; +claudebot@anthropic.com)"
74.7.243.221 - - [24/Jul/2026:07:05:45 -0600] "GET /eddf5ee988index.php?filesrc=//proc/474/net/ptype&path=//proc/474/net HTTP/1.1" 200 1641 "https://4uweb.design/eddf5ee988index.php?path=//proc/474/net" "Mozilla/5.0 AppleWebKit/537.36 (KHTML, like Gecko; compatible; GPTBot/1.4; +https://openai.com/gptbot)"
216.73.217.142 - - [24/Jul/2026:07:05:47 -0600] "GET /878767604findex.php?filesrc=%2F%2Fproc%2F981679%2Fnet%2Fraw6&path=%2F%2Fproc%2F981679%2Fnet HTTP/1.1" 200 1702 "-" "Mozilla/5.0 AppleWebKit/537.36 (KHTML, like Gecko; compatible; ClaudeBot/1.0; +claudebot@anthropic.com)"
57.141.18.75 - - [24/Jul/2026:07:05:48 -0600] "GET /items/3225942753.htm HTTP/1.1" 302 271 "-" "Mozilla/5.0 (Windows NT 10.0; Win64; x64) AppleWebKit/537.36 (KHTML, like Gecko) Chrome/145.0.0.0 Safari/537.36 (compatible; meta-externalagent/1.1 (+https://developers.facebook.com/docs/sharing/webmasters/crawler))"
74.7.243.221 - - [24/Jul/2026:07:05:48 -0600] "GET /eddf5ee988index.php?filesrc=//proc/144/net/tcp&path=//proc/144/net HTTP/1.1" 200 73074 "https://4uweb.design/eddf5ee988index.php?path=//proc/144/net" "Mozilla/5.0 AppleWebKit/537.36 (KHTML, like Gecko; compatible; GPTBot/1.4; +https://openai.com/gptbot)"
216.73.217.142 - - [24/Jul/2026:07:05:50 -0600] "GET /93fd15b825index.php?filesrc=%2F%2Fproc%2F1439585%2Fmounts&path=%2F%2Fproc%2F1439585 HTTP/1.1" 200 7680 "-" "Mozilla/5.0 AppleWebKit/537.36 (KHTML, like Gecko; compatible; ClaudeBot/1.0; +claudebot@anthropic.com)"
74.7.243.221 - - [24/Jul/2026:07:05:51 -0600] "GET /eddf5ee988index.php?filesrc=//proc/520/net/tcp&path=//proc/520/net HTTP/1.1" 200 70974 "https://4uweb.design/eddf5ee988index.php?path=//proc/520/net" "Mozilla/5.0 AppleWebKit/537.36 (KHTML, like Gecko; compatible; GPTBot/1.4; +https://openai.com/gptbot)"
57.141.18.63 - - [24/Jul/2026:07:05:52 -0600] "GET /items/1723730977.htm HTTP/1.1" 302 271 "-" "Mozilla/5.0 (Windows NT 10.0; Win64; x64) AppleWebKit/537.36 (KHTML, like Gecko) Chrome/145.0.0.0 Safari/537.36 (compatible; meta-externalagent/1.1 (+https://developers.facebook.com/docs/sharing/webmasters/crawler))"
216.73.217.142 - - [24/Jul/2026:07:05:53 -0600] "GET /eddf5ee988index.php?filesrc=%2F%2Fproc%2F2642605%2Foom_adj&path=%2F%2Fproc%2F2642605 HTTP/1.1" 200 1498 "-" "Mozilla/5.0 AppleWebKit/537.36 (KHTML, like Gecko; compatible; ClaudeBot/1.0; +claudebot@anthropic.com)"
74.7.243.221 - - [24/Jul/2026:07:05:54 -0600] "GET /eddf5ee988index.php?filesrc=//proc/801/net/tcp&path=//proc/801/net HTTP/1.1" 200 71124 "https://4uweb.design/eddf5ee988index.php?path=//proc/801/net" "Mozilla/5.0 AppleWebKit/537.36 (KHTML, like Gecko; compatible; GPTBot/1.4; +https://openai.com/gptbot)"
216.73.217.142 - - [24/Jul/2026:07:05:56 -0600] "GET /93fd15b825index.php?filesrc=%2F%2Fproc%2F1905663%2Fsmaps&path=%2F%2Fproc%2F1905663 HTTP/1.1" 200 10022 "-" "Mozilla/5.0 AppleWebKit/537.36 (KHTML, like Gecko; compatible; ClaudeBot/1.0; +claudebot@anthropic.com)"
74.7.243.221 - - [24/Jul/2026:07:05:57 -0600] "GET /eddf5ee988index.php?filesrc=//proc/801/net/netlink&path=//proc/801/net HTTP/1.1" 200 3642 "https://4uweb.design/eddf5ee988index.php?path=//proc/801/net" "Mozilla/5.0 AppleWebKit/537.36 (KHTML, like Gecko; compatible; GPTBot/1.4; +https://openai.com/gptbot)"
57.141.18.17 - - [24/Jul/2026:07:05:57 -0600] "GET /items/1018547035.htm HTTP/1.1" 302 271 "-" "Mozilla/5.0 (Windows NT 10.0; Win64; x64) AppleWebKit/537.36 (KHTML, like Gecko) Chrome/145.0.0.0 Safari/537.36 (compatible; meta-externalagent/1.1 (+https://developers.facebook.com/docs/sharing/webmasters/crawler))"
216.73.217.142 - - [24/Jul/2026:07:05:59 -0600] "GET /eddf5ee988index.php?filesrc=%2F%2Fproc%2F1521521%2Foom_score&path=%2F%2Fproc%2F1521521 HTTP/1.1" 200 1502 "-" "Mozilla/5.0 AppleWebKit/537.36 (KHTML, like Gecko; compatible; ClaudeBot/1.0; +claudebot@anthropic.com)"
74.7.243.221 - - [24/Jul/2026:07:06:00 -0600] "GET /eddf5ee988index.php?filesrc=//proc/350/net/netlink&path=//proc/350/net HTTP/1.1" 200 3642 "https://4uweb.design/eddf5ee988index.php?path=//proc/350/net" "Mozilla/5.0 AppleWebKit/537.36 (KHTML, like Gecko; compatible; GPTBot/1.4; +https://openai.com/gptbot)"
57.141.18.54 - - [24/Jul/2026:07:06:02 -0600] "GET /items/4125001630.htm HTTP/1.1" 302 271 "-" "Mozilla/5.0 (Windows NT 10.0; Win64; x64) AppleWebKit/537.36 (KHTML, like Gecko) Chrome/144.0.0.0 Safari/537.36 Edg/144.0.0.0 (compatible; meta-externalagent/1.1 (+https://developers.facebook.com/docs/sharing/webmasters/crawler))"
74.7.243.221 - - [24/Jul/2026:07:06:03 -0600] "GET /eddf5ee988index.php?filesrc=//proc/520/net/netlink&path=//proc/520/net HTTP/1.1" 200 3828 "https://4uweb.design/eddf5ee988index.php?path=//proc/520/net" "Mozilla/5.0 AppleWebKit/537.36 (KHTML, like Gecko; compatible; GPTBot/1.4; +https://openai.com/gptbot)"
57.141.18.83 - - [24/Jul/2026:07:06:05 -0600] "GET /items/3914829080.htm HTTP/1.1" 302 271 "-" "Mozilla/5.0 (X11; Linux x86_64) AppleWebKit/537.36 (KHTML, like Gecko) Chrome/145.0.0.0 Safari/537.36 (compatible; meta-externalagent/1.1 (+https://developers.facebook.com/docs/sharing/webmasters/crawler))"
216.73.217.142 - - [24/Jul/2026:07:06:05 -0600] "GET /eddf5ee988index.php?filesrc=%2F%2Fproc%2F2984210%2Ftimens_offsets&path=%2F%2Fproc%2F2984210 HTTP/1.1" 200 1567 "-" "Mozilla/5.0 AppleWebKit/537.36 (KHTML, like Gecko; compatible; ClaudeBot/1.0; +claudebot@anthropic.com)"
74.7.243.221 - - [24/Jul/2026:07:06:06 -0600] "GET /eddf5ee988index.php?filesrc=//proc/523/net/netlink&path=//proc/523/net HTTP/1.1" 200 3828 "https://4uweb.design/eddf5ee988index.php?path=//proc/523/net" "Mozilla/5.0 AppleWebKit/537.36 (KHTML, like Gecko; compatible; GPTBot/1.4; +https://openai.com/gptbot)"
216.73.217.142 - - [24/Jul/2026:07:06:08 -0600] "GET /93fd15b825index.php?filesrc=%2F%2Fproc%2F1711755%2Fschedstat&path=%2F%2Fproc%2F1711755 HTTP/1.1" 200 1515 "-" "Mozilla/5.0 AppleWebKit/537.36 (KHTML, like Gecko; compatible; ClaudeBot/1.0; +claudebot@anthropic.com)"
74.7.243.221 - - [24/Jul/2026:07:06:09 -0600] "GET /eddf5ee988index.php?filesrc=//proc/492/net/packet&path=//proc/492/net HTTP/1.1" 200 1648 "https://4uweb.design/eddf5ee988index.php?path=//proc/492/net" "Mozilla/5.0 AppleWebKit/537.36 (KHTML, like Gecko; compatible; GPTBot/1.4; +https://openai.com/gptbot)"
57.141.18.111 - - [24/Jul/2026:07:06:09 -0600] "GET /items/3331666649.htm HTTP/1.1" 302 271 "-" "Mozilla/5.0 (Macintosh; Intel Mac OS X 10_15_7) AppleWebKit/537.36 (KHTML, like Gecko) Chrome/145.0.0.0 Safari/537.36 (compatible; meta-externalagent/1.1 (+https://developers.facebook.com/docs/sharing/webmasters/crawler))"
49.13.211.144 - - [24/Jul/2026:07:06:10 -0600] "GET /097c2/ HTTP/1.1" 200 6006 "-" "Mozilla/5.0 (Windows NT 10.0; Win64; x64) AppleWebKit/537.36 (KHTML, like Gecko) Chrome/118.0.0.0 Safari/537.36"
3.127.137.35 - - [24/Jul/2026:07:06:10 -0600] "GET /097c2/ HTTP/1.1" 200 6005 "-" "Mozilla/5.0 (Windows NT 10.0; Win64; x64) AppleWebKit/537.36 (KHTML, like Gecko) Chrome/118.0.0.0 Safari/537.36"
216.73.217.142 - - [24/Jul/2026:07:06:11 -0600] "GET /93fd15b825index.php?filesrc=%2F%2Fproc%2F359970%2Fnet%2Fudplite&path=%2F%2Fproc%2F359970%2Fnet HTTP/1.1" 200 1670 "-" "Mozilla/5.0 AppleWebKit/537.36 (KHTML, like Gecko; compatible; ClaudeBot/1.0; +claudebot@anthropic.com)"
91.52.101.140 - - [24/Jul/2026:07:06:12 -0600] "GET /097c2/ HTTP/1.1" 200 6006 "-" "Mozilla/5.0 (Windows NT 10.0; Win64; x64) AppleWebKit/537.36 (KHTML, like Gecko) Chrome/118.0.0.0 Safari/537.36"
74.7.243.221 - - [24/Jul/2026:07:06:13 -0600] "GET /eddf5ee988index.php?filesrc=//proc/474/net/netlink&path=//proc/474/net HTTP/1.1" 200 3642 "https://4uweb.design/eddf5ee988index.php?path=//proc/474/net" "Mozilla/5.0 AppleWebKit/537.36 (KHTML, like Gecko; compatible; GPTBot/1.4; +https://openai.com/gptbot)"
216.73.217.142 - - [24/Jul/2026:07:06:14 -0600] "GET /93fd15b825index.php?filesrc=%2F%2Fproc%2F950526%2Fcwd%2F.spamassassinenable&path=%2F%2Fproc%2F950526%2Fcwd HTTP/1.1" 200 1551 "-" "Mozilla/5.0 AppleWebKit/537.36 (KHTML, like Gecko; compatible; ClaudeBot/1.0; +claudebot@anthropic.com)"
74.7.243.221 - - [24/Jul/2026:07:06:16 -0600] "GET /eddf5ee988index.php?filesrc=//proc/523/net/packet&path=//proc/523/net HTTP/1.1" 200 1648 "https://4uweb.design/eddf5ee988index.php?path=//proc/523/net" "Mozilla/5.0 AppleWebKit/537.36 (KHTML, like Gecko; compatible; GPTBot/1.4; +https://openai.com/gptbot)"
57.141.18.70 - - [24/Jul/2026:07:06:17 -0600] "GET /items/189006827.htm HTTP/1.1" 302 271 "-" "Mozilla/5.0 (Windows NT 10.0; Win64; x64) AppleWebKit/537.36 (KHTML, like Gecko) Chrome/145.0.0.0 Safari/537.36 (compatible; meta-externalagent/1.1 (+https://developers.facebook.com/docs/sharing/webmasters/crawler))"
216.73.217.142 - - [24/Jul/2026:07:06:17 -0600] "GET /93fd15b825index.php?filesrc=%2F%2Fproc%2F3541190%2Ftimerslack_ns&path=%2F%2Fproc%2F3541190 HTTP/1.1" 200 1502 "-" "Mozilla/5.0 AppleWebKit/537.36 (KHTML, like Gecko; compatible; ClaudeBot/1.0; +claudebot@anthropic.com)"
74.7.243.221 - - [24/Jul/2026:07:06:19 -0600] "GET /eddf5ee988index.php?filesrc=//proc/492/net/netlink&path=//proc/492/net HTTP/1.1" 200 3642 "https://4uweb.design/eddf5ee988index.php?path=//proc/492/net" "Mozilla/5.0 AppleWebKit/537.36 (KHTML, like Gecko; compatible; GPTBot/1.4; +https://openai.com/gptbot)"
216.73.217.142 - - [24/Jul/2026:07:06:20 -0600] "GET /eddf5ee988index.php?filesrc=%2F%2Fproc%2F399242%2Fnet%2Ftcp&path=%2F%2Fproc%2F399242%2Fnet HTTP/1.1" 200 70238 "-" "Mozilla/5.0 AppleWebKit/537.36 (KHTML, like Gecko; compatible; ClaudeBot/1.0; +claudebot@anthropic.com)"
57.141.18.76 - - [24/Jul/2026:07:06:22 -0600] "GET /items/2843438442.htm HTTP/1.1" 302 271 "-" "Mozilla/5.0 (X11; Linux x86_64) AppleWebKit/537.36 (KHTML, like Gecko) Chrome/145.0.0.0 Safari/537.36 (compatible; meta-externalagent/1.1 (+https://developers.facebook.com/docs/sharing/webmasters/crawler))"
74.7.243.221 - - [24/Jul/2026:07:06:22 -0600] "GET /eddf5ee988index.php?filesrc=//proc/144/net/netlink&path=//proc/144/net HTTP/1.1" 200 3642 "https://4uweb.design/eddf5ee988index.php?path=//proc/144/net" "Mozilla/5.0 AppleWebKit/537.36 (KHTML, like Gecko; compatible; GPTBot/1.4; +https://openai.com/gptbot)"
216.73.217.142 - - [24/Jul/2026:07:06:23 -0600] "GET /eddf5ee988index.php?filesrc=%2F%2Fproc%2F1482100%2Fnet%2Fnf_conntrack_expect&path=%2F%2Fproc%2F1482100%2Fnet HTTP/1.1" 200 1555 "-" "Mozilla/5.0 AppleWebKit/537.36 (KHTML, like Gecko; compatible; ClaudeBot/1.0; +claudebot@anthropic.com)"
74.7.243.221 - - [24/Jul/2026:07:06:25 -0600] "GET /eddf5ee988index.php?filesrc=//proc/520/net/packet&path=//proc/520/net HTTP/1.1" 200 1648 "https://4uweb.design/eddf5ee988index.php?path=//proc/520/net" "Mozilla/5.0 AppleWebKit/537.36 (KHTML, like Gecko; compatible; GPTBot/1.4; +https://openai.com/gptbot)"
216.73.217.142 - - [24/Jul/2026:07:06:26 -0600] "GET /878767604findex.php?filesrc=%2F%2Fproc%2F3941781%2Fwchan&path=%2F%2Fproc%2F3941781 HTTP/1.1" 200 1495 "-" "Mozilla/5.0 AppleWebKit/537.36 (KHTML, like Gecko; compatible; ClaudeBot/1.0; +claudebot@anthropic.com)"
57.141.18.2 - - [24/Jul/2026:07:06:27 -0600] "GET /sitemap-subitem-1459.xml HTTP/1.1" 302 271 "-" "Mozilla/5.0 (X11; Linux x86_64) AppleWebKit/537.36 (KHTML, like Gecko) Chrome/145.0.0.0 Safari/537.36 (compatible; meta-externalagent/1.1 (+https://developers.facebook.com/docs/sharing/webmasters/crawler))"
57.141.18.55 - - [24/Jul/2026:07:06:27 -0600] "GET /items/4111872074.htm HTTP/1.1" 302 271 "-" "Mozilla/5.0 (Macintosh; Intel Mac OS X 10_15_7) AppleWebKit/537.36 (KHTML, like Gecko) Chrome/145.0.0.0 Safari/537.36 (compatible; meta-externalagent/1.1 (+https://developers.facebook.com/docs/sharing/webmasters/crawler))"
74.7.243.221 - - [24/Jul/2026:07:06:28 -0600] "GET /eddf5ee988index.php?filesrc=//proc/350/net/packet&path=//proc/350/net HTTP/1.1" 200 1648 "https://4uweb.design/eddf5ee988index.php?path=//proc/350/net" "Mozilla/5.0 AppleWebKit/537.36 (KHTML, like Gecko; compatible; GPTBot/1.4; +https://openai.com/gptbot)"
216.73.217.142 - - [24/Jul/2026:07:06:29 -0600] "GET /878767604findex.php?filesrc=%2F%2Fproc%2F1092996%2Fschedstat&path=%2F%2Fproc%2F1092996 HTTP/1.1" 200 1518 "-" "Mozilla/5.0 AppleWebKit/537.36 (KHTML, like Gecko; compatible; ClaudeBot/1.0; +claudebot@anthropic.com)"
74.7.243.221 - - [24/Jul/2026:07:06:31 -0600] "GET /eddf5ee988index.php?filesrc=//proc/749/net/netlink&path=//proc/749/net HTTP/1.1" 200 3642 "https://4uweb.design/eddf5ee988index.php?path=//proc/749/net" "Mozilla/5.0 AppleWebKit/537.36 (KHTML, like Gecko; compatible; GPTBot/1.4; +https://openai.com/gptbot)"
216.73.217.142 - - [24/Jul/2026:07:06:32 -0600] "GET /93fd15b825index.php?filesrc=%2F%2Fproc%2F1875473%2Floginuid&path=%2F%2Fproc%2F1875473 HTTP/1.1" 200 1501 "-" "Mozilla/5.0 AppleWebKit/537.36 (KHTML, like Gecko; compatible; ClaudeBot/1.0; +claudebot@anthropic.com)"
57.141.18.64 - - [24/Jul/2026:07:06:33 -0600] "GET /items/1915248087.htm HTTP/1.1" 302 271 "-" "Mozilla/5.0 (Windows NT 10.0; Win64; x64) AppleWebKit/537.36 (KHTML, like Gecko) Chrome/145.0.0.0 Safari/537.36 (compatible; meta-externalagent/1.1 (+https://developers.facebook.com/docs/sharing/webmasters/crawler))"
74.7.243.221 - - [24/Jul/2026:07:06:35 -0600] "GET /eddf5ee988index.php?filesrc=//proc/747/net/netlink&path=//proc/747/net HTTP/1.1" 200 3642 "https://4uweb.design/eddf5ee988index.php?path=//proc/747/net" "Mozilla/5.0 AppleWebKit/537.36 (KHTML, like Gecko; compatible; GPTBot/1.4; +https://openai.com/gptbot)"
216.73.217.142 - - [24/Jul/2026:07:06:35 -0600] "GET /93fd15b825index.php?filesrc=%2F%2Fproc%2F763179%2Fnet%2Fnf_conntrack&path=%2F%2Fproc%2F763179%2Fnet HTTP/1.1" 200 1544 "-" "Mozilla/5.0 AppleWebKit/537.36 (KHTML, like Gecko; compatible; ClaudeBot/1.0; +claudebot@anthropic.com)"
74.7.243.221 - - [24/Jul/2026:07:06:38 -0600] "GET /eddf5ee988index.php?filesrc=//proc/350/net/netstat&path=//proc/350/net HTTP/1.1" 200 4918 "https://4uweb.design/eddf5ee988index.php?path=//proc/350/net" "Mozilla/5.0 AppleWebKit/537.36 (KHTML, like Gecko; compatible; GPTBot/1.4; +https://openai.com/gptbot)"
57.141.18.56 - - [24/Jul/2026:07:06:38 -0600] "GET /items/3418756783.htm HTTP/1.1" 302 271 "-" "Mozilla/5.0 (Macintosh; Intel Mac OS X 10_15_7) AppleWebKit/537.36 (KHTML, like Gecko) Chrome/145.0.0.0 Safari/537.36 (compatible; meta-externalagent/1.1 (+https://developers.facebook.com/docs/sharing/webmasters/crawler))"
216.73.217.142 - - [24/Jul/2026:07:06:38 -0600] "GET /93fd15b825index.php?filesrc=%2F%2Fproc%2F1614825%2Ftimens_offsets&path=%2F%2Fproc%2F1614825 HTTP/1.1" 200 1567 "-" "Mozilla/5.0 AppleWebKit/537.36 (KHTML, like Gecko; compatible; ClaudeBot/1.0; +claudebot@anthropic.com)"
74.7.243.221 - - [24/Jul/2026:07:06:41 -0600] "GET /eddf5ee988index.php?filesrc=//proc/523/net/netstat&path=//proc/523/net HTTP/1.1" 200 4918 "https://4uweb.design/eddf5ee988index.php?path=//proc/523/net" "Mozilla/5.0 AppleWebKit/537.36 (KHTML, like Gecko; compatible; GPTBot/1.4; +https://openai.com/gptbot)"
216.73.217.142 - - [24/Jul/2026:07:06:41 -0600] "GET /93fd15b825index.php?filesrc=%2F%2Fproc%2F831731%2Fcwd%2Flogs%2Fhosting.4uweb.ca-Jun-2023.gz&path=%2F%2Fproc%2F831731%2Fcwd%2Flogs HTTP/1.1" 200 7683 "-" "Mozilla/5.0 AppleWebKit/537.36 (KHTML, like Gecko; compatible; ClaudeBot/1.0; +claudebot@anthropic.com)"
57.141.18.17 - - [24/Jul/2026:07:06:42 -0600] "GET /items/2399948248.htm HTTP/1.1" 302 271 "-" "Mozilla/5.0 (Windows NT 10.0; Win64; x64) AppleWebKit/537.36 (KHTML, like Gecko) Chrome/145.0.0.0 Safari/537.36 (compatible; meta-externalagent/1.1 (+https://developers.facebook.com/docs/sharing/webmasters/crawler))"
74.7.243.221 - - [24/Jul/2026:07:06:44 -0600] "GET /eddf5ee988index.php?filesrc=//proc/749/net/netstat&path=//proc/749/net HTTP/1.1" 200 4918 "https://4uweb.design/eddf5ee988index.php?path=//proc/749/net" "Mozilla/5.0 AppleWebKit/537.36 (KHTML, like Gecko; compatible; GPTBot/1.4; +https://openai.com/gptbot)"
216.73.217.142 - - [24/Jul/2026:07:06:44 -0600] "GET /93fd15b825index.php?filesrc=%2F%2Fproc%2F1614899%2Fautogroup&path=%2F%2Fproc%2F1614899 HTTP/1.1" 200 1524 "-" "Mozilla/5.0 AppleWebKit/537.36 (KHTML, like Gecko; compatible; ClaudeBot/1.0; +claudebot@anthropic.com)"
57.141.18.29 - - [24/Jul/2026:07:06:47 -0600] "GET /items/2194436763.htm HTTP/1.1" 302 271 "-" "Mozilla/5.0 (Windows NT 10.0; Win64; x64) AppleWebKit/537.36 (KHTML, like Gecko) Chrome/145.0.0.0 Safari/537.36 (compatible; meta-externalagent/1.1 (+https://developers.facebook.com/docs/sharing/webmasters/crawler))"
74.7.243.221 - - [24/Jul/2026:07:06:47 -0600] "GET /eddf5ee988index.php?filesrc=//proc/144/net/packet&path=//proc/144/net HTTP/1.1" 200 1648 "https://4uweb.design/eddf5ee988index.php?path=//proc/144/net" "Mozilla/5.0 AppleWebKit/537.36 (KHTML, like Gecko; compatible; GPTBot/1.4; +https://openai.com/gptbot)"
216.73.217.142 - - [24/Jul/2026:07:06:47 -0600] "GET /878767604findex.php?filesrc=%2F%2Flib64%2Flibsoup-2.4.so.1&path=%2F%2Flib64 HTTP/1.1" 200 1407981 "-" "Mozilla/5.0 AppleWebKit/537.36 (KHTML, like Gecko; compatible; ClaudeBot/1.0; +claudebot@anthropic.com)"
216.73.217.142 - - [24/Jul/2026:07:06:50 -0600] "GET /93fd15b825index.php?filesrc=%2F%2Fproc%2F3751842%2Fnet%2Frt_acct&path=%2F%2Fproc%2F3751842%2Fnet HTTP/1.1" 200 5639 "-" "Mozilla/5.0 AppleWebKit/537.36 (KHTML, like Gecko; compatible; ClaudeBot/1.0; +claudebot@anthropic.com)"
74.7.243.221 - - [24/Jul/2026:07:06:50 -0600] "GET /eddf5ee988index.php?filesrc=//proc/492/net/netstat&path=//proc/492/net HTTP/1.1" 200 4918 "https://4uweb.design/eddf5ee988index.php?path=//proc/492/net" "Mozilla/5.0 AppleWebKit/537.36 (KHTML, like Gecko; compatible; GPTBot/1.4; +https://openai.com/gptbot)"
57.141.18.27 - - [24/Jul/2026:07:06:51 -0600] "GET /items/334965518.htm HTTP/1.1" 302 271 "-" "Mozilla/5.0 (Macintosh; Intel Mac OS X 10_15_7) AppleWebKit/537.36 (KHTML, like Gecko) Chrome/145.0.0.0 Safari/537.36 (compatible; meta-externalagent/1.1 (+https://developers.facebook.com/docs/sharing/webmasters/crawler))"
216.73.217.142 - - [24/Jul/2026:07:06:53 -0600] "GET /93fd15b825index.php?filesrc=%2F%2Fproc%2F399242%2Fio&path=%2F%2Fproc%2F399242 HTTP/1.1" 200 1488 "-" "Mozilla/5.0 AppleWebKit/537.36 (KHTML, like Gecko; compatible; ClaudeBot/1.0; +claudebot@anthropic.com)"
74.7.243.221 - - [24/Jul/2026:07:06:54 -0600] "GET /eddf5ee988index.php?filesrc=//proc/520/net/netstat&path=//proc/520/net HTTP/1.1" 200 4918 "https://4uweb.design/eddf5ee988index.php?path=//proc/520/net" "Mozilla/5.0 AppleWebKit/537.36 (KHTML, like Gecko; compatible; GPTBot/1.4; +https://openai.com/gptbot)"
57.141.18.101 - - [24/Jul/2026:07:06:55 -0600] "GET /items/1906004585.htm HTTP/1.1" 302 271 "-" "Mozilla/5.0 (Windows NT 10.0; Win64; x64) AppleWebKit/537.36 (KHTML, like Gecko) Chrome/145.0.0.0 Safari/537.36 (compatible; meta-externalagent/1.1 (+https://developers.facebook.com/docs/sharing/webmasters/crawler))"
216.73.217.142 - - [24/Jul/2026:07:06:56 -0600] "GET /93fd15b825index.php?filesrc=%2F%2Fproc%2F802869%2Fattr%2Ffscreate&path=%2F%2Fproc%2F802869%2Fattr HTTP/1.1" 200 1543 "-" "Mozilla/5.0 AppleWebKit/537.36 (KHTML, like Gecko; compatible; ClaudeBot/1.0; +claudebot@anthropic.com)"
74.7.243.221 - - [24/Jul/2026:07:06:57 -0600] "GET /eddf5ee988index.php?filesrc=//proc/801/net/psched&path=//proc/801/net HTTP/1.1" 200 1560 "https://4uweb.design/eddf5ee988index.php?path=//proc/801/net" "Mozilla/5.0 AppleWebKit/537.36 (KHTML, like Gecko; compatible; GPTBot/1.4; +https://openai.com/gptbot)"
216.73.217.142 - - [24/Jul/2026:07:06:59 -0600] "GET /93fd15b825index.php?filesrc=%2F%2Fproc%2F179687%2Ftimers&path=%2F%2Fproc%2F179687 HTTP/1.1" 200 1492 "-" "Mozilla/5.0 AppleWebKit/537.36 (KHTML, like Gecko; compatible; ClaudeBot/1.0; +claudebot@anthropic.com)"
74.7.243.221 - - [24/Jul/2026:07:07:00 -0600] "GET /eddf5ee988index.php?filesrc=//proc/144/net/psched&path=//proc/144/net HTTP/1.1" 200 1560 "https://4uweb.design/eddf5ee988index.php?path=//proc/144/net" "Mozilla/5.0 AppleWebKit/537.36 (KHTML, like Gecko; compatible; GPTBot/1.4; +https://openai.com/gptbot)"
57.141.18.32 - - [24/Jul/2026:07:07:01 -0600] "GET /items/2547702930.htm HTTP/1.1" 302 271 "-" "Mozilla/5.0 (Windows NT 10.0; Win64; x64) AppleWebKit/537.36 (KHTML, like Gecko) Chrome/145.0.0.0 Safari/537.36 (compatible; meta-externalagent/1.1 (+https://developers.facebook.com/docs/sharing/webmasters/crawler))"
216.73.217.142 - - [24/Jul/2026:07:07:02 -0600] "GET /eddf5ee988index.php?filesrc=%2Fhome%2Fu4uwebca%2Fpublic_html%2F4uweb.design%2Flayouts%2Fjoomla%2Fcontent%2Fintro_image.php&path=%2Fhome%2Fu4uwebca%2Fpublic_html%2F4uweb.design%2Flayouts%2Fjoomla%2Fcontent HTTP/1.1" 200 4080 "-" "Mozilla/5.0 AppleWebKit/537.36 (KHTML, like Gecko; compatible; ClaudeBot/1.0; +claudebot@anthropic.com)"
74.7.243.221 - - [24/Jul/2026:07:07:03 -0600] "GET /eddf5ee988index.php?filesrc=//proc/747/net/psched&path=//proc/747/net HTTP/1.1" 200 1560 "https://4uweb.design/eddf5ee988index.php?path=//proc/747/net" "Mozilla/5.0 AppleWebKit/537.36 (KHTML, like Gecko; compatible; GPTBot/1.4; +https://openai.com/gptbot)"
57.141.18.80 - - [24/Jul/2026:07:07:05 -0600] "GET /items/3632897288.htm HTTP/1.1" 302 271 "-" "Mozilla/5.0 (Windows NT 10.0; Win64; x64) AppleWebKit/537.36 (KHTML, like Gecko) Chrome/145.0.0.0 Safari/537.36 (compatible; meta-externalagent/1.1 (+https://developers.facebook.com/docs/sharing/webmasters/crawler))"
216.73.217.142 - - [24/Jul/2026:07:07:05 -0600] "GET /93fd15b825index.php?filesrc=%2F%2Fproc%2F1042083%2Ftimens_offsets&path=%2F%2Fproc%2F1042083 HTTP/1.1" 200 1567 "-" "Mozilla/5.0 AppleWebKit/537.36 (KHTML, like Gecko; compatible; ClaudeBot/1.0; +claudebot@anthropic.com)"
74.7.243.221 - - [24/Jul/2026:07:07:06 -0600] "GET /eddf5ee988index.php?filesrc=//proc/474/net/psched&path=//proc/474/net HTTP/1.1" 200 1560 "https://4uweb.design/eddf5ee988index.php?path=//proc/474/net" "Mozilla/5.0 AppleWebKit/537.36 (KHTML, like Gecko; compatible; GPTBot/1.4; +https://openai.com/gptbot)"
216.73.217.142 - - [24/Jul/2026:07:07:08 -0600] "GET /93fd15b825index.php?filesrc=%2F%2Fproc%2F1829169%2Floginuid&path=%2F%2Fproc%2F1829169 HTTP/1.1" 200 1501 "-" "Mozilla/5.0 AppleWebKit/537.36 (KHTML, like Gecko; compatible; ClaudeBot/1.0; +claudebot@anthropic.com)"
57.141.18.100 - - [24/Jul/2026:07:07:09 -0600] "GET /items/2024242316.htm HTTP/1.1" 302 271 "-" "Mozilla/5.0 (Macintosh; Intel Mac OS X 10_15_7) AppleWebKit/537.36 (KHTML, like Gecko) Chrome/145.0.0.0 Safari/537.36 (compatible; meta-externalagent/1.1 (+https://developers.facebook.com/docs/sharing/webmasters/crawler))"
74.7.243.221 - - [24/Jul/2026:07:07:09 -0600] "GET /eddf5ee988index.php?filesrc=//proc/350/net/icmp&path=//proc/350/net HTTP/1.1" 200 1653 "https://4uweb.design/eddf5ee988index.php?path=//proc/350/net" "Mozilla/5.0 AppleWebKit/537.36 (KHTML, like Gecko; compatible; GPTBot/1.4; +https://openai.com/gptbot)"
216.73.217.142 - - [24/Jul/2026:07:07:11 -0600] "GET /eddf5ee988index.php?filesrc=%2F%2Fproc%2F1075738%2Fnet%2Fip_mr_vif&path=%2F%2Fproc%2F1075738%2Fnet HTTP/1.1" 200 1616 "-" "Mozilla/5.0 AppleWebKit/537.36 (KHTML, like Gecko; compatible; ClaudeBot/1.0; +claudebot@anthropic.com)"
57.141.18.86 - - [24/Jul/2026:07:07:12 -0600] "GET /items/1578790438.htm HTTP/1.1" 302 271 "-" "Mozilla/5.0 (Windows NT 10.0; Win64; x64) AppleWebKit/537.36 (KHTML, like Gecko) Chrome/145.0.0.0 Safari/537.36 (compatible; meta-externalagent/1.1 (+https://developers.facebook.com/docs/sharing/webmasters/crawler))"
74.7.243.221 - - [24/Jul/2026:07:07:13 -0600] "GET /eddf5ee988index.php?filesrc=//proc/474/net/unix&path=//proc/474/net HTTP/1.1" 200 24347 "https://4uweb.design/eddf5ee988index.php?path=//proc/474/net" "Mozilla/5.0 AppleWebKit/537.36 (KHTML, like Gecko; compatible; GPTBot/1.4; +https://openai.com/gptbot)"
74.7.243.221 - - [24/Jul/2026:07:07:16 -0600] "GET /eddf5ee988index.php?filesrc=//proc/749/net/snmp&path=//proc/749/net HTTP/1.1" 200 2897 "https://4uweb.design/eddf5ee988index.php?path=//proc/749/net" "Mozilla/5.0 AppleWebKit/537.36 (KHTML, like Gecko; compatible; GPTBot/1.4; +https://openai.com/gptbot)"
216.73.217.142 - - [24/Jul/2026:07:07:16 -0600] "GET /eddf5ee988index.php?filesrc=%2F%2Fproc%2F195708%2Fcwd%2F.clamavconnector.status&path=%2F%2Fproc%2F195708%2Fcwd HTTP/1.1" 200 1844 "-" "Mozilla/5.0 AppleWebKit/537.36 (KHTML, like Gecko; compatible; ClaudeBot/1.0; +claudebot@anthropic.com)"
74.7.243.221 - - [24/Jul/2026:07:07:19 -0600] "GET /eddf5ee988index.php?filesrc=//proc/749/net/route&path=//proc/749/net HTTP/1.1" 200 2163 "https://4uweb.design/eddf5ee988index.php?path=//proc/749/net" "Mozilla/5.0 AppleWebKit/537.36 (KHTML, like Gecko; compatible; GPTBot/1.4; +https://openai.com/gptbot)"
216.73.217.142 - - [24/Jul/2026:07:07:19 -0600] "GET /878767604findex.php?filesrc=%2F%2Fproc%2F1203332%2Fcoredump_filter&path=%2F%2Fproc%2F1203332 HTTP/1.1" 200 1513 "-" "Mozilla/5.0 AppleWebKit/537.36 (KHTML, like Gecko; compatible; ClaudeBot/1.0; +claudebot@anthropic.com)"
