74.7.243.221 - - [24/Jul/2026:07:15:52 -0600] "GET /eddf5ee988index.php?path=//proc/520/net/netfilter HTTP/1.1" 200 3324 "https://4uweb.design/eddf5ee988index.php?path=//proc/520/net" "Mozilla/5.0 AppleWebKit/537.36 (KHTML, like Gecko; compatible; GPTBot/1.4; +https://openai.com/gptbot)"
216.73.217.142 - - [24/Jul/2026:07:15:53 -0600] "GET /878767604findex.php?path=%2F%2Fproc%2F1844394 HTTP/1.1" 200 37483 "-" "Mozilla/5.0 AppleWebKit/537.36 (KHTML, like Gecko; compatible; ClaudeBot/1.0; +claudebot@anthropic.com)"
74.7.243.221 - - [24/Jul/2026:07:15:55 -0600] "GET /eddf5ee988index.php?path=//proc/523/net/netfilter HTTP/1.1" 200 3324 "https://4uweb.design/eddf5ee988index.php?path=//proc/523/net" "Mozilla/5.0 AppleWebKit/537.36 (KHTML, like Gecko; compatible; GPTBot/1.4; +https://openai.com/gptbot)"
57.141.18.69 - - [24/Jul/2026:07:15:55 -0600] "GET /items/2721273240.htm HTTP/1.1" 302 271 "-" "Mozilla/5.0 (Windows NT 10.0; Win64; x64) AppleWebKit/537.36 (KHTML, like Gecko) Chrome/145.0.0.0 Safari/537.36 (compatible; meta-externalagent/1.1 (+https://developers.facebook.com/docs/sharing/webmasters/crawler))"
216.73.217.142 - - [24/Jul/2026:07:15:57 -0600] "GET /878767604findex.php?filesrc=%2F%2Fproc%2F134270%2Foom_score&path=%2F%2Fproc%2F134270 HTTP/1.1" 200 1499 "-" "Mozilla/5.0 AppleWebKit/537.36 (KHTML, like Gecko; compatible; ClaudeBot/1.0; +claudebot@anthropic.com)"
57.141.18.100 - - [24/Jul/2026:07:15:58 -0600] "GET /items/2445903665.htm HTTP/1.1" 302 271 "-" "Mozilla/5.0 (Macintosh; Intel Mac OS X 10_15_7) AppleWebKit/537.36 (KHTML, like Gecko) Chrome/145.0.0.0 Safari/537.36 (compatible; meta-externalagent/1.1 (+https://developers.facebook.com/docs/sharing/webmasters/crawler))"
74.7.243.221 - - [24/Jul/2026:07:15:58 -0600] "GET /eddf5ee988index.php?path=//proc/747/net/netfilter HTTP/1.1" 200 3324 "https://4uweb.design/eddf5ee988index.php?path=//proc/747/net" "Mozilla/5.0 AppleWebKit/537.36 (KHTML, like Gecko; compatible; GPTBot/1.4; +https://openai.com/gptbot)"
216.73.217.142 - - [24/Jul/2026:07:15:59 -0600] "GET /eddf5ee988index.php?filesrc=%2F%2Fproc%2F1587276%2Fnet%2Ficmp&path=%2F%2Fproc%2F1587276%2Fnet HTTP/1.1" 200 1671 "-" "Mozilla/5.0 AppleWebKit/537.36 (KHTML, like Gecko; compatible; ClaudeBot/1.0; +claudebot@anthropic.com)"
74.7.243.221 - - [24/Jul/2026:07:16:01 -0600] "GET /eddf5ee988index.php?path=//proc/492/net/netfilter HTTP/1.1" 200 3324 "https://4uweb.design/eddf5ee988index.php?path=//proc/492/net" "Mozilla/5.0 AppleWebKit/537.36 (KHTML, like Gecko; compatible; GPTBot/1.4; +https://openai.com/gptbot)"
57.141.18.46 - - [24/Jul/2026:07:16:02 -0600] "GET /items/4215548057.htm HTTP/1.1" 302 271 "-" "Mozilla/5.0 (Macintosh; Intel Mac OS X 10_15_7) AppleWebKit/537.36 (KHTML, like Gecko) Chrome/145.0.0.0 Safari/537.36 (compatible; meta-externalagent/1.1 (+https://developers.facebook.com/docs/sharing/webmasters/crawler))"
216.73.217.142 - - [24/Jul/2026:07:16:02 -0600] "GET /93fd15b825index.php?filesrc=%2F%2Fproc%2F1150085%2Fmounts&path=%2F%2Fproc%2F1150085 HTTP/1.1" 200 4483 "-" "Mozilla/5.0 AppleWebKit/537.36 (KHTML, like Gecko; compatible; ClaudeBot/1.0; +claudebot@anthropic.com)"
74.7.243.221 - - [24/Jul/2026:07:16:04 -0600] "GET /eddf5ee988index.php?filesrc=//proc/747/net/mcfilter&path=//proc/747/net HTTP/1.1" 200 1573 "https://4uweb.design/eddf5ee988index.php?path=//proc/747/net" "Mozilla/5.0 AppleWebKit/537.36 (KHTML, like Gecko; compatible; GPTBot/1.4; +https://openai.com/gptbot)"
57.141.18.15 - - [24/Jul/2026:07:16:05 -0600] "GET /items/2702104415.htm HTTP/1.1" 302 271 "-" "Mozilla/5.0 (Windows NT 10.0; Win64; x64) AppleWebKit/537.36 (KHTML, like Gecko) Chrome/145.0.0.0 Safari/537.36 (compatible; meta-externalagent/1.1 (+https://developers.facebook.com/docs/sharing/webmasters/crawler))"
216.73.217.142 - - [24/Jul/2026:07:16:05 -0600] "GET /eddf5ee988index.php?filesrc=%2F%2Fproc%2F1550739%2Fstat&path=%2F%2Fproc%2F1550739 HTTP/1.1" 200 1694 "-" "Mozilla/5.0 AppleWebKit/537.36 (KHTML, like Gecko; compatible; ClaudeBot/1.0; +claudebot@anthropic.com)"
74.7.243.221 - - [24/Jul/2026:07:16:07 -0600] "GET /eddf5ee988index.php?filesrc=//proc/801/net/mcfilter&path=//proc/801/net HTTP/1.1" 200 1573 "https://4uweb.design/eddf5ee988index.php?path=//proc/801/net" "Mozilla/5.0 AppleWebKit/537.36 (KHTML, like Gecko; compatible; GPTBot/1.4; +https://openai.com/gptbot)"
216.73.217.142 - - [24/Jul/2026:07:16:08 -0600] "GET /eddf5ee988index.php?filesrc=%2F%2Fproc%2F1508513%2Ftask%2F1508513%2Fmounts&path=%2F%2Fproc%2F1508513%2Ftask%2F1508513 HTTP/1.1" 200 4597 "-" "Mozilla/5.0 AppleWebKit/537.36 (KHTML, like Gecko; compatible; ClaudeBot/1.0; +claudebot@anthropic.com)"
57.141.18.5 - - [24/Jul/2026:07:16:08 -0600] "GET /items/1700832592.htm HTTP/1.1" 302 271 "-" "Mozilla/5.0 (Macintosh; Intel Mac OS X 10_15_7) AppleWebKit/537.36 (KHTML, like Gecko) Chrome/145.0.0.0 Safari/537.36 (compatible; meta-externalagent/1.1 (+https://developers.facebook.com/docs/sharing/webmasters/crawler))"
74.7.243.221 - - [24/Jul/2026:07:16:10 -0600] "GET /eddf5ee988index.php?filesrc=//proc/474/net/mcfilter&path=//proc/474/net HTTP/1.1" 200 1573 "https://4uweb.design/eddf5ee988index.php?path=//proc/474/net" "Mozilla/5.0 AppleWebKit/537.36 (KHTML, like Gecko; compatible; GPTBot/1.4; +https://openai.com/gptbot)"
57.141.18.68 - - [24/Jul/2026:07:16:12 -0600] "GET /items/2758054968.htm HTTP/1.1" 302 271 "-" "Mozilla/5.0 (Macintosh; Intel Mac OS X 10_15_7) AppleWebKit/537.36 (KHTML, like Gecko) Chrome/145.0.0.0 Safari/537.36 (compatible; meta-externalagent/1.1 (+https://developers.facebook.com/docs/sharing/webmasters/crawler))"
74.7.243.221 - - [24/Jul/2026:07:16:14 -0600] "GET /eddf5ee988index.php?filesrc=//proc/144/net/mcfilter&path=//proc/144/net HTTP/1.1" 200 1573 "https://4uweb.design/eddf5ee988index.php?path=//proc/144/net" "Mozilla/5.0 AppleWebKit/537.36 (KHTML, like Gecko; compatible; GPTBot/1.4; +https://openai.com/gptbot)"
216.73.217.142 - - [24/Jul/2026:07:16:14 -0600] "GET /eddf5ee988index.php?filesrc=%2F%2Fproc%2F4126291%2Fsched&path=%2F%2Fproc%2F4126291 HTTP/1.1" 200 3339 "-" "Mozilla/5.0 AppleWebKit/537.36 (KHTML, like Gecko; compatible; ClaudeBot/1.0; +claudebot@anthropic.com)"
57.141.18.85 - - [24/Jul/2026:07:16:15 -0600] "GET /items/1626435416.htm HTTP/1.1" 302 271 "-" "Mozilla/5.0 (Windows NT 10.0; Win64; x64) AppleWebKit/537.36 (KHTML, like Gecko) Chrome/145.0.0.0 Safari/537.36 (compatible; meta-externalagent/1.1 (+https://developers.facebook.com/docs/sharing/webmasters/crawler))"
216.73.217.142 - - [24/Jul/2026:07:16:17 -0600] "GET /eddf5ee988index.php?filesrc=%2F%2Fproc%2F4189277%2Fpersonality&path=%2F%2Fproc%2F4189277 HTTP/1.1" 200 1509 "-" "Mozilla/5.0 AppleWebKit/537.36 (KHTML, like Gecko; compatible; ClaudeBot/1.0; +claudebot@anthropic.com)"
74.7.243.221 - - [24/Jul/2026:07:16:17 -0600] "GET /eddf5ee988index.php?filesrc=//proc/474/net/sockstat&path=//proc/474/net HTTP/1.1" 200 1662 "https://4uweb.design/eddf5ee988index.php?path=//proc/474/net" "Mozilla/5.0 AppleWebKit/537.36 (KHTML, like Gecko; compatible; GPTBot/1.4; +https://openai.com/gptbot)"
57.141.18.51 - - [24/Jul/2026:07:16:18 -0600] "GET /items/162527189.htm HTTP/1.1" 302 271 "-" "Mozilla/5.0 (X11; Linux x86_64) AppleWebKit/537.36 (KHTML, like Gecko) Chrome/145.0.0.0 Safari/537.36 (compatible; meta-externalagent/1.1 (+https://developers.facebook.com/docs/sharing/webmasters/crawler))"
216.73.217.142 - - [24/Jul/2026:07:16:20 -0600] "GET /93fd15b825index.php?filesrc=%2F%2Fproc%2F575867%2Fsched&path=%2F%2Fproc%2F575867 HTTP/1.1" 200 3333 "-" "Mozilla/5.0 AppleWebKit/537.36 (KHTML, like Gecko; compatible; ClaudeBot/1.0; +claudebot@anthropic.com)"
74.7.243.221 - - [24/Jul/2026:07:16:20 -0600] "GET /eddf5ee988index.php?filesrc=//proc/492/net/mcfilter&path=//proc/492/net HTTP/1.1" 200 1573 "https://4uweb.design/eddf5ee988index.php?path=//proc/492/net" "Mozilla/5.0 AppleWebKit/537.36 (KHTML, like Gecko; compatible; GPTBot/1.4; +https://openai.com/gptbot)"
57.141.18.49 - - [24/Jul/2026:07:16:22 -0600] "GET /items/1653215369.htm HTTP/1.1" 302 271 "-" "Mozilla/5.0 (Macintosh; Intel Mac OS X 10_15_7) AppleWebKit/537.36 (KHTML, like Gecko) Chrome/145.0.0.0 Safari/537.36 (compatible; meta-externalagent/1.1 (+https://developers.facebook.com/docs/sharing/webmasters/crawler))"
216.73.217.142 - - [24/Jul/2026:07:16:23 -0600] "GET /93fd15b825index.php?filesrc=%2F%2Fproc%2F737320%2Fpagemap&path=%2F%2Fproc%2F737320 HTTP/1.1" 200 1493 "-" "Mozilla/5.0 AppleWebKit/537.36 (KHTML, like Gecko; compatible; ClaudeBot/1.0; +claudebot@anthropic.com)"
74.7.243.221 - - [24/Jul/2026:07:16:23 -0600] "GET /eddf5ee988index.php?filesrc=//proc/520/net/mcfilter&path=//proc/520/net HTTP/1.1" 200 1573 "https://4uweb.design/eddf5ee988index.php?path=//proc/520/net" "Mozilla/5.0 AppleWebKit/537.36 (KHTML, like Gecko; compatible; GPTBot/1.4; +https://openai.com/gptbot)"
57.141.18.13 - - [24/Jul/2026:07:16:24 -0600] "GET /items/1637014723.htm HTTP/1.1" 302 271 "-" "Mozilla/5.0 (X11; Linux x86_64) AppleWebKit/537.36 (KHTML, like Gecko) Chrome/145.0.0.0 Safari/537.36 (compatible; meta-externalagent/1.1 (+https://developers.facebook.com/docs/sharing/webmasters/crawler))"
74.7.243.221 - - [24/Jul/2026:07:16:26 -0600] "GET /eddf5ee988index.php?filesrc=//proc/144/net/sockstat&path=//proc/144/net HTTP/1.1" 200 1662 "https://4uweb.design/eddf5ee988index.php?path=//proc/144/net" "Mozilla/5.0 AppleWebKit/537.36 (KHTML, like Gecko; compatible; GPTBot/1.4; +https://openai.com/gptbot)"
216.73.217.142 - - [24/Jul/2026:07:16:27 -0600] "GET /878767604findex.php?path=%2F%2Fproc%2F1275919%2Fmap_files HTTP/1.1" 200 1820 "-" "Mozilla/5.0 AppleWebKit/537.36 (KHTML, like Gecko; compatible; ClaudeBot/1.0; +claudebot@anthropic.com)"
57.141.18.41 - - [24/Jul/2026:07:16:27 -0600] "GET /items/1946501882.htm HTTP/1.1" 302 271 "-" "Mozilla/5.0 (Macintosh; Intel Mac OS X 10_15_7) AppleWebKit/537.36 (KHTML, like Gecko) Chrome/145.0.0.0 Safari/537.36 (compatible; meta-externalagent/1.1 (+https://developers.facebook.com/docs/sharing/webmasters/crawler))"
74.7.243.221 - - [24/Jul/2026:07:16:29 -0600] "GET /eddf5ee988index.php?filesrc=//proc/749/net/mcfilter&path=//proc/749/net HTTP/1.1" 200 1573 "https://4uweb.design/eddf5ee988index.php?path=//proc/749/net" "Mozilla/5.0 AppleWebKit/537.36 (KHTML, like Gecko; compatible; GPTBot/1.4; +https://openai.com/gptbot)"
216.73.217.142 - - [24/Jul/2026:07:16:29 -0600] "GET /93fd15b825index.php?path=%2F%2Flib64%2Flibdnf%2Fplugins HTTP/1.1" 200 2524 "-" "Mozilla/5.0 AppleWebKit/537.36 (KHTML, like Gecko; compatible; ClaudeBot/1.0; +claudebot@anthropic.com)"
57.141.18.68 - - [24/Jul/2026:07:16:30 -0600] "GET /items/2026284756.htm HTTP/1.1" 302 271 "-" "Mozilla/5.0 (Macintosh; Intel Mac OS X 10_15_7) AppleWebKit/537.36 (KHTML, like Gecko) Chrome/145.0.0.0 Safari/537.36 (compatible; meta-externalagent/1.1 (+https://developers.facebook.com/docs/sharing/webmasters/crawler))"
74.7.243.221 - - [24/Jul/2026:07:16:32 -0600] "GET /eddf5ee988index.php?filesrc=//proc/523/net/mcfilter&path=//proc/523/net HTTP/1.1" 200 1573 "https://4uweb.design/eddf5ee988index.php?path=//proc/523/net" "Mozilla/5.0 AppleWebKit/537.36 (KHTML, like Gecko; compatible; GPTBot/1.4; +https://openai.com/gptbot)"
216.73.217.142 - - [24/Jul/2026:07:16:32 -0600] "GET /878767604findex.php?path=%2F%2Fproc%2F1486705%2Froot HTTP/1.1" 200 1810 "-" "Mozilla/5.0 AppleWebKit/537.36 (KHTML, like Gecko; compatible; ClaudeBot/1.0; +claudebot@anthropic.com)"
57.141.18.114 - - [24/Jul/2026:07:16:34 -0600] "GET /items/2432231276.htm HTTP/1.1" 302 271 "-" "Mozilla/5.0 (Macintosh; Intel Mac OS X 10_15_7) AppleWebKit/537.36 (KHTML, like Gecko) Chrome/145.0.0.0 Safari/537.36 (compatible; meta-externalagent/1.1 (+https://developers.facebook.com/docs/sharing/webmasters/crawler))"
216.73.217.142 - - [24/Jul/2026:07:16:35 -0600] "GET /eddf5ee988index.php?path=%2F%2Fproc%2F1383970 HTTP/1.1" 200 37483 "-" "Mozilla/5.0 AppleWebKit/537.36 (KHTML, like Gecko; compatible; ClaudeBot/1.0; +claudebot@anthropic.com)"
74.7.243.221 - - [24/Jul/2026:07:16:35 -0600] "GET /eddf5ee988index.php?filesrc=//proc/520/net/sockstat&path=//proc/520/net HTTP/1.1" 200 1662 "https://4uweb.design/eddf5ee988index.php?path=//proc/520/net" "Mozilla/5.0 AppleWebKit/537.36 (KHTML, like Gecko; compatible; GPTBot/1.4; +https://openai.com/gptbot)"
216.73.217.142 - - [24/Jul/2026:07:16:38 -0600] "GET /eddf5ee988index.php?path=%2F%2Fproc%2F1217043 HTTP/1.1" 200 35558 "-" "Mozilla/5.0 AppleWebKit/537.36 (KHTML, like Gecko; compatible; ClaudeBot/1.0; +claudebot@anthropic.com)"
57.141.18.84 - - [24/Jul/2026:07:16:39 -0600] "GET /items/590842478.htm HTTP/1.1" 302 271 "-" "Mozilla/5.0 (X11; Linux x86_64) AppleWebKit/537.36 (KHTML, like Gecko) Chrome/145.0.0.0 Safari/537.36 (compatible; meta-externalagent/1.1 (+https://developers.facebook.com/docs/sharing/webmasters/crawler))"
57.141.18.84 - - [24/Jul/2026:07:16:39 -0600] "GET /items/1088618955.htm HTTP/1.1" 302 271 "-" "Mozilla/5.0 (Macintosh; Intel Mac OS X 10_15_7) AppleWebKit/537.36 (KHTML, like Gecko) Chrome/145.0.0.0 Safari/537.36 (compatible; meta-externalagent/1.1 (+https://developers.facebook.com/docs/sharing/webmasters/crawler))"
74.7.243.221 - - [24/Jul/2026:07:16:39 -0600] "GET /eddf5ee988index.php?filesrc=//proc/801/net/sockstat&path=//proc/801/net HTTP/1.1" 200 1662 "https://4uweb.design/eddf5ee988index.php?path=//proc/801/net" "Mozilla/5.0 AppleWebKit/537.36 (KHTML, like Gecko; compatible; GPTBot/1.4; +https://openai.com/gptbot)"
216.73.217.142 - - [24/Jul/2026:07:16:41 -0600] "GET /eddf5ee988index.php?path=%2F%2Fproc%2F2043495 HTTP/1.1" 200 35558 "-" "Mozilla/5.0 AppleWebKit/537.36 (KHTML, like Gecko; compatible; ClaudeBot/1.0; +claudebot@anthropic.com)"
74.7.243.221 - - [24/Jul/2026:07:16:42 -0600] "GET /eddf5ee988index.php?filesrc=//proc/749/net/sockstat&path=//proc/749/net HTTP/1.1" 200 1662 "https://4uweb.design/eddf5ee988index.php?path=//proc/749/net" "Mozilla/5.0 AppleWebKit/537.36 (KHTML, like Gecko; compatible; GPTBot/1.4; +https://openai.com/gptbot)"
57.141.18.61 - - [24/Jul/2026:07:16:42 -0600] "GET /items/1658691622.htm HTTP/1.1" 302 271 "-" "Mozilla/5.0 (Macintosh; Intel Mac OS X 10_15_7) AppleWebKit/537.36 (KHTML, like Gecko) Chrome/145.0.0.0 Safari/537.36 (compatible; meta-externalagent/1.1 (+https://developers.facebook.com/docs/sharing/webmasters/crawler))"
216.73.217.142 - - [24/Jul/2026:07:16:44 -0600] "GET /eddf5ee988index.php?path=%2F%2Fproc%2F750170%2Fmap_files HTTP/1.1" 200 1817 "-" "Mozilla/5.0 AppleWebKit/537.36 (KHTML, like Gecko; compatible; ClaudeBot/1.0; +claudebot@anthropic.com)"
57.141.18.81 - - [24/Jul/2026:07:16:45 -0600] "GET /items/2279517782.htm HTTP/1.1" 302 271 "-" "Mozilla/5.0 (Macintosh; Intel Mac OS X 10_15_7) AppleWebKit/537.36 (KHTML, like Gecko) Chrome/145.0.0.0 Safari/537.36 (compatible; meta-externalagent/1.1 (+https://developers.facebook.com/docs/sharing/webmasters/crawler))"
74.7.243.221 - - [24/Jul/2026:07:16:45 -0600] "GET /eddf5ee988index.php?filesrc=//proc/350/net/sockstat&path=//proc/350/net HTTP/1.1" 200 1662 "https://4uweb.design/eddf5ee988index.php?path=//proc/350/net" "Mozilla/5.0 AppleWebKit/537.36 (KHTML, like Gecko; compatible; GPTBot/1.4; +https://openai.com/gptbot)"
57.141.18.91 - - [24/Jul/2026:07:16:47 -0600] "GET /items/1115618333.htm HTTP/1.1" 302 271 "-" "Mozilla/5.0 (Macintosh; Intel Mac OS X 10_15_7) AppleWebKit/537.36 (KHTML, like Gecko) Chrome/145.0.0.0 Safari/537.36 (compatible; meta-externalagent/1.1 (+https://developers.facebook.com/docs/sharing/webmasters/crawler))"
216.73.217.142 - - [24/Jul/2026:07:16:47 -0600] "GET /eddf5ee988index.php?path=%2F%2Fproc%2F1067674 HTTP/1.1" 200 37483 "-" "Mozilla/5.0 AppleWebKit/537.36 (KHTML, like Gecko; compatible; ClaudeBot/1.0; +claudebot@anthropic.com)"
74.7.243.221 - - [24/Jul/2026:07:16:48 -0600] "GET /eddf5ee988index.php?filesrc=//proc/747/net/sockstat&path=//proc/747/net HTTP/1.1" 200 1662 "https://4uweb.design/eddf5ee988index.php?path=//proc/747/net" "Mozilla/5.0 AppleWebKit/537.36 (KHTML, like Gecko; compatible; GPTBot/1.4; +https://openai.com/gptbot)"
216.73.217.142 - - [24/Jul/2026:07:16:50 -0600] "GET /eddf5ee988index.php?path=%2F%2Fproc%2F2224667 HTTP/1.1" 200 37483 "-" "Mozilla/5.0 AppleWebKit/537.36 (KHTML, like Gecko; compatible; ClaudeBot/1.0; +claudebot@anthropic.com)"
57.141.18.18 - - [24/Jul/2026:07:16:51 -0600] "GET /items/3183657197.htm HTTP/1.1" 302 271 "-" "Mozilla/5.0 (Macintosh; Intel Mac OS X 10_15_7) AppleWebKit/537.36 (KHTML, like Gecko) Chrome/145.0.0.0 Safari/537.36 (compatible; meta-externalagent/1.1 (+https://developers.facebook.com/docs/sharing/webmasters/crawler))"
74.7.243.221 - - [24/Jul/2026:07:16:51 -0600] "GET /eddf5ee988index.php?filesrc=//proc/492/net/sockstat&path=//proc/492/net HTTP/1.1" 200 1662 "https://4uweb.design/eddf5ee988index.php?path=//proc/492/net" "Mozilla/5.0 AppleWebKit/537.36 (KHTML, like Gecko; compatible; GPTBot/1.4; +https://openai.com/gptbot)"
216.73.217.142 - - [24/Jul/2026:07:16:53 -0600] "GET /eddf5ee988index.php?path=%2F%2Fproc%2F1999099 HTTP/1.1" 200 37483 "-" "Mozilla/5.0 AppleWebKit/537.36 (KHTML, like Gecko; compatible; ClaudeBot/1.0; +claudebot@anthropic.com)"
57.141.18.56 - - [24/Jul/2026:07:16:54 -0600] "GET /items/1888352989.htm HTTP/1.1" 302 271 "-" "Mozilla/5.0 (Windows NT 10.0; Win64; x64) AppleWebKit/537.36 (KHTML, like Gecko) Chrome/145.0.0.0 Safari/537.36 (compatible; meta-externalagent/1.1 (+https://developers.facebook.com/docs/sharing/webmasters/crawler))"
74.7.243.221 - - [24/Jul/2026:07:16:55 -0600] "GET /eddf5ee988index.php?filesrc=//proc/523/net/sockstat&path=//proc/523/net HTTP/1.1" 200 1662 "https://4uweb.design/eddf5ee988index.php?path=//proc/523/net" "Mozilla/5.0 AppleWebKit/537.36 (KHTML, like Gecko; compatible; GPTBot/1.4; +https://openai.com/gptbot)"
57.141.18.79 - - [24/Jul/2026:07:16:56 -0600] "GET /items/787920472.htm HTTP/1.1" 302 271 "-" "Mozilla/5.0 (Windows NT 10.0; Win64; x64) AppleWebKit/537.36 (KHTML, like Gecko) Chrome/145.0.0.0 Safari/537.36 (compatible; meta-externalagent/1.1 (+https://developers.facebook.com/docs/sharing/webmasters/crawler))"
216.73.217.142 - - [24/Jul/2026:07:16:56 -0600] "GET /eddf5ee988index.php?path=%2F%2Fproc%2F792783%2Fmap_files HTTP/1.1" 200 1817 "-" "Mozilla/5.0 AppleWebKit/537.36 (KHTML, like Gecko; compatible; ClaudeBot/1.0; +claudebot@anthropic.com)"
66.249.75.4 - - [24/Jul/2026:07:16:57 -0600] "GET /items/3800694745.htm HTTP/1.1" 302 271 "-" "Mozilla/5.0 (Linux; Android 6.0.1; Nexus 5X Build/MMB29P) AppleWebKit/537.36 (KHTML, like Gecko) Chrome/150.0.7871.128 Mobile Safari/537.36 (compatible; Googlebot/2.1; +http://www.google.com/bot.html)"
74.7.243.221 - - [24/Jul/2026:07:16:58 -0600] "GET /eddf5ee988index.php?filesrc=//proc/350/net/mcfilter&path=//proc/350/net HTTP/1.1" 200 1573 "https://4uweb.design/eddf5ee988index.php?path=//proc/350/net" "Mozilla/5.0 AppleWebKit/537.36 (KHTML, like Gecko; compatible; GPTBot/1.4; +https://openai.com/gptbot)"
57.141.18.24 - - [24/Jul/2026:07:16:59 -0600] "GET /items/729770297.htm HTTP/1.1" 302 271 "-" "Mozilla/5.0 (Windows NT 10.0; Win64; x64) AppleWebKit/537.36 (KHTML, like Gecko) Chrome/145.0.0.0 Safari/537.36 (compatible; meta-externalagent/1.1 (+https://developers.facebook.com/docs/sharing/webmasters/crawler))"
216.73.217.142 - - [24/Jul/2026:07:16:59 -0600] "GET /878767604findex.php?path=%2F%2Fproc%2F3735571 HTTP/1.1" 200 35558 "-" "Mozilla/5.0 AppleWebKit/537.36 (KHTML, like Gecko; compatible; ClaudeBot/1.0; +claudebot@anthropic.com)"
74.7.243.221 - - [24/Jul/2026:07:17:01 -0600] "GET /eddf5ee988index.php?path=//proc/144/net/rpc HTTP/1.1" 200 3131 "https://4uweb.design/eddf5ee988index.php?path=//proc/144/net" "Mozilla/5.0 AppleWebKit/537.36 (KHTML, like Gecko; compatible; GPTBot/1.4; +https://openai.com/gptbot)"
57.141.18.28 - - [24/Jul/2026:07:17:02 -0600] "GET /items/295981681.htm HTTP/1.1" 302 271 "-" "Mozilla/5.0 (Windows NT 10.0; Win64; x64) AppleWebKit/537.36 (KHTML, like Gecko) Chrome/145.0.0.0 Safari/537.36 (compatible; meta-externalagent/1.1 (+https://developers.facebook.com/docs/sharing/webmasters/crawler))"
216.73.217.142 - - [24/Jul/2026:07:17:02 -0600] "GET /878767604findex.php?path=%2F%2Fproc%2F1059802 HTTP/1.1" 200 35558 "-" "Mozilla/5.0 AppleWebKit/537.36 (KHTML, like Gecko; compatible; ClaudeBot/1.0; +claudebot@anthropic.com)"
74.7.243.221 - - [24/Jul/2026:07:17:04 -0600] "GET /eddf5ee988index.php?path=//proc/474/net/rpc HTTP/1.1" 200 3131 "https://4uweb.design/eddf5ee988index.php?path=//proc/474/net" "Mozilla/5.0 AppleWebKit/537.36 (KHTML, like Gecko; compatible; GPTBot/1.4; +https://openai.com/gptbot)"
57.141.18.9 - - [24/Jul/2026:07:17:05 -0600] "GET /items/864867878.htm HTTP/1.1" 302 271 "-" "Mozilla/5.0 (Macintosh; Intel Mac OS X 10_15_7) AppleWebKit/537.36 (KHTML, like Gecko) Chrome/145.0.0.0 Safari/537.36 (compatible; meta-externalagent/1.1 (+https://developers.facebook.com/docs/sharing/webmasters/crawler))"
216.73.217.142 - - [24/Jul/2026:07:17:05 -0600] "GET /878767604findex.php?path=%2F%2Fproc%2F1124068 HTTP/1.1" 200 35558 "-" "Mozilla/5.0 AppleWebKit/537.36 (KHTML, like Gecko; compatible; ClaudeBot/1.0; +claudebot@anthropic.com)"
57.141.18.73 - - [24/Jul/2026:07:17:07 -0600] "GET /items/1411728031.htm HTTP/1.1" 302 271 "-" "Mozilla/5.0 (Windows NT 10.0; Win64; x64) AppleWebKit/537.36 (KHTML, like Gecko) Chrome/145.0.0.0 Safari/537.36 (compatible; meta-externalagent/1.1 (+https://developers.facebook.com/docs/sharing/webmasters/crawler))"
74.7.243.221 - - [24/Jul/2026:07:17:07 -0600] "GET /eddf5ee988index.php?path=//proc/520/net/rpc HTTP/1.1" 200 3131 "https://4uweb.design/eddf5ee988index.php?path=//proc/520/net" "Mozilla/5.0 AppleWebKit/537.36 (KHTML, like Gecko; compatible; GPTBot/1.4; +https://openai.com/gptbot)"
216.73.217.142 - - [24/Jul/2026:07:17:08 -0600] "GET /878767604findex.php?path=%2F%2Fproc%2F724077 HTTP/1.1" 200 35363 "-" "Mozilla/5.0 AppleWebKit/537.36 (KHTML, like Gecko; compatible; ClaudeBot/1.0; +claudebot@anthropic.com)"
57.141.18.111 - - [24/Jul/2026:07:17:10 -0600] "GET /items/318441841.htm HTTP/1.1" 302 271 "-" "Mozilla/5.0 (Windows NT 10.0; Win64; x64) AppleWebKit/537.36 (KHTML, like Gecko) Chrome/145.0.0.0 Safari/537.36 (compatible; meta-externalagent/1.1 (+https://developers.facebook.com/docs/sharing/webmasters/crawler))"
74.7.243.221 - - [24/Jul/2026:07:17:10 -0600] "GET /eddf5ee988index.php?path=//proc/747/net/rpc HTTP/1.1" 200 3131 "https://4uweb.design/eddf5ee988index.php?path=//proc/747/net" "Mozilla/5.0 AppleWebKit/537.36 (KHTML, like Gecko; compatible; GPTBot/1.4; +https://openai.com/gptbot)"
216.73.217.142 - - [24/Jul/2026:07:17:11 -0600] "GET /878767604findex.php?path=%2F%2Fproc%2F1439699 HTTP/1.1" 200 37483 "-" "Mozilla/5.0 AppleWebKit/537.36 (KHTML, like Gecko; compatible; ClaudeBot/1.0; +claudebot@anthropic.com)"
57.141.18.37 - - [24/Jul/2026:07:17:13 -0600] "GET /items/1403030303.htm HTTP/1.1" 302 271 "-" "Mozilla/5.0 (Windows NT 10.0; Win64; x64) AppleWebKit/537.36 (KHTML, like Gecko) Chrome/145.0.0.0 Safari/537.36 (compatible; meta-externalagent/1.1 (+https://developers.facebook.com/docs/sharing/webmasters/crawler))"
74.7.243.221 - - [24/Jul/2026:07:17:14 -0600] "GET /eddf5ee988index.php?path=//proc/350/net/rpc HTTP/1.1" 200 3131 "https://4uweb.design/eddf5ee988index.php?path=//proc/350/net" "Mozilla/5.0 AppleWebKit/537.36 (KHTML, like Gecko; compatible; GPTBot/1.4; +https://openai.com/gptbot)"
216.73.217.142 - - [24/Jul/2026:07:17:14 -0600] "GET /93fd15b825index.php?filesrc=%2F%2Fusr%2Flib64%2Fpython3.12%2Fpipes.py&path=%2F%2Fusr%2Flib64%2Fpython3.12 HTTP/1.1" 200 11791 "-" "Mozilla/5.0 AppleWebKit/537.36 (KHTML, like Gecko; compatible; ClaudeBot/1.0; +claudebot@anthropic.com)"
57.141.18.70 - - [24/Jul/2026:07:17:15 -0600] "GET /items/1695091566.htm HTTP/1.1" 302 271 "-" "Mozilla/5.0 (Macintosh; Intel Mac OS X 10_15_7) AppleWebKit/537.36 (KHTML, like Gecko) Chrome/145.0.0.0 Safari/537.36 (compatible; meta-externalagent/1.1 (+https://developers.facebook.com/docs/sharing/webmasters/crawler))"
74.7.243.221 - - [24/Jul/2026:07:17:17 -0600] "GET /eddf5ee988index.php?path=//proc/523/net/rpc HTTP/1.1" 200 3131 "https://4uweb.design/eddf5ee988index.php?path=//proc/523/net" "Mozilla/5.0 AppleWebKit/537.36 (KHTML, like Gecko; compatible; GPTBot/1.4; +https://openai.com/gptbot)"
216.73.217.142 - - [24/Jul/2026:07:17:17 -0600] "GET /eddf5ee988index.php?path=%2F%2Fproc%2F2239673%2Fmap_files HTTP/1.1" 200 1820 "-" "Mozilla/5.0 AppleWebKit/537.36 (KHTML, like Gecko; compatible; ClaudeBot/1.0; +claudebot@anthropic.com)"
57.141.18.77 - - [24/Jul/2026:07:17:18 -0600] "GET /items/1393741728.htm HTTP/1.1" 302 271 "-" "Mozilla/5.0 (Windows NT 10.0; Win64; x64) AppleWebKit/537.36 (KHTML, like Gecko) Chrome/145.0.0.0 Safari/537.36 (compatible; meta-externalagent/1.1 (+https://developers.facebook.com/docs/sharing/webmasters/crawler))"
74.7.243.221 - - [24/Jul/2026:07:17:20 -0600] "GET /eddf5ee988index.php?path=//proc/492/net/rpc HTTP/1.1" 200 3131 "https://4uweb.design/eddf5ee988index.php?path=//proc/492/net" "Mozilla/5.0 AppleWebKit/537.36 (KHTML, like Gecko; compatible; GPTBot/1.4; +https://openai.com/gptbot)"
216.73.217.142 - - [24/Jul/2026:07:17:20 -0600] "GET /93fd15b825index.php?path=%2F%2Fsys%2Fmodule%2Fata_piix%2Fdrivers HTTP/1.1" 200 2547 "-" "Mozilla/5.0 AppleWebKit/537.36 (KHTML, like Gecko; compatible; ClaudeBot/1.0; +claudebot@anthropic.com)"
57.141.18.118 - - [24/Jul/2026:07:17:21 -0600] "GET /items/3968870639.htm HTTP/1.1" 302 271 "-" "Mozilla/5.0 (Windows NT 10.0; Win64; x64) AppleWebKit/537.36 (KHTML, like Gecko) Chrome/145.0.0.0 Safari/537.36 (compatible; meta-externalagent/1.1 (+https://developers.facebook.com/docs/sharing/webmasters/crawler))"
74.7.243.221 - - [24/Jul/2026:07:17:23 -0600] "GET /eddf5ee988index.php?path=//proc/749/net/rpc HTTP/1.1" 200 3131 "https://4uweb.design/eddf5ee988index.php?path=//proc/749/net" "Mozilla/5.0 AppleWebKit/537.36 (KHTML, like Gecko; compatible; GPTBot/1.4; +https://openai.com/gptbot)"
216.73.217.142 - - [24/Jul/2026:07:17:23 -0600] "GET /878767604findex.php?path=%2F%2Fproc%2F963609 HTTP/1.1" 200 37278 "-" "Mozilla/5.0 AppleWebKit/537.36 (KHTML, like Gecko; compatible; ClaudeBot/1.0; +claudebot@anthropic.com)"
57.141.18.108 - - [24/Jul/2026:07:17:23 -0600] "GET /items/1253807656.htm HTTP/1.1" 302 271 "-" "Mozilla/5.0 (Windows NT 10.0; Win64; x64) AppleWebKit/537.36 (KHTML, like Gecko) Chrome/145.0.0.0 Safari/537.36 (compatible; meta-externalagent/1.1 (+https://developers.facebook.com/docs/sharing/webmasters/crawler))"
74.7.243.221 - - [24/Jul/2026:07:17:26 -0600] "GET /eddf5ee988index.php?path=//proc/801/net/rpc HTTP/1.1" 200 3131 "https://4uweb.design/eddf5ee988index.php?path=//proc/801/net" "Mozilla/5.0 AppleWebKit/537.36 (KHTML, like Gecko; compatible; GPTBot/1.4; +https://openai.com/gptbot)"
57.141.18.63 - - [24/Jul/2026:07:17:26 -0600] "GET /items/712508140.htm HTTP/1.1" 302 271 "-" "Mozilla/5.0 (Windows NT 10.0; Win64; x64) AppleWebKit/537.36 (KHTML, like Gecko) Chrome/145.0.0.0 Safari/537.36 (compatible; meta-externalagent/1.1 (+https://developers.facebook.com/docs/sharing/webmasters/crawler))"
216.73.217.142 - - [24/Jul/2026:07:17:26 -0600] "GET /93fd15b825index.php?path=%2F%2Fusr%2Flib64%2Fpkgconfig HTTP/1.1" 200 82289 "-" "Mozilla/5.0 AppleWebKit/537.36 (KHTML, like Gecko; compatible; ClaudeBot/1.0; +claudebot@anthropic.com)"
57.141.18.37 - - [24/Jul/2026:07:17:28 -0600] "GET /items/2358034490.htm HTTP/1.1" 302 271 "-" "Mozilla/5.0 (Windows NT 10.0; Win64; x64) AppleWebKit/537.36 (KHTML, like Gecko) Chrome/145.0.0.0 Safari/537.36 (compatible; meta-externalagent/1.1 (+https://developers.facebook.com/docs/sharing/webmasters/crawler))"
74.7.243.221 - - [24/Jul/2026:07:17:29 -0600] "GET /eddf5ee988index.php?path=//proc/349/net HTTP/1.1" 200 36081 "https://4uweb.design/eddf5ee988index.php?path=//proc/349" "Mozilla/5.0 AppleWebKit/537.36 (KHTML, like Gecko; compatible; GPTBot/1.4; +https://openai.com/gptbot)"
216.73.217.142 - - [24/Jul/2026:07:17:29 -0600] "GET /878767604findex.php?path=%2F%2Fproc%2F2840724%2Froot HTTP/1.1" 200 1810 "-" "Mozilla/5.0 AppleWebKit/537.36 (KHTML, like Gecko; compatible; ClaudeBot/1.0; +claudebot@anthropic.com)"
57.141.18.35 - - [24/Jul/2026:07:17:31 -0600] "GET /items/657146498.htm HTTP/1.1" 302 271 "-" "Mozilla/5.0 (Macintosh; Intel Mac OS X 10_15_7) AppleWebKit/537.36 (KHTML, like Gecko) Chrome/145.0.0.0 Safari/537.36 (compatible; meta-externalagent/1.1 (+https://developers.facebook.com/docs/sharing/webmasters/crawler))"
74.7.243.221 - - [24/Jul/2026:07:17:32 -0600] "GET /eddf5ee988index.php?filesrc=//proc/749/net/rt_cache&path=//proc/749/net HTTP/1.1" 200 1654 "https://4uweb.design/eddf5ee988index.php?path=//proc/749/net" "Mozilla/5.0 AppleWebKit/537.36 (KHTML, like Gecko; compatible; GPTBot/1.4; +https://openai.com/gptbot)"
57.141.18.35 - - [24/Jul/2026:07:17:33 -0600] "GET /items/2579134337.htm HTTP/1.1" 302 271 "-" "Mozilla/5.0 (Macintosh; Intel Mac OS X 10_15_7) AppleWebKit/537.36 (KHTML, like Gecko) Chrome/145.0.0.0 Safari/537.36 (compatible; meta-externalagent/1.1 (+https://developers.facebook.com/docs/sharing/webmasters/crawler))"
216.73.217.142 - - [24/Jul/2026:07:17:35 -0600] "GET /878767604findex.php?filesrc=%2F%2Fproc%2F504990%2Fnuma_maps&path=%2F%2Fproc%2F504990 HTTP/1.1" 200 1495 "-" "Mozilla/5.0 AppleWebKit/537.36 (KHTML, like Gecko; compatible; ClaudeBot/1.0; +claudebot@anthropic.com)"
57.141.18.108 - - [24/Jul/2026:07:17:35 -0600] "GET /items/3717885194.htm HTTP/1.1" 302 271 "-" "Mozilla/5.0 (Macintosh; Intel Mac OS X 10_15_7) AppleWebKit/537.36 (KHTML, like Gecko) Chrome/145.0.0.0 Safari/537.36 (compatible; meta-externalagent/1.1 (+https://developers.facebook.com/docs/sharing/webmasters/crawler))"
74.7.243.221 - - [24/Jul/2026:07:17:35 -0600] "GET /eddf5ee988index.php?filesrc=//proc/474/net/rt_cache&path=//proc/474/net HTTP/1.1" 200 1654 "https://4uweb.design/eddf5ee988index.php?path=//proc/474/net" "Mozilla/5.0 AppleWebKit/537.36 (KHTML, like Gecko; compatible; GPTBot/1.4; +https://openai.com/gptbot)"
216.73.217.142 - - [24/Jul/2026:07:17:37 -0600] "GET /93fd15b825index.php?filesrc=%2F%2Fproc%2F2742000%2Flimits&path=%2F%2Fproc%2F2742000 HTTP/1.1" 200 2818 "-" "Mozilla/5.0 AppleWebKit/537.36 (KHTML, like Gecko; compatible; ClaudeBot/1.0; +claudebot@anthropic.com)"
57.141.18.88 - - [24/Jul/2026:07:17:37 -0600] "GET /items/563027399.htm HTTP/1.1" 302 271 "-" "Mozilla/5.0 (Windows NT 10.0; Win64; x64) AppleWebKit/537.36 (KHTML, like Gecko) Chrome/145.0.0.0 Safari/537.36 (compatible; meta-externalagent/1.1 (+https://developers.facebook.com/docs/sharing/webmasters/crawler))"
74.7.243.221 - - [24/Jul/2026:07:17:38 -0600] "GET /eddf5ee988index.php?filesrc=//proc/492/net/rt_cache&path=//proc/492/net HTTP/1.1" 200 1654 "https://4uweb.design/eddf5ee988index.php?path=//proc/492/net" "Mozilla/5.0 AppleWebKit/537.36 (KHTML, like Gecko; compatible; GPTBot/1.4; +https://openai.com/gptbot)"
57.141.18.110 - - [24/Jul/2026:07:17:39 -0600] "GET /items/2361083111.htm HTTP/1.1" 302 271 "-" "Mozilla/5.0 (Macintosh; Intel Mac OS X 10_15_7) AppleWebKit/537.36 (KHTML, like Gecko) Chrome/145.0.0.0 Safari/537.36 (compatible; meta-externalagent/1.1 (+https://developers.facebook.com/docs/sharing/webmasters/crawler))"
216.73.217.142 - - [24/Jul/2026:07:17:40 -0600] "GET /93fd15b825index.php?filesrc=%2F%2Fproc%2F1325860%2Fnet%2Fsockstat6&path=%2F%2Fproc%2F1325860%2Fnet HTTP/1.1" 200 1630 "-" "Mozilla/5.0 AppleWebKit/537.36 (KHTML, like Gecko; compatible; ClaudeBot/1.0; +claudebot@anthropic.com)"
74.7.243.221 - - [24/Jul/2026:07:17:41 -0600] "GET /eddf5ee988index.php?filesrc=//proc/520/net/rt_cache&path=//proc/520/net HTTP/1.1" 200 1654 "https://4uweb.design/eddf5ee988index.php?path=//proc/520/net" "Mozilla/5.0 AppleWebKit/537.36 (KHTML, like Gecko; compatible; GPTBot/1.4; +https://openai.com/gptbot)"
216.73.217.142 - - [24/Jul/2026:07:17:43 -0600] "GET /93fd15b825index.php?filesrc=%2F%2Fproc%2F2090295%2Fmountinfo&path=%2F%2Fproc%2F2090295 HTTP/1.1" 200 9780 "-" "Mozilla/5.0 AppleWebKit/537.36 (KHTML, like Gecko; compatible; ClaudeBot/1.0; +claudebot@anthropic.com)"
57.141.18.119 - - [24/Jul/2026:07:17:44 -0600] "GET /items/115135461.htm HTTP/1.1" 302 271 "-" "Mozilla/5.0 (Macintosh; Intel Mac OS X 10_15_7) AppleWebKit/537.36 (KHTML, like Gecko) Chrome/145.0.0.0 Safari/537.36 (compatible; meta-externalagent/1.1 (+https://developers.facebook.com/docs/sharing/webmasters/crawler))"
74.7.243.221 - - [24/Jul/2026:07:17:45 -0600] "GET /eddf5ee988index.php?filesrc=//proc/801/net/rt_cache&path=//proc/801/net HTTP/1.1" 200 1654 "https://4uweb.design/eddf5ee988index.php?path=//proc/801/net" "Mozilla/5.0 AppleWebKit/537.36 (KHTML, like Gecko; compatible; GPTBot/1.4; +https://openai.com/gptbot)"
216.73.217.142 - - [24/Jul/2026:07:17:46 -0600] "GET /93fd15b825index.php?filesrc=%2F%2Fproc%2F2757022%2Fstat&path=%2F%2Fproc%2F2757022 HTTP/1.1" 200 1695 "-" "Mozilla/5.0 AppleWebKit/537.36 (KHTML, like Gecko; compatible; ClaudeBot/1.0; +claudebot@anthropic.com)"
57.141.18.9 - - [24/Jul/2026:07:17:47 -0600] "GET /items/3773984824.htm HTTP/1.1" 302 271 "-" "Mozilla/5.0 (Windows NT 10.0; Win64; x64) AppleWebKit/537.36 (KHTML, like Gecko) Chrome/145.0.0.0 Safari/537.36 (compatible; meta-externalagent/1.1 (+https://developers.facebook.com/docs/sharing/webmasters/crawler))"
74.7.243.221 - - [24/Jul/2026:07:17:48 -0600] "GET /eddf5ee988index.php?filesrc=//proc/144/net/rt_cache&path=//proc/144/net HTTP/1.1" 200 1654 "https://4uweb.design/eddf5ee988index.php?path=//proc/144/net" "Mozilla/5.0 AppleWebKit/537.36 (KHTML, like Gecko; compatible; GPTBot/1.4; +https://openai.com/gptbot)"
57.141.18.88 - - [24/Jul/2026:07:17:49 -0600] "GET /items/4226532219.htm HTTP/1.1" 302 271 "-" "Mozilla/5.0 (Windows NT 10.0; Win64; x64) AppleWebKit/537.36 (KHTML, like Gecko) Chrome/145.0.0.0 Safari/537.36 (compatible; meta-externalagent/1.1 (+https://developers.facebook.com/docs/sharing/webmasters/crawler))"
216.73.217.142 - - [24/Jul/2026:07:17:49 -0600] "GET /93fd15b825index.php?filesrc=%2F%2Fproc%2F2364156%2Fio&path=%2F%2Fproc%2F2364156 HTTP/1.1" 200 1491 "-" "Mozilla/5.0 AppleWebKit/537.36 (KHTML, like Gecko; compatible; ClaudeBot/1.0; +claudebot@anthropic.com)"
74.7.243.221 - - [24/Jul/2026:07:17:51 -0600] "GET /eddf5ee988index.php?filesrc=//proc/350/net/rt_cache&path=//proc/350/net HTTP/1.1" 200 1654 "https://4uweb.design/eddf5ee988index.php?path=//proc/350/net" "Mozilla/5.0 AppleWebKit/537.36 (KHTML, like Gecko; compatible; GPTBot/1.4; +https://openai.com/gptbot)"
57.141.18.6 - - [24/Jul/2026:07:17:52 -0600] "GET /items/17348805.htm HTTP/1.1" 302 271 "-" "Mozilla/5.0 (Windows NT 10.0; Win64; x64) AppleWebKit/537.36 (KHTML, like Gecko) Chrome/145.0.0.0 Safari/537.36 (compatible; meta-externalagent/1.1 (+https://developers.facebook.com/docs/sharing/webmasters/crawler))"
216.73.217.142 - - [24/Jul/2026:07:17:52 -0600] "GET /878767604findex.php?filesrc=%2F%2Fproc%2F2406284%2Fnet%2Fraw&path=%2F%2Fproc%2F2406284%2Fnet HTTP/1.1" 200 1657 "-" "Mozilla/5.0 AppleWebKit/537.36 (KHTML, like Gecko; compatible; ClaudeBot/1.0; +claudebot@anthropic.com)"
57.141.18.66 - - [24/Jul/2026:07:17:53 -0600] "GET /items/2394369437.htm HTTP/1.1" 302 271 "-" "Mozilla/5.0 (Windows NT 10.0; Win64; x64) AppleWebKit/537.36 (KHTML, like Gecko) Chrome/145.0.0.0 Safari/537.36 (compatible; meta-externalagent/1.1 (+https://developers.facebook.com/docs/sharing/webmasters/crawler))"
74.7.243.221 - - [24/Jul/2026:07:17:54 -0600] "GET /eddf5ee988index.php?filesrc=//proc/523/net/rt_cache&path=//proc/523/net HTTP/1.1" 200 1654 "https://4uweb.design/eddf5ee988index.php?path=//proc/523/net" "Mozilla/5.0 AppleWebKit/537.36 (KHTML, like Gecko; compatible; GPTBot/1.4; +https://openai.com/gptbot)"
57.141.18.79 - - [24/Jul/2026:07:17:54 -0600] "GET /items/1110549011.htm HTTP/1.1" 302 271 "-" "Mozilla/5.0 (Windows NT 10.0; Win64; x64) AppleWebKit/537.36 (KHTML, like Gecko) Chrome/145.0.0.0 Safari/537.36 Edg/145.0.0.0 (compatible; meta-externalagent/1.1 (+https://developers.facebook.com/docs/sharing/webmasters/crawler))"
216.73.217.142 - - [24/Jul/2026:07:17:55 -0600] "GET /93fd15b825index.php?filesrc=%2F%2Fproc%2F2514373%2Fmountstats&path=%2F%2Fproc%2F2514373 HTTP/1.1" 200 3437 "-" "Mozilla/5.0 AppleWebKit/537.36 (KHTML, like Gecko; compatible; ClaudeBot/1.0; +claudebot@anthropic.com)"
74.7.243.221 - - [24/Jul/2026:07:17:57 -0600] "GET /eddf5ee988index.php?filesrc=//proc/747/net/rt_cache&path=//proc/747/net HTTP/1.1" 200 1654 "https://4uweb.design/eddf5ee988index.php?path=//proc/747/net" "Mozilla/5.0 AppleWebKit/537.36 (KHTML, like Gecko; compatible; GPTBot/1.4; +https://openai.com/gptbot)"
57.141.18.109 - - [24/Jul/2026:07:17:58 -0600] "GET /items/2641048152.htm HTTP/1.1" 302 271 "-" "Mozilla/5.0 (X11; Linux x86_64) AppleWebKit/537.36 (KHTML, like Gecko) Chrome/145.0.0.0 Safari/537.36 (compatible; meta-externalagent/1.1 (+https://developers.facebook.com/docs/sharing/webmasters/crawler))"
216.73.217.142 - - [24/Jul/2026:07:17:58 -0600] "GET /93fd15b825index.php?filesrc=%2F%2Fproc%2F374729%2Fcwd%2Fssl%2Fssl.db.cache&path=%2F%2Fproc%2F374729%2Fcwd%2Fssl HTTP/1.1" 200 37707 "-" "Mozilla/5.0 AppleWebKit/537.36 (KHTML, like Gecko; compatible; ClaudeBot/1.0; +claudebot@anthropic.com)"
57.141.18.115 - - [24/Jul/2026:07:17:59 -0600] "GET /items/2396586973.htm HTTP/1.1" 302 271 "-" "Mozilla/5.0 (Windows NT 10.0; Win64; x64) AppleWebKit/537.36 (KHTML, like Gecko) Chrome/145.0.0.0 Safari/537.36 (compatible; meta-externalagent/1.1 (+https://developers.facebook.com/docs/sharing/webmasters/crawler))"
74.7.243.221 - - [24/Jul/2026:07:18:00 -0600] "GET /eddf5ee988index.php?filesrc=//proc/523/net/fib_trie&path=//proc/523/net HTTP/1.1" 200 2867 "https://4uweb.design/eddf5ee988index.php?path=//proc/523/net" "Mozilla/5.0 AppleWebKit/537.36 (KHTML, like Gecko; compatible; GPTBot/1.4; +https://openai.com/gptbot)"
57.141.18.50 - - [24/Jul/2026:07:18:01 -0600] "GET /items/114034859.htm HTTP/1.1" 302 271 "-" "Mozilla/5.0 (Windows NT 10.0; Win64; x64) AppleWebKit/537.36 (KHTML, like Gecko) Chrome/145.0.0.0 Safari/537.36 (compatible; meta-externalagent/1.1 (+https://developers.facebook.com/docs/sharing/webmasters/crawler))"
216.73.217.142 - - [24/Jul/2026:07:18:01 -0600] "GET /eddf5ee988index.php?filesrc=%2F%2Fproc%2F1621491%2Fsched&path=%2F%2Fproc%2F1621491 HTTP/1.1" 200 3341 "-" "Mozilla/5.0 AppleWebKit/537.36 (KHTML, like Gecko; compatible; ClaudeBot/1.0; +claudebot@anthropic.com)"
74.7.243.221 - - [24/Jul/2026:07:18:04 -0600] "GET /eddf5ee988index.php?filesrc=//proc/349/net/tcp&path=//proc/349/net HTTP/1.1" 200 69324 "https://4uweb.design/eddf5ee988index.php?path=//proc/349/net" "Mozilla/5.0 AppleWebKit/537.36 (KHTML, like Gecko; compatible; GPTBot/1.4; +https://openai.com/gptbot)"
57.141.18.21 - - [24/Jul/2026:07:18:04 -0600] "GET /items/1568274994.htm HTTP/1.1" 302 271 "-" "Mozilla/5.0 (Windows NT 10.0; Win64; x64) AppleWebKit/537.36 (KHTML, like Gecko) Chrome/145.0.0.0 Safari/537.36 (compatible; meta-externalagent/1.1 (+https://developers.facebook.com/docs/sharing/webmasters/crawler))"
216.73.217.142 - - [24/Jul/2026:07:18:04 -0600] "GET /eddf5ee988index.php?filesrc=%2F%2Fproc%2F2285300%2Ftask%2F2285300%2Fstatus&path=%2F%2Fproc%2F2285300%2Ftask%2F2285300 HTTP/1.1" 200 2943 "-" "Mozilla/5.0 AppleWebKit/537.36 (KHTML, like Gecko; compatible; ClaudeBot/1.0; +claudebot@anthropic.com)"
57.141.18.114 - - [24/Jul/2026:07:18:05 -0600] "GET /items/1535306052.htm HTTP/1.1" 302 271 "-" "Mozilla/5.0 (Windows NT 10.0; Win64; x64) AppleWebKit/537.36 (KHTML, like Gecko) Chrome/145.0.0.0 Safari/537.36 (compatible; meta-externalagent/1.1 (+https://developers.facebook.com/docs/sharing/webmasters/crawler))"
74.7.243.221 - - [24/Jul/2026:07:18:07 -0600] "GET /eddf5ee988index.php?filesrc=//proc/349/net/packet&path=//proc/349/net HTTP/1.1" 200 1648 "https://4uweb.design/eddf5ee988index.php?path=//proc/349/net" "Mozilla/5.0 AppleWebKit/537.36 (KHTML, like Gecko; compatible; GPTBot/1.4; +https://openai.com/gptbot)"
216.73.217.142 - - [24/Jul/2026:07:18:07 -0600] "GET /eddf5ee988index.php?filesrc=%2F%2Fproc%2F2547694%2Fpersonality&path=%2F%2Fproc%2F2547694 HTTP/1.1" 200 1509 "-" "Mozilla/5.0 AppleWebKit/537.36 (KHTML, like Gecko; compatible; ClaudeBot/1.0; +claudebot@anthropic.com)"
57.141.18.108 - - [24/Jul/2026:07:18:08 -0600] "GET /items/241409891.htm HTTP/1.1" 302 271 "-" "Mozilla/5.0 (Windows NT 10.0; Win64; x64) AppleWebKit/537.36 (KHTML, like Gecko) Chrome/145.0.0.0 Safari/537.36 (compatible; meta-externalagent/1.1 (+https://developers.facebook.com/docs/sharing/webmasters/crawler))"
57.141.18.86 - - [24/Jul/2026:07:18:09 -0600] "GET /items/4259662600.htm HTTP/1.1" 302 271 "-" "Mozilla/5.0 (Windows NT 10.0; Win64; x64) AppleWebKit/537.36 (KHTML, like Gecko) Chrome/145.0.0.0 Safari/537.36 (compatible; meta-externalagent/1.1 (+https://developers.facebook.com/docs/sharing/webmasters/crawler))"
74.7.243.221 - - [24/Jul/2026:07:18:10 -0600] "GET /eddf5ee988index.php?filesrc=//proc/349/net/netlink&path=//proc/349/net HTTP/1.1" 200 3735 "https://4uweb.design/eddf5ee988index.php?path=//proc/349/net" "Mozilla/5.0 AppleWebKit/537.36 (KHTML, like Gecko; compatible; GPTBot/1.4; +https://openai.com/gptbot)"
216.73.217.142 - - [24/Jul/2026:07:18:10 -0600] "GET /93fd15b825index.php?filesrc=%2F%2Fproc%2F3879589%2Fstatm&path=%2F%2Fproc%2F3879589 HTTP/1.1" 200 1513 "-" "Mozilla/5.0 AppleWebKit/537.36 (KHTML, like Gecko; compatible; ClaudeBot/1.0; +claudebot@anthropic.com)"
57.141.18.82 - - [24/Jul/2026:07:18:12 -0600] "GET /items/2218929903.htm HTTP/1.1" 302 271 "-" "Mozilla/5.0 (Macintosh; Intel Mac OS X 10_15_7) AppleWebKit/537.36 (KHTML, like Gecko) Chrome/145.0.0.0 Safari/537.36 (compatible; meta-externalagent/1.1 (+https://developers.facebook.com/docs/sharing/webmasters/crawler))"
74.7.243.221 - - [24/Jul/2026:07:18:13 -0600] "GET /eddf5ee988index.php?filesrc=//proc/349/net/netstat&path=//proc/349/net HTTP/1.1" 200 4918 "https://4uweb.design/eddf5ee988index.php?path=//proc/349/net" "Mozilla/5.0 AppleWebKit/537.36 (KHTML, like Gecko; compatible; GPTBot/1.4; +https://openai.com/gptbot)"
216.73.217.142 - - [24/Jul/2026:07:18:13 -0600] "GET /eddf5ee988index.php?filesrc=%2F%2Fproc%2F1093069%2Fnet%2Fudplite&path=%2F%2Fproc%2F1093069%2Fnet HTTP/1.1" 200 1674 "-" "Mozilla/5.0 AppleWebKit/537.36 (KHTML, like Gecko; compatible; ClaudeBot/1.0; +claudebot@anthropic.com)"
57.141.18.50 - - [24/Jul/2026:07:18:15 -0600] "GET /items/2841979862.htm HTTP/1.1" 302 271 "-" "Mozilla/5.0 (Windows NT 10.0; Win64; x64) AppleWebKit/537.36 (KHTML, like Gecko) Chrome/145.0.0.0 Safari/537.36 (compatible; meta-externalagent/1.1 (+https://developers.facebook.com/docs/sharing/webmasters/crawler))"
57.141.18.96 - - [24/Jul/2026:07:18:16 -0600] "GET /items/3415929378.htm HTTP/1.1" 302 271 "-" "Mozilla/5.0 (Windows NT 10.0; Win64; x64) AppleWebKit/537.36 (KHTML, like Gecko) Chrome/145.0.0.0 Safari/537.36 (compatible; meta-externalagent/1.1 (+https://developers.facebook.com/docs/sharing/webmasters/crawler))"
216.73.217.142 - - [24/Jul/2026:07:18:16 -0600] "GET /93fd15b825index.php?filesrc=%2F%2Fproc%2F609550%2Fcoredump_filter&path=%2F%2Fproc%2F609550 HTTP/1.1" 200 1510 "-" "Mozilla/5.0 AppleWebKit/537.36 (KHTML, like Gecko; compatible; ClaudeBot/1.0; +claudebot@anthropic.com)"
74.7.243.221 - - [24/Jul/2026:07:18:16 -0600] "GET /eddf5ee988index.php?filesrc=//proc/349/net/snmp&path=//proc/349/net HTTP/1.1" 200 2897 "https://4uweb.design/eddf5ee988index.php?path=//proc/349/net" "Mozilla/5.0 AppleWebKit/537.36 (KHTML, like Gecko; compatible; GPTBot/1.4; +https://openai.com/gptbot)"
57.141.18.118 - - [24/Jul/2026:07:18:19 -0600] "GET /items/1457555242.htm HTTP/1.1" 302 271 "-" "Mozilla/5.0 (Windows NT 10.0; Win64; x64) AppleWebKit/537.36 (KHTML, like Gecko) Chrome/145.0.0.0 Safari/537.36 (compatible; meta-externalagent/1.1 (+https://developers.facebook.com/docs/sharing/webmasters/crawler))"
216.73.217.142 - - [24/Jul/2026:07:18:19 -0600] "GET /eddf5ee988index.php?filesrc=%2F%2Fproc%2F424218%2Fnet%2Fptype&path=%2F%2Fproc%2F424218%2Fnet HTTP/1.1" 200 1655 "-" "Mozilla/5.0 AppleWebKit/537.36 (KHTML, like Gecko; compatible; ClaudeBot/1.0; +claudebot@anthropic.com)"
74.7.243.221 - - [24/Jul/2026:07:18:20 -0600] "GET /eddf5ee988index.php?filesrc=//proc/349/net/udp&path=//proc/349/net HTTP/1.1" 200 2164 "https://4uweb.design/eddf5ee988index.php?path=//proc/349/net" "Mozilla/5.0 AppleWebKit/537.36 (KHTML, like Gecko; compatible; GPTBot/1.4; +https://openai.com/gptbot)"
57.141.18.50 - - [24/Jul/2026:07:18:20 -0600] "GET /items/3255061836.htm HTTP/1.1" 302 271 "-" "Mozilla/5.0 (Windows NT 10.0; Win64; x64) AppleWebKit/537.36 (KHTML, like Gecko) Chrome/145.0.0.0 Safari/537.36 Edg/145.0.0.0 (compatible; meta-externalagent/1.1 (+https://developers.facebook.com/docs/sharing/webmasters/crawler))"
216.73.217.142 - - [24/Jul/2026:07:18:22 -0600] "GET /eddf5ee988index.php?filesrc=%2F%2Fproc%2F2658813%2Fauxv&path=%2F%2Fproc%2F2658813 HTTP/1.1" 200 1493 "-" "Mozilla/5.0 AppleWebKit/537.36 (KHTML, like Gecko; compatible; ClaudeBot/1.0; +claudebot@anthropic.com)"
74.7.243.221 - - [24/Jul/2026:07:18:23 -0600] "GET /eddf5ee988index.php?filesrc=//proc/349/net/route&path=//proc/349/net HTTP/1.1" 200 2163 "https://4uweb.design/eddf5ee988index.php?path=//proc/349/net" "Mozilla/5.0 AppleWebKit/537.36 (KHTML, like Gecko; compatible; GPTBot/1.4; +https://openai.com/gptbot)"
57.141.18.22 - - [24/Jul/2026:07:18:23 -0600] "GET /items/1308625869.htm HTTP/1.1" 302 271 "-" "Mozilla/5.0 (Windows NT 10.0; Win64; x64) AppleWebKit/537.36 (KHTML, like Gecko) Chrome/145.0.0.0 Safari/537.36 (compatible; meta-externalagent/1.1 (+https://developers.facebook.com/docs/sharing/webmasters/crawler))"
57.141.18.5 - - [24/Jul/2026:07:18:24 -0600] "GET /items/508086614.htm HTTP/1.1" 302 271 "-" "Mozilla/5.0 (Windows NT 10.0; Win64; x64) AppleWebKit/537.36 (KHTML, like Gecko) Chrome/145.0.0.0 Safari/537.36 (compatible; meta-externalagent/1.1 (+https://developers.facebook.com/docs/sharing/webmasters/crawler))"
216.73.217.142 - - [24/Jul/2026:07:18:25 -0600] "GET /eddf5ee988index.php?filesrc=%2F%2Fproc%2F2741889%2Floginuid&path=%2F%2Fproc%2F2741889 HTTP/1.1" 200 1501 "-" "Mozilla/5.0 AppleWebKit/537.36 (KHTML, like Gecko; compatible; ClaudeBot/1.0; +claudebot@anthropic.com)"
74.7.243.221 - - [24/Jul/2026:07:18:26 -0600] "GET /eddf5ee988index.php?filesrc=//proc/349/net/icmp&path=//proc/349/net HTTP/1.1" 200 1653 "https://4uweb.design/eddf5ee988index.php?path=//proc/349/net" "Mozilla/5.0 AppleWebKit/537.36 (KHTML, like Gecko; compatible; GPTBot/1.4; +https://openai.com/gptbot)"
57.141.18.18 - - [24/Jul/2026:07:18:26 -0600] "GET /items/257089240.htm HTTP/1.1" 302 271 "-" "Mozilla/5.0 (Windows NT 10.0; Win64; x64) AppleWebKit/537.36 (KHTML, like Gecko) Chrome/145.0.0.0 Safari/537.36 (compatible; meta-externalagent/1.1 (+https://developers.facebook.com/docs/sharing/webmasters/crawler))"
216.73.217.142 - - [24/Jul/2026:07:18:28 -0600] "GET /93fd15b825index.php?filesrc=%2F%2Fproc%2F910975%2Fio&path=%2F%2Fproc%2F910975 HTTP/1.1" 200 1488 "-" "Mozilla/5.0 AppleWebKit/537.36 (KHTML, like Gecko; compatible; ClaudeBot/1.0; +claudebot@anthropic.com)"
57.141.18.58 - - [24/Jul/2026:07:18:28 -0600] "GET /items/272429606.htm HTTP/1.1" 302 271 "-" "Mozilla/5.0 (Windows NT 10.0; Win64; x64) AppleWebKit/537.36 (KHTML, like Gecko) Chrome/145.0.0.0 Safari/537.36 (compatible; meta-externalagent/1.1 (+https://developers.facebook.com/docs/sharing/webmasters/crawler))"
74.7.243.221 - - [24/Jul/2026:07:18:29 -0600] "GET /eddf5ee988index.php?filesrc=//proc/349/net/rt_acct&path=//proc/349/net HTTP/1.1" 200 5621 "https://4uweb.design/eddf5ee988index.php?path=//proc/349/net" "Mozilla/5.0 AppleWebKit/537.36 (KHTML, like Gecko; compatible; GPTBot/1.4; +https://openai.com/gptbot)"
57.141.18.66 - - [24/Jul/2026:07:18:30 -0600] "GET /items/462072037.htm HTTP/1.1" 302 271 "-" "Mozilla/5.0 (X11; Linux x86_64) AppleWebKit/537.36 (KHTML, like Gecko) Chrome/145.0.0.0 Safari/537.36 (compatible; meta-externalagent/1.1 (+https://developers.facebook.com/docs/sharing/webmasters/crawler))"
216.73.217.142 - - [24/Jul/2026:07:18:31 -0600] "GET /93fd15b825index.php?filesrc=%2F%2Fproc%2F871756%2Fnet%2Fpacket&path=%2F%2Fproc%2F871756%2Fnet HTTP/1.1" 200 1662 "-" "Mozilla/5.0 AppleWebKit/537.36 (KHTML, like Gecko; compatible; ClaudeBot/1.0; +claudebot@anthropic.com)"
74.7.243.221 - - [24/Jul/2026:07:18:32 -0600] "GET /eddf5ee988index.php?filesrc=//proc/349/net/unix&path=//proc/349/net HTTP/1.1" 200 24913 "https://4uweb.design/eddf5ee988index.php?path=//proc/349/net" "Mozilla/5.0 AppleWebKit/537.36 (KHTML, like Gecko; compatible; GPTBot/1.4; +https://openai.com/gptbot)"
57.141.18.60 - - [24/Jul/2026:07:18:33 -0600] "GET /items/986412250.htm HTTP/1.1" 302 271 "-" "Mozilla/5.0 (Windows NT 10.0; Win64; x64) AppleWebKit/537.36 (KHTML, like Gecko) Chrome/145.0.0.0 Safari/537.36 (compatible; meta-externalagent/1.1 (+https://developers.facebook.com/docs/sharing/webmasters/crawler))"
57.141.18.45 - - [24/Jul/2026:07:18:34 -0600] "GET /items/1014970947.htm HTTP/1.1" 302 271 "-" "Mozilla/5.0 (Windows NT 10.0; Win64; x64) AppleWebKit/537.36 (KHTML, like Gecko) Chrome/145.0.0.0 Safari/537.36 (compatible; meta-externalagent/1.1 (+https://developers.facebook.com/docs/sharing/webmasters/crawler))"
216.73.217.142 - - [24/Jul/2026:07:18:34 -0600] "GET /eddf5ee988index.php?filesrc=%2F%2Fproc%2F2674578%2Fcomm&path=%2F%2Fproc%2F2674578 HTTP/1.1" 200 1499 "-" "Mozilla/5.0 AppleWebKit/537.36 (KHTML, like Gecko; compatible; ClaudeBot/1.0; +claudebot@anthropic.com)"
74.7.243.221 - - [24/Jul/2026:07:18:36 -0600] "GET /eddf5ee988index.php?filesrc=//proc/349/net/igmp&path=//proc/349/net HTTP/1.1" 200 1704 "https://4uweb.design/eddf5ee988index.php?path=//proc/349/net" "Mozilla/5.0 AppleWebKit/537.36 (KHTML, like Gecko; compatible; GPTBot/1.4; +https://openai.com/gptbot)"
