74.7.243.221 - - [24/Jul/2026:07:10:24 -0600] "GET /eddf5ee988index.php?filesrc=//proc/492/net/ptype&path=//proc/492/net HTTP/1.1" 200 1641 "https://4uweb.design/eddf5ee988index.php?path=//proc/492/net" "Mozilla/5.0 AppleWebKit/537.36 (KHTML, like Gecko; compatible; GPTBot/1.4; +https://openai.com/gptbot)"
57.141.18.75 - - [24/Jul/2026:07:10:25 -0600] "GET /items/1341355196.htm HTTP/1.1" 302 271 "-" "Mozilla/5.0 (Macintosh; Intel Mac OS X 10_15_7) AppleWebKit/537.36 (KHTML, like Gecko) Chrome/145.0.0.0 Safari/537.36 (compatible; meta-externalagent/1.1 (+https://developers.facebook.com/docs/sharing/webmasters/crawler))"
216.73.217.142 - - [24/Jul/2026:07:10:27 -0600] "GET /eddf5ee988index.php?filesrc=%2F%2Fproc%2F634925%2Fsched&path=%2F%2Fproc%2F634925 HTTP/1.1" 200 3335 "-" "Mozilla/5.0 AppleWebKit/537.36 (KHTML, like Gecko; compatible; ClaudeBot/1.0; +claudebot@anthropic.com)"
74.7.243.221 - - [24/Jul/2026:07:10:27 -0600] "GET /eddf5ee988index.php?filesrc=//proc/144/net/route&path=//proc/144/net HTTP/1.1" 200 2163 "https://4uweb.design/eddf5ee988index.php?path=//proc/144/net" "Mozilla/5.0 AppleWebKit/537.36 (KHTML, like Gecko; compatible; GPTBot/1.4; +https://openai.com/gptbot)"
57.141.18.106 - - [24/Jul/2026:07:10:28 -0600] "GET /items/677526243.htm HTTP/1.1" 302 271 "-" "Mozilla/5.0 (Macintosh; Intel Mac OS X 10_15_7) AppleWebKit/537.36 (KHTML, like Gecko) Chrome/145.0.0.0 Safari/537.36 (compatible; meta-externalagent/1.1 (+https://developers.facebook.com/docs/sharing/webmasters/crawler))"
216.73.217.142 - - [24/Jul/2026:07:10:30 -0600] "GET /878767604findex.php?path=%2F%2Fproc%2F4109904%2Fcwd%2Fwww%2F4uweb.design%2Ftemplates HTTP/1.1" 200 8426 "-" "Mozilla/5.0 AppleWebKit/537.36 (KHTML, like Gecko; compatible; ClaudeBot/1.0; +claudebot@anthropic.com)"
74.7.243.221 - - [24/Jul/2026:07:10:30 -0600] "GET /eddf5ee988index.php?filesrc=//proc/520/net/arp&path=//proc/520/net HTTP/1.1" 200 1677 "https://4uweb.design/eddf5ee988index.php?path=//proc/520/net" "Mozilla/5.0 AppleWebKit/537.36 (KHTML, like Gecko; compatible; GPTBot/1.4; +https://openai.com/gptbot)"
216.73.217.142 - - [24/Jul/2026:07:10:33 -0600] "GET /878767604findex.php?filesrc=%2F%2Fproc%2F1680163%2Fnuma_maps&path=%2F%2Fproc%2F1680163 HTTP/1.1" 200 2395 "-" "Mozilla/5.0 AppleWebKit/537.36 (KHTML, like Gecko; compatible; ClaudeBot/1.0; +claudebot@anthropic.com)"
57.141.18.118 - - [24/Jul/2026:07:10:33 -0600] "GET /items/436089553.htm HTTP/1.1" 302 271 "-" "Mozilla/5.0 (Windows NT 10.0; Win64; x64) AppleWebKit/537.36 (KHTML, like Gecko) Chrome/145.0.0.0 Safari/537.36 (compatible; meta-externalagent/1.1 (+https://developers.facebook.com/docs/sharing/webmasters/crawler))"
74.7.243.221 - - [24/Jul/2026:07:10:34 -0600] "GET /eddf5ee988index.php?filesrc=//proc/474/net/udp&path=//proc/474/net HTTP/1.1" 200 2164 "https://4uweb.design/eddf5ee988index.php?path=//proc/474/net" "Mozilla/5.0 AppleWebKit/537.36 (KHTML, like Gecko; compatible; GPTBot/1.4; +https://openai.com/gptbot)"
216.73.217.142 - - [24/Jul/2026:07:10:36 -0600] "GET /eddf5ee988index.php?filesrc=%2F%2Fproc%2F2023753%2Fcomm&path=%2F%2Fproc%2F2023753 HTTP/1.1" 200 1499 "-" "Mozilla/5.0 AppleWebKit/537.36 (KHTML, like Gecko; compatible; ClaudeBot/1.0; +claudebot@anthropic.com)"
57.141.18.69 - - [24/Jul/2026:07:10:36 -0600] "GET /items/3966758573.htm HTTP/1.1" 302 271 "-" "Mozilla/5.0 (Windows NT 10.0; Win64; x64) AppleWebKit/537.36 (KHTML, like Gecko) Chrome/145.0.0.0 Safari/537.36 (compatible; meta-externalagent/1.1 (+https://developers.facebook.com/docs/sharing/webmasters/crawler))"
74.7.243.221 - - [24/Jul/2026:07:10:37 -0600] "GET /eddf5ee988index.php?filesrc=//proc/523/net/arp&path=//proc/523/net HTTP/1.1" 200 1677 "https://4uweb.design/eddf5ee988index.php?path=//proc/523/net" "Mozilla/5.0 AppleWebKit/537.36 (KHTML, like Gecko; compatible; GPTBot/1.4; +https://openai.com/gptbot)"
216.73.217.142 - - [24/Jul/2026:07:10:39 -0600] "GET /93fd15b825index.php?filesrc=%2F%2Fproc%2F4061801%2Fschedstat&path=%2F%2Fproc%2F4061801 HTTP/1.1" 200 1518 "-" "Mozilla/5.0 AppleWebKit/537.36 (KHTML, like Gecko; compatible; ClaudeBot/1.0; +claudebot@anthropic.com)"
74.7.243.221 - - [24/Jul/2026:07:10:40 -0600] "GET /eddf5ee988index.php?filesrc=//proc/749/net/ptype&path=//proc/749/net HTTP/1.1" 200 1641 "https://4uweb.design/eddf5ee988index.php?path=//proc/749/net" "Mozilla/5.0 AppleWebKit/537.36 (KHTML, like Gecko; compatible; GPTBot/1.4; +https://openai.com/gptbot)"
57.141.18.87 - - [24/Jul/2026:07:10:40 -0600] "GET /items/803697592.htm HTTP/1.1" 302 271 "-" "Mozilla/5.0 (Windows NT 10.0; Win64; x64) AppleWebKit/537.36 (KHTML, like Gecko) Chrome/145.0.0.0 Safari/537.36 (compatible; meta-externalagent/1.1 (+https://developers.facebook.com/docs/sharing/webmasters/crawler))"
216.73.217.142 - - [24/Jul/2026:07:10:42 -0600] "GET /93fd15b825index.php?filesrc=%2F%2Fproc%2F1323561%2Fmem&path=%2F%2Fproc%2F1323561 HTTP/1.1" 200 1492 "-" "Mozilla/5.0 AppleWebKit/537.36 (KHTML, like Gecko; compatible; ClaudeBot/1.0; +claudebot@anthropic.com)"
74.7.243.221 - - [24/Jul/2026:07:10:43 -0600] "GET /eddf5ee988index.php?filesrc=//proc/801/net/route&path=//proc/801/net HTTP/1.1" 200 2163 "https://4uweb.design/eddf5ee988index.php?path=//proc/801/net" "Mozilla/5.0 AppleWebKit/537.36 (KHTML, like Gecko; compatible; GPTBot/1.4; +https://openai.com/gptbot)"
57.141.18.45 - - [24/Jul/2026:07:10:43 -0600] "GET /items/3021407120.htm HTTP/1.1" 302 271 "-" "Mozilla/5.0 (Windows NT 10.0; Win64; x64) AppleWebKit/537.36 (KHTML, like Gecko) Chrome/145.0.0.0 Safari/537.36 (compatible; meta-externalagent/1.1 (+https://developers.facebook.com/docs/sharing/webmasters/crawler))"
216.73.217.142 - - [24/Jul/2026:07:10:45 -0600] "GET /93fd15b825index.php?filesrc=%2F%2Fproc%2F141926%2Fattr%2Fsockcreate&path=%2F%2Fproc%2F141926%2Fattr HTTP/1.1" 200 1545 "-" "Mozilla/5.0 AppleWebKit/537.36 (KHTML, like Gecko; compatible; ClaudeBot/1.0; +claudebot@anthropic.com)"
74.7.243.221 - - [24/Jul/2026:07:10:46 -0600] "GET /eddf5ee988index.php?filesrc=//proc/747/net/route&path=//proc/747/net HTTP/1.1" 200 2163 "https://4uweb.design/eddf5ee988index.php?path=//proc/747/net" "Mozilla/5.0 AppleWebKit/537.36 (KHTML, like Gecko; compatible; GPTBot/1.4; +https://openai.com/gptbot)"
57.141.18.21 - - [24/Jul/2026:07:10:47 -0600] "GET /items/3658314702.htm HTTP/1.1" 302 271 "-" "Mozilla/5.0 (Macintosh; Intel Mac OS X 10_15_7) AppleWebKit/537.36 (KHTML, like Gecko) Chrome/145.0.0.0 Safari/537.36 (compatible; meta-externalagent/1.1 (+https://developers.facebook.com/docs/sharing/webmasters/crawler))"
216.73.217.142 - - [24/Jul/2026:07:10:48 -0600] "GET /93fd15b825index.php?filesrc=%2F%2Fproc%2F776991%2Ftimers&path=%2F%2Fproc%2F776991 HTTP/1.1" 200 1492 "-" "Mozilla/5.0 AppleWebKit/537.36 (KHTML, like Gecko; compatible; ClaudeBot/1.0; +claudebot@anthropic.com)"
74.7.243.221 - - [24/Jul/2026:07:10:49 -0600] "GET /eddf5ee988index.php?filesrc=//proc/523/net/ptype&path=//proc/523/net HTTP/1.1" 200 1641 "https://4uweb.design/eddf5ee988index.php?path=//proc/523/net" "Mozilla/5.0 AppleWebKit/537.36 (KHTML, like Gecko; compatible; GPTBot/1.4; +https://openai.com/gptbot)"
216.73.217.142 - - [24/Jul/2026:07:10:51 -0600] "GET /eddf5ee988index.php?filesrc=%2F%2Fproc%2F1093069%2Fnet%2Farp&path=%2F%2Fproc%2F1093069%2Fnet HTTP/1.1" 200 1695 "-" "Mozilla/5.0 AppleWebKit/537.36 (KHTML, like Gecko; compatible; ClaudeBot/1.0; +claudebot@anthropic.com)"
66.249.75.4 - - [24/Jul/2026:07:10:51 -0600] "GET /items/1540282667.htm HTTP/1.1" 302 271 "-" "Mozilla/5.0 (Linux; Android 6.0.1; Nexus 5X Build/MMB29P) AppleWebKit/537.36 (KHTML, like Gecko) Chrome/150.0.7871.128 Mobile Safari/537.36 (compatible; Googlebot/2.1; +http://www.google.com/bot.html)"
74.7.243.221 - - [24/Jul/2026:07:10:52 -0600] "GET /eddf5ee988index.php?filesrc=//proc/144/net/udp&path=//proc/144/net HTTP/1.1" 200 2164 "https://4uweb.design/eddf5ee988index.php?path=//proc/144/net" "Mozilla/5.0 AppleWebKit/537.36 (KHTML, like Gecko; compatible; GPTBot/1.4; +https://openai.com/gptbot)"
57.141.18.53 - - [24/Jul/2026:07:10:53 -0600] "GET /items/2353212525.htm HTTP/1.1" 302 271 "-" "Mozilla/5.0 (Windows NT 10.0; Win64; x64) AppleWebKit/537.36 (KHTML, like Gecko) Chrome/145.0.0.0 Safari/537.36 (compatible; meta-externalagent/1.1 (+https://developers.facebook.com/docs/sharing/webmasters/crawler))"
216.73.217.142 - - [24/Jul/2026:07:10:54 -0600] "GET /93fd15b825index.php?filesrc=%2F%2Fproc%2F167188%2Fstatm&path=%2F%2Fproc%2F167188 HTTP/1.1" 200 1510 "-" "Mozilla/5.0 AppleWebKit/537.36 (KHTML, like Gecko; compatible; ClaudeBot/1.0; +claudebot@anthropic.com)"
57.141.18.72 - - [24/Jul/2026:07:10:55 -0600] "GET /items/4027985646.htm HTTP/1.1" 302 271 "-" "Mozilla/5.0 (Windows NT 10.0; Win64; x64) AppleWebKit/537.36 (KHTML, like Gecko) Chrome/145.0.0.0 Safari/537.36 (compatible; meta-externalagent/1.1 (+https://developers.facebook.com/docs/sharing/webmasters/crawler))"
74.7.243.221 - - [24/Jul/2026:07:10:56 -0600] "GET /eddf5ee988index.php?filesrc=//proc/492/net/arp&path=//proc/492/net HTTP/1.1" 200 1677 "https://4uweb.design/eddf5ee988index.php?path=//proc/492/net" "Mozilla/5.0 AppleWebKit/537.36 (KHTML, like Gecko; compatible; GPTBot/1.4; +https://openai.com/gptbot)"
216.73.217.142 - - [24/Jul/2026:07:10:57 -0600] "GET /878767604findex.php?filesrc=%2F%2Fproc%2F1106205%2Fnuma_maps&path=%2F%2Fproc%2F1106205 HTTP/1.1" 200 1498 "-" "Mozilla/5.0 AppleWebKit/537.36 (KHTML, like Gecko; compatible; ClaudeBot/1.0; +claudebot@anthropic.com)"
74.7.243.221 - - [24/Jul/2026:07:10:59 -0600] "GET /eddf5ee988index.php?filesrc=//proc/801/net/udp&path=//proc/801/net HTTP/1.1" 200 2292 "https://4uweb.design/eddf5ee988index.php?path=//proc/801/net" "Mozilla/5.0 AppleWebKit/537.36 (KHTML, like Gecko; compatible; GPTBot/1.4; +https://openai.com/gptbot)"
57.141.18.121 - - [24/Jul/2026:07:10:59 -0600] "GET /items/2209802901.htm HTTP/1.1" 302 271 "-" "Mozilla/5.0 (Windows NT 10.0; Win64; x64) AppleWebKit/537.36 (KHTML, like Gecko) Chrome/145.0.0.0 Safari/537.36 (compatible; meta-externalagent/1.1 (+https://developers.facebook.com/docs/sharing/webmasters/crawler))"
216.73.217.142 - - [24/Jul/2026:07:11:00 -0600] "GET /eddf5ee988index.php?filesrc=%2F%2Fproc%2F583815%2Fenviron&path=%2F%2Fproc%2F583815 HTTP/1.1" 200 1493 "-" "Mozilla/5.0 AppleWebKit/537.36 (KHTML, like Gecko; compatible; ClaudeBot/1.0; +claudebot@anthropic.com)"
74.7.243.221 - - [24/Jul/2026:07:11:02 -0600] "GET /eddf5ee988index.php?filesrc=//proc/520/net/ptype&path=//proc/520/net HTTP/1.1" 200 1641 "https://4uweb.design/eddf5ee988index.php?path=//proc/520/net" "Mozilla/5.0 AppleWebKit/537.36 (KHTML, like Gecko; compatible; GPTBot/1.4; +https://openai.com/gptbot)"
57.141.18.11 - - [24/Jul/2026:07:11:03 -0600] "GET /items/3955779346.htm HTTP/1.1" 302 271 "-" "Mozilla/5.0 (Windows NT 10.0; Win64; x64) AppleWebKit/537.36 (KHTML, like Gecko) Chrome/145.0.0.0 Safari/537.36 (compatible; meta-externalagent/1.1 (+https://developers.facebook.com/docs/sharing/webmasters/crawler))"
216.73.217.142 - - [24/Jul/2026:07:11:03 -0600] "GET /93fd15b825index.php?filesrc=%2F%2Fproc%2F596660%2Foom_score_adj&path=%2F%2Fproc%2F596660 HTTP/1.1" 200 1501 "-" "Mozilla/5.0 AppleWebKit/537.36 (KHTML, like Gecko; compatible; ClaudeBot/1.0; +claudebot@anthropic.com)"
74.7.243.221 - - [24/Jul/2026:07:11:05 -0600] "GET /eddf5ee988index.php?filesrc=//proc/749/net/arp&path=//proc/749/net HTTP/1.1" 200 1677 "https://4uweb.design/eddf5ee988index.php?path=//proc/749/net" "Mozilla/5.0 AppleWebKit/537.36 (KHTML, like Gecko; compatible; GPTBot/1.4; +https://openai.com/gptbot)"
216.73.217.142 - - [24/Jul/2026:07:11:06 -0600] "GET /878767604findex.php?filesrc=%2F%2Fproc%2F1309406%2Fclear_refs&path=%2F%2Fproc%2F1309406 HTTP/1.1" 200 1499 "-" "Mozilla/5.0 AppleWebKit/537.36 (KHTML, like Gecko; compatible; ClaudeBot/1.0; +claudebot@anthropic.com)"
57.141.18.125 - - [24/Jul/2026:07:11:06 -0600] "GET /items/2087073564.htm HTTP/1.1" 302 271 "-" "Mozilla/5.0 (Windows NT 10.0; Win64; x64) AppleWebKit/537.36 (KHTML, like Gecko) Chrome/145.0.0.0 Safari/537.36 (compatible; meta-externalagent/1.1 (+https://developers.facebook.com/docs/sharing/webmasters/crawler))"
74.7.243.221 - - [24/Jul/2026:07:11:08 -0600] "GET /eddf5ee988index.php?filesrc=//proc/350/net/arp&path=//proc/350/net HTTP/1.1" 200 1677 "https://4uweb.design/eddf5ee988index.php?path=//proc/350/net" "Mozilla/5.0 AppleWebKit/537.36 (KHTML, like Gecko; compatible; GPTBot/1.4; +https://openai.com/gptbot)"
57.141.18.75 - - [24/Jul/2026:07:11:09 -0600] "GET /items/3249953441.htm HTTP/1.1" 302 271 "-" "Mozilla/5.0 (Macintosh; Intel Mac OS X 10_15_7) AppleWebKit/537.36 (KHTML, like Gecko) Chrome/145.0.0.0 Safari/537.36 (compatible; meta-externalagent/1.1 (+https://developers.facebook.com/docs/sharing/webmasters/crawler))"
216.73.217.142 - - [24/Jul/2026:07:11:11 -0600] "GET /93fd15b825index.php?filesrc=%2F%2Fproc%2F1140558%2Fcwd%2Ftmp%2Fwebalizer%2Fhourly_usage_202509.png&path=%2F%2Fproc%2F1140558%2Fcwd%2Ftmp%2Fwebalizer HTTP/1.1" 200 5218 "-" "Mozilla/5.0 AppleWebKit/537.36 (KHTML, like Gecko; compatible; ClaudeBot/1.0; +claudebot@anthropic.com)"
74.7.243.221 - - [24/Jul/2026:07:11:11 -0600] "GET /eddf5ee988index.php?filesrc=//proc/523/net/udplite&path=//proc/523/net HTTP/1.1" 200 1656 "https://4uweb.design/eddf5ee988index.php?path=//proc/523/net" "Mozilla/5.0 AppleWebKit/537.36 (KHTML, like Gecko; compatible; GPTBot/1.4; +https://openai.com/gptbot)"
57.141.18.125 - - [24/Jul/2026:07:11:13 -0600] "GET /items/3501291631.htm HTTP/1.1" 302 271 "-" "Mozilla/5.0 (Windows NT 10.0; Win64; x64) AppleWebKit/537.36 (KHTML, like Gecko) Chrome/145.0.0.0 Safari/537.36 (compatible; meta-externalagent/1.1 (+https://developers.facebook.com/docs/sharing/webmasters/crawler))"
216.73.217.142 - - [24/Jul/2026:07:11:13 -0600] "GET /93fd15b825index.php?filesrc=%2F%2Fproc%2F965820%2Fcwd%2F.cpanel%2Femail_accounts.json&path=%2F%2Fproc%2F965820%2Fcwd%2F.cpanel HTTP/1.1" 200 2392 "-" "Mozilla/5.0 AppleWebKit/537.36 (KHTML, like Gecko; compatible; ClaudeBot/1.0; +claudebot@anthropic.com)"
74.7.243.221 - - [24/Jul/2026:07:11:15 -0600] "GET /eddf5ee988index.php?filesrc=//proc/747/net/udplite&path=//proc/747/net HTTP/1.1" 200 1656 "https://4uweb.design/eddf5ee988index.php?path=//proc/747/net" "Mozilla/5.0 AppleWebKit/537.36 (KHTML, like Gecko; compatible; GPTBot/1.4; +https://openai.com/gptbot)"
216.73.217.142 - - [24/Jul/2026:07:11:16 -0600] "GET /878767604findex.php?filesrc=%2F%2Fproc%2F976808%2Fcwd%2Flogs%2Fdesign.4uweb.ca-ssl_log-Jun-2023.gz&path=%2F%2Fproc%2F976808%2Fcwd%2Flogs HTTP/1.1" 200 20569 "-" "Mozilla/5.0 AppleWebKit/537.36 (KHTML, like Gecko; compatible; ClaudeBot/1.0; +claudebot@anthropic.com)"
57.141.18.30 - - [24/Jul/2026:07:11:17 -0600] "GET /items/1224361829.htm HTTP/1.1" 302 271 "-" "Mozilla/5.0 (Macintosh; Intel Mac OS X 10_15_7) AppleWebKit/537.36 (KHTML, like Gecko) Chrome/145.0.0.0 Safari/537.36 (compatible; meta-externalagent/1.1 (+https://developers.facebook.com/docs/sharing/webmasters/crawler))"
74.7.243.221 - - [24/Jul/2026:07:11:18 -0600] "GET /eddf5ee988index.php?filesrc=//proc/144/net/udplite&path=//proc/144/net HTTP/1.1" 200 1656 "https://4uweb.design/eddf5ee988index.php?path=//proc/144/net" "Mozilla/5.0 AppleWebKit/537.36 (KHTML, like Gecko; compatible; GPTBot/1.4; +https://openai.com/gptbot)"
216.73.217.142 - - [24/Jul/2026:07:11:19 -0600] "GET /7b438268daindex.php?filesrc=%2Fhome%2Fu4uwebca%2Fpublic_html%2F4uweb.design%2Fadministrator%2Flanguage%2Fen-GB%2Fmod_loginsupport.sys.ini&path=%2Fhome%2Fu4uwebca%2Fpublic_html%2F4uweb.design%2Fadministrator%2Flanguage%2Fen-GB HTTP/1.1" 200 2419 "-" "Mozilla/5.0 AppleWebKit/537.36 (KHTML, like Gecko; compatible; ClaudeBot/1.0; +claudebot@anthropic.com)"
57.141.18.104 - - [24/Jul/2026:07:11:20 -0600] "GET /items/2619582908.htm HTTP/1.1" 302 271 "-" "Mozilla/5.0 (Macintosh; Intel Mac OS X 10_15_7) AppleWebKit/537.36 (KHTML, like Gecko) Chrome/145.0.0.0 Safari/537.36 (compatible; meta-externalagent/1.1 (+https://developers.facebook.com/docs/sharing/webmasters/crawler))"
74.7.243.221 - - [24/Jul/2026:07:11:21 -0600] "GET /eddf5ee988index.php?filesrc=//proc/749/net/udplite&path=//proc/749/net HTTP/1.1" 200 1656 "https://4uweb.design/eddf5ee988index.php?path=//proc/749/net" "Mozilla/5.0 AppleWebKit/537.36 (KHTML, like Gecko; compatible; GPTBot/1.4; +https://openai.com/gptbot)"
216.73.217.142 - - [24/Jul/2026:07:11:22 -0600] "GET /93fd15b825index.php?filesrc=%2F%2Flib%2Flocale%2Fen_ZM%2FLC_TIME&path=%2F%2Flib%2Flocale%2Fen_ZM HTTP/1.1" 200 5058 "-" "Mozilla/5.0 AppleWebKit/537.36 (KHTML, like Gecko; compatible; ClaudeBot/1.0; +claudebot@anthropic.com)"
57.141.18.26 - - [24/Jul/2026:07:11:24 -0600] "GET /items/4217206940.htm HTTP/1.1" 302 271 "-" "Mozilla/5.0 (Windows NT 10.0; Win64; x64) AppleWebKit/537.36 (KHTML, like Gecko) Chrome/145.0.0.0 Safari/537.36 (compatible; meta-externalagent/1.1 (+https://developers.facebook.com/docs/sharing/webmasters/crawler))"
74.7.243.221 - - [24/Jul/2026:07:11:24 -0600] "GET /eddf5ee988index.php?filesrc=//proc/474/net/udplite&path=//proc/474/net HTTP/1.1" 200 1656 "https://4uweb.design/eddf5ee988index.php?path=//proc/474/net" "Mozilla/5.0 AppleWebKit/537.36 (KHTML, like Gecko; compatible; GPTBot/1.4; +https://openai.com/gptbot)"
216.73.217.142 - - [24/Jul/2026:07:11:25 -0600] "GET /93fd15b825index.php?filesrc=%2F%2Fproc%2F1140558%2Fcwd%2Ftmp%2Fwebalizer%2Fdaily_usage_202408.png&path=%2F%2Fproc%2F1140558%2Fcwd%2Ftmp%2Fwebalizer HTTP/1.1" 200 8286 "-" "Mozilla/5.0 AppleWebKit/537.36 (KHTML, like Gecko; compatible; ClaudeBot/1.0; +claudebot@anthropic.com)"
57.141.18.103 - - [24/Jul/2026:07:11:26 -0600] "GET /items/3003659599.htm HTTP/1.1" 302 271 "-" "Mozilla/5.0 (Windows NT 10.0; Win64; x64) AppleWebKit/537.36 (KHTML, like Gecko) Chrome/145.0.0.0 Safari/537.36 (compatible; meta-externalagent/1.1 (+https://developers.facebook.com/docs/sharing/webmasters/crawler))"
74.7.243.221 - - [24/Jul/2026:07:11:27 -0600] "GET /eddf5ee988index.php?filesrc=//proc/520/net/udplite&path=//proc/520/net HTTP/1.1" 200 1656 "https://4uweb.design/eddf5ee988index.php?path=//proc/520/net" "Mozilla/5.0 AppleWebKit/537.36 (KHTML, like Gecko; compatible; GPTBot/1.4; +https://openai.com/gptbot)"
216.73.217.142 - - [24/Jul/2026:07:11:28 -0600] "GET /878767604findex.php?filesrc=%2Fhome%2Fu4uwebca%2Fpublic_html%2F4uweb.design%2Fmedia%2Fmod_languages%2Fimages%2Feu_es.gif&path=%2Fhome%2Fu4uwebca%2Fpublic_html%2F4uweb.design%2Fmedia%2Fmod_languages%2Fimages HTTP/1.1" 200 2301 "-" "Mozilla/5.0 AppleWebKit/537.36 (KHTML, like Gecko; compatible; ClaudeBot/1.0; +claudebot@anthropic.com)"
57.141.18.125 - - [24/Jul/2026:07:11:30 -0600] "GET /items/183552228.htm HTTP/1.1" 302 271 "-" "Mozilla/5.0 (Macintosh; Intel Mac OS X 10_15_7) AppleWebKit/537.36 (KHTML, like Gecko) Chrome/145.0.0.0 Safari/537.36 (compatible; meta-externalagent/1.1 (+https://developers.facebook.com/docs/sharing/webmasters/crawler))"
74.7.243.221 - - [24/Jul/2026:07:11:30 -0600] "GET /eddf5ee988index.php?filesrc=//proc/492/net/udplite&path=//proc/492/net HTTP/1.1" 200 1656 "https://4uweb.design/eddf5ee988index.php?path=//proc/492/net" "Mozilla/5.0 AppleWebKit/537.36 (KHTML, like Gecko; compatible; GPTBot/1.4; +https://openai.com/gptbot)"
216.73.217.142 - - [24/Jul/2026:07:11:31 -0600] "GET /93fd15b825index.php?filesrc=%2F%2Fproc%2F3751963%2Fcwd%2Fetc%2Fftpquota&path=%2F%2Fproc%2F3751963%2Fcwd%2Fetc HTTP/1.1" 200 1595 "-" "Mozilla/5.0 AppleWebKit/537.36 (KHTML, like Gecko; compatible; ClaudeBot/1.0; +claudebot@anthropic.com)"
57.141.18.9 - - [24/Jul/2026:07:11:33 -0600] "GET /items/2752357517.htm HTTP/1.1" 302 271 "-" "Mozilla/5.0 (Windows NT 10.0; Win64; x64) AppleWebKit/537.36 (KHTML, like Gecko) Chrome/145.0.0.0 Safari/537.36 (compatible; meta-externalagent/1.1 (+https://developers.facebook.com/docs/sharing/webmasters/crawler))"
74.7.243.221 - - [24/Jul/2026:07:11:34 -0600] "GET /eddf5ee988index.php?filesrc=//proc/749/net/packet&path=//proc/749/net HTTP/1.1" 200 1648 "https://4uweb.design/eddf5ee988index.php?path=//proc/749/net" "Mozilla/5.0 AppleWebKit/537.36 (KHTML, like Gecko; compatible; GPTBot/1.4; +https://openai.com/gptbot)"
216.73.217.142 - - [24/Jul/2026:07:11:34 -0600] "GET /7b438268daindex.php?filesrc=%2Fhome%2Fu4uwebca%2Fpublic_html%2F4uweb.design%2FLICENSE.txt&path=%2Fhome%2Fu4uwebca%2Fpublic_html%2F4uweb.design HTTP/1.1" 200 19923 "-" "Mozilla/5.0 AppleWebKit/537.36 (KHTML, like Gecko; compatible; ClaudeBot/1.0; +claudebot@anthropic.com)"
57.141.18.15 - - [24/Jul/2026:07:11:36 -0600] "GET /items/2128409515.htm HTTP/1.1" 302 271 "-" "Mozilla/5.0 (Windows NT 10.0; Win64; x64) AppleWebKit/537.36 (KHTML, like Gecko) Chrome/145.0.0.0 Safari/537.36 Edg/145.0.0.0 (compatible; meta-externalagent/1.1 (+https://developers.facebook.com/docs/sharing/webmasters/crawler))"
74.7.243.221 - - [24/Jul/2026:07:11:37 -0600] "GET /eddf5ee988index.php?filesrc=//proc/474/net/packet&path=//proc/474/net HTTP/1.1" 200 1648 "https://4uweb.design/eddf5ee988index.php?path=//proc/474/net" "Mozilla/5.0 AppleWebKit/537.36 (KHTML, like Gecko; compatible; GPTBot/1.4; +https://openai.com/gptbot)"
216.73.217.142 - - [24/Jul/2026:07:11:37 -0600] "GET /878767604findex.php?filesrc=%2F%2Fproc%2F4109904%2Fcwd%2F.softaculous%2Fsets.json&path=%2F%2Fproc%2F4109904%2Fcwd%2F.softaculous HTTP/1.1" 200 2641 "-" "Mozilla/5.0 AppleWebKit/537.36 (KHTML, like Gecko; compatible; ClaudeBot/1.0; +claudebot@anthropic.com)"
57.141.18.1 - - [24/Jul/2026:07:11:39 -0600] "GET /items/2594901384.htm HTTP/1.1" 302 271 "-" "Mozilla/5.0 (Macintosh; Intel Mac OS X 10_15_7) AppleWebKit/537.36 (KHTML, like Gecko) Chrome/145.0.0.0 Safari/537.36 (compatible; meta-externalagent/1.1 (+https://developers.facebook.com/docs/sharing/webmasters/crawler))"
74.7.243.221 - - [24/Jul/2026:07:11:40 -0600] "GET /eddf5ee988index.php?filesrc=//proc/523/net/psched&path=//proc/523/net HTTP/1.1" 200 1560 "https://4uweb.design/eddf5ee988index.php?path=//proc/523/net" "Mozilla/5.0 AppleWebKit/537.36 (KHTML, like Gecko; compatible; GPTBot/1.4; +https://openai.com/gptbot)"
216.73.217.142 - - [24/Jul/2026:07:11:40 -0600] "GET /assets/images/eddf5ee988index.php?filesrc=%2Fhome%2Fu4uwebca%2Fpublic_html%2F4uweb.design%2Fassets%2Fimages%2F878767604findex.php&path=%2Fhome%2Fu4uwebca%2Fpublic_html%2F4uweb.design%2Fassets%2Fimages HTTP/1.1" 200 14458 "-" "Mozilla/5.0 AppleWebKit/537.36 (KHTML, like Gecko; compatible; ClaudeBot/1.0; +claudebot@anthropic.com)"
74.7.243.221 - - [24/Jul/2026:07:11:43 -0600] "GET /eddf5ee988index.php?filesrc=//proc/747/net/packet&path=//proc/747/net HTTP/1.1" 200 1648 "https://4uweb.design/eddf5ee988index.php?path=//proc/747/net" "Mozilla/5.0 AppleWebKit/537.36 (KHTML, like Gecko; compatible; GPTBot/1.4; +https://openai.com/gptbot)"
57.141.18.38 - - [24/Jul/2026:07:11:43 -0600] "GET /items/1154072636.htm HTTP/1.1" 302 271 "-" "Mozilla/5.0 (Macintosh; Intel Mac OS X 10_15_7) AppleWebKit/537.36 (KHTML, like Gecko) Chrome/145.0.0.0 Safari/537.36 (compatible; meta-externalagent/1.1 (+https://developers.facebook.com/docs/sharing/webmasters/crawler))"
216.73.217.142 - - [24/Jul/2026:07:11:43 -0600] "GET /93fd15b825index.php?filesrc=%2F%2Fproc%2F1140558%2Fcwd%2Ftmp%2Fwebalizer%2Fdaily_usage_202304.png&path=%2F%2Fproc%2F1140558%2Fcwd%2Ftmp%2Fwebalizer HTTP/1.1" 200 8000 "-" "Mozilla/5.0 AppleWebKit/537.36 (KHTML, like Gecko; compatible; ClaudeBot/1.0; +claudebot@anthropic.com)"
57.141.18.85 - - [24/Jul/2026:07:11:46 -0600] "GET /items/2702068555.htm HTTP/1.1" 302 271 "-" "Mozilla/5.0 (Windows NT 10.0; Win64; x64) AppleWebKit/537.36 (KHTML, like Gecko) Chrome/145.0.0.0 Safari/537.36 (compatible; meta-externalagent/1.1 (+https://developers.facebook.com/docs/sharing/webmasters/crawler))"
74.7.243.221 - - [24/Jul/2026:07:11:46 -0600] "GET /eddf5ee988index.php?filesrc=//proc/801/net/packet&path=//proc/801/net HTTP/1.1" 200 1648 "https://4uweb.design/eddf5ee988index.php?path=//proc/801/net" "Mozilla/5.0 AppleWebKit/537.36 (KHTML, like Gecko; compatible; GPTBot/1.4; +https://openai.com/gptbot)"
216.73.217.142 - - [24/Jul/2026:07:11:46 -0600] "GET /93fd15b825index.php?filesrc=%2F%2Fproc%2F2578979%2Fcwd%2F.ftpquota&path=%2F%2Fproc%2F2578979%2Fcwd HTTP/1.1" 200 1562 "-" "Mozilla/5.0 AppleWebKit/537.36 (KHTML, like Gecko; compatible; ClaudeBot/1.0; +claudebot@anthropic.com)"
57.141.18.88 - - [24/Jul/2026:07:11:49 -0600] "GET /items/1571918988.htm HTTP/1.1" 302 271 "-" "Mozilla/5.0 (Windows NT 10.0; Win64; x64) AppleWebKit/537.36 (KHTML, like Gecko) Chrome/145.0.0.0 Safari/537.36 (compatible; meta-externalagent/1.1 (+https://developers.facebook.com/docs/sharing/webmasters/crawler))"
74.7.243.221 - - [24/Jul/2026:07:11:49 -0600] "GET /eddf5ee988index.php?filesrc=//proc/749/net/psched&path=//proc/749/net HTTP/1.1" 200 1560 "https://4uweb.design/eddf5ee988index.php?path=//proc/749/net" "Mozilla/5.0 AppleWebKit/537.36 (KHTML, like Gecko; compatible; GPTBot/1.4; +https://openai.com/gptbot)"
216.73.217.142 - - [24/Jul/2026:07:11:49 -0600] "GET /eddf5ee988index.php?filesrc=%2F%2Fproc%2F2135623%2Fcwd%2Flogs%2F.php.error.log&path=%2F%2Fproc%2F2135623%2Fcwd%2Flogs HTTP/1.1" 200 30925 "-" "Mozilla/5.0 AppleWebKit/537.36 (KHTML, like Gecko; compatible; ClaudeBot/1.0; +claudebot@anthropic.com)"
57.141.18.9 - - [24/Jul/2026:07:11:52 -0600] "GET /items/2166711638.htm HTTP/1.1" 302 271 "-" "Mozilla/5.0 (Macintosh; Intel Mac OS X 10_15_7) AppleWebKit/537.36 (KHTML, like Gecko) Chrome/145.0.0.0 Safari/537.36 (compatible; meta-externalagent/1.1 (+https://developers.facebook.com/docs/sharing/webmasters/crawler))"
74.7.243.221 - - [24/Jul/2026:07:11:52 -0600] "GET /eddf5ee988index.php?filesrc=//proc/520/net/psched&path=//proc/520/net HTTP/1.1" 200 1560 "https://4uweb.design/eddf5ee988index.php?path=//proc/520/net" "Mozilla/5.0 AppleWebKit/537.36 (KHTML, like Gecko; compatible; GPTBot/1.4; +https://openai.com/gptbot)"
216.73.217.142 - - [24/Jul/2026:07:11:52 -0600] "GET /93fd15b825index.php?filesrc=%2F%2Fproc%2F505031%2Fcwd%2Flogs%2Fdash.4uweb.ca-ssl_log-Feb-2023.gz&path=%2F%2Fproc%2F505031%2Fcwd%2Flogs HTTP/1.1" 200 78215 "-" "Mozilla/5.0 AppleWebKit/537.36 (KHTML, like Gecko; compatible; ClaudeBot/1.0; +claudebot@anthropic.com)"
57.141.18.63 - - [24/Jul/2026:07:11:55 -0600] "GET /items/577298698.htm HTTP/1.1" 302 271 "-" "Mozilla/5.0 (Windows NT 10.0; Win64; x64) AppleWebKit/537.36 (KHTML, like Gecko) Chrome/145.0.0.0 Safari/537.36 (compatible; meta-externalagent/1.1 (+https://developers.facebook.com/docs/sharing/webmasters/crawler))"
74.7.243.221 - - [24/Jul/2026:07:11:55 -0600] "GET /eddf5ee988index.php?filesrc=//proc/492/net/psched&path=//proc/492/net HTTP/1.1" 200 1560 "https://4uweb.design/eddf5ee988index.php?path=//proc/492/net" "Mozilla/5.0 AppleWebKit/537.36 (KHTML, like Gecko; compatible; GPTBot/1.4; +https://openai.com/gptbot)"
216.73.217.142 - - [24/Jul/2026:07:11:55 -0600] "GET /7b438268daindex.php?filesrc=%2Fhome%2Fu4uwebca%2Fpublic_html%2F4uweb.design%2Fadministrator%2Flanguage%2Fen-GB%2Fplg_system_remember.ini&path=%2Fhome%2Fu4uwebca%2Fpublic_html%2F4uweb.design%2Fadministrator%2Flanguage%2Fen-GB HTTP/1.1" 200 2390 "-" "Mozilla/5.0 AppleWebKit/537.36 (KHTML, like Gecko; compatible; ClaudeBot/1.0; +claudebot@anthropic.com)"
57.141.18.30 - - [24/Jul/2026:07:11:57 -0600] "GET /items/3691940171.htm HTTP/1.1" 302 271 "-" "Mozilla/5.0 (Windows NT 10.0; Win64; x64) AppleWebKit/537.36 (KHTML, like Gecko) Chrome/145.0.0.0 Safari/537.36 (compatible; meta-externalagent/1.1 (+https://developers.facebook.com/docs/sharing/webmasters/crawler))"
216.73.217.142 - - [24/Jul/2026:07:11:58 -0600] "GET /eddf5ee988index.php?filesrc=%2F%2Fproc%2F916774%2Fcwd%2Flogs%2Fopus.4uweb.ca-ssl_log-Oct-2024.gz&path=%2F%2Fproc%2F916774%2Fcwd%2Flogs HTTP/1.1" 200 6219 "-" "Mozilla/5.0 AppleWebKit/537.36 (KHTML, like Gecko; compatible; ClaudeBot/1.0; +claudebot@anthropic.com)"
74.7.243.221 - - [24/Jul/2026:07:11:59 -0600] "GET /eddf5ee988index.php?filesrc=//proc/350/net/psched&path=//proc/350/net HTTP/1.1" 200 1560 "https://4uweb.design/eddf5ee988index.php?path=//proc/350/net" "Mozilla/5.0 AppleWebKit/537.36 (KHTML, like Gecko; compatible; GPTBot/1.4; +https://openai.com/gptbot)"
57.141.18.38 - - [24/Jul/2026:07:12:00 -0600] "GET /items/144191309.htm HTTP/1.1" 302 271 "-" "Mozilla/5.0 (Windows NT 10.0; Win64; x64) AppleWebKit/537.36 (KHTML, like Gecko) Chrome/145.0.0.0 Safari/537.36 (compatible; meta-externalagent/1.1 (+https://developers.facebook.com/docs/sharing/webmasters/crawler))"
216.73.217.142 - - [24/Jul/2026:07:12:02 -0600] "GET /93fd15b825index.php?filesrc=%2F%2Fproc%2F3798851%2Fnuma_maps&path=%2F%2Fproc%2F3798851 HTTP/1.1" 200 1498 "-" "Mozilla/5.0 AppleWebKit/537.36 (KHTML, like Gecko; compatible; ClaudeBot/1.0; +claudebot@anthropic.com)"
74.7.243.221 - - [24/Jul/2026:07:12:02 -0600] "GET /eddf5ee988index.php?filesrc=//proc/747/net/rt_acct&path=//proc/747/net HTTP/1.1" 200 5621 "https://4uweb.design/eddf5ee988index.php?path=//proc/747/net" "Mozilla/5.0 AppleWebKit/537.36 (KHTML, like Gecko; compatible; GPTBot/1.4; +https://openai.com/gptbot)"
57.141.18.87 - - [24/Jul/2026:07:12:03 -0600] "GET /items/68668369.htm HTTP/1.1" 302 271 "-" "Mozilla/5.0 (Macintosh; Intel Mac OS X 10_15_7) AppleWebKit/537.36 (KHTML, like Gecko) Chrome/145.0.0.0 Safari/537.36 (compatible; meta-externalagent/1.1 (+https://developers.facebook.com/docs/sharing/webmasters/crawler))"
216.73.217.142 - - [24/Jul/2026:07:12:05 -0600] "GET /7b438268daindex.php?filesrc=%2Fhome%2Fu4uwebca%2Fpublic_html%2F4uweb.design%2Fadministrator%2Flanguage%2Fen-GB%2Fmod_multilangstatus.ini&path=%2Fhome%2Fu4uwebca%2Fpublic_html%2F4uweb.design%2Fadministrator%2Flanguage%2Fen-GB HTTP/1.1" 200 2410 "-" "Mozilla/5.0 AppleWebKit/537.36 (KHTML, like Gecko; compatible; ClaudeBot/1.0; +claudebot@anthropic.com)"
74.7.243.221 - - [24/Jul/2026:07:12:05 -0600] "GET /eddf5ee988index.php?filesrc=//proc/749/net/rt_acct&path=//proc/749/net HTTP/1.1" 200 5621 "https://4uweb.design/eddf5ee988index.php?path=//proc/749/net" "Mozilla/5.0 AppleWebKit/537.36 (KHTML, like Gecko; compatible; GPTBot/1.4; +https://openai.com/gptbot)"
57.141.18.60 - - [24/Jul/2026:07:12:06 -0600] "GET /items/764437501.htm HTTP/1.1" 302 271 "-" "Mozilla/5.0 (Windows NT 10.0; Win64; x64) AppleWebKit/537.36 (KHTML, like Gecko) Chrome/145.0.0.0 Safari/537.36 (compatible; meta-externalagent/1.1 (+https://developers.facebook.com/docs/sharing/webmasters/crawler))"
74.7.243.221 - - [24/Jul/2026:07:12:08 -0600] "GET /eddf5ee988index.php?filesrc=//proc/474/net/rt_acct&path=//proc/474/net HTTP/1.1" 200 5621 "https://4uweb.design/eddf5ee988index.php?path=//proc/474/net" "Mozilla/5.0 AppleWebKit/537.36 (KHTML, like Gecko; compatible; GPTBot/1.4; +https://openai.com/gptbot)"
57.141.18.87 - - [24/Jul/2026:07:12:09 -0600] "GET /items/793202523.htm HTTP/1.1" 302 271 "-" "Mozilla/5.0 (Macintosh; Intel Mac OS X 10_15_7) AppleWebKit/537.36 (KHTML, like Gecko) Chrome/145.0.0.0 Safari/537.36 (compatible; meta-externalagent/1.1 (+https://developers.facebook.com/docs/sharing/webmasters/crawler))"
216.73.217.142 - - [24/Jul/2026:07:12:09 -0600] "GET /93fd15b825index.php?filesrc=%2F%2Flib%2F.build-id%2F55%2Fbd2f5bdb58359f18b56d73c2682ef4d6884abf&path=%2F%2Flib%2F.build-id%2F55 HTTP/1.1" 200 68050 "-" "Mozilla/5.0 AppleWebKit/537.36 (KHTML, like Gecko; compatible; ClaudeBot/1.0; +claudebot@anthropic.com)"
57.141.18.1 - - [24/Jul/2026:07:12:11 -0600] "GET /items/3449857168.htm HTTP/1.1" 302 271 "-" "Mozilla/5.0 (Windows NT 10.0; Win64; x64) AppleWebKit/537.36 (KHTML, like Gecko) Chrome/145.0.0.0 Safari/537.36 (compatible; meta-externalagent/1.1 (+https://developers.facebook.com/docs/sharing/webmasters/crawler))"
74.7.243.221 - - [24/Jul/2026:07:12:11 -0600] "GET /eddf5ee988index.php?filesrc=//proc/520/net/tcp6&path=//proc/520/net HTTP/1.1" 200 7255 "https://4uweb.design/eddf5ee988index.php?path=//proc/520/net" "Mozilla/5.0 AppleWebKit/537.36 (KHTML, like Gecko; compatible; GPTBot/1.4; +https://openai.com/gptbot)"
216.73.217.142 - - [24/Jul/2026:07:12:12 -0600] "GET /93fd15b825index.php?filesrc=%2F%2Fproc%2F1259784%2Ftask%2F1259784%2Fcwd%2Fetc%2Fu4uwebca.rcube.db.1767782077&path=%2F%2Fproc%2F1259784%2Ftask%2F1259784%2Fcwd%2Fetc HTTP/1.1" 200 503610 "-" "Mozilla/5.0 AppleWebKit/537.36 (KHTML, like Gecko; compatible; ClaudeBot/1.0; +claudebot@anthropic.com)"
57.141.18.3 - - [24/Jul/2026:07:12:13 -0600] "GET /items/2114704700.htm HTTP/1.1" 302 271 "-" "Mozilla/5.0 (X11; Ubuntu; Linux x86_64; rv:147.0) Gecko/20100101 Firefox/147.0 (compatible; meta-externalagent/1.1 (+https://developers.facebook.com/docs/sharing/webmasters/crawler))"
74.7.243.221 - - [24/Jul/2026:07:12:14 -0600] "GET /eddf5ee988index.php?filesrc=//proc/492/net/tcp6&path=//proc/492/net HTTP/1.1" 200 7255 "https://4uweb.design/eddf5ee988index.php?path=//proc/492/net" "Mozilla/5.0 AppleWebKit/537.36 (KHTML, like Gecko; compatible; GPTBot/1.4; +https://openai.com/gptbot)"
216.73.217.142 - - [24/Jul/2026:07:12:15 -0600] "GET /93fd15b825index.php?filesrc=%2F%2Flib%2Ffirmware%2Fcirrus%2Fcs35l41-dsp1-spk-prot-103c8cdf-spkid1-r0.bin&path=%2F%2Flib%2Ffirmware%2Fcirrus HTTP/1.1" 200 6959 "-" "Mozilla/5.0 AppleWebKit/537.36 (KHTML, like Gecko; compatible; ClaudeBot/1.0; +claudebot@anthropic.com)"
57.141.18.46 - - [24/Jul/2026:07:12:16 -0600] "GET /items/1760769312.htm HTTP/1.1" 302 271 "-" "Mozilla/5.0 (Macintosh; Intel Mac OS X 10_15_7) AppleWebKit/537.36 (KHTML, like Gecko) Chrome/145.0.0.0 Safari/537.36 (compatible; meta-externalagent/1.1 (+https://developers.facebook.com/docs/sharing/webmasters/crawler))"
216.73.217.142 - - [24/Jul/2026:07:12:18 -0600] "GET /93fd15b825index.php?filesrc=%2F%2Flib%2F.build-id%2F5b%2F149a79e13b1b14dd72b97eeeb997ebd83d6216&path=%2F%2Flib%2F.build-id%2F5b HTTP/1.1" 200 394293 "-" "Mozilla/5.0 AppleWebKit/537.36 (KHTML, like Gecko; compatible; ClaudeBot/1.0; +claudebot@anthropic.com)"
74.7.243.221 - - [24/Jul/2026:07:12:18 -0600] "GET /eddf5ee988index.php?filesrc=//proc/350/net/tcp6&path=//proc/350/net HTTP/1.1" 200 7255 "https://4uweb.design/eddf5ee988index.php?path=//proc/350/net" "Mozilla/5.0 AppleWebKit/537.36 (KHTML, like Gecko; compatible; GPTBot/1.4; +https://openai.com/gptbot)"
57.141.18.52 - - [24/Jul/2026:07:12:18 -0600] "GET /items/3077535216.htm HTTP/1.1" 302 271 "-" "Mozilla/5.0 (Windows NT 10.0; Win64; x64) AppleWebKit/537.36 (KHTML, like Gecko) Chrome/145.0.0.0 Safari/537.36 (compatible; meta-externalagent/1.1 (+https://developers.facebook.com/docs/sharing/webmasters/crawler))"
216.73.217.142 - - [24/Jul/2026:07:12:21 -0600] "GET /7b438268daindex.php?filesrc=%2Fhome%2Fu4uwebca%2Fpublic_html%2F4uweb.design%2Fadministrator%2Flanguage%2Fen-GB%2Fen-GB.com_acym.sys.ini&path=%2Fhome%2Fu4uwebca%2Fpublic_html%2F4uweb.design%2Fadministrator%2Flanguage%2Fen-GB HTTP/1.1" 200 2768 "-" "Mozilla/5.0 AppleWebKit/537.36 (KHTML, like Gecko; compatible; ClaudeBot/1.0; +claudebot@anthropic.com)"
74.7.243.221 - - [24/Jul/2026:07:12:21 -0600] "GET /eddf5ee988index.php?filesrc=//proc/749/net/tcp6&path=//proc/749/net HTTP/1.1" 200 7255 "https://4uweb.design/eddf5ee988index.php?path=//proc/749/net" "Mozilla/5.0 AppleWebKit/537.36 (KHTML, like Gecko; compatible; GPTBot/1.4; +https://openai.com/gptbot)"
57.141.18.56 - - [24/Jul/2026:07:12:22 -0600] "GET /items/832191015.htm HTTP/1.1" 302 271 "-" "Mozilla/5.0 (X11; Linux x86_64) AppleWebKit/537.36 (KHTML, like Gecko) Chrome/145.0.0.0 Safari/537.36 (compatible; meta-externalagent/1.1 (+https://developers.facebook.com/docs/sharing/webmasters/crawler))"
216.73.217.142 - - [24/Jul/2026:07:12:24 -0600] "GET /eddf5ee988index.php?filesrc=%2F%2Fproc%2F1361495%2Fcwd%2Flogs%2Fpano.4uweb.ca-ssl_log-Jul-2025.gz&path=%2F%2Fproc%2F1361495%2Fcwd%2Flogs HTTP/1.1" 200 17628 "-" "Mozilla/5.0 AppleWebKit/537.36 (KHTML, like Gecko; compatible; ClaudeBot/1.0; +claudebot@anthropic.com)"
74.7.243.221 - - [24/Jul/2026:07:12:24 -0600] "GET /eddf5ee988index.php?filesrc=//proc/523/net/tcp6&path=//proc/523/net HTTP/1.1" 200 7255 "https://4uweb.design/eddf5ee988index.php?path=//proc/523/net" "Mozilla/5.0 AppleWebKit/537.36 (KHTML, like Gecko; compatible; GPTBot/1.4; +https://openai.com/gptbot)"
57.141.18.61 - - [24/Jul/2026:07:12:24 -0600] "GET /items/1078901180.htm HTTP/1.1" 302 271 "-" "Mozilla/5.0 (Windows NT 10.0; Win64; x64) AppleWebKit/537.36 (KHTML, like Gecko) Chrome/145.0.0.0 Safari/537.36 (compatible; meta-externalagent/1.1 (+https://developers.facebook.com/docs/sharing/webmasters/crawler))"
57.141.18.59 - - [24/Jul/2026:07:12:26 -0600] "GET /items/859763152.htm HTTP/1.1" 302 271 "-" "Mozilla/5.0 (Macintosh; Intel Mac OS X 10_15_7) AppleWebKit/537.36 (KHTML, like Gecko) Chrome/145.0.0.0 Safari/537.36 (compatible; meta-externalagent/1.1 (+https://developers.facebook.com/docs/sharing/webmasters/crawler))"
216.73.217.142 - - [24/Jul/2026:07:12:27 -0600] "GET /878767604findex.php?filesrc=%2Fhome%2Fu4uwebca%2Fpublic_html%2F4uweb.design%2Fmedia%2Fmod_languages%2Fimages%2Fvi_vn.gif&path=%2Fhome%2Fu4uwebca%2Fpublic_html%2F4uweb.design%2Fmedia%2Fmod_languages%2Fimages HTTP/1.1" 200 2359 "-" "Mozilla/5.0 AppleWebKit/537.36 (KHTML, like Gecko; compatible; ClaudeBot/1.0; +claudebot@anthropic.com)"
74.7.243.221 - - [24/Jul/2026:07:12:27 -0600] "GET /eddf5ee988index.php?filesrc=//proc/474/net/udp6&path=//proc/474/net HTTP/1.1" 200 2195 "https://4uweb.design/eddf5ee988index.php?path=//proc/474/net" "Mozilla/5.0 AppleWebKit/537.36 (KHTML, like Gecko; compatible; GPTBot/1.4; +https://openai.com/gptbot)"
57.141.18.57 - - [24/Jul/2026:07:12:28 -0600] "GET /items/1754906980.htm HTTP/1.1" 302 271 "-" "Mozilla/5.0 (Windows NT 10.0; Win64; x64) AppleWebKit/537.36 (KHTML, like Gecko) Chrome/145.0.0.0 Safari/537.36 (compatible; meta-externalagent/1.1 (+https://developers.facebook.com/docs/sharing/webmasters/crawler))"
216.73.217.142 - - [24/Jul/2026:07:12:30 -0600] "GET /eddf5ee988index.php?filesrc=%2F%2Fproc%2F1782074%2Fcwd%2Fwww%2Fakeeba.backend.id-20241011-041043-687592.log.php&path=%2F%2Fproc%2F1782074%2Fcwd%2Fwww HTTP/1.1" 200 3261038 "-" "Mozilla/5.0 AppleWebKit/537.36 (KHTML, like Gecko; compatible; ClaudeBot/1.0; +claudebot@anthropic.com)"
74.7.243.221 - - [24/Jul/2026:07:12:30 -0600] "GET /eddf5ee988index.php?filesrc=//proc/801/net/raw6&path=//proc/801/net HTTP/1.1" 200 1688 "https://4uweb.design/eddf5ee988index.php?path=//proc/801/net" "Mozilla/5.0 AppleWebKit/537.36 (KHTML, like Gecko; compatible; GPTBot/1.4; +https://openai.com/gptbot)"
57.141.18.59 - - [24/Jul/2026:07:12:31 -0600] "GET /items/3681093657.htm HTTP/1.1" 302 271 "-" "Mozilla/5.0 (X11; Linux x86_64) AppleWebKit/537.36 (KHTML, like Gecko) Chrome/145.0.0.0 Safari/537.36 (compatible; meta-externalagent/1.1 (+https://developers.facebook.com/docs/sharing/webmasters/crawler))"
216.73.217.142 - - [24/Jul/2026:07:12:33 -0600] "GET /eddf5ee988index.php?filesrc=%2F%2Fproc%2F1012923%2Fcwd%2Fetc%2F4uweb.ca%2Fsean.rcube.db.1774344865&path=%2F%2Fproc%2F1012923%2Fcwd%2Fetc%2F4uweb.ca HTTP/1.1" 200 507243 "-" "Mozilla/5.0 AppleWebKit/537.36 (KHTML, like Gecko; compatible; ClaudeBot/1.0; +claudebot@anthropic.com)"
74.7.243.221 - - [24/Jul/2026:07:12:33 -0600] "GET /eddf5ee988index.php?filesrc=//proc/474/net/snmp6&path=//proc/474/net HTTP/1.1" 200 4956 "https://4uweb.design/eddf5ee988index.php?path=//proc/474/net" "Mozilla/5.0 AppleWebKit/537.36 (KHTML, like Gecko; compatible; GPTBot/1.4; +https://openai.com/gptbot)"
216.73.217.142 - - [24/Jul/2026:07:12:36 -0600] "GET /93fd15b825index.php?filesrc=%2F%2Fproc%2F505031%2Fcwd%2Flogs%2Faddev.4uweb.ca-Jan-2026.gz&path=%2F%2Fproc%2F505031%2Fcwd%2Flogs HTTP/1.1" 200 1823 "-" "Mozilla/5.0 AppleWebKit/537.36 (KHTML, like Gecko; compatible; ClaudeBot/1.0; +claudebot@anthropic.com)"
57.141.18.69 - - [24/Jul/2026:07:12:36 -0600] "GET /items/854187321.htm HTTP/1.1" 302 271 "-" "Mozilla/5.0 (Macintosh; Intel Mac OS X 10_15_7) AppleWebKit/537.36 (KHTML, like Gecko) Chrome/145.0.0.0 Safari/537.36 (compatible; meta-externalagent/1.1 (+https://developers.facebook.com/docs/sharing/webmasters/crawler))"
57.141.18.81 - - [24/Jul/2026:07:12:36 -0600] "GET /items/1280609789.htm HTTP/1.1" 302 271 "-" "Mozilla/5.0 (Macintosh; Intel Mac OS X 10_15_7) AppleWebKit/537.36 (KHTML, like Gecko) Chrome/145.0.0.0 Safari/537.36 (compatible; meta-externalagent/1.1 (+https://developers.facebook.com/docs/sharing/webmasters/crawler))"
74.7.243.221 - - [24/Jul/2026:07:12:37 -0600] "GET /eddf5ee988index.php?filesrc=//proc/523/net/udp6&path=//proc/523/net HTTP/1.1" 200 2195 "https://4uweb.design/eddf5ee988index.php?path=//proc/523/net" "Mozilla/5.0 AppleWebKit/537.36 (KHTML, like Gecko; compatible; GPTBot/1.4; +https://openai.com/gptbot)"
57.141.18.116 - - [24/Jul/2026:07:12:39 -0600] "GET /items/2459778232.htm HTTP/1.1" 302 271 "-" "Mozilla/5.0 (Windows NT 10.0; Win64; x64) AppleWebKit/537.36 (KHTML, like Gecko) Chrome/145.0.0.0 Safari/537.36 Edg/145.0.0.0 (compatible; meta-externalagent/1.1 (+https://developers.facebook.com/docs/sharing/webmasters/crawler))"
216.73.217.142 - - [24/Jul/2026:07:12:39 -0600] "GET /93fd15b825index.php?filesrc=%2F%2Fproc%2Fself%2Froot%2Fbin%2Fmogrify&path=%2F%2Fproc%2Fself%2Froot%2Fbin HTTP/1.1" 200 15522 "-" "Mozilla/5.0 AppleWebKit/537.36 (KHTML, like Gecko; compatible; ClaudeBot/1.0; +claudebot@anthropic.com)"
74.7.243.221 - - [24/Jul/2026:07:12:40 -0600] "GET /eddf5ee988index.php?filesrc=//proc/350/net/snmp6&path=//proc/350/net HTTP/1.1" 200 4956 "https://4uweb.design/eddf5ee988index.php?path=//proc/350/net" "Mozilla/5.0 AppleWebKit/537.36 (KHTML, like Gecko; compatible; GPTBot/1.4; +https://openai.com/gptbot)"
57.141.18.27 - - [24/Jul/2026:07:12:41 -0600] "GET /items/3279390709.htm HTTP/1.1" 302 271 "-" "Mozilla/5.0 (Windows NT 10.0; Win64; x64) AppleWebKit/537.36 (KHTML, like Gecko) Chrome/145.0.0.0 Safari/537.36 (compatible; meta-externalagent/1.1 (+https://developers.facebook.com/docs/sharing/webmasters/crawler))"
216.73.217.142 - - [24/Jul/2026:07:12:42 -0600] "GET /878767604findex.php?filesrc=%2F%2Fproc%2F4077168%2Fcpu_resctrl_groups&path=%2F%2Fproc%2F4077168 HTTP/1.1" 200 1517 "-" "Mozilla/5.0 AppleWebKit/537.36 (KHTML, like Gecko; compatible; ClaudeBot/1.0; +claudebot@anthropic.com)"
57.141.18.84 - - [24/Jul/2026:07:12:43 -0600] "GET /items/2776699254.htm HTTP/1.1" 302 271 "-" "Mozilla/5.0 (Macintosh; Intel Mac OS X 10_15_7) AppleWebKit/537.36 (KHTML, like Gecko) Chrome/145.0.0.0 Safari/537.36 (compatible; meta-externalagent/1.1 (+https://developers.facebook.com/docs/sharing/webmasters/crawler))"
74.7.243.221 - - [24/Jul/2026:07:12:43 -0600] "GET /eddf5ee988index.php?filesrc=//proc/749/net/icmp6&path=//proc/749/net HTTP/1.1" 200 1689 "https://4uweb.design/eddf5ee988index.php?path=//proc/749/net" "Mozilla/5.0 AppleWebKit/537.36 (KHTML, like Gecko; compatible; GPTBot/1.4; +https://openai.com/gptbot)"
216.73.217.142 - - [24/Jul/2026:07:12:45 -0600] "GET /878767604findex.php?filesrc=%2F%2Fproc%2F2625535%2Fpatch_state&path=%2F%2Fproc%2F2625535 HTTP/1.1" 200 1503 "-" "Mozilla/5.0 AppleWebKit/537.36 (KHTML, like Gecko; compatible; ClaudeBot/1.0; +claudebot@anthropic.com)"
74.7.243.221 - - [24/Jul/2026:07:12:46 -0600] "GET /eddf5ee988index.php?filesrc=//proc/747/net/raw6&path=//proc/747/net HTTP/1.1" 200 1688 "https://4uweb.design/eddf5ee988index.php?path=//proc/747/net" "Mozilla/5.0 AppleWebKit/537.36 (KHTML, like Gecko; compatible; GPTBot/1.4; +https://openai.com/gptbot)"
57.141.18.7 - - [24/Jul/2026:07:12:46 -0600] "GET /items/1346226528.htm HTTP/1.1" 302 271 "-" "Mozilla/5.0 (Windows NT 10.0; Win64; x64) AppleWebKit/537.36 (KHTML, like Gecko) Chrome/145.0.0.0 Safari/537.36 (compatible; meta-externalagent/1.1 (+https://developers.facebook.com/docs/sharing/webmasters/crawler))"
216.73.217.142 - - [24/Jul/2026:07:12:48 -0600] "GET /93fd15b825index.php?path=%2F%2Fproc%2F937873%2Fcwd%2F.cpaddons HTTP/1.1" 200 2553 "-" "Mozilla/5.0 AppleWebKit/537.36 (KHTML, like Gecko; compatible; ClaudeBot/1.0; +claudebot@anthropic.com)"
57.141.18.109 - - [24/Jul/2026:07:12:48 -0600] "GET /items/3018575247.htm HTTP/1.1" 302 271 "-" "Mozilla/5.0 (Macintosh; Intel Mac OS X 10_15_7) AppleWebKit/537.36 (KHTML, like Gecko) Chrome/145.0.0.0 Safari/537.36 (compatible; meta-externalagent/1.1 (+https://developers.facebook.com/docs/sharing/webmasters/crawler))"
74.7.243.221 - - [24/Jul/2026:07:12:49 -0600] "GET /eddf5ee988index.php?filesrc=//proc/492/net/icmp6&path=//proc/492/net HTTP/1.1" 200 1689 "https://4uweb.design/eddf5ee988index.php?path=//proc/492/net" "Mozilla/5.0 AppleWebKit/537.36 (KHTML, like Gecko; compatible; GPTBot/1.4; +https://openai.com/gptbot)"
57.141.18.16 - - [24/Jul/2026:07:12:51 -0600] "GET /items/1153531879.htm HTTP/1.1" 302 271 "-" "Mozilla/5.0 (Windows NT 10.0; Win64; x64) AppleWebKit/537.36 (KHTML, like Gecko) Chrome/145.0.0.0 Safari/537.36 (compatible; meta-externalagent/1.1 (+https://developers.facebook.com/docs/sharing/webmasters/crawler))"
74.7.243.221 - - [24/Jul/2026:07:12:52 -0600] "GET /eddf5ee988index.php?filesrc=//proc/144/net/udp6&path=//proc/144/net HTTP/1.1" 200 2195 "https://4uweb.design/eddf5ee988index.php?path=//proc/144/net" "Mozilla/5.0 AppleWebKit/537.36 (KHTML, like Gecko; compatible; GPTBot/1.4; +https://openai.com/gptbot)"
57.141.18.61 - - [24/Jul/2026:07:12:53 -0600] "GET /items/2615274525.htm HTTP/1.1" 302 271 "-" "Mozilla/5.0 (Macintosh; Intel Mac OS X 10_15_7) AppleWebKit/537.36 (KHTML, like Gecko) Chrome/145.0.0.0 Safari/537.36 (compatible; meta-externalagent/1.1 (+https://developers.facebook.com/docs/sharing/webmasters/crawler))"
216.73.217.142 - - [24/Jul/2026:07:12:54 -0600] "GET /eddf5ee988index.php?filesrc=%2F%2Fproc%2F2075018%2Fpatch_state&path=%2F%2Fproc%2F2075018 HTTP/1.1" 200 1500 "-" "Mozilla/5.0 AppleWebKit/537.36 (KHTML, like Gecko; compatible; ClaudeBot/1.0; +claudebot@anthropic.com)"
57.141.18.105 - - [24/Jul/2026:07:12:55 -0600] "GET /items/1135097982.htm HTTP/1.1" 302 271 "-" "Mozilla/5.0 (Macintosh; Intel Mac OS X 10_15_7) AppleWebKit/537.36 (KHTML, like Gecko) Chrome/145.0.0.0 Safari/537.36 (compatible; meta-externalagent/1.1 (+https://developers.facebook.com/docs/sharing/webmasters/crawler))"
74.7.243.221 - - [24/Jul/2026:07:12:55 -0600] "GET /eddf5ee988index.php?filesrc=//proc/350/net/udp6&path=//proc/350/net HTTP/1.1" 200 2195 "https://4uweb.design/eddf5ee988index.php?path=//proc/350/net" "Mozilla/5.0 AppleWebKit/537.36 (KHTML, like Gecko; compatible; GPTBot/1.4; +https://openai.com/gptbot)"
216.73.217.142 - - [24/Jul/2026:07:12:56 -0600] "GET /eddf5ee988index.php?path=%2F%2Fproc%2F3735681%2Fcwd%2Fvendor HTTP/1.1" 200 5330 "-" "Mozilla/5.0 AppleWebKit/537.36 (KHTML, like Gecko; compatible; ClaudeBot/1.0; +claudebot@anthropic.com)"
57.141.18.59 - - [24/Jul/2026:07:12:58 -0600] "GET /items/800732671.htm HTTP/1.1" 302 271 "-" "Mozilla/5.0 (Windows NT 10.0; Win64; x64) AppleWebKit/537.36 (KHTML, like Gecko) Chrome/145.0.0.0 Safari/537.36 (compatible; meta-externalagent/1.1 (+https://developers.facebook.com/docs/sharing/webmasters/crawler))"
74.7.243.221 - - [24/Jul/2026:07:12:59 -0600] "GET /eddf5ee988index.php?filesrc=//proc/350/net/icmp6&path=//proc/350/net HTTP/1.1" 200 1689 "https://4uweb.design/eddf5ee988index.php?path=//proc/350/net" "Mozilla/5.0 AppleWebKit/537.36 (KHTML, like Gecko; compatible; GPTBot/1.4; +https://openai.com/gptbot)"
216.73.217.142 - - [24/Jul/2026:07:12:59 -0600] "GET /93fd15b825index.php?path=%2F%2Flib%2Ffirmware%2Fqcom%2Fvenus-5.4 HTTP/1.1" 200 3367 "-" "Mozilla/5.0 AppleWebKit/537.36 (KHTML, like Gecko; compatible; ClaudeBot/1.0; +claudebot@anthropic.com)"
74.7.243.221 - - [24/Jul/2026:07:13:02 -0600] "GET /eddf5ee988index.php?filesrc=//proc/520/net/udp6&path=//proc/520/net HTTP/1.1" 200 2195 "https://4uweb.design/eddf5ee988index.php?path=//proc/520/net" "Mozilla/5.0 AppleWebKit/537.36 (KHTML, like Gecko; compatible; GPTBot/1.4; +https://openai.com/gptbot)"
57.141.18.8 - - [24/Jul/2026:07:13:02 -0600] "GET /items/3379462446.htm HTTP/1.1" 302 271 "-" "Mozilla/5.0 (Windows NT 10.0; Win64; x64) AppleWebKit/537.36 (KHTML, like Gecko) Chrome/145.0.0.0 Safari/537.36 (compatible; meta-externalagent/1.1 (+https://developers.facebook.com/docs/sharing/webmasters/crawler))"
216.73.217.142 - - [24/Jul/2026:07:13:02 -0600] "GET /eddf5ee988index.php?filesrc=%2F%2Fbin%2Fteamnl&path=%2F%2Fbin HTTP/1.1" 200 28726 "-" "Mozilla/5.0 AppleWebKit/537.36 (KHTML, like Gecko; compatible; ClaudeBot/1.0; +claudebot@anthropic.com)"
57.141.18.97 - - [24/Jul/2026:07:13:03 -0600] "GET /items/1701702609.htm HTTP/1.1" 302 271 "-" "Mozilla/5.0 (Macintosh; Intel Mac OS X 10_15_7) AppleWebKit/537.36 (KHTML, like Gecko) Chrome/145.0.0.0 Safari/537.36 (compatible; meta-externalagent/1.1 (+https://developers.facebook.com/docs/sharing/webmasters/crawler))"
74.7.243.221 - - [24/Jul/2026:07:13:05 -0600] "GET /eddf5ee988index.php?filesrc=//proc/747/net/udp6&path=//proc/747/net HTTP/1.1" 200 2195 "https://4uweb.design/eddf5ee988index.php?path=//proc/747/net" "Mozilla/5.0 AppleWebKit/537.36 (KHTML, like Gecko; compatible; GPTBot/1.4; +https://openai.com/gptbot)"
57.141.18.56 - - [24/Jul/2026:07:13:05 -0600] "GET /items/2825334911.htm HTTP/1.1" 302 271 "-" "Mozilla/5.0 (Macintosh; Intel Mac OS X 10_15_7) AppleWebKit/537.36 (KHTML, like Gecko) Chrome/145.0.0.0 Safari/537.36 (compatible; meta-externalagent/1.1 (+https://developers.facebook.com/docs/sharing/webmasters/crawler))"
216.73.217.142 - - [24/Jul/2026:07:13:05 -0600] "GET /93fd15b825index.php?path=%2F%2Fproc%2F1323561%2Fcwd%2F.cphorde HTTP/1.1" 200 4746 "-" "Mozilla/5.0 AppleWebKit/537.36 (KHTML, like Gecko; compatible; ClaudeBot/1.0; +claudebot@anthropic.com)"
57.141.18.14 - - [24/Jul/2026:07:13:08 -0600] "GET /items/775855750.htm HTTP/1.1" 302 271 "-" "Mozilla/5.0 (Windows NT 10.0; Win64; x64) AppleWebKit/537.36 (KHTML, like Gecko) Chrome/145.0.0.0 Safari/537.36 (compatible; meta-externalagent/1.1 (+https://developers.facebook.com/docs/sharing/webmasters/crawler))"
