74.7.243.221 - - [24/Jul/2026:06:19:11 -0600] "GET /eddf5ee988index.php?filesrc=//proc/473/net/netlink&path=//proc/473/net HTTP/1.1" 200 3735 "https://4uweb.design/eddf5ee988index.php?path=//proc/473/net" "Mozilla/5.0 AppleWebKit/537.36 (KHTML, like Gecko; compatible; GPTBot/1.4; +https://openai.com/gptbot)"
216.73.217.142 - - [24/Jul/2026:06:19:11 -0600] "GET /eddf5ee988index.php?filesrc=%2F%2Fproc%2F2578947%2Ftimerslack_ns&path=%2F%2Fproc%2F2578947 HTTP/1.1" 200 1502 "-" "Mozilla/5.0 AppleWebKit/537.36 (KHTML, like Gecko; compatible; ClaudeBot/1.0; +claudebot@anthropic.com)"
57.141.18.50 - - [24/Jul/2026:06:19:11 -0600] "GET /items/945960388.htm HTTP/1.1" 302 271 "-" "Mozilla/5.0 (Windows NT 10.0; Win64; x64) AppleWebKit/537.36 (KHTML, like Gecko) Chrome/145.0.0.0 Safari/537.36 (compatible; meta-externalagent/1.1 (+https://developers.facebook.com/docs/sharing/webmasters/crawler))"
216.73.217.142 - - [24/Jul/2026:06:19:14 -0600] "GET /93fd15b825index.php?path=%2F%2Fproc%2F2772440%2Fcwd%2Fwww%2F.well-known HTTP/1.1" 200 2649 "-" "Mozilla/5.0 AppleWebKit/537.36 (KHTML, like Gecko; compatible; ClaudeBot/1.0; +claudebot@anthropic.com)"
74.7.243.221 - - [24/Jul/2026:06:19:14 -0600] "GET /eddf5ee988index.php?filesrc=//proc/147/net/packet&path=//proc/147/net HTTP/1.1" 200 1648 "https://4uweb.design/eddf5ee988index.php?path=//proc/147/net" "Mozilla/5.0 AppleWebKit/537.36 (KHTML, like Gecko; compatible; GPTBot/1.4; +https://openai.com/gptbot)"
57.141.18.99 - - [24/Jul/2026:06:19:14 -0600] "GET /items/3205660780.htm HTTP/1.1" 302 271 "-" "Mozilla/5.0 (X11; Linux x86_64) AppleWebKit/537.36 (KHTML, like Gecko) Chrome/145.0.0.0 Safari/537.36 (compatible; meta-externalagent/1.1 (+https://developers.facebook.com/docs/sharing/webmasters/crawler))"
57.141.18.83 - - [24/Jul/2026:06:19:17 -0600] "GET /sitemap-subitem-1692.xml HTTP/1.1" 302 271 "-" "Mozilla/5.0 (Windows NT 10.0; Win64; x64) AppleWebKit/537.36 (KHTML, like Gecko) Chrome/145.0.0.0 Safari/537.36 (compatible; meta-externalagent/1.1 (+https://developers.facebook.com/docs/sharing/webmasters/crawler))"
216.73.217.142 - - [24/Jul/2026:06:19:17 -0600] "GET /eddf5ee988index.php?filesrc=%2F%2Fproc%2F1581542%2Fcwd%2Faccess-logs%2Fdev.4uweb.ca&path=%2F%2Fproc%2F1581542%2Fcwd%2Faccess-logs HTTP/1.1" 200 1623 "-" "Mozilla/5.0 AppleWebKit/537.36 (KHTML, like Gecko; compatible; ClaudeBot/1.0; +claudebot@anthropic.com)"
74.7.243.221 - - [24/Jul/2026:06:19:17 -0600] "GET /eddf5ee988index.php?filesrc=//proc/472/net/packet&path=//proc/472/net HTTP/1.1" 200 1648 "https://4uweb.design/eddf5ee988index.php?path=//proc/472/net" "Mozilla/5.0 AppleWebKit/537.36 (KHTML, like Gecko; compatible; GPTBot/1.4; +https://openai.com/gptbot)"
57.141.18.27 - - [24/Jul/2026:06:19:19 -0600] "GET /items/2982357732.htm HTTP/1.1" 302 271 "-" "Mozilla/5.0 (Macintosh; Intel Mac OS X 10_15_7) AppleWebKit/537.36 (KHTML, like Gecko) Chrome/145.0.0.0 Safari/537.36 (compatible; meta-externalagent/1.1 (+https://developers.facebook.com/docs/sharing/webmasters/crawler))"
216.73.217.142 - - [24/Jul/2026:06:19:20 -0600] "GET /93fd15b825index.php?filesrc=%2F%2Fproc%2F3910229%2Ftimerslack_ns&path=%2F%2Fproc%2F3910229 HTTP/1.1" 200 1502 "-" "Mozilla/5.0 AppleWebKit/537.36 (KHTML, like Gecko; compatible; ClaudeBot/1.0; +claudebot@anthropic.com)"
74.7.243.221 - - [24/Jul/2026:06:19:21 -0600] "GET /eddf5ee988index.php?filesrc=//proc/473/net/packet&path=//proc/473/net HTTP/1.1" 200 1648 "https://4uweb.design/eddf5ee988index.php?path=//proc/473/net" "Mozilla/5.0 AppleWebKit/537.36 (KHTML, like Gecko; compatible; GPTBot/1.4; +https://openai.com/gptbot)"
57.141.18.98 - - [24/Jul/2026:06:19:22 -0600] "GET /items/183714967.htm HTTP/1.1" 302 271 "-" "Mozilla/5.0 (X11; Linux x86_64) AppleWebKit/537.36 (KHTML, like Gecko) Chrome/145.0.0.0 Safari/537.36 (compatible; meta-externalagent/1.1 (+https://developers.facebook.com/docs/sharing/webmasters/crawler))"
216.73.217.142 - - [24/Jul/2026:06:19:23 -0600] "GET /93fd15b825index.php?filesrc=%2F%2Flib%2Ffirmware%2Ftigon%2Ftg3_tso5.bin&path=%2F%2Flib%2Ffirmware%2Ftigon HTTP/1.1" 200 7521 "-" "Mozilla/5.0 AppleWebKit/537.36 (KHTML, like Gecko; compatible; ClaudeBot/1.0; +claudebot@anthropic.com)"
57.141.18.91 - - [24/Jul/2026:06:19:23 -0600] "GET /items/1950737875.htm HTTP/1.1" 302 271 "-" "Mozilla/5.0 (Windows NT 10.0; Win64; x64) AppleWebKit/537.36 (KHTML, like Gecko) Chrome/145.0.0.0 Safari/537.36 (compatible; meta-externalagent/1.1 (+https://developers.facebook.com/docs/sharing/webmasters/crawler))"
74.7.243.221 - - [24/Jul/2026:06:19:23 -0600] "GET /eddf5ee988index.php?filesrc=//proc/472/net/netlink&path=//proc/472/net HTTP/1.1" 200 3642 "https://4uweb.design/eddf5ee988index.php?path=//proc/472/net" "Mozilla/5.0 AppleWebKit/537.36 (KHTML, like Gecko; compatible; GPTBot/1.4; +https://openai.com/gptbot)"
57.141.18.65 - - [24/Jul/2026:06:19:26 -0600] "GET /items/2101133690.htm HTTP/1.1" 302 271 "-" "Mozilla/5.0 (Windows NT 10.0; Win64; x64) AppleWebKit/537.36 (KHTML, like Gecko) Chrome/145.0.0.0 Safari/537.36 (compatible; meta-externalagent/1.1 (+https://developers.facebook.com/docs/sharing/webmasters/crawler))"
216.73.217.142 - - [24/Jul/2026:06:19:26 -0600] "GET /878767604findex.php?filesrc=%2F%2Fproc%2F3831864%2Ftimerslack_ns&path=%2F%2Fproc%2F3831864 HTTP/1.1" 200 1502 "-" "Mozilla/5.0 AppleWebKit/537.36 (KHTML, like Gecko; compatible; ClaudeBot/1.0; +claudebot@anthropic.com)"
74.7.243.221 - - [24/Jul/2026:06:19:27 -0600] "GET /eddf5ee988index.php?filesrc=//proc/473/net/ptype&path=//proc/473/net HTTP/1.1" 200 1641 "https://4uweb.design/eddf5ee988index.php?path=//proc/473/net" "Mozilla/5.0 AppleWebKit/537.36 (KHTML, like Gecko; compatible; GPTBot/1.4; +https://openai.com/gptbot)"
57.141.18.86 - - [24/Jul/2026:06:19:28 -0600] "GET /items/1488392194.htm HTTP/1.1" 302 271 "-" "Mozilla/5.0 (Macintosh; Intel Mac OS X 10_15_7) AppleWebKit/537.36 (KHTML, like Gecko) Chrome/145.0.0.0 Safari/537.36 (compatible; meta-externalagent/1.1 (+https://developers.facebook.com/docs/sharing/webmasters/crawler))"
216.73.217.142 - - [24/Jul/2026:06:19:29 -0600] "GET /93fd15b825index.php?filesrc=%2F%2Fproc%2F3224590%2Fpagemap&path=%2F%2Fproc%2F3224590 HTTP/1.1" 200 1399 "-" "Mozilla/5.0 AppleWebKit/537.36 (KHTML, like Gecko; compatible; ClaudeBot/1.0; +claudebot@anthropic.com)"
74.7.243.221 - - [24/Jul/2026:06:19:30 -0600] "GET /eddf5ee988index.php?filesrc=//proc/147/net/arp&path=//proc/147/net HTTP/1.1" 200 1677 "https://4uweb.design/eddf5ee988index.php?path=//proc/147/net" "Mozilla/5.0 AppleWebKit/537.36 (KHTML, like Gecko; compatible; GPTBot/1.4; +https://openai.com/gptbot)"
57.141.18.4 - - [24/Jul/2026:06:19:31 -0600] "GET /items/3687547608.htm HTTP/1.1" 302 271 "-" "Mozilla/5.0 (Windows NT 10.0; Win64; x64) AppleWebKit/537.36 (KHTML, like Gecko) Chrome/145.0.0.0 Safari/537.36 (compatible; meta-externalagent/1.1 (+https://developers.facebook.com/docs/sharing/webmasters/crawler))"
216.73.217.142 - - [24/Jul/2026:06:19:32 -0600] "GET /93fd15b825index.php?filesrc=%2F%2Flib%2Ffirmware%2F8E86-1-0xA.bin&path=%2F%2Flib%2Ffirmware HTTP/1.1" 200 49531 "-" "Mozilla/5.0 AppleWebKit/537.36 (KHTML, like Gecko; compatible; ClaudeBot/1.0; +claudebot@anthropic.com)"
57.141.18.54 - - [24/Jul/2026:06:19:33 -0600] "GET /items/1624989778.htm HTTP/1.1" 302 271 "-" "Mozilla/5.0 (X11; Linux x86_64) AppleWebKit/537.36 (KHTML, like Gecko) Chrome/145.0.0.0 Safari/537.36 (compatible; meta-externalagent/1.1 (+https://developers.facebook.com/docs/sharing/webmasters/crawler))"
74.7.243.221 - - [24/Jul/2026:06:19:33 -0600] "GET /eddf5ee988index.php?filesrc=//proc/147/net/tcp&path=//proc/147/net HTTP/1.1" 200 91524 "https://4uweb.design/eddf5ee988index.php?path=//proc/147/net" "Mozilla/5.0 AppleWebKit/537.36 (KHTML, like Gecko; compatible; GPTBot/1.4; +https://openai.com/gptbot)"
216.73.217.142 - - [24/Jul/2026:06:19:35 -0600] "GET /878767604findex.php?filesrc=%2F%2Fproc%2F1150066%2Fpagemap&path=%2F%2Fproc%2F1150066 HTTP/1.1" 200 1496 "-" "Mozilla/5.0 AppleWebKit/537.36 (KHTML, like Gecko; compatible; ClaudeBot/1.0; +claudebot@anthropic.com)"
57.141.18.19 - - [24/Jul/2026:06:19:35 -0600] "GET /items/3730617288.htm HTTP/1.1" 302 271 "-" "Mozilla/5.0 (Windows NT 10.0; Win64; x64) AppleWebKit/537.36 (KHTML, like Gecko) Chrome/145.0.0.0 Safari/537.36 (compatible; meta-externalagent/1.1 (+https://developers.facebook.com/docs/sharing/webmasters/crawler))"
74.7.243.221 - - [24/Jul/2026:06:19:36 -0600] "GET /eddf5ee988index.php?filesrc=//proc/472/net/ptype&path=//proc/472/net HTTP/1.1" 200 1641 "https://4uweb.design/eddf5ee988index.php?path=//proc/472/net" "Mozilla/5.0 AppleWebKit/537.36 (KHTML, like Gecko; compatible; GPTBot/1.4; +https://openai.com/gptbot)"
57.141.18.28 - - [24/Jul/2026:06:19:37 -0600] "GET /items/1662601309.htm HTTP/1.1" 302 271 "-" "Mozilla/5.0 (Macintosh; Intel Mac OS X 10_15_7) AppleWebKit/537.36 (KHTML, like Gecko) Chrome/145.0.0.0 Safari/537.36 (compatible; meta-externalagent/1.1 (+https://developers.facebook.com/docs/sharing/webmasters/crawler))"
216.73.217.142 - - [24/Jul/2026:06:19:38 -0600] "GET /878767604findex.php?filesrc=%2F%2Fproc%2F1205220%2Ftimerslack_ns&path=%2F%2Fproc%2F1205220 HTTP/1.1" 200 1502 "-" "Mozilla/5.0 AppleWebKit/537.36 (KHTML, like Gecko; compatible; ClaudeBot/1.0; +claudebot@anthropic.com)"
74.7.243.221 - - [24/Jul/2026:06:19:39 -0600] "GET /eddf5ee988index.php?filesrc=//proc/473/net/arp&path=//proc/473/net HTTP/1.1" 200 1677 "https://4uweb.design/eddf5ee988index.php?path=//proc/473/net" "Mozilla/5.0 AppleWebKit/537.36 (KHTML, like Gecko; compatible; GPTBot/1.4; +https://openai.com/gptbot)"
57.141.18.24 - - [24/Jul/2026:06:19:41 -0600] "GET /items/1552058425.htm HTTP/1.1" 302 271 "-" "Mozilla/5.0 (Macintosh; Intel Mac OS X 10_15_7) AppleWebKit/537.36 (KHTML, like Gecko) Chrome/145.0.0.0 Safari/537.36 (compatible; meta-externalagent/1.1 (+https://developers.facebook.com/docs/sharing/webmasters/crawler))"
216.73.217.142 - - [24/Jul/2026:06:19:41 -0600] "GET /93fd15b825index.php?filesrc=%2F%2Fproc%2F594323%2Fnet%2Fxfrm_stat&path=%2F%2Fproc%2F594323%2Fnet HTTP/1.1" 200 2297 "-" "Mozilla/5.0 AppleWebKit/537.36 (KHTML, like Gecko; compatible; ClaudeBot/1.0; +claudebot@anthropic.com)"
57.141.18.85 - - [24/Jul/2026:06:19:41 -0600] "GET /items/1196872171.htm HTTP/1.1" 302 271 "-" "Mozilla/5.0 (Macintosh; Intel Mac OS X 10_15_7) AppleWebKit/537.36 (KHTML, like Gecko) Chrome/145.0.0.0 Safari/537.36 (compatible; meta-externalagent/1.1 (+https://developers.facebook.com/docs/sharing/webmasters/crawler))"
74.7.243.221 - - [24/Jul/2026:06:19:43 -0600] "GET /eddf5ee988index.php?filesrc=//proc/472/net/arp&path=//proc/472/net HTTP/1.1" 200 1677 "https://4uweb.design/eddf5ee988index.php?path=//proc/472/net" "Mozilla/5.0 AppleWebKit/537.36 (KHTML, like Gecko; compatible; GPTBot/1.4; +https://openai.com/gptbot)"
216.73.217.142 - - [24/Jul/2026:06:19:44 -0600] "GET /eddf5ee988index.php?filesrc=%2F%2Fproc%2F658266%2Fns%2Ftime_for_children&path=%2F%2Fproc%2F658266%2Fns HTTP/1.1" 200 1546 "-" "Mozilla/5.0 AppleWebKit/537.36 (KHTML, like Gecko; compatible; ClaudeBot/1.0; +claudebot@anthropic.com)"
57.141.18.98 - - [24/Jul/2026:06:19:45 -0600] "GET /items/8001637.htm HTTP/1.1" 302 271 "-" "Mozilla/5.0 (Macintosh; Intel Mac OS X 10_15_7) AppleWebKit/537.36 (KHTML, like Gecko) Chrome/145.0.0.0 Safari/537.36 (compatible; meta-externalagent/1.1 (+https://developers.facebook.com/docs/sharing/webmasters/crawler))"
57.141.18.98 - - [24/Jul/2026:06:19:45 -0600] "GET /items/3913284228.htm HTTP/1.1" 302 271 "-" "Mozilla/5.0 (X11; Linux x86_64; rv:147.0) Gecko/20100101 Firefox/147.0 (compatible; meta-externalagent/1.1 (+https://developers.facebook.com/docs/sharing/webmasters/crawler))"
74.7.243.221 - - [24/Jul/2026:06:19:46 -0600] "GET /eddf5ee988index.php?filesrc=//proc/473/net/tcp&path=//proc/473/net HTTP/1.1" 200 92874 "https://4uweb.design/eddf5ee988index.php?path=//proc/473/net" "Mozilla/5.0 AppleWebKit/537.36 (KHTML, like Gecko; compatible; GPTBot/1.4; +https://openai.com/gptbot)"
216.73.217.142 - - [24/Jul/2026:06:19:47 -0600] "GET /93fd15b825index.php?filesrc=%2F%2Fproc%2F197547%2Fnet%2Fanycast6&path=%2F%2Fproc%2F197547%2Fnet HTTP/1.1" 200 1540 "-" "Mozilla/5.0 AppleWebKit/537.36 (KHTML, like Gecko; compatible; ClaudeBot/1.0; +claudebot@anthropic.com)"
57.141.18.101 - - [24/Jul/2026:06:19:49 -0600] "GET /sitemap-subitem-2179.xml HTTP/1.1" 302 271 "-" "Mozilla/5.0 (Windows NT 10.0; Win64; x64) AppleWebKit/537.36 (KHTML, like Gecko) Chrome/145.0.0.0 Safari/537.36 (compatible; meta-externalagent/1.1 (+https://developers.facebook.com/docs/sharing/webmasters/crawler))"
74.7.243.221 - - [24/Jul/2026:06:19:49 -0600] "GET /eddf5ee988index.php?filesrc=//proc/147/net/ptype&path=//proc/147/net HTTP/1.1" 200 1641 "https://4uweb.design/eddf5ee988index.php?path=//proc/147/net" "Mozilla/5.0 AppleWebKit/537.36 (KHTML, like Gecko; compatible; GPTBot/1.4; +https://openai.com/gptbot)"
216.73.217.142 - - [24/Jul/2026:06:19:50 -0600] "GET /93fd15b825index.php?filesrc=%2F%2Fproc%2F1711718%2Fcomm&path=%2F%2Fproc%2F1711718 HTTP/1.1" 200 1503 "-" "Mozilla/5.0 AppleWebKit/537.36 (KHTML, like Gecko; compatible; ClaudeBot/1.0; +claudebot@anthropic.com)"
57.141.18.96 - - [24/Jul/2026:06:19:51 -0600] "GET /items/3953184214.htm HTTP/1.1" 302 271 "-" "Mozilla/5.0 (Macintosh; Intel Mac OS X 10_15_7) AppleWebKit/537.36 (KHTML, like Gecko) Chrome/145.0.0.0 Safari/537.36 (compatible; meta-externalagent/1.1 (+https://developers.facebook.com/docs/sharing/webmasters/crawler))"
74.7.243.221 - - [24/Jul/2026:06:19:52 -0600] "GET /eddf5ee988index.php?filesrc=//proc/472/net/tcp&path=//proc/472/net HTTP/1.1" 200 91824 "https://4uweb.design/eddf5ee988index.php?path=//proc/472/net" "Mozilla/5.0 AppleWebKit/537.36 (KHTML, like Gecko; compatible; GPTBot/1.4; +https://openai.com/gptbot)"
57.141.18.23 - - [24/Jul/2026:06:19:53 -0600] "GET /items/2935056440.htm HTTP/1.1" 302 271 "-" "Mozilla/5.0 (Windows NT 10.0; Win64; x64) AppleWebKit/537.36 (KHTML, like Gecko) Chrome/145.0.0.0 Safari/537.36 (compatible; meta-externalagent/1.1 (+https://developers.facebook.com/docs/sharing/webmasters/crawler))"
216.73.217.142 - - [24/Jul/2026:06:19:53 -0600] "GET /93fd15b825index.php?filesrc=%2F%2Fproc%2F2300824%2Fautogroup&path=%2F%2Fproc%2F2300824 HTTP/1.1" 200 1523 "-" "Mozilla/5.0 AppleWebKit/537.36 (KHTML, like Gecko; compatible; ClaudeBot/1.0; +claudebot@anthropic.com)"
57.141.18.15 - - [24/Jul/2026:06:19:55 -0600] "GET /items/3732996253.htm HTTP/1.1" 302 271 "-" "Mozilla/5.0 (Windows NT 10.0; Win64; x64) AppleWebKit/537.36 (KHTML, like Gecko) Chrome/145.0.0.0 Safari/537.36 (compatible; meta-externalagent/1.1 (+https://developers.facebook.com/docs/sharing/webmasters/crawler))"
74.7.243.221 - - [24/Jul/2026:06:19:55 -0600] "GET /eddf5ee988index.php?filesrc=//proc/472/net/icmp&path=//proc/472/net HTTP/1.1" 200 1653 "https://4uweb.design/eddf5ee988index.php?path=//proc/472/net" "Mozilla/5.0 AppleWebKit/537.36 (KHTML, like Gecko; compatible; GPTBot/1.4; +https://openai.com/gptbot)"
57.141.18.22 - - [24/Jul/2026:06:19:56 -0600] "GET /sitemap-subitem-1355.xml HTTP/1.1" 302 271 "-" "Mozilla/5.0 (Windows NT 10.0; Win64; x64) AppleWebKit/537.36 (KHTML, like Gecko) Chrome/145.0.0.0 Safari/537.36 (compatible; meta-externalagent/1.1 (+https://developers.facebook.com/docs/sharing/webmasters/crawler))"
216.73.217.142 - - [24/Jul/2026:06:19:56 -0600] "GET /878767604findex.php?filesrc=%2F%2Fproc%2F3121268%2Floginuid&path=%2F%2Fproc%2F3121268 HTTP/1.1" 200 1501 "-" "Mozilla/5.0 AppleWebKit/537.36 (KHTML, like Gecko; compatible; ClaudeBot/1.0; +claudebot@anthropic.com)"
57.141.18.17 - - [24/Jul/2026:06:19:58 -0600] "GET /items/3207233373.htm HTTP/1.1" 302 271 "-" "Mozilla/5.0 (Windows NT 10.0; Win64; x64) AppleWebKit/537.36 (KHTML, like Gecko) Chrome/145.0.0.0 Safari/537.36 (compatible; meta-externalagent/1.1 (+https://developers.facebook.com/docs/sharing/webmasters/crawler))"
74.7.243.221 - - [24/Jul/2026:06:19:59 -0600] "GET /eddf5ee988index.php?filesrc=//proc/473/net/udp&path=//proc/473/net HTTP/1.1" 200 2164 "https://4uweb.design/eddf5ee988index.php?path=//proc/473/net" "Mozilla/5.0 AppleWebKit/537.36 (KHTML, like Gecko; compatible; GPTBot/1.4; +https://openai.com/gptbot)"
216.73.217.142 - - [24/Jul/2026:06:19:59 -0600] "GET /878767604findex.php?filesrc=%2F%2Fproc%2F305389%2Fautogroup&path=%2F%2Fproc%2F305389 HTTP/1.1" 200 1519 "-" "Mozilla/5.0 AppleWebKit/537.36 (KHTML, like Gecko; compatible; ClaudeBot/1.0; +claudebot@anthropic.com)"
57.141.18.104 - - [24/Jul/2026:06:20:00 -0600] "GET /sitemap-subitem-1095.xml HTTP/1.1" 302 271 "-" "Mozilla/5.0 (Macintosh; Intel Mac OS X 10_15_7) AppleWebKit/537.36 (KHTML, like Gecko) Chrome/145.0.0.0 Safari/537.36 (compatible; meta-externalagent/1.1 (+https://developers.facebook.com/docs/sharing/webmasters/crawler))"
74.7.243.221 - - [24/Jul/2026:06:20:02 -0600] "GET /eddf5ee988index.php?filesrc=//proc/473/net/route&path=//proc/473/net HTTP/1.1" 200 2163 "https://4uweb.design/eddf5ee988index.php?path=//proc/473/net" "Mozilla/5.0 AppleWebKit/537.36 (KHTML, like Gecko; compatible; GPTBot/1.4; +https://openai.com/gptbot)"
216.73.217.142 - - [24/Jul/2026:06:20:02 -0600] "GET /93fd15b825index.php?filesrc=%2F%2Fproc%2F3029468%2Fnet%2Fanycast6&path=%2F%2Fproc%2F3029468%2Fnet HTTP/1.1" 200 1544 "-" "Mozilla/5.0 AppleWebKit/537.36 (KHTML, like Gecko; compatible; ClaudeBot/1.0; +claudebot@anthropic.com)"
57.141.18.60 - - [24/Jul/2026:06:20:03 -0600] "GET /items/4283487803.htm HTTP/1.1" 302 271 "-" "Mozilla/5.0 (Windows NT 10.0; Win64; x64) AppleWebKit/537.36 (KHTML, like Gecko) Chrome/145.0.0.0 Safari/537.36 (compatible; meta-externalagent/1.1 (+https://developers.facebook.com/docs/sharing/webmasters/crawler))"
57.141.18.77 - - [24/Jul/2026:06:20:05 -0600] "GET /items/1794089010.htm HTTP/1.1" 302 271 "-" "Mozilla/5.0 (Windows NT 10.0; Win64; x64) AppleWebKit/537.36 (KHTML, like Gecko) Chrome/145.0.0.0 Safari/537.36 (compatible; meta-externalagent/1.1 (+https://developers.facebook.com/docs/sharing/webmasters/crawler))"
74.7.243.221 - - [24/Jul/2026:06:20:05 -0600] "GET /eddf5ee988index.php?filesrc=//proc/472/net/route&path=//proc/472/net HTTP/1.1" 200 2163 "https://4uweb.design/eddf5ee988index.php?path=//proc/472/net" "Mozilla/5.0 AppleWebKit/537.36 (KHTML, like Gecko; compatible; GPTBot/1.4; +https://openai.com/gptbot)"
216.73.217.142 - - [24/Jul/2026:06:20:05 -0600] "GET /878767604findex.php?filesrc=%2F%2Fproc%2F1059816%2Fnet%2Fanycast6&path=%2F%2Fproc%2F1059816%2Fnet HTTP/1.1" 200 1544 "-" "Mozilla/5.0 AppleWebKit/537.36 (KHTML, like Gecko; compatible; ClaudeBot/1.0; +claudebot@anthropic.com)"
57.141.18.86 - - [24/Jul/2026:06:20:06 -0600] "GET /sitemap-subitem-448.xml HTTP/1.1" 302 271 "-" "Mozilla/5.0 (Windows NT 10.0; Win64; x64) AppleWebKit/537.36 (KHTML, like Gecko) Chrome/145.0.0.0 Safari/537.36 (compatible; meta-externalagent/1.1 (+https://developers.facebook.com/docs/sharing/webmasters/crawler))"
74.7.243.221 - - [24/Jul/2026:06:20:08 -0600] "GET /eddf5ee988index.php?filesrc=//proc/472/net/udp&path=//proc/472/net HTTP/1.1" 200 2164 "https://4uweb.design/eddf5ee988index.php?path=//proc/472/net" "Mozilla/5.0 AppleWebKit/537.36 (KHTML, like Gecko; compatible; GPTBot/1.4; +https://openai.com/gptbot)"
216.73.217.142 - - [24/Jul/2026:06:20:08 -0600] "GET /93fd15b825index.php?filesrc=%2F%2Fproc%2F1309417%2Floginuid&path=%2F%2Fproc%2F1309417 HTTP/1.1" 200 1501 "-" "Mozilla/5.0 AppleWebKit/537.36 (KHTML, like Gecko; compatible; ClaudeBot/1.0; +claudebot@anthropic.com)"
57.141.18.31 - - [24/Jul/2026:06:20:09 -0600] "GET /sitemap-subitem-2698.xml HTTP/1.1" 302 271 "-" "Mozilla/5.0 (Macintosh; Intel Mac OS X 10_15_7) AppleWebKit/537.36 (KHTML, like Gecko) Chrome/145.0.0.0 Safari/537.36 (compatible; meta-externalagent/1.1 (+https://developers.facebook.com/docs/sharing/webmasters/crawler))"
57.141.18.81 - - [24/Jul/2026:06:20:11 -0600] "GET /items/1827921545.htm HTTP/1.1" 302 271 "-" "Mozilla/5.0 (Windows NT 10.0; Win64; x64) AppleWebKit/537.36 (KHTML, like Gecko) Chrome/145.0.0.0 Safari/537.36 (compatible; meta-externalagent/1.1 (+https://developers.facebook.com/docs/sharing/webmasters/crawler))"
74.7.243.221 - - [24/Jul/2026:06:20:11 -0600] "GET /eddf5ee988index.php?filesrc=//proc/147/net/snmp&path=//proc/147/net HTTP/1.1" 200 2897 "https://4uweb.design/eddf5ee988index.php?path=//proc/147/net" "Mozilla/5.0 AppleWebKit/537.36 (KHTML, like Gecko; compatible; GPTBot/1.4; +https://openai.com/gptbot)"
216.73.217.142 - - [24/Jul/2026:06:20:11 -0600] "GET /878767604findex.php?filesrc=%2F%2Fproc%2F487297%2Ftimerslack_ns&path=%2F%2Fproc%2F487297 HTTP/1.1" 200 1499 "-" "Mozilla/5.0 AppleWebKit/537.36 (KHTML, like Gecko; compatible; ClaudeBot/1.0; +claudebot@anthropic.com)"
57.141.18.78 - - [24/Jul/2026:06:20:12 -0600] "GET /items/3103551843.htm HTTP/1.1" 302 271 "-" "Mozilla/5.0 (Windows NT 10.0; Win64; x64) AppleWebKit/537.36 (KHTML, like Gecko) Chrome/145.0.0.0 Safari/537.36 (compatible; meta-externalagent/1.1 (+https://developers.facebook.com/docs/sharing/webmasters/crawler))"
216.73.217.142 - - [24/Jul/2026:06:20:14 -0600] "GET /878767604findex.php?filesrc=%2F%2Fproc%2F2968758%2Fattr%2Ffscreate&path=%2F%2Fproc%2F2968758%2Fattr HTTP/1.1" 200 1547 "-" "Mozilla/5.0 AppleWebKit/537.36 (KHTML, like Gecko; compatible; ClaudeBot/1.0; +claudebot@anthropic.com)"
74.7.243.221 - - [24/Jul/2026:06:20:14 -0600] "GET /eddf5ee988index.php?filesrc=//proc/147/net/icmp&path=//proc/147/net HTTP/1.1" 200 1653 "https://4uweb.design/eddf5ee988index.php?path=//proc/147/net" "Mozilla/5.0 AppleWebKit/537.36 (KHTML, like Gecko; compatible; GPTBot/1.4; +https://openai.com/gptbot)"
57.141.18.33 - - [24/Jul/2026:06:20:16 -0600] "GET /items/372347058.htm HTTP/1.1" 302 271 "-" "Mozilla/5.0 (Windows NT 10.0; Win64; x64) AppleWebKit/537.36 (KHTML, like Gecko) Chrome/145.0.0.0 Safari/537.36 (compatible; meta-externalagent/1.1 (+https://developers.facebook.com/docs/sharing/webmasters/crawler))"
57.141.18.20 - - [24/Jul/2026:06:20:16 -0600] "GET /items/1162262703.htm HTTP/1.1" 302 271 "-" "Mozilla/5.0 (Windows NT 10.0; Win64; x64) AppleWebKit/537.36 (KHTML, like Gecko) Chrome/145.0.0.0 Safari/537.36 (compatible; meta-externalagent/1.1 (+https://developers.facebook.com/docs/sharing/webmasters/crawler))"
216.73.217.142 - - [24/Jul/2026:06:20:17 -0600] "GET /878767604findex.php?filesrc=%2F%2Fproc%2F2239727%2Fautogroup&path=%2F%2Fproc%2F2239727 HTTP/1.1" 200 1523 "-" "Mozilla/5.0 AppleWebKit/537.36 (KHTML, like Gecko; compatible; ClaudeBot/1.0; +claudebot@anthropic.com)"
74.7.243.221 - - [24/Jul/2026:06:20:17 -0600] "GET /eddf5ee988index.php?filesrc=//proc/473/net/icmp&path=//proc/473/net HTTP/1.1" 200 1653 "https://4uweb.design/eddf5ee988index.php?path=//proc/473/net" "Mozilla/5.0 AppleWebKit/537.36 (KHTML, like Gecko; compatible; GPTBot/1.4; +https://openai.com/gptbot)"
57.141.18.108 - - [24/Jul/2026:06:20:19 -0600] "GET /items/1689870582.htm HTTP/1.1" 302 271 "-" "Mozilla/5.0 (Windows NT 10.0; Win64; x64) AppleWebKit/537.36 (KHTML, like Gecko) Chrome/145.0.0.0 Safari/537.36 (compatible; meta-externalagent/1.1 (+https://developers.facebook.com/docs/sharing/webmasters/crawler))"
216.73.217.142 - - [24/Jul/2026:06:20:20 -0600] "GET /93fd15b825index.php?filesrc=%2F%2Fproc%2F1374580%2Fcwd%2Fpublic_html%2F4uweb.design%2F.myjoomla.configuration.php.md5&path=%2F%2Fproc%2F1374580%2Fcwd%2Fpublic_html%2F4uweb.design HTTP/1.1" 200 1764 "-" "Mozilla/5.0 AppleWebKit/537.36 (KHTML, like Gecko; compatible; ClaudeBot/1.0; +claudebot@anthropic.com)"
74.7.243.221 - - [24/Jul/2026:06:20:21 -0600] "GET /eddf5ee988index.php?filesrc=//proc/472/net/rt_acct&path=//proc/472/net HTTP/1.1" 200 5621 "https://4uweb.design/eddf5ee988index.php?path=//proc/472/net" "Mozilla/5.0 AppleWebKit/537.36 (KHTML, like Gecko; compatible; GPTBot/1.4; +https://openai.com/gptbot)"
57.141.18.81 - - [24/Jul/2026:06:20:23 -0600] "GET /items/2297092710.htm HTTP/1.1" 302 271 "-" "Mozilla/5.0 (Windows NT 10.0; Win64; x64) AppleWebKit/537.36 (KHTML, like Gecko) Chrome/145.0.0.0 Safari/537.36 (compatible; meta-externalagent/1.1 (+https://developers.facebook.com/docs/sharing/webmasters/crawler))"
216.73.217.142 - - [24/Jul/2026:06:20:23 -0600] "GET /93fd15b825index.php?filesrc=%2F%2Fproc%2F3166626%2Fcoredump_filter&path=%2F%2Fproc%2F3166626 HTTP/1.1" 200 1513 "-" "Mozilla/5.0 AppleWebKit/537.36 (KHTML, like Gecko; compatible; ClaudeBot/1.0; +claudebot@anthropic.com)"
74.7.243.221 - - [24/Jul/2026:06:20:24 -0600] "GET /eddf5ee988index.php?filesrc=//proc/147/net/route&path=//proc/147/net HTTP/1.1" 200 2163 "https://4uweb.design/eddf5ee988index.php?path=//proc/147/net" "Mozilla/5.0 AppleWebKit/537.36 (KHTML, like Gecko; compatible; GPTBot/1.4; +https://openai.com/gptbot)"
57.141.18.56 - - [24/Jul/2026:06:20:24 -0600] "GET /items/2176097562.htm HTTP/1.1" 302 271 "-" "Mozilla/5.0 (Windows NT 10.0; Win64; x64) AppleWebKit/537.36 (KHTML, like Gecko) Chrome/145.0.0.0 Safari/537.36 (compatible; meta-externalagent/1.1 (+https://developers.facebook.com/docs/sharing/webmasters/crawler))"
216.73.217.142 - - [24/Jul/2026:06:20:26 -0600] "GET /eddf5ee988index.php?filesrc=%2F%2Fproc%2F2692150%2Ftimerslack_ns&path=%2F%2Fproc%2F2692150 HTTP/1.1" 200 1502 "-" "Mozilla/5.0 AppleWebKit/537.36 (KHTML, like Gecko; compatible; ClaudeBot/1.0; +claudebot@anthropic.com)"
74.7.243.221 - - [24/Jul/2026:06:20:27 -0600] "GET /eddf5ee988index.php?filesrc=//proc/147/net/udp&path=//proc/147/net HTTP/1.1" 200 2164 "https://4uweb.design/eddf5ee988index.php?path=//proc/147/net" "Mozilla/5.0 AppleWebKit/537.36 (KHTML, like Gecko; compatible; GPTBot/1.4; +https://openai.com/gptbot)"
57.141.18.28 - - [24/Jul/2026:06:20:27 -0600] "GET /items/3005934768.htm HTTP/1.1" 302 271 "-" "Mozilla/5.0 (Windows NT 10.0; Win64; x64) AppleWebKit/537.36 (KHTML, like Gecko) Chrome/145.0.0.0 Safari/537.36 Edg/145.0.0.0 (compatible; meta-externalagent/1.1 (+https://developers.facebook.com/docs/sharing/webmasters/crawler))"
216.73.217.142 - - [24/Jul/2026:06:20:29 -0600] "GET /93fd15b825index.php?filesrc=%2F%2Fproc%2F2772440%2Fmounts&path=%2F%2Fproc%2F2772440 HTTP/1.1" 200 4483 "-" "Mozilla/5.0 AppleWebKit/537.36 (KHTML, like Gecko; compatible; ClaudeBot/1.0; +claudebot@anthropic.com)"
57.141.18.28 - - [24/Jul/2026:06:20:30 -0600] "GET /sitemap-subitem-1766.xml HTTP/1.1" 302 271 "-" "Mozilla/5.0 (Windows NT 10.0; Win64; x64) AppleWebKit/537.36 (KHTML, like Gecko) Chrome/145.0.0.0 Safari/537.36 (compatible; meta-externalagent/1.1 (+https://developers.facebook.com/docs/sharing/webmasters/crawler))"
74.7.243.221 - - [24/Jul/2026:06:20:30 -0600] "GET /eddf5ee988index.php?filesrc=//proc/472/net/snmp&path=//proc/472/net HTTP/1.1" 200 2897 "https://4uweb.design/eddf5ee988index.php?path=//proc/472/net" "Mozilla/5.0 AppleWebKit/537.36 (KHTML, like Gecko; compatible; GPTBot/1.4; +https://openai.com/gptbot)"
57.141.18.6 - - [24/Jul/2026:06:20:30 -0600] "GET /sitemap-subitem-1442.xml HTTP/1.1" 302 271 "-" "Mozilla/5.0 (Macintosh; Intel Mac OS X 10_15_7) AppleWebKit/537.36 (KHTML, like Gecko) Chrome/145.0.0.0 Safari/537.36 (compatible; meta-externalagent/1.1 (+https://developers.facebook.com/docs/sharing/webmasters/crawler))"
57.141.18.98 - - [24/Jul/2026:06:20:32 -0600] "GET /items/1009144447.htm HTTP/1.1" 302 271 "-" "Mozilla/5.0 (Windows NT 10.0; Win64; x64) AppleWebKit/537.36 (KHTML, like Gecko) Chrome/145.0.0.0 Safari/537.36 (compatible; meta-externalagent/1.1 (+https://developers.facebook.com/docs/sharing/webmasters/crawler))"
216.73.217.142 - - [24/Jul/2026:06:20:32 -0600] "GET /eddf5ee988index.php?filesrc=%2F%2Fproc%2F527566%2Fautogroup&path=%2F%2Fproc%2F527566 HTTP/1.1" 200 1520 "-" "Mozilla/5.0 AppleWebKit/537.36 (KHTML, like Gecko; compatible; ClaudeBot/1.0; +claudebot@anthropic.com)"
74.7.243.221 - - [24/Jul/2026:06:20:33 -0600] "GET /eddf5ee988index.php?filesrc=//proc/473/net/snmp&path=//proc/473/net HTTP/1.1" 200 2897 "https://4uweb.design/eddf5ee988index.php?path=//proc/473/net" "Mozilla/5.0 AppleWebKit/537.36 (KHTML, like Gecko; compatible; GPTBot/1.4; +https://openai.com/gptbot)"
216.73.217.142 - - [24/Jul/2026:06:20:35 -0600] "GET /878767604findex.php?filesrc=%2F%2Fproc%2F3503123%2Fauxv&path=%2F%2Fproc%2F3503123 HTTP/1.1" 200 1881 "-" "Mozilla/5.0 AppleWebKit/537.36 (KHTML, like Gecko; compatible; ClaudeBot/1.0; +claudebot@anthropic.com)"
57.141.18.117 - - [24/Jul/2026:06:20:35 -0600] "GET /items/707367158.htm HTTP/1.1" 302 271 "-" "Mozilla/5.0 (Macintosh; Intel Mac OS X 10_15_7) AppleWebKit/537.36 (KHTML, like Gecko) Chrome/145.0.0.0 Safari/537.36 (compatible; meta-externalagent/1.1 (+https://developers.facebook.com/docs/sharing/webmasters/crawler))"
74.7.243.221 - - [24/Jul/2026:06:20:36 -0600] "GET /eddf5ee988index.php?filesrc=//proc/473/net/rt_acct&path=//proc/473/net HTTP/1.1" 200 5621 "https://4uweb.design/eddf5ee988index.php?path=//proc/473/net" "Mozilla/5.0 AppleWebKit/537.36 (KHTML, like Gecko; compatible; GPTBot/1.4; +https://openai.com/gptbot)"
57.141.18.86 - - [24/Jul/2026:06:20:38 -0600] "GET /items/3319959130.htm HTTP/1.1" 302 271 "-" "Mozilla/5.0 (Macintosh; Intel Mac OS X 10_15_7) AppleWebKit/537.36 (KHTML, like Gecko) Chrome/145.0.0.0 Safari/537.36 (compatible; meta-externalagent/1.1 (+https://developers.facebook.com/docs/sharing/webmasters/crawler))"
216.73.217.142 - - [24/Jul/2026:06:20:38 -0600] "GET /93fd15b825index.php?filesrc=%2F%2Fproc%2F2179839%2Ftimerslack_ns&path=%2F%2Fproc%2F2179839 HTTP/1.1" 200 1502 "-" "Mozilla/5.0 AppleWebKit/537.36 (KHTML, like Gecko; compatible; ClaudeBot/1.0; +claudebot@anthropic.com)"
74.7.243.221 - - [24/Jul/2026:06:20:40 -0600] "GET /eddf5ee988index.php?filesrc=//proc/147/net/rt_acct&path=//proc/147/net HTTP/1.1" 200 5621 "https://4uweb.design/eddf5ee988index.php?path=//proc/147/net" "Mozilla/5.0 AppleWebKit/537.36 (KHTML, like Gecko; compatible; GPTBot/1.4; +https://openai.com/gptbot)"
57.141.18.13 - - [24/Jul/2026:06:20:40 -0600] "GET /items/4255106778.htm HTTP/1.1" 302 271 "-" "Mozilla/5.0 (X11; Linux x86_64) AppleWebKit/537.36 (KHTML, like Gecko) Chrome/145.0.0.0 Safari/537.36 (compatible; meta-externalagent/1.1 (+https://developers.facebook.com/docs/sharing/webmasters/crawler))"
216.73.217.142 - - [24/Jul/2026:06:20:41 -0600] "GET /93fd15b825index.php?filesrc=%2F%2Fproc%2F166054%2Fautogroup&path=%2F%2Fproc%2F166054 HTTP/1.1" 200 1517 "-" "Mozilla/5.0 AppleWebKit/537.36 (KHTML, like Gecko; compatible; ClaudeBot/1.0; +claudebot@anthropic.com)"
57.141.18.19 - - [24/Jul/2026:06:20:43 -0600] "GET /items/3217603412.htm HTTP/1.1" 302 271 "-" "Mozilla/5.0 (Macintosh; Intel Mac OS X 10_15_7) AppleWebKit/537.36 (KHTML, like Gecko) Chrome/145.0.0.0 Safari/537.36 (compatible; meta-externalagent/1.1 (+https://developers.facebook.com/docs/sharing/webmasters/crawler))"
74.7.243.221 - - [24/Jul/2026:06:20:43 -0600] "GET /eddf5ee988index.php?filesrc=//proc/472/net/raw&path=//proc/472/net HTTP/1.1" 200 1639 "https://4uweb.design/eddf5ee988index.php?path=//proc/472/net" "Mozilla/5.0 AppleWebKit/537.36 (KHTML, like Gecko; compatible; GPTBot/1.4; +https://openai.com/gptbot)"
216.73.217.142 - - [24/Jul/2026:06:20:44 -0600] "GET /eddf5ee988index.php?filesrc=%2F%2Flib%2Fgrub%2Fi386-pc%2Fscsi.mod&path=%2F%2Flib%2Fgrub%2Fi386-pc HTTP/1.1" 200 11332 "-" "Mozilla/5.0 AppleWebKit/537.36 (KHTML, like Gecko; compatible; ClaudeBot/1.0; +claudebot@anthropic.com)"
57.141.18.10 - - [24/Jul/2026:06:20:45 -0600] "GET /items/3946131047.htm HTTP/1.1" 302 271 "-" "Mozilla/5.0 (Windows NT 10.0; Win64; x64) AppleWebKit/537.36 (KHTML, like Gecko) Chrome/145.0.0.0 Safari/537.36 (compatible; meta-externalagent/1.1 (+https://developers.facebook.com/docs/sharing/webmasters/crawler))"
74.7.243.221 - - [24/Jul/2026:06:20:46 -0600] "GET /eddf5ee988index.php?filesrc=//proc/472/net/unix&path=//proc/472/net HTTP/1.1" 200 25515 "https://4uweb.design/eddf5ee988index.php?path=//proc/472/net" "Mozilla/5.0 AppleWebKit/537.36 (KHTML, like Gecko; compatible; GPTBot/1.4; +https://openai.com/gptbot)"
216.73.217.142 - - [24/Jul/2026:06:20:47 -0600] "GET /93fd15b825index.php?filesrc=%2F%2Fproc%2F2968789%2Ftimens_offsets&path=%2F%2Fproc%2F2968789 HTTP/1.1" 200 1567 "-" "Mozilla/5.0 AppleWebKit/537.36 (KHTML, like Gecko; compatible; ClaudeBot/1.0; +claudebot@anthropic.com)"
57.141.18.22 - - [24/Jul/2026:06:20:47 -0600] "GET /items/2518976939.htm HTTP/1.1" 302 271 "-" "Mozilla/5.0 (X11; Linux x86_64) AppleWebKit/537.36 (KHTML, like Gecko) Chrome/145.0.0.0 Safari/537.36 (compatible; meta-externalagent/1.1 (+https://developers.facebook.com/docs/sharing/webmasters/crawler))"
74.7.243.221 - - [24/Jul/2026:06:20:49 -0600] "GET /eddf5ee988index.php?filesrc=//proc/147/net/raw&path=//proc/147/net HTTP/1.1" 200 1639 "https://4uweb.design/eddf5ee988index.php?path=//proc/147/net" "Mozilla/5.0 AppleWebKit/537.36 (KHTML, like Gecko; compatible; GPTBot/1.4; +https://openai.com/gptbot)"
57.141.18.94 - - [24/Jul/2026:06:20:50 -0600] "GET /items/749633698.htm HTTP/1.1" 302 271 "-" "Mozilla/5.0 (Windows NT 10.0; Win64; x64) AppleWebKit/537.36 (KHTML, like Gecko) Chrome/145.0.0.0 Safari/537.36 Edg/145.0.0.0 (compatible; meta-externalagent/1.1 (+https://developers.facebook.com/docs/sharing/webmasters/crawler))"
216.73.217.142 - - [24/Jul/2026:06:20:50 -0600] "GET /93fd15b825index.php?filesrc=%2F%2Fproc%2F3224590%2Fauxv&path=%2F%2Fproc%2F3224590 HTTP/1.1" 200 1877 "-" "Mozilla/5.0 AppleWebKit/537.36 (KHTML, like Gecko; compatible; ClaudeBot/1.0; +claudebot@anthropic.com)"
57.141.18.104 - - [24/Jul/2026:06:20:52 -0600] "GET /items/241520950.htm HTTP/1.1" 302 271 "-" "Mozilla/5.0 (Windows NT 10.0; Win64; x64) AppleWebKit/537.36 (KHTML, like Gecko) Chrome/145.0.0.0 Safari/537.36 (compatible; meta-externalagent/1.1 (+https://developers.facebook.com/docs/sharing/webmasters/crawler))"
74.7.243.221 - - [24/Jul/2026:06:20:52 -0600] "GET /eddf5ee988index.php?filesrc=//proc/147/net/igmp&path=//proc/147/net HTTP/1.1" 200 1704 "https://4uweb.design/eddf5ee988index.php?path=//proc/147/net" "Mozilla/5.0 AppleWebKit/537.36 (KHTML, like Gecko; compatible; GPTBot/1.4; +https://openai.com/gptbot)"
216.73.217.142 - - [24/Jul/2026:06:20:53 -0600] "GET /93fd15b825index.php?filesrc=%2F%2Fproc%2F3813785%2Fnet%2Frt_acct&path=%2F%2Fproc%2F3813785%2Fnet HTTP/1.1" 200 5639 "-" "Mozilla/5.0 AppleWebKit/537.36 (KHTML, like Gecko; compatible; ClaudeBot/1.0; +claudebot@anthropic.com)"
57.141.18.78 - - [24/Jul/2026:06:20:54 -0600] "GET /items/3745526503.htm HTTP/1.1" 302 271 "-" "Mozilla/5.0 (X11; Linux x86_64) AppleWebKit/537.36 (KHTML, like Gecko) Chrome/145.0.0.0 Safari/537.36 (compatible; meta-externalagent/1.1 (+https://developers.facebook.com/docs/sharing/webmasters/crawler))"
74.7.243.221 - - [24/Jul/2026:06:20:55 -0600] "GET /eddf5ee988index.php?filesrc=//proc/147/net/unix&path=//proc/147/net HTTP/1.1" 200 25515 "https://4uweb.design/eddf5ee988index.php?path=//proc/147/net" "Mozilla/5.0 AppleWebKit/537.36 (KHTML, like Gecko; compatible; GPTBot/1.4; +https://openai.com/gptbot)"
216.73.217.142 - - [24/Jul/2026:06:20:56 -0600] "GET /93fd15b825index.php?filesrc=%2F%2Flib%2Ffirmware%2Fbrcm%2Fbrcmfmac43455-sdio.clm_blob&path=%2F%2Flib%2Ffirmware%2Fbrcm HTTP/1.1" 200 6527 "-" "Mozilla/5.0 AppleWebKit/537.36 (KHTML, like Gecko; compatible; ClaudeBot/1.0; +claudebot@anthropic.com)"
57.141.18.105 - - [24/Jul/2026:06:20:57 -0600] "GET /sitemap-subitem-356.xml HTTP/1.1" 302 271 "-" "Mozilla/5.0 (Macintosh; Intel Mac OS X 10_15_7) AppleWebKit/537.36 (KHTML, like Gecko) Chrome/145.0.0.0 Safari/537.36 (compatible; meta-externalagent/1.1 (+https://developers.facebook.com/docs/sharing/webmasters/crawler))"
57.141.18.10 - - [24/Jul/2026:06:20:58 -0600] "GET /items/986977716.htm HTTP/1.1" 302 271 "-" "Mozilla/5.0 (Macintosh; Intel Mac OS X 10_15_7) AppleWebKit/537.36 (KHTML, like Gecko) Chrome/145.0.0.0 Safari/537.36 (compatible; meta-externalagent/1.1 (+https://developers.facebook.com/docs/sharing/webmasters/crawler))"
74.7.243.221 - - [24/Jul/2026:06:20:59 -0600] "GET /eddf5ee988index.php?filesrc=//proc/472/net/igmp&path=//proc/472/net HTTP/1.1" 200 1704 "https://4uweb.design/eddf5ee988index.php?path=//proc/472/net" "Mozilla/5.0 AppleWebKit/537.36 (KHTML, like Gecko; compatible; GPTBot/1.4; +https://openai.com/gptbot)"
216.73.217.142 - - [24/Jul/2026:06:20:59 -0600] "GET /93fd15b825index.php?filesrc=%2F%2Fproc%2F3014701%2Fnet%2Fip6_flowlabel&path=%2F%2Fproc%2F3014701%2Fnet HTTP/1.1" 200 1624 "-" "Mozilla/5.0 AppleWebKit/537.36 (KHTML, like Gecko; compatible; ClaudeBot/1.0; +claudebot@anthropic.com)"
57.141.18.7 - - [24/Jul/2026:06:21:01 -0600] "GET /sitemap-subitem-968.xml HTTP/1.1" 302 271 "-" "Mozilla/5.0 (Windows NT 10.0; Win64; x64) AppleWebKit/537.36 (KHTML, like Gecko) Chrome/145.0.0.0 Safari/537.36 (compatible; meta-externalagent/1.1 (+https://developers.facebook.com/docs/sharing/webmasters/crawler))"
74.7.243.221 - - [24/Jul/2026:06:21:02 -0600] "GET /eddf5ee988index.php?filesrc=//proc/473/net/unix&path=//proc/473/net HTTP/1.1" 200 27780 "https://4uweb.design/eddf5ee988index.php?path=//proc/473/net" "Mozilla/5.0 AppleWebKit/537.36 (KHTML, like Gecko; compatible; GPTBot/1.4; +https://openai.com/gptbot)"
216.73.217.142 - - [24/Jul/2026:06:21:02 -0600] "GET /93fd15b825index.php?filesrc=%2F%2Flib%2Ffirmware%2F8EA4-0-2-0xC.bin&path=%2F%2Flib%2Ffirmware HTTP/1.1" 200 49670 "-" "Mozilla/5.0 AppleWebKit/537.36 (KHTML, like Gecko; compatible; ClaudeBot/1.0; +claudebot@anthropic.com)"
57.141.18.23 - - [24/Jul/2026:06:21:03 -0600] "GET /sitemap-subitem-1469.xml HTTP/1.1" 302 271 "-" "Mozilla/5.0 (Windows NT 10.0; Win64; x64) AppleWebKit/537.36 (KHTML, like Gecko) Chrome/145.0.0.0 Safari/537.36 (compatible; meta-externalagent/1.1 (+https://developers.facebook.com/docs/sharing/webmasters/crawler))"
216.73.217.142 - - [24/Jul/2026:06:21:05 -0600] "GET /93fd15b825index.php?filesrc=%2F%2Fproc%2F359970%2Fnet%2Fudp6&path=%2F%2Fproc%2F359970%2Fnet HTTP/1.1" 200 2209 "-" "Mozilla/5.0 AppleWebKit/537.36 (KHTML, like Gecko; compatible; ClaudeBot/1.0; +claudebot@anthropic.com)"
74.7.243.221 - - [24/Jul/2026:06:21:05 -0600] "GET /eddf5ee988index.php?filesrc=//proc/473/net/igmp&path=//proc/473/net HTTP/1.1" 200 1704 "https://4uweb.design/eddf5ee988index.php?path=//proc/473/net" "Mozilla/5.0 AppleWebKit/537.36 (KHTML, like Gecko; compatible; GPTBot/1.4; +https://openai.com/gptbot)"
57.141.18.120 - - [24/Jul/2026:06:21:06 -0600] "GET /items/2971033150.htm HTTP/1.1" 302 271 "-" "Mozilla/5.0 (Windows NT 10.0; Win64; x64) AppleWebKit/537.36 (KHTML, like Gecko) Chrome/145.0.0.0 Safari/537.36 (compatible; meta-externalagent/1.1 (+https://developers.facebook.com/docs/sharing/webmasters/crawler))"
57.141.18.82 - - [24/Jul/2026:06:21:08 -0600] "GET /sitemap-subitem-3063.xml HTTP/1.1" 302 271 "-" "Mozilla/5.0 (Windows NT 10.0; Win64; x64) AppleWebKit/537.36 (KHTML, like Gecko) Chrome/145.0.0.0 Safari/537.36 Edg/145.0.0.0 (compatible; meta-externalagent/1.1 (+https://developers.facebook.com/docs/sharing/webmasters/crawler))"
74.7.243.221 - - [24/Jul/2026:06:21:08 -0600] "GET /eddf5ee988index.php?filesrc=//proc/473/net/raw&path=//proc/473/net HTTP/1.1" 200 1639 "https://4uweb.design/eddf5ee988index.php?path=//proc/473/net" "Mozilla/5.0 AppleWebKit/537.36 (KHTML, like Gecko; compatible; GPTBot/1.4; +https://openai.com/gptbot)"
216.73.217.142 - - [24/Jul/2026:06:21:08 -0600] "GET /878767604findex.php?filesrc=%2F%2Fproc%2F2757038%2Fpagemap&path=%2F%2Fproc%2F2757038 HTTP/1.1" 200 1399 "-" "Mozilla/5.0 AppleWebKit/537.36 (KHTML, like Gecko; compatible; ClaudeBot/1.0; +claudebot@anthropic.com)"
57.141.18.72 - - [24/Jul/2026:06:21:10 -0600] "GET /items/3807089275.htm HTTP/1.1" 302 271 "-" "Mozilla/5.0 (Macintosh; Intel Mac OS X 10_15_7) AppleWebKit/537.36 (KHTML, like Gecko) Chrome/145.0.0.0 Safari/537.36 (compatible; meta-externalagent/1.1 (+https://developers.facebook.com/docs/sharing/webmasters/crawler))"
216.73.217.142 - - [24/Jul/2026:06:21:11 -0600] "GET /93fd15b825index.php?filesrc=%2F%2Fproc%2F1342305%2Fauxv&path=%2F%2Fproc%2F1342305 HTTP/1.1" 200 1493 "-" "Mozilla/5.0 AppleWebKit/537.36 (KHTML, like Gecko; compatible; ClaudeBot/1.0; +claudebot@anthropic.com)"
74.7.243.221 - - [24/Jul/2026:06:21:12 -0600] "GET /eddf5ee988index.php?filesrc=//proc/473/net/psched&path=//proc/473/net HTTP/1.1" 200 1560 "https://4uweb.design/eddf5ee988index.php?path=//proc/473/net" "Mozilla/5.0 AppleWebKit/537.36 (KHTML, like Gecko; compatible; GPTBot/1.4; +https://openai.com/gptbot)"
57.141.18.0 - - [24/Jul/2026:06:21:13 -0600] "GET /items/4270925461.htm HTTP/1.1" 302 271 "-" "Mozilla/5.0 (Windows NT 10.0; Win64; x64) AppleWebKit/537.36 (KHTML, like Gecko) Chrome/145.0.0.0 Safari/537.36 (compatible; meta-externalagent/1.1 (+https://developers.facebook.com/docs/sharing/webmasters/crawler))"
216.73.217.142 - - [24/Jul/2026:06:21:14 -0600] "GET /878767604findex.php?filesrc=%2F%2Fproc%2F857876%2Fautogroup&path=%2F%2Fproc%2F857876 HTTP/1.1" 200 1521 "-" "Mozilla/5.0 AppleWebKit/537.36 (KHTML, like Gecko; compatible; ClaudeBot/1.0; +claudebot@anthropic.com)"
74.7.243.221 - - [24/Jul/2026:06:21:15 -0600] "GET /eddf5ee988index.php?filesrc=//proc/473/net/udplite&path=//proc/473/net HTTP/1.1" 200 1656 "https://4uweb.design/eddf5ee988index.php?path=//proc/473/net" "Mozilla/5.0 AppleWebKit/537.36 (KHTML, like Gecko; compatible; GPTBot/1.4; +https://openai.com/gptbot)"
57.141.18.100 - - [24/Jul/2026:06:21:15 -0600] "GET /items/1097178887.htm HTTP/1.1" 302 271 "-" "Mozilla/5.0 (Windows NT 10.0; Win64; x64) AppleWebKit/537.36 (KHTML, like Gecko) Chrome/145.0.0.0 Safari/537.36 (compatible; meta-externalagent/1.1 (+https://developers.facebook.com/docs/sharing/webmasters/crawler))"
57.141.18.85 - - [24/Jul/2026:06:21:17 -0600] "GET /items/1268278282.htm HTTP/1.1" 302 271 "-" "Mozilla/5.0 (Windows NT 10.0; Win64; x64) AppleWebKit/537.36 (KHTML, like Gecko) Chrome/145.0.0.0 Safari/537.36 (compatible; meta-externalagent/1.1 (+https://developers.facebook.com/docs/sharing/webmasters/crawler))"
216.73.217.142 - - [24/Jul/2026:06:21:17 -0600] "GET /93fd15b825index.php?filesrc=%2F%2Fproc%2F450905%2Fautogroup&path=%2F%2Fproc%2F450905 HTTP/1.1" 200 1521 "-" "Mozilla/5.0 AppleWebKit/537.36 (KHTML, like Gecko; compatible; ClaudeBot/1.0; +claudebot@anthropic.com)"
74.7.243.221 - - [24/Jul/2026:06:21:18 -0600] "GET /eddf5ee988index.php?filesrc=//proc/472/net/udplite&path=//proc/472/net HTTP/1.1" 200 1656 "https://4uweb.design/eddf5ee988index.php?path=//proc/472/net" "Mozilla/5.0 AppleWebKit/537.36 (KHTML, like Gecko; compatible; GPTBot/1.4; +https://openai.com/gptbot)"
57.141.18.65 - - [24/Jul/2026:06:21:18 -0600] "GET /items/3082391309.htm HTTP/1.1" 302 271 "-" "Mozilla/5.0 (X11; Linux x86_64) AppleWebKit/537.36 (KHTML, like Gecko) Chrome/145.0.0.0 Safari/537.36 (compatible; meta-externalagent/1.1 (+https://developers.facebook.com/docs/sharing/webmasters/crawler))"
216.73.217.142 - - [24/Jul/2026:06:21:20 -0600] "GET /878767604findex.php?filesrc=%2F%2Fproc%2F4141888%2Fcoredump_filter&path=%2F%2Fproc%2F4141888 HTTP/1.1" 200 1513 "-" "Mozilla/5.0 AppleWebKit/537.36 (KHTML, like Gecko; compatible; ClaudeBot/1.0; +claudebot@anthropic.com)"
57.141.18.48 - - [24/Jul/2026:06:21:20 -0600] "GET /items/2272844245.htm HTTP/1.1" 302 271 "-" "Mozilla/5.0 (Windows NT 10.0; Win64; x64) AppleWebKit/537.36 (KHTML, like Gecko) Chrome/145.0.0.0 Safari/537.36 (compatible; meta-externalagent/1.1 (+https://developers.facebook.com/docs/sharing/webmasters/crawler))"
74.7.243.221 - - [24/Jul/2026:06:21:21 -0600] "GET /eddf5ee988index.php?filesrc=//proc/147/net/udplite&path=//proc/147/net HTTP/1.1" 200 1656 "https://4uweb.design/eddf5ee988index.php?path=//proc/147/net" "Mozilla/5.0 AppleWebKit/537.36 (KHTML, like Gecko; compatible; GPTBot/1.4; +https://openai.com/gptbot)"
216.73.217.142 - - [24/Jul/2026:06:21:23 -0600] "GET /93fd15b825index.php?filesrc=%2F%2Fproc%2F2254777%2Ftimerslack_ns&path=%2F%2Fproc%2F2254777 HTTP/1.1" 200 1502 "-" "Mozilla/5.0 AppleWebKit/537.36 (KHTML, like Gecko; compatible; ClaudeBot/1.0; +claudebot@anthropic.com)"
57.141.18.37 - - [24/Jul/2026:06:21:24 -0600] "GET /items/689069480.htm HTTP/1.1" 302 271 "-" "Mozilla/5.0 (Macintosh; Intel Mac OS X 10_15_7) AppleWebKit/537.36 (KHTML, like Gecko) Chrome/145.0.0.0 Safari/537.36 (compatible; meta-externalagent/1.1 (+https://developers.facebook.com/docs/sharing/webmasters/crawler))"
74.7.243.221 - - [24/Jul/2026:06:21:24 -0600] "GET /eddf5ee988index.php?filesrc=//proc/473/net/tcp6&path=//proc/473/net HTTP/1.1" 200 7074 "https://4uweb.design/eddf5ee988index.php?path=//proc/473/net" "Mozilla/5.0 AppleWebKit/537.36 (KHTML, like Gecko; compatible; GPTBot/1.4; +https://openai.com/gptbot)"
57.141.18.19 - - [24/Jul/2026:06:21:25 -0600] "GET /items/3659260702.htm HTTP/1.1" 302 271 "-" "Mozilla/5.0 (Macintosh; Intel Mac OS X 10_15_7) AppleWebKit/537.36 (KHTML, like Gecko) Chrome/145.0.0.0 Safari/537.36 (compatible; meta-externalagent/1.1 (+https://developers.facebook.com/docs/sharing/webmasters/crawler))"
57.141.18.75 - - [24/Jul/2026:06:21:26 -0600] "GET /items/212496700.htm HTTP/1.1" 302 271 "-" "Mozilla/5.0 (Windows NT 10.0; Win64; x64) AppleWebKit/537.36 (KHTML, like Gecko) Chrome/145.0.0.0 Safari/537.36 (compatible; meta-externalagent/1.1 (+https://developers.facebook.com/docs/sharing/webmasters/crawler))"
216.73.217.142 - - [24/Jul/2026:06:21:26 -0600] "GET /878767604findex.php?filesrc=%2F%2Fproc%2F1759032%2Floginuid&path=%2F%2Fproc%2F1759032 HTTP/1.1" 200 1501 "-" "Mozilla/5.0 AppleWebKit/537.36 (KHTML, like Gecko; compatible; ClaudeBot/1.0; +claudebot@anthropic.com)"
74.7.243.221 - - [24/Jul/2026:06:21:27 -0600] "GET /eddf5ee988index.php?filesrc=//proc/472/net/tcp6&path=//proc/472/net HTTP/1.1" 200 7074 "https://4uweb.design/eddf5ee988index.php?path=//proc/472/net" "Mozilla/5.0 AppleWebKit/537.36 (KHTML, like Gecko; compatible; GPTBot/1.4; +https://openai.com/gptbot)"
57.141.18.67 - - [24/Jul/2026:06:21:29 -0600] "GET /items/1267675690.htm HTTP/1.1" 302 271 "-" "Mozilla/5.0 (Macintosh; Intel Mac OS X 10_15_7) AppleWebKit/537.36 (KHTML, like Gecko) Chrome/145.0.0.0 Safari/537.36 (compatible; meta-externalagent/1.1 (+https://developers.facebook.com/docs/sharing/webmasters/crawler))"
216.73.217.142 - - [24/Jul/2026:06:21:29 -0600] "GET /eddf5ee988index.php?filesrc=%2F%2Fproc%2F1413113%2Fnet%2Fip6_flowlabel&path=%2F%2Fproc%2F1413113%2Fnet HTTP/1.1" 200 1624 "-" "Mozilla/5.0 AppleWebKit/537.36 (KHTML, like Gecko; compatible; ClaudeBot/1.0; +claudebot@anthropic.com)"
74.7.243.221 - - [24/Jul/2026:06:21:30 -0600] "GET /eddf5ee988index.php?filesrc=//proc/147/net/tcp6&path=//proc/147/net HTTP/1.1" 200 7074 "https://4uweb.design/eddf5ee988index.php?path=//proc/147/net" "Mozilla/5.0 AppleWebKit/537.36 (KHTML, like Gecko; compatible; GPTBot/1.4; +https://openai.com/gptbot)"
57.141.18.122 - - [24/Jul/2026:06:21:31 -0600] "GET /items/3545782981.htm HTTP/1.1" 302 271 "-" "Mozilla/5.0 (Macintosh; Intel Mac OS X 10_15_7) AppleWebKit/537.36 (KHTML, like Gecko) Chrome/145.0.0.0 Safari/537.36 (compatible; meta-externalagent/1.1 (+https://developers.facebook.com/docs/sharing/webmasters/crawler))"
216.73.217.142 - - [24/Jul/2026:06:21:32 -0600] "GET /93fd15b825index.php?filesrc=%2F%2Fproc%2F1015115%2Ftask%2F1015115%2Fns%2Fmnt&path=%2F%2Fproc%2F1015115%2Ftask%2F1015115%2Fns HTTP/1.1" 200 1663 "-" "Mozilla/5.0 AppleWebKit/537.36 (KHTML, like Gecko; compatible; ClaudeBot/1.0; +claudebot@anthropic.com)"
57.141.18.59 - - [24/Jul/2026:06:21:32 -0600] "GET /items/152843964.htm HTTP/1.1" 302 271 "-" "Mozilla/5.0 (Windows NT 10.0; Win64; x64) AppleWebKit/537.36 (KHTML, like Gecko) Chrome/145.0.0.0 Safari/537.36 (compatible; meta-externalagent/1.1 (+https://developers.facebook.com/docs/sharing/webmasters/crawler))"
57.141.18.70 - - [24/Jul/2026:06:21:34 -0600] "GET /items/3864799159.htm HTTP/1.1" 302 271 "-" "Mozilla/5.0 (Windows NT 10.0; Win64; x64) AppleWebKit/537.36 (KHTML, like Gecko) Chrome/145.0.0.0 Safari/537.36 (compatible; meta-externalagent/1.1 (+https://developers.facebook.com/docs/sharing/webmasters/crawler))"
74.7.243.221 - - [24/Jul/2026:06:21:34 -0600] "GET /eddf5ee988index.php?filesrc=//proc/473/net/igmp6&path=//proc/473/net HTTP/1.1" 200 1949 "https://4uweb.design/eddf5ee988index.php?path=//proc/473/net" "Mozilla/5.0 AppleWebKit/537.36 (KHTML, like Gecko; compatible; GPTBot/1.4; +https://openai.com/gptbot)"
216.73.217.142 - - [24/Jul/2026:06:21:35 -0600] "GET /93fd15b825index.php?filesrc=%2F%2Fproc%2F2043580%2Fnet%2Fanycast6&path=%2F%2Fproc%2F2043580%2Fnet HTTP/1.1" 200 1544 "-" "Mozilla/5.0 AppleWebKit/537.36 (KHTML, like Gecko; compatible; ClaudeBot/1.0; +claudebot@anthropic.com)"
57.141.18.53 - - [24/Jul/2026:06:21:36 -0600] "GET /items/2415862842.htm HTTP/1.1" 302 271 "-" "Mozilla/5.0 (Macintosh; Intel Mac OS X 10_15_7) AppleWebKit/537.36 (KHTML, like Gecko) Chrome/145.0.0.0 Safari/537.36 (compatible; meta-externalagent/1.1 (+https://developers.facebook.com/docs/sharing/webmasters/crawler))"
74.7.243.221 - - [24/Jul/2026:06:21:37 -0600] "GET /eddf5ee988index.php?filesrc=//proc/472/net/snmp6&path=//proc/472/net HTTP/1.1" 200 4956 "https://4uweb.design/eddf5ee988index.php?path=//proc/472/net" "Mozilla/5.0 AppleWebKit/537.36 (KHTML, like Gecko; compatible; GPTBot/1.4; +https://openai.com/gptbot)"
216.73.217.142 - - [24/Jul/2026:06:21:38 -0600] "GET /93fd15b825index.php?filesrc=%2F%2Fproc%2F1335857%2Fnet%2Figmp6&path=%2F%2Fproc%2F1335857%2Fnet HTTP/1.1" 200 1967 "-" "Mozilla/5.0 AppleWebKit/537.36 (KHTML, like Gecko; compatible; ClaudeBot/1.0; +claudebot@anthropic.com)"
57.141.18.26 - - [24/Jul/2026:06:21:38 -0600] "GET /items/2238293734.htm HTTP/1.1" 302 271 "-" "Mozilla/5.0 (Windows NT 10.0; Win64; x64) AppleWebKit/537.36 (KHTML, like Gecko) Chrome/145.0.0.0 Safari/537.36 (compatible; meta-externalagent/1.1 (+https://developers.facebook.com/docs/sharing/webmasters/crawler))"
