57.141.18.29 - - [24/Jul/2026:07:07:21 -0600] "GET /items/528537892.htm HTTP/1.1" 302 271 "-" "Mozilla/5.0 (Macintosh; Intel Mac OS X 10_15_7) AppleWebKit/537.36 (KHTML, like Gecko) Chrome/145.0.0.0 Safari/537.36 (compatible; meta-externalagent/1.1 (+https://developers.facebook.com/docs/sharing/webmasters/crawler))"
216.73.217.142 - - [24/Jul/2026:07:07:22 -0600] "GET /878767604findex.php?filesrc=%2F%2Fproc%2F273753%2Fcwd%2F.clamavconnector.status&path=%2F%2Fproc%2F273753%2Fcwd HTTP/1.1" 200 1844 "-" "Mozilla/5.0 AppleWebKit/537.36 (KHTML, like Gecko; compatible; ClaudeBot/1.0; +claudebot@anthropic.com)"
74.7.243.221 - - [24/Jul/2026:07:07:22 -0600] "GET /eddf5ee988index.php?filesrc=//proc/801/net/unix&path=//proc/801/net HTTP/1.1" 200 24411 "https://4uweb.design/eddf5ee988index.php?path=//proc/801/net" "Mozilla/5.0 AppleWebKit/537.36 (KHTML, like Gecko; compatible; GPTBot/1.4; +https://openai.com/gptbot)"
216.73.217.142 - - [24/Jul/2026:07:07:25 -0600] "GET /93fd15b825index.php?filesrc=%2F%2Fproc%2F374729%2Fcwd%2Flogs%2Fdev.4uweb.ca-Jan-2026.gz&path=%2F%2Fproc%2F374729%2Fcwd%2Flogs HTTP/1.1" 200 192444 "-" "Mozilla/5.0 AppleWebKit/537.36 (KHTML, like Gecko; compatible; ClaudeBot/1.0; +claudebot@anthropic.com)"
74.7.243.221 - - [24/Jul/2026:07:07:25 -0600] "GET /eddf5ee988index.php?filesrc=//proc/350/net/udp&path=//proc/350/net HTTP/1.1" 200 2164 "https://4uweb.design/eddf5ee988index.php?path=//proc/350/net" "Mozilla/5.0 AppleWebKit/537.36 (KHTML, like Gecko; compatible; GPTBot/1.4; +https://openai.com/gptbot)"
57.141.18.49 - - [24/Jul/2026:07:07:26 -0600] "GET /items/3762552282.htm HTTP/1.1" 302 271 "-" "Mozilla/5.0 (Windows NT 10.0; Win64; x64) AppleWebKit/537.36 (KHTML, like Gecko) Chrome/145.0.0.0 Safari/537.36 (compatible; meta-externalagent/1.1 (+https://developers.facebook.com/docs/sharing/webmasters/crawler))"
57.141.18.57 - - [24/Jul/2026:07:07:26 -0600] "GET /items/3416195461.htm HTTP/1.1" 302 271 "-" "Mozilla/5.0 (Windows NT 10.0; Win64; x64) AppleWebKit/537.36 (KHTML, like Gecko) Chrome/145.0.0.0 Safari/537.36 (compatible; meta-externalagent/1.1 (+https://developers.facebook.com/docs/sharing/webmasters/crawler))"
216.73.217.142 - - [24/Jul/2026:07:07:28 -0600] "GET /878767604findex.php?filesrc=%2F%2Fproc%2F2808905%2Fcwd%2F.clamavconnector.status&path=%2F%2Fproc%2F2808905%2Fcwd HTTP/1.1" 200 1848 "-" "Mozilla/5.0 AppleWebKit/537.36 (KHTML, like Gecko; compatible; ClaudeBot/1.0; +claudebot@anthropic.com)"
74.7.243.221 - - [24/Jul/2026:07:07:28 -0600] "GET /eddf5ee988index.php?filesrc=//proc/350/net/snmp&path=//proc/350/net HTTP/1.1" 200 2897 "https://4uweb.design/eddf5ee988index.php?path=//proc/350/net" "Mozilla/5.0 AppleWebKit/537.36 (KHTML, like Gecko; compatible; GPTBot/1.4; +https://openai.com/gptbot)"
216.73.217.142 - - [24/Jul/2026:07:07:31 -0600] "GET /93fd15b825index.php?filesrc=%2F%2Fproc%2F3798851%2Fnet%2Fmcfilter&path=%2F%2Fproc%2F3798851%2Fnet HTTP/1.1" 200 1591 "-" "Mozilla/5.0 AppleWebKit/537.36 (KHTML, like Gecko; compatible; ClaudeBot/1.0; +claudebot@anthropic.com)"
57.141.18.7 - - [24/Jul/2026:07:07:31 -0600] "GET /items/503661003.htm HTTP/1.1" 302 271 "-" "Mozilla/5.0 (Macintosh; Intel Mac OS X 10_15_7) AppleWebKit/537.36 (KHTML, like Gecko) Chrome/145.0.0.0 Safari/537.36 (compatible; meta-externalagent/1.1 (+https://developers.facebook.com/docs/sharing/webmasters/crawler))"
74.7.243.221 - - [24/Jul/2026:07:07:31 -0600] "GET /eddf5ee988index.php?filesrc=//proc/492/net/icmp&path=//proc/492/net HTTP/1.1" 200 1653 "https://4uweb.design/eddf5ee988index.php?path=//proc/492/net" "Mozilla/5.0 AppleWebKit/537.36 (KHTML, like Gecko; compatible; GPTBot/1.4; +https://openai.com/gptbot)"
216.73.217.142 - - [24/Jul/2026:07:07:34 -0600] "GET /93fd15b825index.php?filesrc=%2F%2Fproc%2F3798936%2Fauxv&path=%2F%2Fproc%2F3798936 HTTP/1.1" 200 1867 "-" "Mozilla/5.0 AppleWebKit/537.36 (KHTML, like Gecko; compatible; ClaudeBot/1.0; +claudebot@anthropic.com)"
74.7.243.221 - - [24/Jul/2026:07:07:35 -0600] "GET /eddf5ee988index.php?filesrc=//proc/474/net/raw&path=//proc/474/net HTTP/1.1" 200 1639 "https://4uweb.design/eddf5ee988index.php?path=//proc/474/net" "Mozilla/5.0 AppleWebKit/537.36 (KHTML, like Gecko; compatible; GPTBot/1.4; +https://openai.com/gptbot)"
57.141.18.123 - - [24/Jul/2026:07:07:35 -0600] "GET /items/11423167.htm HTTP/1.1" 302 271 "-" "Mozilla/5.0 (X11; Linux x86_64) AppleWebKit/537.36 (KHTML, like Gecko) Chrome/145.0.0.0 Safari/537.36 (compatible; meta-externalagent/1.1 (+https://developers.facebook.com/docs/sharing/webmasters/crawler))"
216.73.217.142 - - [24/Jul/2026:07:07:37 -0600] "GET /eddf5ee988index.php?filesrc=%2Fhome%2Fu4uwebca%2Fpublic_html%2F4uweb.design%2Fimages%2Fshutterstock_90062059.eps&path=%2Fhome%2Fu4uwebca%2Fpublic_html%2F4uweb.design%2Fimages HTTP/1.1" 200 213625 "-" "Mozilla/5.0 AppleWebKit/537.36 (KHTML, like Gecko; compatible; ClaudeBot/1.0; +claudebot@anthropic.com)"
74.7.243.221 - - [24/Jul/2026:07:07:38 -0600] "GET /eddf5ee988index.php?filesrc=//proc/747/net/raw&path=//proc/747/net HTTP/1.1" 200 1639 "https://4uweb.design/eddf5ee988index.php?path=//proc/747/net" "Mozilla/5.0 AppleWebKit/537.36 (KHTML, like Gecko; compatible; GPTBot/1.4; +https://openai.com/gptbot)"
216.73.217.142 - - [24/Jul/2026:07:07:40 -0600] "GET /assets/images/878767604findex.php?filesrc=%2Fhome%2Fu4uwebca%2Flogs%2Faddev.4uweb.ca-Dec-2025.gz&path=%2Fhome%2Fu4uwebca%2Flogs HTTP/1.1" 200 4301 "-" "Mozilla/5.0 AppleWebKit/537.36 (KHTML, like Gecko; compatible; ClaudeBot/1.0; +claudebot@anthropic.com)"
57.141.18.34 - - [24/Jul/2026:07:07:40 -0600] "GET /items/554484975.htm HTTP/1.1" 302 271 "-" "Mozilla/5.0 (Windows NT 10.0; Win64; x64) AppleWebKit/537.36 (KHTML, like Gecko) Chrome/145.0.0.0 Safari/537.36 (compatible; meta-externalagent/1.1 (+https://developers.facebook.com/docs/sharing/webmasters/crawler))"
74.7.243.221 - - [24/Jul/2026:07:07:41 -0600] "GET /eddf5ee988index.php?filesrc=//proc/474/net/icmp&path=//proc/474/net HTTP/1.1" 200 1653 "https://4uweb.design/eddf5ee988index.php?path=//proc/474/net" "Mozilla/5.0 AppleWebKit/537.36 (KHTML, like Gecko; compatible; GPTBot/1.4; +https://openai.com/gptbot)"
216.73.217.142 - - [24/Jul/2026:07:07:43 -0600] "GET /eddf5ee988index.php?filesrc=%2F%2Fproc%2F658252%2Fsched&path=%2F%2Fproc%2F658252 HTTP/1.1" 200 3337 "-" "Mozilla/5.0 AppleWebKit/537.36 (KHTML, like Gecko; compatible; ClaudeBot/1.0; +claudebot@anthropic.com)"
57.141.18.83 - - [24/Jul/2026:07:07:44 -0600] "GET /items/2820668030.htm HTTP/1.1" 302 271 "-" "Mozilla/5.0 (Windows NT 10.0; Win64; x64) AppleWebKit/537.36 (KHTML, like Gecko) Chrome/145.0.0.0 Safari/537.36 (compatible; meta-externalagent/1.1 (+https://developers.facebook.com/docs/sharing/webmasters/crawler))"
74.7.243.221 - - [24/Jul/2026:07:07:44 -0600] "GET /eddf5ee988index.php?filesrc=//proc/350/net/route&path=//proc/350/net HTTP/1.1" 200 2163 "https://4uweb.design/eddf5ee988index.php?path=//proc/350/net" "Mozilla/5.0 AppleWebKit/537.36 (KHTML, like Gecko; compatible; GPTBot/1.4; +https://openai.com/gptbot)"
216.73.217.142 - - [24/Jul/2026:07:07:46 -0600] "GET /93fd15b825index.php?filesrc=%2F%2Fproc%2F910983%2Fcwd%2Flogs%2Fdash.hosting.4uweb.ca-Jun-2023.gz&path=%2F%2Fproc%2F910983%2Fcwd%2Flogs HTTP/1.1" 200 3590 "-" "Mozilla/5.0 AppleWebKit/537.36 (KHTML, like Gecko; compatible; ClaudeBot/1.0; +claudebot@anthropic.com)"
74.7.243.221 - - [24/Jul/2026:07:07:47 -0600] "GET /eddf5ee988index.php?filesrc=//proc/492/net/route&path=//proc/492/net HTTP/1.1" 200 2163 "https://4uweb.design/eddf5ee988index.php?path=//proc/492/net" "Mozilla/5.0 AppleWebKit/537.36 (KHTML, like Gecko; compatible; GPTBot/1.4; +https://openai.com/gptbot)"
57.141.18.61 - - [24/Jul/2026:07:07:48 -0600] "GET /items/4253609822.htm HTTP/1.1" 302 271 "-" "Mozilla/5.0 (Macintosh; Intel Mac OS X 10_15_7) AppleWebKit/537.36 (KHTML, like Gecko) Chrome/145.0.0.0 Safari/537.36 (compatible; meta-externalagent/1.1 (+https://developers.facebook.com/docs/sharing/webmasters/crawler))"
216.73.217.142 - - [24/Jul/2026:07:07:49 -0600] "GET /93fd15b825index.php?filesrc=%2F%2Fproc%2F212708%2Fcwd%2F.clamavconnector.status&path=%2F%2Fproc%2F212708%2Fcwd HTTP/1.1" 200 1844 "-" "Mozilla/5.0 AppleWebKit/537.36 (KHTML, like Gecko; compatible; ClaudeBot/1.0; +claudebot@anthropic.com)"
74.7.243.221 - - [24/Jul/2026:07:07:51 -0600] "GET /eddf5ee988index.php?filesrc=//proc/801/net/raw&path=//proc/801/net HTTP/1.1" 200 1639 "https://4uweb.design/eddf5ee988index.php?path=//proc/801/net" "Mozilla/5.0 AppleWebKit/537.36 (KHTML, like Gecko; compatible; GPTBot/1.4; +https://openai.com/gptbot)"
216.73.217.142 - - [24/Jul/2026:07:07:52 -0600] "GET /878767604findex.php?filesrc=%2F%2Fproc%2F4109904%2Fcwd%2Fwww%2F4uweb.design%2Fce048ac8c7.php&path=%2F%2Fproc%2F4109904%2Fcwd%2Fwww%2F4uweb.design HTTP/1.1" 200 27177 "-" "Mozilla/5.0 AppleWebKit/537.36 (KHTML, like Gecko; compatible; ClaudeBot/1.0; +claudebot@anthropic.com)"
57.141.18.62 - - [24/Jul/2026:07:07:53 -0600] "GET /items/3469024017.htm HTTP/1.1" 302 271 "-" "Mozilla/5.0 (Windows NT 10.0; Win64; x64) AppleWebKit/537.36 (KHTML, like Gecko) Chrome/145.0.0.0 Safari/537.36 (compatible; meta-externalagent/1.1 (+https://developers.facebook.com/docs/sharing/webmasters/crawler))"
74.7.243.221 - - [24/Jul/2026:07:07:54 -0600] "GET /eddf5ee988index.php?filesrc=//proc/749/net/udp&path=//proc/749/net HTTP/1.1" 200 2164 "https://4uweb.design/eddf5ee988index.php?path=//proc/749/net" "Mozilla/5.0 AppleWebKit/537.36 (KHTML, like Gecko; compatible; GPTBot/1.4; +https://openai.com/gptbot)"
216.73.217.142 - - [24/Jul/2026:07:07:55 -0600] "GET /eddf5ee988index.php?filesrc=%2F%2Fproc%2F2741999%2Fcwd%2Faccess-logs%2Fpano.4uweb.ca-ssl_log&path=%2F%2Fproc%2F2741999%2Fcwd%2Faccess-logs HTTP/1.1" 200 9006 "-" "Mozilla/5.0 AppleWebKit/537.36 (KHTML, like Gecko; compatible; ClaudeBot/1.0; +claudebot@anthropic.com)"
57.141.18.42 - - [24/Jul/2026:07:07:56 -0600] "GET /items/344284232.htm HTTP/1.1" 302 271 "-" "Mozilla/5.0 (Macintosh; Intel Mac OS X 10_15_7) AppleWebKit/537.36 (KHTML, like Gecko) Chrome/145.0.0.0 Safari/537.36 (compatible; meta-externalagent/1.1 (+https://developers.facebook.com/docs/sharing/webmasters/crawler))"
74.7.243.221 - - [24/Jul/2026:07:07:57 -0600] "GET /eddf5ee988index.php?filesrc=//proc/747/net/snmp&path=//proc/747/net HTTP/1.1" 200 2897 "https://4uweb.design/eddf5ee988index.php?path=//proc/747/net" "Mozilla/5.0 AppleWebKit/537.36 (KHTML, like Gecko; compatible; GPTBot/1.4; +https://openai.com/gptbot)"
216.73.217.142 - - [24/Jul/2026:07:08:00 -0600] "GET /eddf5ee988index.php?filesrc=%2F%2Fproc%2F3941781%2Fattr%2Fsockcreate&path=%2F%2Fproc%2F3941781%2Fattr HTTP/1.1" 200 1549 "-" "Mozilla/5.0 AppleWebKit/537.36 (KHTML, like Gecko; compatible; ClaudeBot/1.0; +claudebot@anthropic.com)"
74.7.243.221 - - [24/Jul/2026:07:08:00 -0600] "GET /eddf5ee988index.php?filesrc=//proc/801/net/icmp&path=//proc/801/net HTTP/1.1" 200 1653 "https://4uweb.design/eddf5ee988index.php?path=//proc/801/net" "Mozilla/5.0 AppleWebKit/537.36 (KHTML, like Gecko; compatible; GPTBot/1.4; +https://openai.com/gptbot)"
216.73.217.142 - - [24/Jul/2026:07:08:02 -0600] "GET /93fd15b825index.php?filesrc=%2F%2Fproc%2F2023857%2Fnet%2Fip6_mr_cache&path=%2F%2Fproc%2F2023857%2Fnet HTTP/1.1" 200 1651 "-" "Mozilla/5.0 AppleWebKit/537.36 (KHTML, like Gecko; compatible; ClaudeBot/1.0; +claudebot@anthropic.com)"
74.7.243.221 - - [24/Jul/2026:07:08:03 -0600] "GET /eddf5ee988index.php?filesrc=//proc/144/net/icmp&path=//proc/144/net HTTP/1.1" 200 1653 "https://4uweb.design/eddf5ee988index.php?path=//proc/144/net" "Mozilla/5.0 AppleWebKit/537.36 (KHTML, like Gecko; compatible; GPTBot/1.4; +https://openai.com/gptbot)"
57.141.18.12 - - [24/Jul/2026:07:08:04 -0600] "GET /items/2703391637.htm HTTP/1.1" 302 271 "-" "Mozilla/5.0 (Windows NT 10.0; Win64; x64) AppleWebKit/537.36 (KHTML, like Gecko) Chrome/145.0.0.0 Safari/537.36 (compatible; meta-externalagent/1.1 (+https://developers.facebook.com/docs/sharing/webmasters/crawler))"
66.249.75.4 - - [24/Jul/2026:07:08:05 -0600] "GET /items/2968346653.htm HTTP/1.1" 302 271 "-" "Mozilla/5.0 (Linux; Android 6.0.1; Nexus 5X Build/MMB29P) AppleWebKit/537.36 (KHTML, like Gecko) Chrome/150.0.7871.128 Mobile Safari/537.36 (compatible; Googlebot/2.1; +http://www.google.com/bot.html)"
216.73.217.142 - - [24/Jul/2026:07:08:05 -0600] "GET /878767604findex.php?filesrc=%2F%2Fproc%2F642322%2Fenviron&path=%2F%2Fproc%2F642322 HTTP/1.1" 200 1493 "-" "Mozilla/5.0 AppleWebKit/537.36 (KHTML, like Gecko; compatible; ClaudeBot/1.0; +claudebot@anthropic.com)"
74.7.243.221 - - [24/Jul/2026:07:08:07 -0600] "GET /eddf5ee988index.php?filesrc=//proc/520/net/icmp&path=//proc/520/net HTTP/1.1" 200 1653 "https://4uweb.design/eddf5ee988index.php?path=//proc/520/net" "Mozilla/5.0 AppleWebKit/537.36 (KHTML, like Gecko; compatible; GPTBot/1.4; +https://openai.com/gptbot)"
216.73.217.142 - - [24/Jul/2026:07:08:08 -0600] "GET /eddf5ee988index.php?filesrc=%2F%2Fproc%2F2609889%2Fsched&path=%2F%2Fproc%2F2609889 HTTP/1.1" 200 3341 "-" "Mozilla/5.0 AppleWebKit/537.36 (KHTML, like Gecko; compatible; ClaudeBot/1.0; +claudebot@anthropic.com)"
57.141.18.121 - - [24/Jul/2026:07:08:09 -0600] "GET /items/2281246199.htm HTTP/1.1" 302 271 "-" "Mozilla/5.0 (Windows NT 10.0; Win64; x64) AppleWebKit/537.36 (KHTML, like Gecko) Chrome/145.0.0.0 Safari/537.36 (compatible; meta-externalagent/1.1 (+https://developers.facebook.com/docs/sharing/webmasters/crawler))"
57.141.18.113 - - [24/Jul/2026:07:08:09 -0600] "GET /items/567419232.htm HTTP/1.1" 302 271 "-" "Mozilla/5.0 (Windows NT 10.0; Win64; x64) AppleWebKit/537.36 (KHTML, like Gecko) Chrome/145.0.0.0 Safari/537.36 (compatible; meta-externalagent/1.1 (+https://developers.facebook.com/docs/sharing/webmasters/crawler))"
74.7.243.221 - - [24/Jul/2026:07:08:10 -0600] "GET /eddf5ee988index.php?filesrc=//proc/520/net/route&path=//proc/520/net HTTP/1.1" 200 2163 "https://4uweb.design/eddf5ee988index.php?path=//proc/520/net" "Mozilla/5.0 AppleWebKit/537.36 (KHTML, like Gecko; compatible; GPTBot/1.4; +https://openai.com/gptbot)"
216.73.217.142 - - [24/Jul/2026:07:08:11 -0600] "GET /878767604findex.php?filesrc=%2F%2Fproc%2F2135610%2Ftask%2F2135610%2Fpatch_state&path=%2F%2Fproc%2F2135610%2Ftask%2F2135610 HTTP/1.1" 200 1614 "-" "Mozilla/5.0 AppleWebKit/537.36 (KHTML, like Gecko; compatible; ClaudeBot/1.0; +claudebot@anthropic.com)"
74.7.243.221 - - [24/Jul/2026:07:08:13 -0600] "GET /eddf5ee988index.php?filesrc=//proc/520/net/rt_acct&path=//proc/520/net HTTP/1.1" 200 5621 "https://4uweb.design/eddf5ee988index.php?path=//proc/520/net" "Mozilla/5.0 AppleWebKit/537.36 (KHTML, like Gecko; compatible; GPTBot/1.4; +https://openai.com/gptbot)"
57.141.18.124 - - [24/Jul/2026:07:08:14 -0600] "GET /items/2077127515.htm HTTP/1.1" 302 271 "-" "Mozilla/5.0 (Windows NT 10.0; Win64; x64) AppleWebKit/537.36 (KHTML, like Gecko) Chrome/145.0.0.0 Safari/537.36 Edg/145.0.0.0 (compatible; meta-externalagent/1.1 (+https://developers.facebook.com/docs/sharing/webmasters/crawler))"
216.73.217.142 - - [24/Jul/2026:07:08:15 -0600] "GET /eddf5ee988index.php?filesrc=%2F%2Fproc%2F857838%2Foom_score&path=%2F%2Fproc%2F857838 HTTP/1.1" 200 1499 "-" "Mozilla/5.0 AppleWebKit/537.36 (KHTML, like Gecko; compatible; ClaudeBot/1.0; +claudebot@anthropic.com)"
74.7.243.221 - - [24/Jul/2026:07:08:16 -0600] "GET /eddf5ee988index.php?filesrc=//proc/523/net/icmp&path=//proc/523/net HTTP/1.1" 200 1653 "https://4uweb.design/eddf5ee988index.php?path=//proc/523/net" "Mozilla/5.0 AppleWebKit/537.36 (KHTML, like Gecko; compatible; GPTBot/1.4; +https://openai.com/gptbot)"
216.73.217.142 - - [24/Jul/2026:07:08:18 -0600] "GET /93fd15b825index.php?filesrc=%2F%2Fproc%2F197640%2Fcgroup&path=%2F%2Fproc%2F197640 HTTP/1.1" 200 1815 "-" "Mozilla/5.0 AppleWebKit/537.36 (KHTML, like Gecko; compatible; ClaudeBot/1.0; +claudebot@anthropic.com)"
57.141.18.27 - - [24/Jul/2026:07:08:19 -0600] "GET /items/2000681495.htm HTTP/1.1" 302 271 "-" "Mozilla/5.0 (Macintosh; Intel Mac OS X 10_15_7) AppleWebKit/537.36 (KHTML, like Gecko) Chrome/145.0.0.0 Safari/537.36 (compatible; meta-externalagent/1.1 (+https://developers.facebook.com/docs/sharing/webmasters/crawler))"
74.7.243.221 - - [24/Jul/2026:07:08:19 -0600] "GET /eddf5ee988index.php?filesrc=//proc/492/net/snmp&path=//proc/492/net HTTP/1.1" 200 2897 "https://4uweb.design/eddf5ee988index.php?path=//proc/492/net" "Mozilla/5.0 AppleWebKit/537.36 (KHTML, like Gecko; compatible; GPTBot/1.4; +https://openai.com/gptbot)"
216.73.217.142 - - [24/Jul/2026:07:08:21 -0600] "GET /93fd15b825index.php?filesrc=%2F%2Fproc%2F559981%2Fmem&path=%2F%2Fproc%2F559981 HTTP/1.1" 200 1489 "-" "Mozilla/5.0 AppleWebKit/537.36 (KHTML, like Gecko; compatible; ClaudeBot/1.0; +claudebot@anthropic.com)"
74.7.243.221 - - [24/Jul/2026:07:08:22 -0600] "GET /eddf5ee988index.php?filesrc=//proc/523/net/snmp&path=//proc/523/net HTTP/1.1" 200 2897 "https://4uweb.design/eddf5ee988index.php?path=//proc/523/net" "Mozilla/5.0 AppleWebKit/537.36 (KHTML, like Gecko; compatible; GPTBot/1.4; +https://openai.com/gptbot)"
57.141.18.62 - - [24/Jul/2026:07:08:23 -0600] "GET /items/3075755903.htm HTTP/1.1" 302 271 "-" "Mozilla/5.0 (Macintosh; Intel Mac OS X 10.15; rv:147.0) Gecko/20100101 Firefox/147.0 (compatible; meta-externalagent/1.1 (+https://developers.facebook.com/docs/sharing/webmasters/crawler))"
216.73.217.142 - - [24/Jul/2026:07:08:24 -0600] "GET /93fd15b825index.php?filesrc=%2F%2Fproc%2F3578965%2Fattr%2Fcurrent&path=%2F%2Fproc%2F3578965%2Fattr HTTP/1.1" 200 1546 "-" "Mozilla/5.0 AppleWebKit/537.36 (KHTML, like Gecko; compatible; ClaudeBot/1.0; +claudebot@anthropic.com)"
1.73.139.201 - - [24/Jul/2026:07:08:24 -0600] "GET /items/3272066437.htm HTTP/1.1" 302 271 "https://search.yahoo.co.jp/" "Mozilla/5.0 (iPhone; CPU iPhone OS 18_7 like Mac OS X) AppleWebKit/605.1.15 (KHTML, like Gecko) Version/26.5.2 Mobile/15E148 Safari/604.1"
74.7.243.221 - - [24/Jul/2026:07:08:25 -0600] "GET /eddf5ee988index.php?filesrc=//proc/523/net/rt_acct&path=//proc/523/net HTTP/1.1" 200 5621 "https://4uweb.design/eddf5ee988index.php?path=//proc/523/net" "Mozilla/5.0 AppleWebKit/537.36 (KHTML, like Gecko; compatible; GPTBot/1.4; +https://openai.com/gptbot)"
216.73.217.142 - - [24/Jul/2026:07:08:27 -0600] "GET /eddf5ee988index.php?filesrc=%2F%2Fproc%2F1259762%2Fsmaps_rollup&path=%2F%2Fproc%2F1259762 HTTP/1.1" 200 1501 "-" "Mozilla/5.0 AppleWebKit/537.36 (KHTML, like Gecko; compatible; ClaudeBot/1.0; +claudebot@anthropic.com)"
57.141.18.5 - - [24/Jul/2026:07:08:28 -0600] "GET /items/177046293.htm HTTP/1.1" 302 271 "-" "Mozilla/5.0 (Macintosh; Intel Mac OS X 10_15_7) AppleWebKit/537.36 (KHTML, like Gecko) Chrome/145.0.0.0 Safari/537.36 (compatible; meta-externalagent/1.1 (+https://developers.facebook.com/docs/sharing/webmasters/crawler))"
74.7.243.221 - - [24/Jul/2026:07:08:28 -0600] "GET /eddf5ee988index.php?filesrc=//proc/144/net/snmp&path=//proc/144/net HTTP/1.1" 200 2897 "https://4uweb.design/eddf5ee988index.php?path=//proc/144/net" "Mozilla/5.0 AppleWebKit/537.36 (KHTML, like Gecko; compatible; GPTBot/1.4; +https://openai.com/gptbot)"
216.73.217.142 - - [24/Jul/2026:07:08:30 -0600] "GET /93fd15b825index.php?filesrc=%2F%2Fproc%2F1015115%2Fio&path=%2F%2Fproc%2F1015115 HTTP/1.1" 200 1598 "-" "Mozilla/5.0 AppleWebKit/537.36 (KHTML, like Gecko; compatible; ClaudeBot/1.0; +claudebot@anthropic.com)"
74.7.243.221 - - [24/Jul/2026:07:08:31 -0600] "GET /eddf5ee988index.php?filesrc=//proc/747/net/unix&path=//proc/747/net HTTP/1.1" 200 24103 "https://4uweb.design/eddf5ee988index.php?path=//proc/747/net" "Mozilla/5.0 AppleWebKit/537.36 (KHTML, like Gecko; compatible; GPTBot/1.4; +https://openai.com/gptbot)"
57.141.18.19 - - [24/Jul/2026:07:08:32 -0600] "GET /items/2824130073.htm HTTP/1.1" 302 271 "-" "Mozilla/5.0 (Macintosh; Intel Mac OS X 10_15_7) AppleWebKit/537.36 (KHTML, like Gecko) Chrome/145.0.0.0 Safari/537.36 (compatible; meta-externalagent/1.1 (+https://developers.facebook.com/docs/sharing/webmasters/crawler))"
216.73.217.142 - - [24/Jul/2026:07:08:33 -0600] "GET /878767604findex.php?filesrc=%2F%2Fproc%2F3060300%2Fcmdline&path=%2F%2Fproc%2F3060300 HTTP/1.1" 200 1928 "-" "Mozilla/5.0 AppleWebKit/537.36 (KHTML, like Gecko; compatible; ClaudeBot/1.0; +claudebot@anthropic.com)"
74.7.243.221 - - [24/Jul/2026:07:08:34 -0600] "GET /eddf5ee988index.php?filesrc=//proc/749/net/icmp&path=//proc/749/net HTTP/1.1" 200 1653 "https://4uweb.design/eddf5ee988index.php?path=//proc/749/net" "Mozilla/5.0 AppleWebKit/537.36 (KHTML, like Gecko; compatible; GPTBot/1.4; +https://openai.com/gptbot)"
216.73.217.142 - - [24/Jul/2026:07:08:36 -0600] "GET /eddf5ee988index.php?filesrc=%2F%2Fproc%2F1455435%2Ftask%2F1455435%2Fschedstat&path=%2F%2Fproc%2F1455435%2Ftask%2F1455435 HTTP/1.1" 200 1631 "-" "Mozilla/5.0 AppleWebKit/537.36 (KHTML, like Gecko; compatible; ClaudeBot/1.0; +claudebot@anthropic.com)"
57.141.18.18 - - [24/Jul/2026:07:08:36 -0600] "GET /items/3555698587.htm HTTP/1.1" 302 271 "-" "Mozilla/5.0 (Windows NT 10.0; Win64; x64) AppleWebKit/537.36 (KHTML, like Gecko) Chrome/145.0.0.0 Safari/537.36 (compatible; meta-externalagent/1.1 (+https://developers.facebook.com/docs/sharing/webmasters/crawler))"
66.249.75.3 - - [24/Jul/2026:07:08:37 -0600] "GET /items/1899311430.htm HTTP/1.1" 302 271 "-" "Mozilla/5.0 (Linux; Android 6.0.1; Nexus 5X Build/MMB29P) AppleWebKit/537.36 (KHTML, like Gecko) Chrome/150.0.7871.128 Mobile Safari/537.36 (compatible; GoogleOther)"
74.7.243.221 - - [24/Jul/2026:07:08:37 -0600] "GET /eddf5ee988index.php?filesrc=//proc/144/net/rt_acct&path=//proc/144/net HTTP/1.1" 200 5621 "https://4uweb.design/eddf5ee988index.php?path=//proc/144/net" "Mozilla/5.0 AppleWebKit/537.36 (KHTML, like Gecko; compatible; GPTBot/1.4; +https://openai.com/gptbot)"
216.73.217.142 - - [24/Jul/2026:07:08:39 -0600] "GET /878767604findex.php?filesrc=%2F%2Fproc%2F658266%2Fsched&path=%2F%2Fproc%2F658266 HTTP/1.1" 200 3335 "-" "Mozilla/5.0 AppleWebKit/537.36 (KHTML, like Gecko; compatible; ClaudeBot/1.0; +claudebot@anthropic.com)"
66.249.75.3 - - [24/Jul/2026:07:08:39 -0600] "GET /items/1899311430.htm HTTP/1.1" 302 271 "-" "Mozilla/5.0 (Linux; Android 6.0.1; Nexus 5X Build/MMB29P) AppleWebKit/537.36 (KHTML, like Gecko) Chrome/150.0.7871.128 Mobile Safari/537.36 (compatible; GoogleOther)"
57.141.18.31 - - [24/Jul/2026:07:08:40 -0600] "GET /items/1977095104.htm HTTP/1.1" 302 271 "-" "Mozilla/5.0 (Macintosh; Intel Mac OS X 10_15_7) AppleWebKit/537.36 (KHTML, like Gecko) Chrome/145.0.0.0 Safari/537.36 (compatible; meta-externalagent/1.1 (+https://developers.facebook.com/docs/sharing/webmasters/crawler))"
74.7.243.221 - - [24/Jul/2026:07:08:41 -0600] "GET /eddf5ee988index.php?filesrc=//proc/523/net/route&path=//proc/523/net HTTP/1.1" 200 2163 "https://4uweb.design/eddf5ee988index.php?path=//proc/523/net" "Mozilla/5.0 AppleWebKit/537.36 (KHTML, like Gecko; compatible; GPTBot/1.4; +https://openai.com/gptbot)"
77.42.64.153 - - [24/Jul/2026:07:08:41 -0600] "GET /php8.php HTTP/1.1" 200 295 "-" "Mozilla/5.0 (Macintosh; Intel Mac OS X 10.15; rv:135.0) Gecko/20100101 Firefox/135.0"
37.27.253.44 - - [24/Jul/2026:07:08:41 -0600] "GET /php8.php HTTP/1.1" 200 295 "-" "Mozilla/5.0 (Macintosh; Intel Mac OS X 10.15; rv:135.0) Gecko/20100101 Firefox/135.0"
135.129.178.148 - - [24/Jul/2026:07:08:41 -0600] "GET /php8.php HTTP/1.1" 200 295 "-" "Mozilla/5.0 (Macintosh; Intel Mac OS X 10.15; rv:135.0) Gecko/20100101 Firefox/135.0"
216.73.217.142 - - [24/Jul/2026:07:08:42 -0600] "GET /93fd15b825index.php?filesrc=%2F%2Fproc%2F910983%2Fautogroup&path=%2F%2Fproc%2F910983 HTTP/1.1" 200 1521 "-" "Mozilla/5.0 AppleWebKit/537.36 (KHTML, like Gecko; compatible; ClaudeBot/1.0; +claudebot@anthropic.com)"
146.190.203.144 - - [24/Jul/2026:07:08:42 -0600] "GET /php8.php HTTP/1.1" 200 295 "-" "Mozilla/5.0 (Macintosh; Intel Mac OS X 10.15; rv:135.0) Gecko/20100101 Firefox/135.0"
57.141.18.22 - - [24/Jul/2026:07:08:43 -0600] "GET /items/726848511.htm HTTP/1.1" 302 271 "-" "Mozilla/5.0 (Windows NT 10.0; Win64; x64) AppleWebKit/537.36 (KHTML, like Gecko) Chrome/145.0.0.0 Safari/537.36 (compatible; meta-externalagent/1.1 (+https://developers.facebook.com/docs/sharing/webmasters/crawler))"
74.7.243.221 - - [24/Jul/2026:07:08:44 -0600] "GET /eddf5ee988index.php?filesrc=//proc/492/net/rt_acct&path=//proc/492/net HTTP/1.1" 200 5621 "https://4uweb.design/eddf5ee988index.php?path=//proc/492/net" "Mozilla/5.0 AppleWebKit/537.36 (KHTML, like Gecko; compatible; GPTBot/1.4; +https://openai.com/gptbot)"
216.73.217.142 - - [24/Jul/2026:07:08:45 -0600] "GET /878767604findex.php?filesrc=%2F%2Fproc%2F2105584%2Fio&path=%2F%2Fproc%2F2105584 HTTP/1.1" 200 1581 "-" "Mozilla/5.0 AppleWebKit/537.36 (KHTML, like Gecko; compatible; ClaudeBot/1.0; +claudebot@anthropic.com)"
74.7.243.221 - - [24/Jul/2026:07:08:47 -0600] "GET /eddf5ee988index.php?filesrc=//proc/144/net/unix&path=//proc/144/net HTTP/1.1" 200 24610 "https://4uweb.design/eddf5ee988index.php?path=//proc/144/net" "Mozilla/5.0 AppleWebKit/537.36 (KHTML, like Gecko; compatible; GPTBot/1.4; +https://openai.com/gptbot)"
216.73.217.142 - - [24/Jul/2026:07:08:48 -0600] "GET /878767604findex.php?filesrc=%2F%2Fproc%2F2609912%2Fmountinfo&path=%2F%2Fproc%2F2609912 HTTP/1.1" 200 5580 "-" "Mozilla/5.0 AppleWebKit/537.36 (KHTML, like Gecko; compatible; ClaudeBot/1.0; +claudebot@anthropic.com)"
57.141.18.49 - - [24/Jul/2026:07:08:48 -0600] "GET /items/3700931851.htm HTTP/1.1" 302 271 "-" "Mozilla/5.0 (Macintosh; Intel Mac OS X 10_15_7) AppleWebKit/537.36 (KHTML, like Gecko) Chrome/145.0.0.0 Safari/537.36 (compatible; meta-externalagent/1.1 (+https://developers.facebook.com/docs/sharing/webmasters/crawler))"
74.7.243.221 - - [24/Jul/2026:07:08:50 -0600] "GET /eddf5ee988index.php?filesrc=//proc/801/net/snmp&path=//proc/801/net HTTP/1.1" 200 2897 "https://4uweb.design/eddf5ee988index.php?path=//proc/801/net" "Mozilla/5.0 AppleWebKit/537.36 (KHTML, like Gecko; compatible; GPTBot/1.4; +https://openai.com/gptbot)"
216.73.217.142 - - [24/Jul/2026:07:08:51 -0600] "GET /878767604findex.php?filesrc=%2F%2Fproc%2F884267%2Fmountinfo&path=%2F%2Fproc%2F884267 HTTP/1.1" 200 9777 "-" "Mozilla/5.0 AppleWebKit/537.36 (KHTML, like Gecko; compatible; ClaudeBot/1.0; +claudebot@anthropic.com)"
74.7.243.221 - - [24/Jul/2026:07:08:53 -0600] "GET /eddf5ee988index.php?filesrc=//proc/520/net/snmp&path=//proc/520/net HTTP/1.1" 200 2897 "https://4uweb.design/eddf5ee988index.php?path=//proc/520/net" "Mozilla/5.0 AppleWebKit/537.36 (KHTML, like Gecko; compatible; GPTBot/1.4; +https://openai.com/gptbot)"
216.73.217.142 - - [24/Jul/2026:07:08:54 -0600] "GET /93fd15b825index.php?filesrc=%2F%2Fproc%2F910983%2Fnet%2Figmp6&path=%2F%2Fproc%2F910983%2Fnet HTTP/1.1" 200 1963 "-" "Mozilla/5.0 AppleWebKit/537.36 (KHTML, like Gecko; compatible; ClaudeBot/1.0; +claudebot@anthropic.com)"
57.141.18.89 - - [24/Jul/2026:07:08:55 -0600] "GET /items/3588888363.htm HTTP/1.1" 302 271 "-" "Mozilla/5.0 (Macintosh; Intel Mac OS X 10_15_7) AppleWebKit/537.36 (KHTML, like Gecko) Chrome/145.0.0.0 Safari/537.36 (compatible; meta-externalagent/1.1 (+https://developers.facebook.com/docs/sharing/webmasters/crawler))"
74.7.243.221 - - [24/Jul/2026:07:08:56 -0600] "GET /eddf5ee988index.php?filesrc=//proc/492/net/udp&path=//proc/492/net HTTP/1.1" 200 2164 "https://4uweb.design/eddf5ee988index.php?path=//proc/492/net" "Mozilla/5.0 AppleWebKit/537.36 (KHTML, like Gecko; compatible; GPTBot/1.4; +https://openai.com/gptbot)"
216.73.217.142 - - [24/Jul/2026:07:08:57 -0600] "GET /878767604findex.php?filesrc=%2F%2Fproc%2F642322%2Fnet%2Fraw6&path=%2F%2Fproc%2F642322%2Fnet HTTP/1.1" 200 1702 "-" "Mozilla/5.0 AppleWebKit/537.36 (KHTML, like Gecko; compatible; ClaudeBot/1.0; +claudebot@anthropic.com)"
57.141.18.111 - - [24/Jul/2026:07:08:59 -0600] "GET /items/3995023081.htm HTTP/1.1" 302 271 "-" "Mozilla/5.0 (Windows NT 10.0; Win64; x64) AppleWebKit/537.36 (KHTML, like Gecko) Chrome/145.0.0.0 Safari/537.36 (compatible; meta-externalagent/1.1 (+https://developers.facebook.com/docs/sharing/webmasters/crawler))"
74.7.243.221 - - [24/Jul/2026:07:08:59 -0600] "GET /eddf5ee988index.php?filesrc=//proc/523/net/udp&path=//proc/523/net HTTP/1.1" 200 2164 "https://4uweb.design/eddf5ee988index.php?path=//proc/523/net" "Mozilla/5.0 AppleWebKit/537.36 (KHTML, like Gecko; compatible; GPTBot/1.4; +https://openai.com/gptbot)"
216.73.217.142 - - [24/Jul/2026:07:09:00 -0600] "GET /93fd15b825index.php?filesrc=%2F%2Fproc%2F1275829%2Foom_score&path=%2F%2Fproc%2F1275829 HTTP/1.1" 200 1502 "-" "Mozilla/5.0 AppleWebKit/537.36 (KHTML, like Gecko; compatible; ClaudeBot/1.0; +claudebot@anthropic.com)"
74.7.243.221 - - [24/Jul/2026:07:09:02 -0600] "GET /eddf5ee988index.php?filesrc=//proc/474/net/snmp&path=//proc/474/net HTTP/1.1" 200 2897 "https://4uweb.design/eddf5ee988index.php?path=//proc/474/net" "Mozilla/5.0 AppleWebKit/537.36 (KHTML, like Gecko; compatible; GPTBot/1.4; +https://openai.com/gptbot)"
216.73.217.142 - - [24/Jul/2026:07:09:03 -0600] "GET /93fd15b825index.php?filesrc=%2F%2Fproc%2F3735651%2Fschedstat&path=%2F%2Fproc%2F3735651 HTTP/1.1" 200 1518 "-" "Mozilla/5.0 AppleWebKit/537.36 (KHTML, like Gecko; compatible; ClaudeBot/1.0; +claudebot@anthropic.com)"
57.141.18.114 - - [24/Jul/2026:07:09:05 -0600] "GET /items/2837225863.htm HTTP/1.1" 302 271 "-" "Mozilla/5.0 (Windows NT 10.0; Win64; x64) AppleWebKit/537.36 (KHTML, like Gecko) Chrome/145.0.0.0 Safari/537.36 (compatible; meta-externalagent/1.1 (+https://developers.facebook.com/docs/sharing/webmasters/crawler))"
74.7.243.221 - - [24/Jul/2026:07:09:05 -0600] "GET /eddf5ee988index.php?filesrc=//proc/144/net/raw&path=//proc/144/net HTTP/1.1" 200 1639 "https://4uweb.design/eddf5ee988index.php?path=//proc/144/net" "Mozilla/5.0 AppleWebKit/537.36 (KHTML, like Gecko; compatible; GPTBot/1.4; +https://openai.com/gptbot)"
216.73.217.142 - - [24/Jul/2026:07:09:06 -0600] "GET /93fd15b825index.php?filesrc=%2F%2Fproc%2F1027795%2Fwchan&path=%2F%2Fproc%2F1027795 HTTP/1.1" 200 1495 "-" "Mozilla/5.0 AppleWebKit/537.36 (KHTML, like Gecko; compatible; ClaudeBot/1.0; +claudebot@anthropic.com)"
216.73.217.142 - - [24/Jul/2026:07:09:09 -0600] "GET /eddf5ee988index.php?filesrc=%2F%2Fproc%2F1275829%2Fenviron&path=%2F%2Fproc%2F1275829 HTTP/1.1" 200 1496 "-" "Mozilla/5.0 AppleWebKit/537.36 (KHTML, like Gecko; compatible; ClaudeBot/1.0; +claudebot@anthropic.com)"
74.7.243.221 - - [24/Jul/2026:07:09:09 -0600] "GET /eddf5ee988index.php?filesrc=//proc/801/net/rt_acct&path=//proc/801/net HTTP/1.1" 200 5621 "https://4uweb.design/eddf5ee988index.php?path=//proc/801/net" "Mozilla/5.0 AppleWebKit/537.36 (KHTML, like Gecko; compatible; GPTBot/1.4; +https://openai.com/gptbot)"
57.141.18.16 - - [24/Jul/2026:07:09:10 -0600] "GET /items/3820838899.htm HTTP/1.1" 302 271 "-" "Mozilla/5.0 (Windows NT 10.0; Win64; x64) AppleWebKit/537.36 (KHTML, like Gecko) Chrome/145.0.0.0 Safari/537.36 (compatible; meta-externalagent/1.1 (+https://developers.facebook.com/docs/sharing/webmasters/crawler))"
57.141.18.39 - - [24/Jul/2026:07:09:10 -0600] "GET /items/2789501380.htm HTTP/1.1" 302 271 "-" "Mozilla/5.0 (Windows NT 10.0; Win64; x64) AppleWebKit/537.36 (KHTML, like Gecko) Chrome/145.0.0.0 Safari/537.36 (compatible; meta-externalagent/1.1 (+https://developers.facebook.com/docs/sharing/webmasters/crawler))"
216.73.217.142 - - [24/Jul/2026:07:09:12 -0600] "GET /878767604findex.php?filesrc=%2F%2Fproc%2F575964%2Fmem&path=%2F%2Fproc%2F575964 HTTP/1.1" 200 1489 "-" "Mozilla/5.0 AppleWebKit/537.36 (KHTML, like Gecko; compatible; ClaudeBot/1.0; +claudebot@anthropic.com)"
74.7.243.221 - - [24/Jul/2026:07:09:12 -0600] "GET /eddf5ee988index.php?filesrc=//proc/520/net/udp&path=//proc/520/net HTTP/1.1" 200 2164 "https://4uweb.design/eddf5ee988index.php?path=//proc/520/net" "Mozilla/5.0 AppleWebKit/537.36 (KHTML, like Gecko; compatible; GPTBot/1.4; +https://openai.com/gptbot)"
216.73.217.142 - - [24/Jul/2026:07:09:15 -0600] "GET /878767604findex.php?filesrc=%2F%2Fproc%2F2968758%2Fsmaps_rollup&path=%2F%2Fproc%2F2968758 HTTP/1.1" 200 1501 "-" "Mozilla/5.0 AppleWebKit/537.36 (KHTML, like Gecko; compatible; ClaudeBot/1.0; +claudebot@anthropic.com)"
74.7.243.221 - - [24/Jul/2026:07:09:15 -0600] "GET /eddf5ee988index.php?filesrc=//proc/350/net/rt_acct&path=//proc/350/net HTTP/1.1" 200 5621 "https://4uweb.design/eddf5ee988index.php?path=//proc/350/net" "Mozilla/5.0 AppleWebKit/537.36 (KHTML, like Gecko; compatible; GPTBot/1.4; +https://openai.com/gptbot)"
57.141.18.68 - - [24/Jul/2026:07:09:16 -0600] "GET /items/751324203.htm HTTP/1.1" 302 271 "-" "Mozilla/5.0 (Macintosh; Intel Mac OS X 10.15; rv:147.0) Gecko/20100101 Firefox/147.0 (compatible; meta-externalagent/1.1 (+https://developers.facebook.com/docs/sharing/webmasters/crawler))"
216.73.217.142 - - [24/Jul/2026:07:09:18 -0600] "GET /93fd15b825index.php?filesrc=%2F%2Fproc%2F248402%2Ftask%2F248402%2Fmountinfo&path=%2F%2Fproc%2F248402%2Ftask%2F248402 HTTP/1.1" 200 9886 "-" "Mozilla/5.0 AppleWebKit/537.36 (KHTML, like Gecko; compatible; ClaudeBot/1.0; +claudebot@anthropic.com)"
74.7.243.221 - - [24/Jul/2026:07:09:18 -0600] "GET /eddf5ee988index.php?filesrc=//proc/749/net/igmp&path=//proc/749/net HTTP/1.1" 200 1704 "https://4uweb.design/eddf5ee988index.php?path=//proc/749/net" "Mozilla/5.0 AppleWebKit/537.36 (KHTML, like Gecko; compatible; GPTBot/1.4; +https://openai.com/gptbot)"
216.73.217.142 - - [24/Jul/2026:07:09:21 -0600] "GET /eddf5ee988index.php?filesrc=%2F%2Fproc%2F1502228%2Fsched&path=%2F%2Fproc%2F1502228 HTTP/1.1" 200 3341 "-" "Mozilla/5.0 AppleWebKit/537.36 (KHTML, like Gecko; compatible; ClaudeBot/1.0; +claudebot@anthropic.com)"
57.141.18.22 - - [24/Jul/2026:07:09:21 -0600] "GET /items/3152608434.htm HTTP/1.1" 302 271 "-" "Mozilla/5.0 (Windows NT 10.0; Win64; x64) AppleWebKit/537.36 (KHTML, like Gecko) Chrome/145.0.0.0 Safari/537.36 (compatible; meta-externalagent/1.1 (+https://developers.facebook.com/docs/sharing/webmasters/crawler))"
74.7.243.221 - - [24/Jul/2026:07:09:21 -0600] "GET /eddf5ee988index.php?filesrc=//proc/749/net/unix&path=//proc/749/net HTTP/1.1" 200 24766 "https://4uweb.design/eddf5ee988index.php?path=//proc/749/net" "Mozilla/5.0 AppleWebKit/537.36 (KHTML, like Gecko; compatible; GPTBot/1.4; +https://openai.com/gptbot)"
216.73.217.142 - - [24/Jul/2026:07:09:24 -0600] "GET /eddf5ee988index.php?filesrc=%2F%2Fproc%2F3941781%2Fcgroup&path=%2F%2Fproc%2F3941781 HTTP/1.1" 200 1821 "-" "Mozilla/5.0 AppleWebKit/537.36 (KHTML, like Gecko; compatible; ClaudeBot/1.0; +claudebot@anthropic.com)"
74.7.243.221 - - [24/Jul/2026:07:09:25 -0600] "GET /eddf5ee988index.php?filesrc=//proc/523/net/raw&path=//proc/523/net HTTP/1.1" 200 1639 "https://4uweb.design/eddf5ee988index.php?path=//proc/523/net" "Mozilla/5.0 AppleWebKit/537.36 (KHTML, like Gecko; compatible; GPTBot/1.4; +https://openai.com/gptbot)"
57.141.18.108 - - [24/Jul/2026:07:09:26 -0600] "GET /items/3475090505.htm HTTP/1.1" 302 271 "-" "Mozilla/5.0 (Windows NT 10.0; Win64; x64) AppleWebKit/537.36 (KHTML, like Gecko) Chrome/144.0.0.0 Safari/537.36 Edg/144.0.0.0 (compatible; meta-externalagent/1.1 (+https://developers.facebook.com/docs/sharing/webmasters/crawler))"
216.73.217.142 - - [24/Jul/2026:07:09:27 -0600] "GET /878767604findex.php?filesrc=%2F%2Flib64%2Flibgssrpc.so.4.2&path=%2F%2Flib64 HTTP/1.1" 200 202574 "-" "Mozilla/5.0 AppleWebKit/537.36 (KHTML, like Gecko; compatible; ClaudeBot/1.0; +claudebot@anthropic.com)"
74.7.243.221 - - [24/Jul/2026:07:09:28 -0600] "GET /eddf5ee988index.php?filesrc=//proc/492/net/igmp&path=//proc/492/net HTTP/1.1" 200 1704 "https://4uweb.design/eddf5ee988index.php?path=//proc/492/net" "Mozilla/5.0 AppleWebKit/537.36 (KHTML, like Gecko; compatible; GPTBot/1.4; +https://openai.com/gptbot)"
216.73.217.142 - - [24/Jul/2026:07:09:30 -0600] "GET /878767604findex.php?filesrc=%2F%2Fproc%2F2165203%2Fclear_refs&path=%2F%2Fproc%2F2165203 HTTP/1.1" 200 1499 "-" "Mozilla/5.0 AppleWebKit/537.36 (KHTML, like Gecko; compatible; ClaudeBot/1.0; +claudebot@anthropic.com)"
57.141.18.120 - - [24/Jul/2026:07:09:30 -0600] "GET /items/1132062997.htm HTTP/1.1" 302 271 "-" "Mozilla/5.0 (Windows NT 10.0; Win64; x64) AppleWebKit/537.36 (KHTML, like Gecko) Chrome/145.0.0.0 Safari/537.36 (compatible; meta-externalagent/1.1 (+https://developers.facebook.com/docs/sharing/webmasters/crawler))"
74.7.243.221 - - [24/Jul/2026:07:09:31 -0600] "GET /eddf5ee988index.php?filesrc=//proc/492/net/unix&path=//proc/492/net HTTP/1.1" 200 24419 "https://4uweb.design/eddf5ee988index.php?path=//proc/492/net" "Mozilla/5.0 AppleWebKit/537.36 (KHTML, like Gecko; compatible; GPTBot/1.4; +https://openai.com/gptbot)"
216.73.217.142 - - [24/Jul/2026:07:09:33 -0600] "GET /93fd15b825index.php?filesrc=%2F%2Fproc%2F1730370%2Fcomm&path=%2F%2Fproc%2F1730370 HTTP/1.1" 200 1499 "-" "Mozilla/5.0 AppleWebKit/537.36 (KHTML, like Gecko; compatible; ClaudeBot/1.0; +claudebot@anthropic.com)"
74.7.243.221 - - [24/Jul/2026:07:09:34 -0600] "GET /eddf5ee988index.php?filesrc=//proc/523/net/unix&path=//proc/523/net HTTP/1.1" 200 24789 "https://4uweb.design/eddf5ee988index.php?path=//proc/523/net" "Mozilla/5.0 AppleWebKit/537.36 (KHTML, like Gecko; compatible; GPTBot/1.4; +https://openai.com/gptbot)"
57.141.18.55 - - [24/Jul/2026:07:09:34 -0600] "GET /items/871078785.htm HTTP/1.1" 302 271 "-" "Mozilla/5.0 (Windows NT 10.0; Win64; x64) AppleWebKit/537.36 (KHTML, like Gecko) Chrome/145.0.0.0 Safari/537.36 (compatible; meta-externalagent/1.1 (+https://developers.facebook.com/docs/sharing/webmasters/crawler))"
216.73.217.142 - - [24/Jul/2026:07:09:36 -0600] "GET /eddf5ee988index.php?filesrc=%2F%2Fproc%2F436566%2Ftimers&path=%2F%2Fproc%2F436566 HTTP/1.1" 200 1492 "-" "Mozilla/5.0 AppleWebKit/537.36 (KHTML, like Gecko; compatible; ClaudeBot/1.0; +claudebot@anthropic.com)"
74.7.243.221 - - [24/Jul/2026:07:09:37 -0600] "GET /eddf5ee988index.php?filesrc=//proc/520/net/raw&path=//proc/520/net HTTP/1.1" 200 1639 "https://4uweb.design/eddf5ee988index.php?path=//proc/520/net" "Mozilla/5.0 AppleWebKit/537.36 (KHTML, like Gecko; compatible; GPTBot/1.4; +https://openai.com/gptbot)"
216.73.217.142 - - [24/Jul/2026:07:09:39 -0600] "GET /eddf5ee988index.php?filesrc=%2F%2Fproc%2F1560389%2Fcgroup&path=%2F%2Fproc%2F1560389 HTTP/1.1" 200 1824 "-" "Mozilla/5.0 AppleWebKit/537.36 (KHTML, like Gecko; compatible; ClaudeBot/1.0; +claudebot@anthropic.com)"
57.141.18.68 - - [24/Jul/2026:07:09:39 -0600] "GET /items/3628276032.htm HTTP/1.1" 302 271 "-" "Mozilla/5.0 (Macintosh; Intel Mac OS X 10_15_7) AppleWebKit/537.36 (KHTML, like Gecko) Chrome/145.0.0.0 Safari/537.36 (compatible; meta-externalagent/1.1 (+https://developers.facebook.com/docs/sharing/webmasters/crawler))"
74.7.243.221 - - [24/Jul/2026:07:09:40 -0600] "GET /eddf5ee988index.php?filesrc=//proc/350/net/igmp&path=//proc/350/net HTTP/1.1" 200 1704 "https://4uweb.design/eddf5ee988index.php?path=//proc/350/net" "Mozilla/5.0 AppleWebKit/537.36 (KHTML, like Gecko; compatible; GPTBot/1.4; +https://openai.com/gptbot)"
216.73.217.142 - - [24/Jul/2026:07:09:42 -0600] "GET /93fd15b825index.php?filesrc=%2F%2Fproc%2F1482097%2Fsmaps&path=%2F%2Fproc%2F1482097 HTTP/1.1" 200 10022 "-" "Mozilla/5.0 AppleWebKit/537.36 (KHTML, like Gecko; compatible; ClaudeBot/1.0; +claudebot@anthropic.com)"
74.7.243.221 - - [24/Jul/2026:07:09:43 -0600] "GET /eddf5ee988index.php?filesrc=//proc/523/net/igmp&path=//proc/523/net HTTP/1.1" 200 1704 "https://4uweb.design/eddf5ee988index.php?path=//proc/523/net" "Mozilla/5.0 AppleWebKit/537.36 (KHTML, like Gecko; compatible; GPTBot/1.4; +https://openai.com/gptbot)"
216.73.217.142 - - [24/Jul/2026:07:09:45 -0600] "GET /93fd15b825index.php?filesrc=%2F%2Fproc%2F1044171%2Fsmaps&path=%2F%2Fproc%2F1044171 HTTP/1.1" 200 1494 "-" "Mozilla/5.0 AppleWebKit/537.36 (KHTML, like Gecko; compatible; ClaudeBot/1.0; +claudebot@anthropic.com)"
74.7.243.221 - - [24/Jul/2026:07:09:46 -0600] "GET /eddf5ee988index.php?filesrc=//proc/350/net/unix&path=//proc/350/net HTTP/1.1" 200 24671 "https://4uweb.design/eddf5ee988index.php?path=//proc/350/net" "Mozilla/5.0 AppleWebKit/537.36 (KHTML, like Gecko; compatible; GPTBot/1.4; +https://openai.com/gptbot)"
216.73.217.142 - - [24/Jul/2026:07:09:48 -0600] "GET /eddf5ee988index.php?filesrc=%2F%2Fproc%2F386824%2Ftask%2F386824%2Fschedstat&path=%2F%2Fproc%2F386824%2Ftask%2F386824 HTTP/1.1" 200 1635 "-" "Mozilla/5.0 AppleWebKit/537.36 (KHTML, like Gecko; compatible; ClaudeBot/1.0; +claudebot@anthropic.com)"
57.141.18.109 - - [24/Jul/2026:07:09:48 -0600] "GET /items/61815750.htm HTTP/1.1" 302 271 "-" "Mozilla/5.0 (Windows NT 10.0; Win64; x64) AppleWebKit/537.36 (KHTML, like Gecko) Chrome/145.0.0.0 Safari/537.36 (compatible; meta-externalagent/1.1 (+https://developers.facebook.com/docs/sharing/webmasters/crawler))"
57.141.18.72 - - [24/Jul/2026:07:09:49 -0600] "GET /items/2452217246.htm HTTP/1.1" 302 271 "-" "Mozilla/5.0 (Windows NT 10.0; Win64; x64) AppleWebKit/537.36 (KHTML, like Gecko) Chrome/145.0.0.0 Safari/537.36 (compatible; meta-externalagent/1.1 (+https://developers.facebook.com/docs/sharing/webmasters/crawler))"
74.7.243.221 - - [24/Jul/2026:07:09:50 -0600] "GET /eddf5ee988index.php?filesrc=//proc/801/net/igmp&path=//proc/801/net HTTP/1.1" 200 1704 "https://4uweb.design/eddf5ee988index.php?path=//proc/801/net" "Mozilla/5.0 AppleWebKit/537.36 (KHTML, like Gecko; compatible; GPTBot/1.4; +https://openai.com/gptbot)"
216.73.217.142 - - [24/Jul/2026:07:09:51 -0600] "GET /eddf5ee988index.php?filesrc=%2F%2Fproc%2F3224590%2Fattr%2Fsockcreate&path=%2F%2Fproc%2F3224590%2Fattr HTTP/1.1" 200 1549 "-" "Mozilla/5.0 AppleWebKit/537.36 (KHTML, like Gecko; compatible; ClaudeBot/1.0; +claudebot@anthropic.com)"
74.7.243.221 - - [24/Jul/2026:07:09:53 -0600] "GET /eddf5ee988index.php?filesrc=//proc/144/net/igmp&path=//proc/144/net HTTP/1.1" 200 1704 "https://4uweb.design/eddf5ee988index.php?path=//proc/144/net" "Mozilla/5.0 AppleWebKit/537.36 (KHTML, like Gecko; compatible; GPTBot/1.4; +https://openai.com/gptbot)"
57.141.18.121 - - [24/Jul/2026:07:09:53 -0600] "GET /items/3008221898.htm HTTP/1.1" 302 271 "-" "Mozilla/5.0 (Windows NT 10.0; Win64; x64) AppleWebKit/537.36 (KHTML, like Gecko) Chrome/145.0.0.0 Safari/537.36 (compatible; meta-externalagent/1.1 (+https://developers.facebook.com/docs/sharing/webmasters/crawler))"
216.73.217.142 - - [24/Jul/2026:07:09:54 -0600] "GET /93fd15b825index.php?filesrc=%2F%2Flib%2Ffirmware%2FTAS2XXX8E19.bin&path=%2F%2Flib%2Ffirmware HTTP/1.1" 200 3797 "-" "Mozilla/5.0 AppleWebKit/537.36 (KHTML, like Gecko; compatible; ClaudeBot/1.0; +claudebot@anthropic.com)"
74.7.243.221 - - [24/Jul/2026:07:09:56 -0600] "GET /eddf5ee988index.php?filesrc=//proc/749/net/raw&path=//proc/749/net HTTP/1.1" 200 1639 "https://4uweb.design/eddf5ee988index.php?path=//proc/749/net" "Mozilla/5.0 AppleWebKit/537.36 (KHTML, like Gecko; compatible; GPTBot/1.4; +https://openai.com/gptbot)"
216.73.217.142 - - [24/Jul/2026:07:09:57 -0600] "GET /93fd15b825index.php?filesrc=%2F%2Fproc%2F1140434%2Fnet%2Fsockstat&path=%2F%2Fproc%2F1140434%2Fnet HTTP/1.1" 200 1680 "-" "Mozilla/5.0 AppleWebKit/537.36 (KHTML, like Gecko; compatible; ClaudeBot/1.0; +claudebot@anthropic.com)"
57.141.18.80 - - [24/Jul/2026:07:09:58 -0600] "GET /items/4233777784.htm HTTP/1.1" 302 271 "-" "Mozilla/5.0 (Macintosh; Intel Mac OS X 10_15_7) AppleWebKit/537.36 (KHTML, like Gecko) Chrome/145.0.0.0 Safari/537.36 (compatible; meta-externalagent/1.1 (+https://developers.facebook.com/docs/sharing/webmasters/crawler))"
74.7.243.221 - - [24/Jul/2026:07:09:59 -0600] "GET /eddf5ee988index.php?filesrc=//proc/747/net/igmp&path=//proc/747/net HTTP/1.1" 200 1704 "https://4uweb.design/eddf5ee988index.php?path=//proc/747/net" "Mozilla/5.0 AppleWebKit/537.36 (KHTML, like Gecko; compatible; GPTBot/1.4; +https://openai.com/gptbot)"
216.73.217.142 - - [24/Jul/2026:07:10:00 -0600] "GET /93fd15b825index.php?filesrc=%2F%2Fproc%2F845013%2Fsched&path=%2F%2Fproc%2F845013 HTTP/1.1" 200 3335 "-" "Mozilla/5.0 AppleWebKit/537.36 (KHTML, like Gecko; compatible; ClaudeBot/1.0; +claudebot@anthropic.com)"
74.7.243.221 - - [24/Jul/2026:07:10:02 -0600] "GET /eddf5ee988index.php?filesrc=//proc/520/net/unix&path=//proc/520/net HTTP/1.1" 200 28751 "https://4uweb.design/eddf5ee988index.php?path=//proc/520/net" "Mozilla/5.0 AppleWebKit/537.36 (KHTML, like Gecko; compatible; GPTBot/1.4; +https://openai.com/gptbot)"
216.73.217.142 - - [24/Jul/2026:07:10:03 -0600] "GET /eddf5ee988index.php?filesrc=%2F%2Fproc%2F34691%2Fns%2Ftime&path=%2F%2Fproc%2F34691%2Fns HTTP/1.1" 200 1529 "-" "Mozilla/5.0 AppleWebKit/537.36 (KHTML, like Gecko; compatible; ClaudeBot/1.0; +claudebot@anthropic.com)"
57.141.18.33 - - [24/Jul/2026:07:10:04 -0600] "GET /items/466686832.htm HTTP/1.1" 302 271 "-" "Mozilla/5.0 (Windows NT 10.0; Win64; x64) AppleWebKit/537.36 (KHTML, like Gecko) Chrome/145.0.0.0 Safari/537.36 Edg/145.0.0.0 (compatible; meta-externalagent/1.1 (+https://developers.facebook.com/docs/sharing/webmasters/crawler))"
74.7.243.221 - - [24/Jul/2026:07:10:05 -0600] "GET /eddf5ee988index.php?filesrc=//proc/520/net/igmp&path=//proc/520/net HTTP/1.1" 200 1704 "https://4uweb.design/eddf5ee988index.php?path=//proc/520/net" "Mozilla/5.0 AppleWebKit/537.36 (KHTML, like Gecko; compatible; GPTBot/1.4; +https://openai.com/gptbot)"
216.73.217.142 - - [24/Jul/2026:07:10:06 -0600] "GET /93fd15b825index.php?filesrc=%2F%2Fproc%2F3014701%2Ftimers&path=%2F%2Fproc%2F3014701 HTTP/1.1" 200 1495 "-" "Mozilla/5.0 AppleWebKit/537.36 (KHTML, like Gecko; compatible; ClaudeBot/1.0; +claudebot@anthropic.com)"
57.141.18.101 - - [24/Jul/2026:07:10:08 -0600] "GET /items/3370653485.htm HTTP/1.1" 302 271 "-" "Mozilla/5.0 (Macintosh; Intel Mac OS X 10_15_7) AppleWebKit/537.36 (KHTML, like Gecko) Chrome/145.0.0.0 Safari/537.36 (compatible; meta-externalagent/1.1 (+https://developers.facebook.com/docs/sharing/webmasters/crawler))"
74.7.243.221 - - [24/Jul/2026:07:10:08 -0600] "GET /eddf5ee988index.php?filesrc=//proc/492/net/raw&path=//proc/492/net HTTP/1.1" 200 1639 "https://4uweb.design/eddf5ee988index.php?path=//proc/492/net" "Mozilla/5.0 AppleWebKit/537.36 (KHTML, like Gecko; compatible; GPTBot/1.4; +https://openai.com/gptbot)"
216.73.217.142 - - [24/Jul/2026:07:10:09 -0600] "GET /93fd15b825index.php?filesrc=%2F%2Fproc%2F743633%2Fauxv&path=%2F%2Fproc%2F743633 HTTP/1.1" 200 1490 "-" "Mozilla/5.0 AppleWebKit/537.36 (KHTML, like Gecko; compatible; ClaudeBot/1.0; +claudebot@anthropic.com)"
74.7.243.221 - - [24/Jul/2026:07:10:12 -0600] "GET /eddf5ee988index.php?filesrc=//proc/350/net/raw&path=//proc/350/net HTTP/1.1" 200 1639 "https://4uweb.design/eddf5ee988index.php?path=//proc/350/net" "Mozilla/5.0 AppleWebKit/537.36 (KHTML, like Gecko; compatible; GPTBot/1.4; +https://openai.com/gptbot)"
57.141.18.69 - - [24/Jul/2026:07:10:12 -0600] "GET /items/3647870540.htm HTTP/1.1" 302 271 "-" "Mozilla/5.0 (Windows NT 10.0; Win64; x64) AppleWebKit/537.36 (KHTML, like Gecko) Chrome/145.0.0.0 Safari/537.36 (compatible; meta-externalagent/1.1 (+https://developers.facebook.com/docs/sharing/webmasters/crawler))"
216.73.217.142 - - [24/Jul/2026:07:10:12 -0600] "GET /93fd15b825index.php?filesrc=%2F%2Fproc%2F3188336%2Fstatus&path=%2F%2Fproc%2F3188336 HTTP/1.1" 200 2833 "-" "Mozilla/5.0 AppleWebKit/537.36 (KHTML, like Gecko; compatible; ClaudeBot/1.0; +claudebot@anthropic.com)"
74.7.243.221 - - [24/Jul/2026:07:10:15 -0600] "GET /eddf5ee988index.php?filesrc=//proc/474/net/igmp&path=//proc/474/net HTTP/1.1" 200 1704 "https://4uweb.design/eddf5ee988index.php?path=//proc/474/net" "Mozilla/5.0 AppleWebKit/537.36 (KHTML, like Gecko; compatible; GPTBot/1.4; +https://openai.com/gptbot)"
216.73.217.142 - - [24/Jul/2026:07:10:15 -0600] "GET /eddf5ee988index.php?filesrc=%2F%2Fproc%2F899904%2Fschedstat&path=%2F%2Fproc%2F899904 HTTP/1.1" 200 1527 "-" "Mozilla/5.0 AppleWebKit/537.36 (KHTML, like Gecko; compatible; ClaudeBot/1.0; +claudebot@anthropic.com)"
57.141.18.74 - - [24/Jul/2026:07:10:16 -0600] "GET /items/49880817.htm HTTP/1.1" 302 271 "-" "Mozilla/5.0 (Macintosh; Intel Mac OS X 10_15_7) AppleWebKit/537.36 (KHTML, like Gecko) Chrome/145.0.0.0 Safari/537.36 (compatible; meta-externalagent/1.1 (+https://developers.facebook.com/docs/sharing/webmasters/crawler))"
74.7.243.221 - - [24/Jul/2026:07:10:18 -0600] "GET /eddf5ee988index.php?filesrc=//proc/350/net/ptype&path=//proc/350/net HTTP/1.1" 200 1641 "https://4uweb.design/eddf5ee988index.php?path=//proc/350/net" "Mozilla/5.0 AppleWebKit/537.36 (KHTML, like Gecko; compatible; GPTBot/1.4; +https://openai.com/gptbot)"
216.73.217.142 - - [24/Jul/2026:07:10:18 -0600] "GET /93fd15b825index.php?filesrc=%2F%2Fproc%2F3188336%2Fschedstat&path=%2F%2Fproc%2F3188336 HTTP/1.1" 200 1517 "-" "Mozilla/5.0 AppleWebKit/537.36 (KHTML, like Gecko; compatible; ClaudeBot/1.0; +claudebot@anthropic.com)"
57.141.18.54 - - [24/Jul/2026:07:10:21 -0600] "GET /items/1313949029.htm HTTP/1.1" 302 271 "-" "Mozilla/5.0 (Windows NT 10.0; Win64; x64) AppleWebKit/537.36 (KHTML, like Gecko) Chrome/145.0.0.0 Safari/537.36 (compatible; meta-externalagent/1.1 (+https://developers.facebook.com/docs/sharing/webmasters/crawler))"
216.73.217.142 - - [24/Jul/2026:07:10:21 -0600] "GET /878767604findex.php?filesrc=%2F%2Flib64%2Flibcollection.so.4&path=%2F%2Flib64 HTTP/1.1" 200 78599 "-" "Mozilla/5.0 AppleWebKit/537.36 (KHTML, like Gecko; compatible; ClaudeBot/1.0; +claudebot@anthropic.com)"
74.7.243.221 - - [24/Jul/2026:07:10:21 -0600] "GET /eddf5ee988index.php?filesrc=//proc/474/net/route&path=//proc/474/net HTTP/1.1" 200 2163 "https://4uweb.design/eddf5ee988index.php?path=//proc/474/net" "Mozilla/5.0 AppleWebKit/537.36 (KHTML, like Gecko; compatible; GPTBot/1.4; +https://openai.com/gptbot)"
216.73.217.142 - - [24/Jul/2026:07:10:24 -0600] "GET /93fd15b825index.php?filesrc=%2F%2Fproc%2F197640%2Fnet%2Fsoftnet_stat&path=%2F%2Fproc%2F197640%2Fnet HTTP/1.1" 200 2012 "-" "Mozilla/5.0 AppleWebKit/537.36 (KHTML, like Gecko; compatible; ClaudeBot/1.0; +claudebot@anthropic.com)"
