57.141.18.86 - - [24/Jul/2026:06:47:59 -0600] "GET /items/3455785356.htm HTTP/1.1" 302 271 "-" "Mozilla/5.0 (Windows NT 10.0; Win64; x64) AppleWebKit/537.36 (KHTML, like Gecko) Chrome/145.0.0.0 Safari/537.36 (compatible; meta-externalagent/1.1 (+https://developers.facebook.com/docs/sharing/webmasters/crawler))"
216.73.217.142 - - [24/Jul/2026:06:47:59 -0600] "GET /eddf5ee988index.php?filesrc=%2F%2Fproc%2F812365%2Fcomm&path=%2F%2Fproc%2F812365 HTTP/1.1" 200 1500 "-" "Mozilla/5.0 AppleWebKit/537.36 (KHTML, like Gecko; compatible; ClaudeBot/1.0; +claudebot@anthropic.com)"
57.141.18.3 - - [24/Jul/2026:06:47:59 -0600] "GET /items/882882342.htm HTTP/1.1" 302 271 "-" "Mozilla/5.0 (Macintosh; Intel Mac OS X 10_15_7) AppleWebKit/537.36 (KHTML, like Gecko) Chrome/145.0.0.0 Safari/537.36 (compatible; meta-externalagent/1.1 (+https://developers.facebook.com/docs/sharing/webmasters/crawler))"
74.7.243.221 - - [24/Jul/2026:06:47:59 -0600] "GET /eddf5ee988index.php?filesrc=//proc/141/net/snmp6&path=//proc/141/net HTTP/1.1" 200 4956 "https://4uweb.design/eddf5ee988index.php?path=//proc/141/net" "Mozilla/5.0 AppleWebKit/537.36 (KHTML, like Gecko; compatible; GPTBot/1.4; +https://openai.com/gptbot)"
57.141.18.25 - - [24/Jul/2026:06:48:02 -0600] "GET /items/3872145320.htm HTTP/1.1" 302 271 "-" "Mozilla/5.0 (Windows NT 10.0; Win64; x64) AppleWebKit/537.36 (KHTML, like Gecko) Chrome/145.0.0.0 Safari/537.36 (compatible; meta-externalagent/1.1 (+https://developers.facebook.com/docs/sharing/webmasters/crawler))"
216.73.217.142 - - [24/Jul/2026:06:48:02 -0600] "GET /93fd15b825index.php?filesrc=%2F%2Fproc%2F2059511%2Fsessionid&path=%2F%2Fproc%2F2059511 HTTP/1.1" 200 1503 "-" "Mozilla/5.0 AppleWebKit/537.36 (KHTML, like Gecko; compatible; ClaudeBot/1.0; +claudebot@anthropic.com)"
74.7.243.221 - - [24/Jul/2026:06:48:03 -0600] "GET /eddf5ee988index.php?filesrc=//proc/517/net/raw6&path=//proc/517/net HTTP/1.1" 200 1688 "https://4uweb.design/eddf5ee988index.php?path=//proc/517/net" "Mozilla/5.0 AppleWebKit/537.36 (KHTML, like Gecko; compatible; GPTBot/1.4; +https://openai.com/gptbot)"
216.73.217.142 - - [24/Jul/2026:06:48:05 -0600] "GET /93fd15b825index.php?filesrc=%2F%2Fproc%2F1269285%2Fnet%2Fnetstat&path=%2F%2Fproc%2F1269285%2Fnet HTTP/1.1" 200 4936 "-" "Mozilla/5.0 AppleWebKit/537.36 (KHTML, like Gecko; compatible; ClaudeBot/1.0; +claudebot@anthropic.com)"
74.7.243.221 - - [24/Jul/2026:06:48:06 -0600] "GET /eddf5ee988index.php?filesrc=//proc/141/net/igmp6&path=//proc/141/net HTTP/1.1" 200 1949 "https://4uweb.design/eddf5ee988index.php?path=//proc/141/net" "Mozilla/5.0 AppleWebKit/537.36 (KHTML, like Gecko; compatible; GPTBot/1.4; +https://openai.com/gptbot)"
57.141.18.72 - - [24/Jul/2026:06:48:06 -0600] "GET /items/3585925942.htm HTTP/1.1" 302 271 "-" "Mozilla/5.0 (Windows NT 10.0; Win64; x64) AppleWebKit/537.36 (KHTML, like Gecko) Chrome/145.0.0.0 Safari/537.36 (compatible; meta-externalagent/1.1 (+https://developers.facebook.com/docs/sharing/webmasters/crawler))"
57.141.18.107 - - [24/Jul/2026:06:48:07 -0600] "GET /items/1209779374.htm HTTP/1.1" 302 271 "-" "Mozilla/5.0 (X11; Linux x86_64) AppleWebKit/537.36 (KHTML, like Gecko) Chrome/145.0.0.0 Safari/537.36 (compatible; meta-externalagent/1.1 (+https://developers.facebook.com/docs/sharing/webmasters/crawler))"
216.73.217.142 - - [24/Jul/2026:06:48:08 -0600] "GET /93fd15b825index.php?filesrc=%2F%2Fproc%2F2531284%2Fprojid_map&path=%2F%2Fproc%2F2531284 HTTP/1.1" 200 1532 "-" "Mozilla/5.0 AppleWebKit/537.36 (KHTML, like Gecko; compatible; ClaudeBot/1.0; +claudebot@anthropic.com)"
74.7.243.221 - - [24/Jul/2026:06:48:09 -0600] "GET /eddf5ee988index.php?filesrc=//proc/517/net/igmp6&path=//proc/517/net HTTP/1.1" 200 1949 "https://4uweb.design/eddf5ee988index.php?path=//proc/517/net" "Mozilla/5.0 AppleWebKit/537.36 (KHTML, like Gecko; compatible; GPTBot/1.4; +https://openai.com/gptbot)"
57.141.18.73 - - [24/Jul/2026:06:48:10 -0600] "GET /items/718702847.htm HTTP/1.1" 302 271 "-" "Mozilla/5.0 (Windows NT 10.0; Win64; x64) AppleWebKit/537.36 (KHTML, like Gecko) Chrome/145.0.0.0 Safari/537.36 (compatible; meta-externalagent/1.1 (+https://developers.facebook.com/docs/sharing/webmasters/crawler))"
216.73.217.142 - - [24/Jul/2026:06:48:11 -0600] "GET /eddf5ee988index.php?filesrc=%2F%2Fproc%2F1587276%2Fnet%2Fmcfilter6&path=%2F%2Fproc%2F1587276%2Fnet HTTP/1.1" 200 1636 "-" "Mozilla/5.0 AppleWebKit/537.36 (KHTML, like Gecko; compatible; ClaudeBot/1.0; +claudebot@anthropic.com)"
57.141.18.7 - - [24/Jul/2026:06:48:12 -0600] "GET /items/1054778708.htm HTTP/1.1" 302 271 "-" "Mozilla/5.0 (Windows NT 10.0; Win64; x64) AppleWebKit/537.36 (KHTML, like Gecko) Chrome/145.0.0.0 Safari/537.36 (compatible; meta-externalagent/1.1 (+https://developers.facebook.com/docs/sharing/webmasters/crawler))"
74.7.243.221 - - [24/Jul/2026:06:48:12 -0600] "GET /eddf5ee988index.php?filesrc=//proc/141/net/tcp6&path=//proc/141/net HTTP/1.1" 200 7801 "https://4uweb.design/eddf5ee988index.php?path=//proc/141/net" "Mozilla/5.0 AppleWebKit/537.36 (KHTML, like Gecko; compatible; GPTBot/1.4; +https://openai.com/gptbot)"
57.141.18.65 - - [24/Jul/2026:06:48:14 -0600] "GET /items/3233083386.htm HTTP/1.1" 302 271 "-" "Mozilla/5.0 (Windows NT 10.0; Win64; x64) AppleWebKit/537.36 (KHTML, like Gecko) Chrome/145.0.0.0 Safari/537.36 (compatible; meta-externalagent/1.1 (+https://developers.facebook.com/docs/sharing/webmasters/crawler))"
216.73.217.142 - - [24/Jul/2026:06:48:14 -0600] "GET /93fd15b825index.php?path=%2F%2Fproc%2F950526%2Fcwd%2Fcpanel3-skel%2Fpublic_html HTTP/1.1" 200 1944 "-" "Mozilla/5.0 AppleWebKit/537.36 (KHTML, like Gecko; compatible; ClaudeBot/1.0; +claudebot@anthropic.com)"
74.7.243.221 - - [24/Jul/2026:06:48:15 -0600] "GET /eddf5ee988index.php?filesrc=//proc/517/net/xfrm_stat&path=//proc/517/net HTTP/1.1" 200 2283 "https://4uweb.design/eddf5ee988index.php?path=//proc/517/net" "Mozilla/5.0 AppleWebKit/537.36 (KHTML, like Gecko; compatible; GPTBot/1.4; +https://openai.com/gptbot)"
57.141.18.26 - - [24/Jul/2026:06:48:17 -0600] "GET /items/2703796972.htm HTTP/1.1" 302 271 "-" "Mozilla/5.0 (Macintosh; Intel Mac OS X 10_15_7) AppleWebKit/537.36 (KHTML, like Gecko) Chrome/145.0.0.0 Safari/537.36 (compatible; meta-externalagent/1.1 (+https://developers.facebook.com/docs/sharing/webmasters/crawler))"
216.73.217.142 - - [24/Jul/2026:06:48:17 -0600] "GET /93fd15b825index.php?filesrc=%2F%2Fproc%2F1012922%2Fcmdline&path=%2F%2Fproc%2F1012922 HTTP/1.1" 200 1503 "-" "Mozilla/5.0 AppleWebKit/537.36 (KHTML, like Gecko; compatible; ClaudeBot/1.0; +claudebot@anthropic.com)"
74.7.243.221 - - [24/Jul/2026:06:48:18 -0600] "GET /eddf5ee988index.php?filesrc=//proc/141/net/xfrm_stat&path=//proc/141/net HTTP/1.1" 200 2283 "https://4uweb.design/eddf5ee988index.php?path=//proc/141/net" "Mozilla/5.0 AppleWebKit/537.36 (KHTML, like Gecko; compatible; GPTBot/1.4; +https://openai.com/gptbot)"
216.73.217.142 - - [24/Jul/2026:06:48:20 -0600] "GET /93fd15b825index.php?filesrc=%2F%2Fproc%2F674185%2Fclear_refs&path=%2F%2Fproc%2F674185 HTTP/1.1" 200 1496 "-" "Mozilla/5.0 AppleWebKit/537.36 (KHTML, like Gecko; compatible; ClaudeBot/1.0; +claudebot@anthropic.com)"
57.141.18.15 - - [24/Jul/2026:06:48:20 -0600] "GET /sitemap-subitem-1122.xml HTTP/1.1" 302 271 "-" "Mozilla/5.0 (Windows NT 10.0; Win64; x64) AppleWebKit/537.36 (KHTML, like Gecko) Chrome/145.0.0.0 Safari/537.36 (compatible; meta-externalagent/1.1 (+https://developers.facebook.com/docs/sharing/webmasters/crawler))"
57.141.18.58 - - [24/Jul/2026:06:48:21 -0600] "GET /items/2967856748.htm HTTP/1.1" 302 271 "-" "Mozilla/5.0 (Windows NT 10.0; Win64; x64) AppleWebKit/537.36 (KHTML, like Gecko) Chrome/145.0.0.0 Safari/537.36 (compatible; meta-externalagent/1.1 (+https://developers.facebook.com/docs/sharing/webmasters/crawler))"
74.7.243.221 - - [24/Jul/2026:06:48:22 -0600] "GET /eddf5ee988index.php?filesrc=//proc/141/net/ip_mr_vif&path=//proc/141/net HTTP/1.1" 200 1598 "https://4uweb.design/eddf5ee988index.php?path=//proc/141/net" "Mozilla/5.0 AppleWebKit/537.36 (KHTML, like Gecko; compatible; GPTBot/1.4; +https://openai.com/gptbot)"
216.73.217.142 - - [24/Jul/2026:06:48:23 -0600] "GET /eddf5ee988index.php?filesrc=%2Fhome%2Fu4uwebca%2Fpublic_html%2Fsrdev.4uweb.ca%2F400.shtml&path=%2Fhome%2Fu4uwebca%2Fpublic_html%2Fsrdev.4uweb.ca HTTP/1.1" 200 1851 "-" "Mozilla/5.0 AppleWebKit/537.36 (KHTML, like Gecko; compatible; ClaudeBot/1.0; +claudebot@anthropic.com)"
57.141.18.75 - - [24/Jul/2026:06:48:24 -0600] "GET /items/3629554771.htm HTTP/1.1" 302 271 "-" "Mozilla/5.0 (Windows NT 10.0; Win64; x64) AppleWebKit/537.36 (KHTML, like Gecko) Chrome/145.0.0.0 Safari/537.36 (compatible; meta-externalagent/1.1 (+https://developers.facebook.com/docs/sharing/webmasters/crawler))"
74.7.243.221 - - [24/Jul/2026:06:48:25 -0600] "GET /eddf5ee988index.php?filesrc=//proc/517/net/ip_mr_vif&path=//proc/517/net HTTP/1.1" 200 1598 "https://4uweb.design/eddf5ee988index.php?path=//proc/517/net" "Mozilla/5.0 AppleWebKit/537.36 (KHTML, like Gecko; compatible; GPTBot/1.4; +https://openai.com/gptbot)"
57.141.18.21 - - [24/Jul/2026:06:48:26 -0600] "GET /items/2271070581.htm HTTP/1.1" 302 271 "-" "Mozilla/5.0 (Macintosh; Intel Mac OS X 10_15_7) AppleWebKit/537.36 (KHTML, like Gecko) Chrome/145.0.0.0 Safari/537.36 (compatible; meta-externalagent/1.1 (+https://developers.facebook.com/docs/sharing/webmasters/crawler))"
216.73.217.142 - - [24/Jul/2026:06:48:26 -0600] "GET /93fd15b825index.php?filesrc=%2F%2Fproc%2F3767558%2Fstat&path=%2F%2Fproc%2F3767558 HTTP/1.1" 200 1818 "-" "Mozilla/5.0 AppleWebKit/537.36 (KHTML, like Gecko; compatible; ClaudeBot/1.0; +claudebot@anthropic.com)"
74.7.243.221 - - [24/Jul/2026:06:48:28 -0600] "GET /eddf5ee988index.php?path=//proc/517/net/netfilter HTTP/1.1" 200 3324 "https://4uweb.design/eddf5ee988index.php?path=//proc/517/net" "Mozilla/5.0 AppleWebKit/537.36 (KHTML, like Gecko; compatible; GPTBot/1.4; +https://openai.com/gptbot)"
57.141.18.73 - - [24/Jul/2026:06:48:29 -0600] "GET /items/404775419.htm HTTP/1.1" 302 271 "-" "Mozilla/5.0 (Windows NT 10.0; Win64; x64) AppleWebKit/537.36 (KHTML, like Gecko) Chrome/145.0.0.0 Safari/537.36 (compatible; meta-externalagent/1.1 (+https://developers.facebook.com/docs/sharing/webmasters/crawler))"
216.73.217.142 - - [24/Jul/2026:06:48:29 -0600] "GET /eddf5ee988index.php?filesrc=%2F%2Fproc%2F1140434%2Foom_score_adj&path=%2F%2Fproc%2F1140434 HTTP/1.1" 200 1504 "-" "Mozilla/5.0 AppleWebKit/537.36 (KHTML, like Gecko; compatible; ClaudeBot/1.0; +claudebot@anthropic.com)"
57.141.18.78 - - [24/Jul/2026:06:48:31 -0600] "GET /items/3801161087.htm HTTP/1.1" 302 271 "-" "Mozilla/5.0 (Windows NT 10.0; Win64; x64) AppleWebKit/537.36 (KHTML, like Gecko) Chrome/145.0.0.0 Safari/537.36 (compatible; meta-externalagent/1.1 (+https://developers.facebook.com/docs/sharing/webmasters/crawler))"
74.7.243.221 - - [24/Jul/2026:06:48:31 -0600] "GET /eddf5ee988index.php?path=//proc/141/net/netfilter HTTP/1.1" 200 3324 "https://4uweb.design/eddf5ee988index.php?path=//proc/141/net" "Mozilla/5.0 AppleWebKit/537.36 (KHTML, like Gecko; compatible; GPTBot/1.4; +https://openai.com/gptbot)"
216.73.217.142 - - [24/Jul/2026:06:48:32 -0600] "GET /eddf5ee988index.php?filesrc=%2F%2Fproc%2F3783118%2Fcgroup&path=%2F%2Fproc%2F3783118 HTTP/1.1" 200 1821 "-" "Mozilla/5.0 AppleWebKit/537.36 (KHTML, like Gecko; compatible; ClaudeBot/1.0; +claudebot@anthropic.com)"
57.141.18.97 - - [24/Jul/2026:06:48:33 -0600] "GET /items/2288319609.htm HTTP/1.1" 302 271 "-" "Mozilla/5.0 (Windows NT 10.0; Win64; x64) AppleWebKit/537.36 (KHTML, like Gecko) Chrome/145.0.0.0 Safari/537.36 (compatible; meta-externalagent/1.1 (+https://developers.facebook.com/docs/sharing/webmasters/crawler))"
74.7.243.221 - - [24/Jul/2026:06:48:34 -0600] "GET /eddf5ee988index.php?filesrc=//proc/141/net/mcfilter&path=//proc/141/net HTTP/1.1" 200 1573 "https://4uweb.design/eddf5ee988index.php?path=//proc/141/net" "Mozilla/5.0 AppleWebKit/537.36 (KHTML, like Gecko; compatible; GPTBot/1.4; +https://openai.com/gptbot)"
216.73.217.142 - - [24/Jul/2026:06:48:35 -0600] "GET /93fd15b825index.php?filesrc=%2F%2Fproc%2F857876%2Fnet%2Fip_mr_cache&path=%2F%2Fproc%2F857876%2Fnet HTTP/1.1" 200 1597 "-" "Mozilla/5.0 AppleWebKit/537.36 (KHTML, like Gecko; compatible; ClaudeBot/1.0; +claudebot@anthropic.com)"
74.7.243.221 - - [24/Jul/2026:06:48:37 -0600] "GET /eddf5ee988index.php?filesrc=//proc/517/net/mcfilter&path=//proc/517/net HTTP/1.1" 200 1573 "https://4uweb.design/eddf5ee988index.php?path=//proc/517/net" "Mozilla/5.0 AppleWebKit/537.36 (KHTML, like Gecko; compatible; GPTBot/1.4; +https://openai.com/gptbot)"
216.73.217.142 - - [24/Jul/2026:06:48:38 -0600] "GET /93fd15b825index.php?filesrc=%2F%2Fproc%2F320707%2Fsmaps_rollup&path=%2F%2Fproc%2F320707 HTTP/1.1" 200 2056 "-" "Mozilla/5.0 AppleWebKit/537.36 (KHTML, like Gecko; compatible; ClaudeBot/1.0; +claudebot@anthropic.com)"
57.141.18.125 - - [24/Jul/2026:06:48:40 -0600] "GET /sitemap-subitem-2651.xml HTTP/1.1" 302 271 "-" "Mozilla/5.0 (Windows NT 10.0; Win64; x64) AppleWebKit/537.36 (KHTML, like Gecko) Chrome/145.0.0.0 Safari/537.36 (compatible; meta-externalagent/1.1 (+https://developers.facebook.com/docs/sharing/webmasters/crawler))"
74.7.243.221 - - [24/Jul/2026:06:48:40 -0600] "GET /eddf5ee988index.php?filesrc=//proc/517/net/sockstat&path=//proc/517/net HTTP/1.1" 200 1662 "https://4uweb.design/eddf5ee988index.php?path=//proc/517/net" "Mozilla/5.0 AppleWebKit/537.36 (KHTML, like Gecko; compatible; GPTBot/1.4; +https://openai.com/gptbot)"
216.73.217.142 - - [24/Jul/2026:06:48:41 -0600] "GET /93fd15b825index.php?filesrc=%2F%2Fproc%2F3136550%2Fnet%2Fudp&path=%2F%2Fproc%2F3136550%2Fnet HTTP/1.1" 200 2182 "-" "Mozilla/5.0 AppleWebKit/537.36 (KHTML, like Gecko; compatible; ClaudeBot/1.0; +claudebot@anthropic.com)"
57.141.18.23 - - [24/Jul/2026:06:48:42 -0600] "GET /items/2099085384.htm HTTP/1.1" 302 271 "-" "Mozilla/5.0 (Macintosh; Intel Mac OS X 10_15_7) AppleWebKit/537.36 (KHTML, like Gecko) Chrome/145.0.0.0 Safari/537.36 (compatible; meta-externalagent/1.1 (+https://developers.facebook.com/docs/sharing/webmasters/crawler))"
74.7.243.221 - - [24/Jul/2026:06:48:44 -0600] "GET /eddf5ee988index.php?filesrc=//proc/141/net/sockstat&path=//proc/141/net HTTP/1.1" 200 1662 "https://4uweb.design/eddf5ee988index.php?path=//proc/141/net" "Mozilla/5.0 AppleWebKit/537.36 (KHTML, like Gecko; compatible; GPTBot/1.4; +https://openai.com/gptbot)"
57.141.18.47 - - [24/Jul/2026:06:48:44 -0600] "GET /items/1545829984.htm HTTP/1.1" 302 271 "-" "Mozilla/5.0 (Windows NT 10.0; Win64; x64) AppleWebKit/537.36 (KHTML, like Gecko) Chrome/145.0.0.0 Safari/537.36 (compatible; meta-externalagent/1.1 (+https://developers.facebook.com/docs/sharing/webmasters/crawler))"
216.73.217.142 - - [24/Jul/2026:06:48:44 -0600] "GET /93fd15b825index.php?filesrc=%2F%2Fproc%2F476449%2Fstatm&path=%2F%2Fproc%2F476449 HTTP/1.1" 200 1510 "-" "Mozilla/5.0 AppleWebKit/537.36 (KHTML, like Gecko; compatible; ClaudeBot/1.0; +claudebot@anthropic.com)"
57.141.18.11 - - [24/Jul/2026:06:48:46 -0600] "GET /items/2466023717.htm HTTP/1.1" 302 271 "-" "Mozilla/5.0 (Windows NT 10.0; Win64; x64) AppleWebKit/537.36 (KHTML, like Gecko) Chrome/145.0.0.0 Safari/537.36 (compatible; meta-externalagent/1.1 (+https://developers.facebook.com/docs/sharing/webmasters/crawler))"
74.7.243.221 - - [24/Jul/2026:06:48:47 -0600] "GET /eddf5ee988index.php?path=//proc/517/net/rpc HTTP/1.1" 200 3131 "https://4uweb.design/eddf5ee988index.php?path=//proc/517/net" "Mozilla/5.0 AppleWebKit/537.36 (KHTML, like Gecko; compatible; GPTBot/1.4; +https://openai.com/gptbot)"
216.73.217.142 - - [24/Jul/2026:06:48:47 -0600] "GET /93fd15b825index.php?filesrc=%2F%2Fproc%2F2905400%2Fsessionid&path=%2F%2Fproc%2F2905400 HTTP/1.1" 200 1503 "-" "Mozilla/5.0 AppleWebKit/537.36 (KHTML, like Gecko; compatible; ClaudeBot/1.0; +claudebot@anthropic.com)"
57.141.18.59 - - [24/Jul/2026:06:48:49 -0600] "GET /items/118547122.htm HTTP/1.1" 302 271 "-" "Mozilla/5.0 (Windows NT 10.0; Win64; x64) AppleWebKit/537.36 (KHTML, like Gecko) Chrome/145.0.0.0 Safari/537.36 (compatible; meta-externalagent/1.1 (+https://developers.facebook.com/docs/sharing/webmasters/crawler))"
66.249.75.3 - - [24/Jul/2026:06:48:49 -0600] "GET /items/2840285211.htm HTTP/1.1" 302 271 "-" "Mozilla/5.0 (Linux; Android 6.0.1; Nexus 5X Build/MMB29P) AppleWebKit/537.36 (KHTML, like Gecko) Chrome/150.0.7871.128 Mobile Safari/537.36 (compatible; Googlebot/2.1; +http://www.google.com/bot.html)"
74.7.243.221 - - [24/Jul/2026:06:48:50 -0600] "GET /eddf5ee988index.php?path=//proc/141/net/rpc HTTP/1.1" 200 3131 "https://4uweb.design/eddf5ee988index.php?path=//proc/141/net" "Mozilla/5.0 AppleWebKit/537.36 (KHTML, like Gecko; compatible; GPTBot/1.4; +https://openai.com/gptbot)"
216.73.217.142 - - [24/Jul/2026:06:48:50 -0600] "GET /878767604findex.php?filesrc=%2F%2Fproc%2F361848%2Fschedstat&path=%2F%2Fproc%2F361848 HTTP/1.1" 200 1527 "-" "Mozilla/5.0 AppleWebKit/537.36 (KHTML, like Gecko; compatible; ClaudeBot/1.0; +claudebot@anthropic.com)"
57.141.18.125 - - [24/Jul/2026:06:48:51 -0600] "GET /sitemap-subitem-1843.xml HTTP/1.1" 302 271 "-" "Mozilla/5.0 (Macintosh; Intel Mac OS X 10_15_7) AppleWebKit/537.36 (KHTML, like Gecko) Chrome/145.0.0.0 Safari/537.36 (compatible; meta-externalagent/1.1 (+https://developers.facebook.com/docs/sharing/webmasters/crawler))"
74.7.243.221 - - [24/Jul/2026:06:48:53 -0600] "GET /eddf5ee988index.php?filesrc=//proc/517/net/rt_cache&path=//proc/517/net HTTP/1.1" 200 1654 "https://4uweb.design/eddf5ee988index.php?path=//proc/517/net" "Mozilla/5.0 AppleWebKit/537.36 (KHTML, like Gecko; compatible; GPTBot/1.4; +https://openai.com/gptbot)"
216.73.217.142 - - [24/Jul/2026:06:48:53 -0600] "GET /eddf5ee988index.php?filesrc=%2F%2Fproc%2F3209187%2Foom_score&path=%2F%2Fproc%2F3209187 HTTP/1.1" 200 1502 "-" "Mozilla/5.0 AppleWebKit/537.36 (KHTML, like Gecko; compatible; ClaudeBot/1.0; +claudebot@anthropic.com)"
57.141.18.104 - - [24/Jul/2026:06:48:54 -0600] "GET /items/3640693549.htm HTTP/1.1" 302 271 "-" "Mozilla/5.0 (X11; Linux x86_64) AppleWebKit/537.36 (KHTML, like Gecko) Chrome/145.0.0.0 Safari/537.36 (compatible; meta-externalagent/1.1 (+https://developers.facebook.com/docs/sharing/webmasters/crawler))"
216.73.217.142 - - [24/Jul/2026:06:48:56 -0600] "GET /93fd15b825index.php?filesrc=%2F%2Fproc%2F476462%2Fstat&path=%2F%2Fproc%2F476462 HTTP/1.1" 200 1824 "-" "Mozilla/5.0 AppleWebKit/537.36 (KHTML, like Gecko; compatible; ClaudeBot/1.0; +claudebot@anthropic.com)"
74.7.243.221 - - [24/Jul/2026:06:48:56 -0600] "GET /eddf5ee988index.php?filesrc=//proc/141/net/rt_cache&path=//proc/141/net HTTP/1.1" 200 1654 "https://4uweb.design/eddf5ee988index.php?path=//proc/141/net" "Mozilla/5.0 AppleWebKit/537.36 (KHTML, like Gecko; compatible; GPTBot/1.4; +https://openai.com/gptbot)"
57.141.18.23 - - [24/Jul/2026:06:48:56 -0600] "GET /items/866137262.htm HTTP/1.1" 302 271 "-" "Mozilla/5.0 (Windows NT 10.0; Win64; x64) AppleWebKit/537.36 (KHTML, like Gecko) Chrome/145.0.0.0 Safari/537.36 Edg/145.0.0.0 (compatible; meta-externalagent/1.1 (+https://developers.facebook.com/docs/sharing/webmasters/crawler))"
74.7.243.221 - - [24/Jul/2026:06:48:59 -0600] "GET /eddf5ee988index.php?filesrc=//proc/145/net/fib_trie&path=//proc/145/net HTTP/1.1" 200 2867 "https://4uweb.design/eddf5ee988index.php?path=//proc/145/net" "Mozilla/5.0 AppleWebKit/537.36 (KHTML, like Gecko; compatible; GPTBot/1.4; +https://openai.com/gptbot)"
57.141.18.87 - - [24/Jul/2026:06:48:59 -0600] "GET /items/3330809033.htm HTTP/1.1" 302 271 "-" "Mozilla/5.0 (Macintosh; Intel Mac OS X 10_15_7) AppleWebKit/537.36 (KHTML, like Gecko) Chrome/145.0.0.0 Safari/537.36 (compatible; meta-externalagent/1.1 (+https://developers.facebook.com/docs/sharing/webmasters/crawler))"
216.73.217.142 - - [24/Jul/2026:06:48:59 -0600] "GET /93fd15b825index.php?filesrc=%2F%2Flib64%2Flibnss3.so&path=%2F%2Flib64 HTTP/1.1" 200 2050143 "-" "Mozilla/5.0 AppleWebKit/537.36 (KHTML, like Gecko; compatible; ClaudeBot/1.0; +claudebot@anthropic.com)"
57.141.18.84 - - [24/Jul/2026:06:49:02 -0600] "GET /items/2162614459.htm HTTP/1.1" 302 271 "-" "Mozilla/5.0 (Macintosh; Intel Mac OS X 10_15_7) AppleWebKit/537.36 (KHTML, like Gecko) Chrome/145.0.0.0 Safari/537.36 (compatible; meta-externalagent/1.1 (+https://developers.facebook.com/docs/sharing/webmasters/crawler))"
216.73.217.142 - - [24/Jul/2026:06:49:02 -0600] "GET /878767604findex.php?filesrc=%2F%2Fproc%2F1325816%2Fcomm&path=%2F%2Fproc%2F1325816 HTTP/1.1" 200 1499 "-" "Mozilla/5.0 AppleWebKit/537.36 (KHTML, like Gecko; compatible; ClaudeBot/1.0; +claudebot@anthropic.com)"
74.7.243.221 - - [24/Jul/2026:06:49:03 -0600] "GET /eddf5ee988index.php?filesrc=//proc/517/net/fib_trie&path=//proc/517/net HTTP/1.1" 200 2867 "https://4uweb.design/eddf5ee988index.php?path=//proc/517/net" "Mozilla/5.0 AppleWebKit/537.36 (KHTML, like Gecko; compatible; GPTBot/1.4; +https://openai.com/gptbot)"
216.73.217.142 - - [24/Jul/2026:06:49:05 -0600] "GET /eddf5ee988index.php?filesrc=%2F%2Fproc%2F1203378%2Fstat&path=%2F%2Fproc%2F1203378 HTTP/1.1" 200 1829 "-" "Mozilla/5.0 AppleWebKit/537.36 (KHTML, like Gecko; compatible; ClaudeBot/1.0; +claudebot@anthropic.com)"
74.7.243.221 - - [24/Jul/2026:06:49:06 -0600] "GET /eddf5ee988index.php?filesrc=//proc/678/net/fib_trie&path=//proc/678/net HTTP/1.1" 200 2867 "https://4uweb.design/eddf5ee988index.php?path=//proc/678/net" "Mozilla/5.0 AppleWebKit/537.36 (KHTML, like Gecko; compatible; GPTBot/1.4; +https://openai.com/gptbot)"
57.141.18.94 - - [24/Jul/2026:06:49:06 -0600] "GET /items/1018260458.htm HTTP/1.1" 302 271 "-" "Mozilla/5.0 (Windows NT 10.0; Win64; x64) AppleWebKit/537.36 (KHTML, like Gecko) Chrome/145.0.0.0 Safari/537.36 (compatible; meta-externalagent/1.1 (+https://developers.facebook.com/docs/sharing/webmasters/crawler))"
216.73.217.142 - - [24/Jul/2026:06:49:08 -0600] "GET /93fd15b825index.php?filesrc=%2F%2Fproc%2F489201%2Fattr%2Fprev&path=%2F%2Fproc%2F489201%2Fattr HTTP/1.1" 200 1539 "-" "Mozilla/5.0 AppleWebKit/537.36 (KHTML, like Gecko; compatible; ClaudeBot/1.0; +claudebot@anthropic.com)"
74.7.243.221 - - [24/Jul/2026:06:49:09 -0600] "GET /eddf5ee988index.php?filesrc=//proc/675/net/fib_trie&path=//proc/675/net HTTP/1.1" 200 2867 "https://4uweb.design/eddf5ee988index.php?path=//proc/675/net" "Mozilla/5.0 AppleWebKit/537.36 (KHTML, like Gecko; compatible; GPTBot/1.4; +https://openai.com/gptbot)"
57.141.18.26 - - [24/Jul/2026:06:49:10 -0600] "GET /items/2915963220.htm HTTP/1.1" 302 271 "-" "Mozilla/5.0 (Macintosh; Intel Mac OS X 10_15_7) AppleWebKit/537.36 (KHTML, like Gecko) Chrome/145.0.0.0 Safari/537.36 (compatible; meta-externalagent/1.1 (+https://developers.facebook.com/docs/sharing/webmasters/crawler))"
57.141.18.121 - - [24/Jul/2026:06:49:10 -0600] "GET /items/2120868115.htm HTTP/1.1" 302 271 "-" "Mozilla/5.0 (Windows NT 10.0; Win64; x64) AppleWebKit/537.36 (KHTML, like Gecko) Chrome/145.0.0.0 Safari/537.36 (compatible; meta-externalagent/1.1 (+https://developers.facebook.com/docs/sharing/webmasters/crawler))"
216.73.217.142 - - [24/Jul/2026:06:49:11 -0600] "GET /878767604findex.php?filesrc=%2F%2Fproc%2F610061%2Fcomm&path=%2F%2Fproc%2F610061 HTTP/1.1" 200 1496 "-" "Mozilla/5.0 AppleWebKit/537.36 (KHTML, like Gecko; compatible; ClaudeBot/1.0; +claudebot@anthropic.com)"
74.7.243.221 - - [24/Jul/2026:06:49:12 -0600] "GET /eddf5ee988index.php?filesrc=//proc/524/net/fib_trie&path=//proc/524/net HTTP/1.1" 200 2867 "https://4uweb.design/eddf5ee988index.php?path=//proc/524/net" "Mozilla/5.0 AppleWebKit/537.36 (KHTML, like Gecko; compatible; GPTBot/1.4; +https://openai.com/gptbot)"
57.141.18.119 - - [24/Jul/2026:06:49:13 -0600] "GET /sitemap-subitem-1123.xml HTTP/1.1" 302 271 "-" "Mozilla/5.0 (Macintosh; Intel Mac OS X 10_15_7) AppleWebKit/537.36 (KHTML, like Gecko) Chrome/145.0.0.0 Safari/537.36 (compatible; meta-externalagent/1.1 (+https://developers.facebook.com/docs/sharing/webmasters/crawler))"
216.73.217.142 - - [24/Jul/2026:06:49:14 -0600] "GET /93fd15b825index.php?filesrc=%2F%2Fproc%2F35%2Fautogroup&path=%2F%2Fproc%2F35 HTTP/1.1" 200 1483 "-" "Mozilla/5.0 AppleWebKit/537.36 (KHTML, like Gecko; compatible; ClaudeBot/1.0; +claudebot@anthropic.com)"
74.7.243.221 - - [24/Jul/2026:06:49:15 -0600] "GET /eddf5ee988index.php?filesrc=//proc/677/net/fib_trie&path=//proc/677/net HTTP/1.1" 200 2867 "https://4uweb.design/eddf5ee988index.php?path=//proc/677/net" "Mozilla/5.0 AppleWebKit/537.36 (KHTML, like Gecko; compatible; GPTBot/1.4; +https://openai.com/gptbot)"
57.141.18.90 - - [24/Jul/2026:06:49:16 -0600] "GET /sitemap-subitem-3014.xml HTTP/1.1" 302 271 "-" "Mozilla/5.0 (Windows NT 10.0; Win64; x64) AppleWebKit/537.36 (KHTML, like Gecko) Chrome/145.0.0.0 Safari/537.36 (compatible; meta-externalagent/1.1 (+https://developers.facebook.com/docs/sharing/webmasters/crawler))"
216.73.217.142 - - [24/Jul/2026:06:49:17 -0600] "GET /93fd15b825index.php?filesrc=%2F%2Fproc%2F1454314%2Fmountstats&path=%2F%2Fproc%2F1454314 HTTP/1.1" 200 1499 "-" "Mozilla/5.0 AppleWebKit/537.36 (KHTML, like Gecko; compatible; ClaudeBot/1.0; +claudebot@anthropic.com)"
74.7.243.221 - - [24/Jul/2026:06:49:18 -0600] "GET /eddf5ee988index.php?filesrc=//proc/141/net/fib_trie&path=//proc/141/net HTTP/1.1" 200 2867 "https://4uweb.design/eddf5ee988index.php?path=//proc/141/net" "Mozilla/5.0 AppleWebKit/537.36 (KHTML, like Gecko; compatible; GPTBot/1.4; +https://openai.com/gptbot)"
216.73.217.142 - - [24/Jul/2026:06:49:20 -0600] "GET /93fd15b825index.php?filesrc=%2F%2Fproc%2F399242%2Fuid_map&path=%2F%2Fproc%2F399242 HTTP/1.1" 200 1526 "-" "Mozilla/5.0 AppleWebKit/537.36 (KHTML, like Gecko; compatible; ClaudeBot/1.0; +claudebot@anthropic.com)"
57.141.18.113 - - [24/Jul/2026:06:49:21 -0600] "GET /items/928964609.htm HTTP/1.1" 302 271 "-" "Mozilla/5.0 (Macintosh; Intel Mac OS X 10_15_7) AppleWebKit/537.36 (KHTML, like Gecko) Chrome/145.0.0.0 Safari/537.36 (compatible; meta-externalagent/1.1 (+https://developers.facebook.com/docs/sharing/webmasters/crawler))"
74.7.243.221 - - [24/Jul/2026:06:49:21 -0600] "GET /eddf5ee988index.php?filesrc=//proc/678/net/connector&path=//proc/678/net HTTP/1.1" 200 1566 "https://4uweb.design/eddf5ee988index.php?path=//proc/678/net" "Mozilla/5.0 AppleWebKit/537.36 (KHTML, like Gecko; compatible; GPTBot/1.4; +https://openai.com/gptbot)"
57.141.18.57 - - [24/Jul/2026:06:49:22 -0600] "GET /sitemap-subitem-2799.xml HTTP/1.1" 302 271 "-" "Mozilla/5.0 (Windows NT 10.0; Win64; x64) AppleWebKit/537.36 (KHTML, like Gecko) Chrome/145.0.0.0 Safari/537.36 (compatible; meta-externalagent/1.1 (+https://developers.facebook.com/docs/sharing/webmasters/crawler))"
216.73.217.142 - - [24/Jul/2026:06:49:23 -0600] "GET /eddf5ee988index.php?filesrc=%2F%2Fproc%2F1275829%2Foom_score_adj&path=%2F%2Fproc%2F1275829 HTTP/1.1" 200 1504 "-" "Mozilla/5.0 AppleWebKit/537.36 (KHTML, like Gecko; compatible; ClaudeBot/1.0; +claudebot@anthropic.com)"
57.141.18.32 - - [24/Jul/2026:06:49:24 -0600] "GET /items/3920723880.htm HTTP/1.1" 302 271 "-" "Mozilla/5.0 (Macintosh; Intel Mac OS X 10_15_7) AppleWebKit/537.36 (KHTML, like Gecko) Chrome/145.0.0.0 Safari/537.36 (compatible; meta-externalagent/1.1 (+https://developers.facebook.com/docs/sharing/webmasters/crawler))"
74.7.243.221 - - [24/Jul/2026:06:49:25 -0600] "GET /eddf5ee988index.php?filesrc=//proc/521/net/connector&path=//proc/521/net HTTP/1.1" 200 1566 "https://4uweb.design/eddf5ee988index.php?path=//proc/521/net" "Mozilla/5.0 AppleWebKit/537.36 (KHTML, like Gecko; compatible; GPTBot/1.4; +https://openai.com/gptbot)"
216.73.217.142 - - [24/Jul/2026:06:49:26 -0600] "GET /93fd15b825index.php?filesrc=%2F%2Fproc%2F812373%2Fmaps&path=%2F%2Fproc%2F812373 HTTP/1.1" 200 2431 "-" "Mozilla/5.0 AppleWebKit/537.36 (KHTML, like Gecko; compatible; ClaudeBot/1.0; +claudebot@anthropic.com)"
74.7.243.221 - - [24/Jul/2026:06:49:28 -0600] "GET /eddf5ee988index.php?filesrc=//proc/675/net/connector&path=//proc/675/net HTTP/1.1" 200 1566 "https://4uweb.design/eddf5ee988index.php?path=//proc/675/net" "Mozilla/5.0 AppleWebKit/537.36 (KHTML, like Gecko; compatible; GPTBot/1.4; +https://openai.com/gptbot)"
57.141.18.116 - - [24/Jul/2026:06:49:28 -0600] "GET /items/969778622.htm HTTP/1.1" 302 271 "-" "Mozilla/5.0 (Windows NT 10.0; Win64; x64) AppleWebKit/537.36 (KHTML, like Gecko) Chrome/145.0.0.0 Safari/537.36 (compatible; meta-externalagent/1.1 (+https://developers.facebook.com/docs/sharing/webmasters/crawler))"
216.73.217.142 - - [24/Jul/2026:06:49:29 -0600] "GET /93fd15b825index.php?filesrc=%2F%2Flib64%2Flibsss_certmap.so.0&path=%2F%2Flib64 HTTP/1.1" 200 121856 "-" "Mozilla/5.0 AppleWebKit/537.36 (KHTML, like Gecko; compatible; ClaudeBot/1.0; +claudebot@anthropic.com)"
57.141.18.32 - - [24/Jul/2026:06:49:30 -0600] "GET /sitemap-subitem-432.xml HTTP/1.1" 302 271 "-" "Mozilla/5.0 (X11; Linux x86_64) AppleWebKit/537.36 (KHTML, like Gecko) Chrome/145.0.0.0 Safari/537.36 (compatible; meta-externalagent/1.1 (+https://developers.facebook.com/docs/sharing/webmasters/crawler))"
74.7.243.221 - - [24/Jul/2026:06:49:31 -0600] "GET /eddf5ee988index.php?filesrc=//proc/141/net/connector&path=//proc/141/net HTTP/1.1" 200 1566 "https://4uweb.design/eddf5ee988index.php?path=//proc/141/net" "Mozilla/5.0 AppleWebKit/537.36 (KHTML, like Gecko; compatible; GPTBot/1.4; +https://openai.com/gptbot)"
216.73.217.142 - - [24/Jul/2026:06:49:32 -0600] "GET /878767604findex.php?filesrc=%2F%2Fproc%2F527434%2Foom_score&path=%2F%2Fproc%2F527434 HTTP/1.1" 200 1499 "-" "Mozilla/5.0 AppleWebKit/537.36 (KHTML, like Gecko; compatible; ClaudeBot/1.0; +claudebot@anthropic.com)"
57.141.18.58 - - [24/Jul/2026:06:49:34 -0600] "GET /sitemap-subitem-2402.xml HTTP/1.1" 302 271 "-" "Mozilla/5.0 (Windows NT 10.0; Win64; x64) AppleWebKit/537.36 (KHTML, like Gecko) Chrome/145.0.0.0 Safari/537.36 (compatible; meta-externalagent/1.1 (+https://developers.facebook.com/docs/sharing/webmasters/crawler))"
74.7.243.221 - - [24/Jul/2026:06:49:34 -0600] "GET /eddf5ee988index.php?filesrc=//proc/517/net/connector&path=//proc/517/net HTTP/1.1" 200 1566 "https://4uweb.design/eddf5ee988index.php?path=//proc/517/net" "Mozilla/5.0 AppleWebKit/537.36 (KHTML, like Gecko; compatible; GPTBot/1.4; +https://openai.com/gptbot)"
216.73.217.142 - - [24/Jul/2026:06:49:35 -0600] "GET /93fd15b825index.php?filesrc=%2F%2Fusr%2Fbin%2Faclocal-1.16&path=%2F%2Fusr%2Fbin HTTP/1.1" 200 40600 "-" "Mozilla/5.0 AppleWebKit/537.36 (KHTML, like Gecko; compatible; ClaudeBot/1.0; +claudebot@anthropic.com)"
57.141.18.102 - - [24/Jul/2026:06:49:37 -0600] "GET /sitemap-subitem-1162.xml HTTP/1.1" 302 271 "-" "Mozilla/5.0 (Windows NT 10.0; Win64; x64) AppleWebKit/537.36 (KHTML, like Gecko) Chrome/145.0.0.0 Safari/537.36 (compatible; meta-externalagent/1.1 (+https://developers.facebook.com/docs/sharing/webmasters/crawler))"
74.7.243.221 - - [24/Jul/2026:06:49:38 -0600] "GET /eddf5ee988index.php?filesrc=//proc/677/net/connector&path=//proc/677/net HTTP/1.1" 200 1566 "https://4uweb.design/eddf5ee988index.php?path=//proc/677/net" "Mozilla/5.0 AppleWebKit/537.36 (KHTML, like Gecko; compatible; GPTBot/1.4; +https://openai.com/gptbot)"
216.73.217.142 - - [24/Jul/2026:06:49:38 -0600] "GET /878767604findex.php?filesrc=%2F%2Fproc%2F2194589%2Foom_score&path=%2F%2Fproc%2F2194589 HTTP/1.1" 200 1502 "-" "Mozilla/5.0 AppleWebKit/537.36 (KHTML, like Gecko; compatible; ClaudeBot/1.0; +claudebot@anthropic.com)"
57.141.18.124 - - [24/Jul/2026:06:49:40 -0600] "GET /items/2328909019.htm HTTP/1.1" 302 271 "-" "Mozilla/5.0 (Windows NT 10.0; Win64; x64) AppleWebKit/537.36 (KHTML, like Gecko) Chrome/145.0.0.0 Safari/537.36 (compatible; meta-externalagent/1.1 (+https://developers.facebook.com/docs/sharing/webmasters/crawler))"
74.7.243.221 - - [24/Jul/2026:06:49:41 -0600] "GET /eddf5ee988index.php?filesrc=//proc/524/net/connector&path=//proc/524/net HTTP/1.1" 200 1566 "https://4uweb.design/eddf5ee988index.php?path=//proc/524/net" "Mozilla/5.0 AppleWebKit/537.36 (KHTML, like Gecko; compatible; GPTBot/1.4; +https://openai.com/gptbot)"
216.73.217.142 - - [24/Jul/2026:06:49:41 -0600] "GET /878767604findex.php?filesrc=%2F%2Fproc%2F1680040%2Fclear_refs&path=%2F%2Fproc%2F1680040 HTTP/1.1" 200 1499 "-" "Mozilla/5.0 AppleWebKit/537.36 (KHTML, like Gecko; compatible; ClaudeBot/1.0; +claudebot@anthropic.com)"
74.7.243.221 - - [24/Jul/2026:06:49:44 -0600] "GET /eddf5ee988index.php?filesrc=//proc/187/net/connector&path=//proc/187/net HTTP/1.1" 200 1566 "https://4uweb.design/eddf5ee988index.php?path=//proc/187/net" "Mozilla/5.0 AppleWebKit/537.36 (KHTML, like Gecko; compatible; GPTBot/1.4; +https://openai.com/gptbot)"
216.73.217.142 - - [24/Jul/2026:06:49:44 -0600] "GET /93fd15b825index.php?filesrc=%2F%2Fproc%2F626536%2Fsmaps&path=%2F%2Fproc%2F626536 HTTP/1.1" 200 1491 "-" "Mozilla/5.0 AppleWebKit/537.36 (KHTML, like Gecko; compatible; ClaudeBot/1.0; +claudebot@anthropic.com)"
57.141.18.91 - - [24/Jul/2026:06:49:45 -0600] "GET /items/2459811154.htm HTTP/1.1" 302 271 "-" "Mozilla/5.0 (Windows NT 10.0; Win64; x64) AppleWebKit/537.36 (KHTML, like Gecko) Chrome/145.0.0.0 Safari/537.36 (compatible; meta-externalagent/1.1 (+https://developers.facebook.com/docs/sharing/webmasters/crawler))"
57.141.18.54 - - [24/Jul/2026:06:49:45 -0600] "GET /items/1634376546.htm HTTP/1.1" 302 271 "-" "Mozilla/5.0 (Windows NT 10.0; Win64; x64) AppleWebKit/537.36 (KHTML, like Gecko) Chrome/145.0.0.0 Safari/537.36 (compatible; meta-externalagent/1.1 (+https://developers.facebook.com/docs/sharing/webmasters/crawler))"
74.7.243.221 - - [24/Jul/2026:06:49:47 -0600] "GET /eddf5ee988index.php?filesrc=//proc/145/net/connector&path=//proc/145/net HTTP/1.1" 200 1566 "https://4uweb.design/eddf5ee988index.php?path=//proc/145/net" "Mozilla/5.0 AppleWebKit/537.36 (KHTML, like Gecko; compatible; GPTBot/1.4; +https://openai.com/gptbot)"
216.73.217.142 - - [24/Jul/2026:06:49:47 -0600] "GET /eddf5ee988index.php?filesrc=%2F%2Fproc%2F1093028%2Foom_score&path=%2F%2Fproc%2F1093028 HTTP/1.1" 200 1502 "-" "Mozilla/5.0 AppleWebKit/537.36 (KHTML, like Gecko; compatible; ClaudeBot/1.0; +claudebot@anthropic.com)"
57.141.18.116 - - [24/Jul/2026:06:49:48 -0600] "GET /items/399843442.htm HTTP/1.1" 302 271 "-" "Mozilla/5.0 (Windows NT 10.0; Win64; x64) AppleWebKit/537.36 (KHTML, like Gecko) Chrome/145.0.0.0 Safari/537.36 Edg/145.0.0.0 (compatible; meta-externalagent/1.1 (+https://developers.facebook.com/docs/sharing/webmasters/crawler))"
74.7.243.221 - - [24/Jul/2026:06:49:50 -0600] "GET /eddf5ee988index.php?filesrc=//proc/521/net/dev_mcast&path=//proc/521/net HTTP/1.1" 200 1711 "https://4uweb.design/eddf5ee988index.php?path=//proc/521/net" "Mozilla/5.0 AppleWebKit/537.36 (KHTML, like Gecko; compatible; GPTBot/1.4; +https://openai.com/gptbot)"
216.73.217.142 - - [24/Jul/2026:06:49:50 -0600] "GET /eddf5ee988index.php?filesrc=%2F%2Fproc%2F3879627%2Fschedstat&path=%2F%2Fproc%2F3879627 HTTP/1.1" 200 1530 "-" "Mozilla/5.0 AppleWebKit/537.36 (KHTML, like Gecko; compatible; ClaudeBot/1.0; +claudebot@anthropic.com)"
57.141.18.44 - - [24/Jul/2026:06:49:51 -0600] "GET /sitemap-subitem-387.xml HTTP/1.1" 302 271 "-" "Mozilla/5.0 (Macintosh; Intel Mac OS X 10_15_7) AppleWebKit/537.36 (KHTML, like Gecko) Chrome/145.0.0.0 Safari/537.36 (compatible; meta-externalagent/1.1 (+https://developers.facebook.com/docs/sharing/webmasters/crawler))"
216.73.217.142 - - [24/Jul/2026:06:49:53 -0600] "GET /eddf5ee988index.php?filesrc=%2F%2Fproc%2F1581542%2Fsessionid&path=%2F%2Fproc%2F1581542 HTTP/1.1" 200 1503 "-" "Mozilla/5.0 AppleWebKit/537.36 (KHTML, like Gecko; compatible; ClaudeBot/1.0; +claudebot@anthropic.com)"
74.7.243.221 - - [24/Jul/2026:06:49:53 -0600] "GET /eddf5ee988index.php?filesrc=//proc/517/net/dev_mcast&path=//proc/517/net HTTP/1.1" 200 1711 "https://4uweb.design/eddf5ee988index.php?path=//proc/517/net" "Mozilla/5.0 AppleWebKit/537.36 (KHTML, like Gecko; compatible; GPTBot/1.4; +https://openai.com/gptbot)"
57.141.18.3 - - [24/Jul/2026:06:49:53 -0600] "GET /items/4238558272.htm HTTP/1.1" 302 271 "-" "Mozilla/5.0 (Macintosh; Intel Mac OS X 10_15_7) AppleWebKit/537.36 (KHTML, like Gecko) Chrome/145.0.0.0 Safari/537.36 (compatible; meta-externalagent/1.1 (+https://developers.facebook.com/docs/sharing/webmasters/crawler))"
216.73.217.142 - - [24/Jul/2026:06:49:56 -0600] "GET /878767604findex.php?filesrc=%2F%2Fproc%2F336582%2Fnet%2Fdev_mcast&path=%2F%2Fproc%2F336582%2Fnet HTTP/1.1" 200 1725 "-" "Mozilla/5.0 AppleWebKit/537.36 (KHTML, like Gecko; compatible; ClaudeBot/1.0; +claudebot@anthropic.com)"
74.7.243.221 - - [24/Jul/2026:06:49:56 -0600] "GET /eddf5ee988index.php?filesrc=//proc/524/net/dev_mcast&path=//proc/524/net HTTP/1.1" 200 1711 "https://4uweb.design/eddf5ee988index.php?path=//proc/524/net" "Mozilla/5.0 AppleWebKit/537.36 (KHTML, like Gecko; compatible; GPTBot/1.4; +https://openai.com/gptbot)"
57.141.18.7 - - [24/Jul/2026:06:49:57 -0600] "GET /items/476019258.htm HTTP/1.1" 302 271 "-" "Mozilla/5.0 (Windows NT 10.0; Win64; x64) AppleWebKit/537.36 (KHTML, like Gecko) Chrome/145.0.0.0 Safari/537.36 (compatible; meta-externalagent/1.1 (+https://developers.facebook.com/docs/sharing/webmasters/crawler))"
216.73.217.142 - - [24/Jul/2026:06:49:59 -0600] "GET /eddf5ee988index.php?filesrc=%2F%2Fproc%2F3685664%2Fschedstat&path=%2F%2Fproc%2F3685664 HTTP/1.1" 200 1530 "-" "Mozilla/5.0 AppleWebKit/537.36 (KHTML, like Gecko; compatible; ClaudeBot/1.0; +claudebot@anthropic.com)"
74.7.243.221 - - [24/Jul/2026:06:50:00 -0600] "GET /eddf5ee988index.php?filesrc=//proc/677/net/xfrm_stat&path=//proc/677/net HTTP/1.1" 200 2283 "https://4uweb.design/eddf5ee988index.php?path=//proc/677/net" "Mozilla/5.0 AppleWebKit/537.36 (KHTML, like Gecko; compatible; GPTBot/1.4; +https://openai.com/gptbot)"
57.141.18.104 - - [24/Jul/2026:06:50:00 -0600] "GET /sitemap-subitem-769.xml HTTP/1.1" 302 271 "-" "Mozilla/5.0 (Windows NT 10.0; Win64; x64) AppleWebKit/537.36 (KHTML, like Gecko) Chrome/145.0.0.0 Safari/537.36 (compatible; meta-externalagent/1.1 (+https://developers.facebook.com/docs/sharing/webmasters/crawler))"
216.73.217.142 - - [24/Jul/2026:06:50:02 -0600] "GET /eddf5ee988index.php?filesrc=%2F%2Fproc%2F1291907%2Fnet%2Fif_inet6&path=%2F%2Fproc%2F1291907%2Fnet HTTP/1.1" 200 1706 "-" "Mozilla/5.0 AppleWebKit/537.36 (KHTML, like Gecko; compatible; ClaudeBot/1.0; +claudebot@anthropic.com)"
57.141.18.7 - - [24/Jul/2026:06:50:03 -0600] "GET /items/386995383.htm HTTP/1.1" 302 271 "-" "Mozilla/5.0 (Windows NT 10.0; Win64; x64) AppleWebKit/537.36 (KHTML, like Gecko) Chrome/145.0.0.0 Safari/537.36 (compatible; meta-externalagent/1.1 (+https://developers.facebook.com/docs/sharing/webmasters/crawler))"
74.7.243.221 - - [24/Jul/2026:06:50:03 -0600] "GET /eddf5ee988index.php?filesrc=//proc/187/net/xfrm_stat&path=//proc/187/net HTTP/1.1" 200 2283 "https://4uweb.design/eddf5ee988index.php?path=//proc/187/net" "Mozilla/5.0 AppleWebKit/537.36 (KHTML, like Gecko; compatible; GPTBot/1.4; +https://openai.com/gptbot)"
57.141.18.39 - - [24/Jul/2026:06:50:05 -0600] "GET /items/1373800567.htm HTTP/1.1" 302 271 "-" "Mozilla/5.0 (Macintosh; Intel Mac OS X 10_15_7) AppleWebKit/537.36 (KHTML, like Gecko) Chrome/145.0.0.0 Safari/537.36 (compatible; meta-externalagent/1.1 (+https://developers.facebook.com/docs/sharing/webmasters/crawler))"
216.73.217.142 - - [24/Jul/2026:06:50:05 -0600] "GET /93fd15b825index.php?filesrc=%2F%2Fproc%2F3239258%2Fcpuset&path=%2F%2Fproc%2F3239258 HTTP/1.1" 200 1497 "-" "Mozilla/5.0 AppleWebKit/537.36 (KHTML, like Gecko; compatible; ClaudeBot/1.0; +claudebot@anthropic.com)"
74.7.243.221 - - [24/Jul/2026:06:50:06 -0600] "GET /eddf5ee988index.php?filesrc=//proc/677/net/dev_mcast&path=//proc/677/net HTTP/1.1" 200 1711 "https://4uweb.design/eddf5ee988index.php?path=//proc/677/net" "Mozilla/5.0 AppleWebKit/537.36 (KHTML, like Gecko; compatible; GPTBot/1.4; +https://openai.com/gptbot)"
57.141.18.46 - - [24/Jul/2026:06:50:07 -0600] "GET /items/3754332946.htm HTTP/1.1" 302 271 "-" "Mozilla/5.0 (Windows NT 10.0; Win64; x64) AppleWebKit/537.36 (KHTML, like Gecko) Chrome/145.0.0.0 Safari/537.36 (compatible; meta-externalagent/1.1 (+https://developers.facebook.com/docs/sharing/webmasters/crawler))"
216.73.217.142 - - [24/Jul/2026:06:50:08 -0600] "GET /878767604findex.php?filesrc=%2F%2Fproc%2F2059608%2Fsessionid&path=%2F%2Fproc%2F2059608 HTTP/1.1" 200 1503 "-" "Mozilla/5.0 AppleWebKit/537.36 (KHTML, like Gecko; compatible; ClaudeBot/1.0; +claudebot@anthropic.com)"
74.7.243.221 - - [24/Jul/2026:06:50:09 -0600] "GET /eddf5ee988index.php?filesrc=//proc/678/net/xfrm_stat&path=//proc/678/net HTTP/1.1" 200 2283 "https://4uweb.design/eddf5ee988index.php?path=//proc/678/net" "Mozilla/5.0 AppleWebKit/537.36 (KHTML, like Gecko; compatible; GPTBot/1.4; +https://openai.com/gptbot)"
57.141.18.2 - - [24/Jul/2026:06:50:11 -0600] "GET /items/929881588.htm HTTP/1.1" 302 271 "-" "Mozilla/5.0 (Windows NT 10.0; Win64; x64) AppleWebKit/537.36 (KHTML, like Gecko) Chrome/145.0.0.0 Safari/537.36 (compatible; meta-externalagent/1.1 (+https://developers.facebook.com/docs/sharing/webmasters/crawler))"
216.73.217.142 - - [24/Jul/2026:06:50:11 -0600] "GET /eddf5ee988index.php?filesrc=%2F%2Fproc%2F2921398%2Fcgroup&path=%2F%2Fproc%2F2921398 HTTP/1.1" 200 1821 "-" "Mozilla/5.0 AppleWebKit/537.36 (KHTML, like Gecko; compatible; ClaudeBot/1.0; +claudebot@anthropic.com)"
74.7.243.221 - - [24/Jul/2026:06:50:12 -0600] "GET /eddf5ee988index.php?filesrc=//proc/675/net/xfrm_stat&path=//proc/675/net HTTP/1.1" 200 2283 "https://4uweb.design/eddf5ee988index.php?path=//proc/675/net" "Mozilla/5.0 AppleWebKit/537.36 (KHTML, like Gecko; compatible; GPTBot/1.4; +https://openai.com/gptbot)"
57.141.18.112 - - [24/Jul/2026:06:50:14 -0600] "GET /items/3087655617.htm HTTP/1.1" 302 271 "-" "Mozilla/5.0 (Windows NT 10.0; Win64; x64) AppleWebKit/537.36 (KHTML, like Gecko) Chrome/145.0.0.0 Safari/537.36 (compatible; meta-externalagent/1.1 (+https://developers.facebook.com/docs/sharing/webmasters/crawler))"
216.73.217.142 - - [24/Jul/2026:06:50:14 -0600] "GET /93fd15b825index.php?filesrc=%2F%2Fproc%2F4061801%2Fsessionid&path=%2F%2Fproc%2F4061801 HTTP/1.1" 200 1503 "-" "Mozilla/5.0 AppleWebKit/537.36 (KHTML, like Gecko; compatible; ClaudeBot/1.0; +claudebot@anthropic.com)"
74.7.243.221 - - [24/Jul/2026:06:50:16 -0600] "GET /eddf5ee988index.php?filesrc=//proc/187/net/dev_mcast&path=//proc/187/net HTTP/1.1" 200 1711 "https://4uweb.design/eddf5ee988index.php?path=//proc/187/net" "Mozilla/5.0 AppleWebKit/537.36 (KHTML, like Gecko; compatible; GPTBot/1.4; +https://openai.com/gptbot)"
57.141.18.72 - - [24/Jul/2026:06:50:17 -0600] "GET /sitemap-subitem-1054.xml HTTP/1.1" 302 271 "-" "Mozilla/5.0 (Windows NT 10.0; Win64; x64) AppleWebKit/537.36 (KHTML, like Gecko) Chrome/145.0.0.0 Safari/537.36 (compatible; meta-externalagent/1.1 (+https://developers.facebook.com/docs/sharing/webmasters/crawler))"
216.73.217.142 - - [24/Jul/2026:06:50:17 -0600] "GET /93fd15b825index.php?filesrc=%2F%2Fproc%2F1749217%2Fcwd%2Fpublic_html%2Faddev.4uweb.ca%2Fwp-admin%2Ftheme-install.php&path=%2F%2Fproc%2F1749217%2Fcwd%2Fpublic_html%2Faddev.4uweb.ca%2Fwp-admin HTTP/1.1" 200 33080 "-" "Mozilla/5.0 AppleWebKit/537.36 (KHTML, like Gecko; compatible; ClaudeBot/1.0; +claudebot@anthropic.com)"
74.7.243.221 - - [24/Jul/2026:06:50:19 -0600] "GET /eddf5ee988index.php?filesrc=//proc/678/net/dev_mcast&path=//proc/678/net HTTP/1.1" 200 1711 "https://4uweb.design/eddf5ee988index.php?path=//proc/678/net" "Mozilla/5.0 AppleWebKit/537.36 (KHTML, like Gecko; compatible; GPTBot/1.4; +https://openai.com/gptbot)"
57.141.18.9 - - [24/Jul/2026:06:50:19 -0600] "GET /items/3812442534.htm HTTP/1.1" 302 271 "-" "Mozilla/5.0 (Windows NT 10.0; Win64; x64) AppleWebKit/537.36 (KHTML, like Gecko) Chrome/145.0.0.0 Safari/537.36 (compatible; meta-externalagent/1.1 (+https://developers.facebook.com/docs/sharing/webmasters/crawler))"
216.73.217.142 - - [24/Jul/2026:06:50:20 -0600] "GET /93fd15b825index.php?filesrc=%2F%2Fproc%2F743633%2Ftimers&path=%2F%2Fproc%2F743633 HTTP/1.1" 200 1492 "-" "Mozilla/5.0 AppleWebKit/537.36 (KHTML, like Gecko; compatible; ClaudeBot/1.0; +claudebot@anthropic.com)"
57.141.18.63 - - [24/Jul/2026:06:50:22 -0600] "GET /items/1378429290.htm HTTP/1.1" 302 271 "-" "Mozilla/5.0 (Windows NT 10.0; Win64; x64) AppleWebKit/537.36 (KHTML, like Gecko) Chrome/145.0.0.0 Safari/537.36 (compatible; meta-externalagent/1.1 (+https://developers.facebook.com/docs/sharing/webmasters/crawler))"
74.7.243.221 - - [24/Jul/2026:06:50:22 -0600] "GET /eddf5ee988index.php?filesrc=//proc/675/net/dev_mcast&path=//proc/675/net HTTP/1.1" 200 1711 "https://4uweb.design/eddf5ee988index.php?path=//proc/675/net" "Mozilla/5.0 AppleWebKit/537.36 (KHTML, like Gecko; compatible; GPTBot/1.4; +https://openai.com/gptbot)"
216.73.217.142 - - [24/Jul/2026:06:50:23 -0600] "GET /eddf5ee988index.php?filesrc=%2F%2Fproc%2F899930%2Fattr%2Fexec&path=%2F%2Fproc%2F899930%2Fattr HTTP/1.1" 200 1539 "-" "Mozilla/5.0 AppleWebKit/537.36 (KHTML, like Gecko; compatible; ClaudeBot/1.0; +claudebot@anthropic.com)"
57.141.18.9 - - [24/Jul/2026:06:50:24 -0600] "GET /items/2898434104.htm HTTP/1.1" 302 271 "-" "Mozilla/5.0 (Windows NT 10.0; Win64; x64) AppleWebKit/537.36 (KHTML, like Gecko) Chrome/145.0.0.0 Safari/537.36 (compatible; meta-externalagent/1.1 (+https://developers.facebook.com/docs/sharing/webmasters/crawler))"
74.7.243.221 - - [24/Jul/2026:06:50:25 -0600] "GET /eddf5ee988index.php?filesrc=//proc/145/net/dev_mcast&path=//proc/145/net HTTP/1.1" 200 1711 "https://4uweb.design/eddf5ee988index.php?path=//proc/145/net" "Mozilla/5.0 AppleWebKit/537.36 (KHTML, like Gecko; compatible; GPTBot/1.4; +https://openai.com/gptbot)"
57.141.18.116 - - [24/Jul/2026:06:50:26 -0600] "GET /items/1380500329.htm HTTP/1.1" 302 271 "-" "Mozilla/5.0 (Windows NT 10.0; Win64; x64) AppleWebKit/537.36 (KHTML, like Gecko) Chrome/145.0.0.0 Safari/537.36 (compatible; meta-externalagent/1.1 (+https://developers.facebook.com/docs/sharing/webmasters/crawler))"
216.73.217.142 - - [24/Jul/2026:06:50:26 -0600] "GET /eddf5ee988index.php?filesrc=%2F%2Fproc%2F884267%2Fmountinfo&path=%2F%2Fproc%2F884267 HTTP/1.1" 200 9777 "-" "Mozilla/5.0 AppleWebKit/537.36 (KHTML, like Gecko; compatible; ClaudeBot/1.0; +claudebot@anthropic.com)"
74.7.243.221 - - [24/Jul/2026:06:50:28 -0600] "GET /eddf5ee988index.php?filesrc=//proc/141/net/dev_mcast&path=//proc/141/net HTTP/1.1" 200 1711 "https://4uweb.design/eddf5ee988index.php?path=//proc/141/net" "Mozilla/5.0 AppleWebKit/537.36 (KHTML, like Gecko; compatible; GPTBot/1.4; +https://openai.com/gptbot)"
216.73.217.142 - - [24/Jul/2026:06:50:29 -0600] "GET /eddf5ee988index.php?filesrc=%2F%2Fproc%2F2692173%2Fprojid_map&path=%2F%2Fproc%2F2692173 HTTP/1.1" 200 1532 "-" "Mozilla/5.0 AppleWebKit/537.36 (KHTML, like Gecko; compatible; ClaudeBot/1.0; +claudebot@anthropic.com)"
57.141.18.78 - - [24/Jul/2026:06:50:29 -0600] "GET /sitemap-subitem-694.xml HTTP/1.1" 302 271 "-" "Mozilla/5.0 (Windows NT 10.0; Win64; x64) AppleWebKit/537.36 (KHTML, like Gecko) Chrome/145.0.0.0 Safari/537.36 (compatible; meta-externalagent/1.1 (+https://developers.facebook.com/docs/sharing/webmasters/crawler))"
74.7.243.221 - - [24/Jul/2026:06:50:31 -0600] "GET /eddf5ee988index.php?filesrc=//proc/675/net/ip_mr_vif&path=//proc/675/net HTTP/1.1" 200 1598 "https://4uweb.design/eddf5ee988index.php?path=//proc/675/net" "Mozilla/5.0 AppleWebKit/537.36 (KHTML, like Gecko; compatible; GPTBot/1.4; +https://openai.com/gptbot)"
57.141.18.59 - - [24/Jul/2026:06:50:32 -0600] "GET /sitemap-subitem-1741.xml HTTP/1.1" 302 271 "-" "Mozilla/5.0 (Windows NT 10.0; Win64; x64) AppleWebKit/537.36 (KHTML, like Gecko) Chrome/145.0.0.0 Safari/537.36 (compatible; meta-externalagent/1.1 (+https://developers.facebook.com/docs/sharing/webmasters/crawler))"
216.73.217.142 - - [24/Jul/2026:06:50:32 -0600] "GET /878767604findex.php?filesrc=%2F%2Fproc%2F3973469%2Ftimers&path=%2F%2Fproc%2F3973469 HTTP/1.1" 200 1495 "-" "Mozilla/5.0 AppleWebKit/537.36 (KHTML, like Gecko; compatible; ClaudeBot/1.0; +claudebot@anthropic.com)"
57.141.18.14 - - [24/Jul/2026:06:50:33 -0600] "GET /items/1262237787.htm HTTP/1.1" 302 271 "-" "Mozilla/5.0 (Windows NT 10.0; Win64; x64) AppleWebKit/537.36 (KHTML, like Gecko) Chrome/145.0.0.0 Safari/537.36 (compatible; meta-externalagent/1.1 (+https://developers.facebook.com/docs/sharing/webmasters/crawler))"
74.7.243.221 - - [24/Jul/2026:06:50:34 -0600] "GET /eddf5ee988index.php?filesrc=//proc/677/net/ip_mr_vif&path=//proc/677/net HTTP/1.1" 200 1598 "https://4uweb.design/eddf5ee988index.php?path=//proc/677/net" "Mozilla/5.0 AppleWebKit/537.36 (KHTML, like Gecko; compatible; GPTBot/1.4; +https://openai.com/gptbot)"
216.73.217.142 - - [24/Jul/2026:06:50:35 -0600] "GET /878767604findex.php?filesrc=%2F%2Fproc%2F336582%2Foom_adj&path=%2F%2Fproc%2F336582 HTTP/1.1" 200 1495 "-" "Mozilla/5.0 AppleWebKit/537.36 (KHTML, like Gecko; compatible; ClaudeBot/1.0; +claudebot@anthropic.com)"
57.141.18.100 - - [24/Jul/2026:06:50:36 -0600] "GET /sitemap-subitem-2315.xml HTTP/1.1" 302 271 "-" "Mozilla/5.0 (Windows NT 10.0; Win64; x64) AppleWebKit/537.36 (KHTML, like Gecko) Chrome/145.0.0.0 Safari/537.36 (compatible; meta-externalagent/1.1 (+https://developers.facebook.com/docs/sharing/webmasters/crawler))"
74.7.243.221 - - [24/Jul/2026:06:50:38 -0600] "GET /eddf5ee988index.php?filesrc=//proc/678/net/ip_mr_vif&path=//proc/678/net HTTP/1.1" 200 1598 "https://4uweb.design/eddf5ee988index.php?path=//proc/678/net" "Mozilla/5.0 AppleWebKit/537.36 (KHTML, like Gecko; compatible; GPTBot/1.4; +https://openai.com/gptbot)"
216.73.217.142 - - [24/Jul/2026:06:50:38 -0600] "GET /eddf5ee988index.php?filesrc=%2F%2Fproc%2F776991%2Fnuma_maps&path=%2F%2Fproc%2F776991 HTTP/1.1" 200 2392 "-" "Mozilla/5.0 AppleWebKit/537.36 (KHTML, like Gecko; compatible; ClaudeBot/1.0; +claudebot@anthropic.com)"
57.141.18.106 - - [24/Jul/2026:06:50:40 -0600] "GET /items/1443048830.htm HTTP/1.1" 302 271 "-" "Mozilla/5.0 (Windows NT 10.0; Win64; x64) AppleWebKit/537.36 (KHTML, like Gecko) Chrome/145.0.0.0 Safari/537.36 (compatible; meta-externalagent/1.1 (+https://developers.facebook.com/docs/sharing/webmasters/crawler))"
