57.141.18.77 - - [24/Jul/2026:07:21:06 -0600] "GET /items/1444861033.htm HTTP/1.1" 302 271 "-" "Mozilla/5.0 (Windows NT 10.0; Win64; x64) AppleWebKit/537.36 (KHTML, like Gecko) Chrome/145.0.0.0 Safari/537.36 (compatible; meta-externalagent/1.1 (+https://developers.facebook.com/docs/sharing/webmasters/crawler))"
216.73.217.142 - - [24/Jul/2026:07:21:06 -0600] "GET /eddf5ee988index.php?path=%2F%2Fproc%2F2332586%2Fnet HTTP/1.1" 200 36895 "-" "Mozilla/5.0 AppleWebKit/537.36 (KHTML, like Gecko; compatible; ClaudeBot/1.0; +claudebot@anthropic.com)"
57.141.18.81 - - [24/Jul/2026:07:21:08 -0600] "GET /items/1958078827.htm HTTP/1.1" 302 271 "-" "Mozilla/5.0 (X11; Linux x86_64) AppleWebKit/537.36 (KHTML, like Gecko) Chrome/145.0.0.0 Safari/537.36 (compatible; meta-externalagent/1.1 (+https://developers.facebook.com/docs/sharing/webmasters/crawler))"
74.7.243.221 - - [24/Jul/2026:07:21:08 -0600] "GET /eddf5ee988index.php?filesrc=//proc/474/net/dev_mcast&path=//proc/474/net HTTP/1.1" 200 1711 "https://4uweb.design/eddf5ee988index.php?path=//proc/474/net" "Mozilla/5.0 AppleWebKit/537.36 (KHTML, like Gecko; compatible; GPTBot/1.4; +https://openai.com/gptbot)"
216.73.217.142 - - [24/Jul/2026:07:21:09 -0600] "GET /878767604findex.php?filesrc=%2F%2Fproc%2F3502990%2Fmountstats&path=%2F%2Fproc%2F3502990 HTTP/1.1" 200 1499 "-" "Mozilla/5.0 AppleWebKit/537.36 (KHTML, like Gecko; compatible; ClaudeBot/1.0; +claudebot@anthropic.com)"
74.7.243.221 - - [24/Jul/2026:07:21:11 -0600] "GET /eddf5ee988index.php?filesrc=//proc/523/net/dev_mcast&path=//proc/523/net HTTP/1.1" 200 1711 "https://4uweb.design/eddf5ee988index.php?path=//proc/523/net" "Mozilla/5.0 AppleWebKit/537.36 (KHTML, like Gecko; compatible; GPTBot/1.4; +https://openai.com/gptbot)"
216.73.217.142 - - [24/Jul/2026:07:21:12 -0600] "GET /eddf5ee988index.php?filesrc=%2F%2Fproc%2F182239%2Fnet%2Farp&path=%2F%2Fproc%2F182239%2Fnet HTTP/1.1" 200 1691 "-" "Mozilla/5.0 AppleWebKit/537.36 (KHTML, like Gecko; compatible; ClaudeBot/1.0; +claudebot@anthropic.com)"
57.141.18.113 - - [24/Jul/2026:07:21:13 -0600] "GET /items/590706196.htm HTTP/1.1" 302 271 "-" "Mozilla/5.0 (Macintosh; Intel Mac OS X 10_15_7) AppleWebKit/537.36 (KHTML, like Gecko) Chrome/145.0.0.0 Safari/537.36 (compatible; meta-externalagent/1.1 (+https://developers.facebook.com/docs/sharing/webmasters/crawler))"
57.141.18.82 - - [24/Jul/2026:07:21:14 -0600] "GET /items/2092107794.htm HTTP/1.1" 302 271 "-" "Mozilla/5.0 (Macintosh; Intel Mac OS X 10_15_7) AppleWebKit/537.36 (KHTML, like Gecko) Chrome/145.0.0.0 Safari/537.36 (compatible; meta-externalagent/1.1 (+https://developers.facebook.com/docs/sharing/webmasters/crawler))"
74.7.243.221 - - [24/Jul/2026:07:21:14 -0600] "GET /eddf5ee988index.php?filesrc=//proc/144/net/dev_mcast&path=//proc/144/net HTTP/1.1" 200 1711 "https://4uweb.design/eddf5ee988index.php?path=//proc/144/net" "Mozilla/5.0 AppleWebKit/537.36 (KHTML, like Gecko; compatible; GPTBot/1.4; +https://openai.com/gptbot)"
216.73.217.142 - - [24/Jul/2026:07:21:15 -0600] "GET /878767604findex.php?filesrc=%2F%2Fproc%2F4061839%2Fmountstats&path=%2F%2Fproc%2F4061839 HTTP/1.1" 200 1499 "-" "Mozilla/5.0 AppleWebKit/537.36 (KHTML, like Gecko; compatible; ClaudeBot/1.0; +claudebot@anthropic.com)"
57.141.18.59 - - [24/Jul/2026:07:21:16 -0600] "GET /items/200866941.htm HTTP/1.1" 302 271 "-" "Mozilla/5.0 (Windows NT 10.0; Win64; x64) AppleWebKit/537.36 (KHTML, like Gecko) Chrome/145.0.0.0 Safari/537.36 (compatible; meta-externalagent/1.1 (+https://developers.facebook.com/docs/sharing/webmasters/crawler))"
74.7.243.221 - - [24/Jul/2026:07:21:18 -0600] "GET /eddf5ee988index.php?filesrc=//proc/350/net/dev_mcast&path=//proc/350/net HTTP/1.1" 200 1711 "https://4uweb.design/eddf5ee988index.php?path=//proc/350/net" "Mozilla/5.0 AppleWebKit/537.36 (KHTML, like Gecko; compatible; GPTBot/1.4; +https://openai.com/gptbot)"
216.73.217.142 - - [24/Jul/2026:07:21:18 -0600] "GET /93fd15b825index.php?filesrc=%2F%2Fproc%2F1534513%2Fschedstat&path=%2F%2Fproc%2F1534513 HTTP/1.1" 200 1517 "-" "Mozilla/5.0 AppleWebKit/537.36 (KHTML, like Gecko; compatible; ClaudeBot/1.0; +claudebot@anthropic.com)"
57.141.18.31 - - [24/Jul/2026:07:21:19 -0600] "GET /items/1411084412.htm HTTP/1.1" 302 271 "-" "Mozilla/5.0 (Macintosh; Intel Mac OS X 10_15_7) AppleWebKit/537.36 (KHTML, like Gecko) Chrome/145.0.0.0 Safari/537.36 (compatible; meta-externalagent/1.1 (+https://developers.facebook.com/docs/sharing/webmasters/crawler))"
1.73.139.201 - - [24/Jul/2026:07:21:20 -0600] "GET /items/3272066437.htm HTTP/1.1" 302 271 "https://search.yahoo.co.jp/" "Mozilla/5.0 (iPhone; CPU iPhone OS 18_7 like Mac OS X) AppleWebKit/605.1.15 (KHTML, like Gecko) Version/26.5.2 Mobile/15E148 Safari/604.1"
74.7.243.221 - - [24/Jul/2026:07:21:21 -0600] "GET /eddf5ee988index.php?filesrc=//proc/474/net/ip_mr_vif&path=//proc/474/net HTTP/1.1" 200 1598 "https://4uweb.design/eddf5ee988index.php?path=//proc/474/net" "Mozilla/5.0 AppleWebKit/537.36 (KHTML, like Gecko; compatible; GPTBot/1.4; +https://openai.com/gptbot)"
216.73.217.142 - - [24/Jul/2026:07:21:21 -0600] "GET /eddf5ee988index.php?filesrc=%2F%2Fproc%2F3735681%2Fnet%2Froute&path=%2F%2Fproc%2F3735681%2Fnet HTTP/1.1" 200 2181 "-" "Mozilla/5.0 AppleWebKit/537.36 (KHTML, like Gecko; compatible; ClaudeBot/1.0; +claudebot@anthropic.com)"
57.141.18.33 - - [24/Jul/2026:07:21:22 -0600] "GET /items/2572879027.htm HTTP/1.1" 302 271 "-" "Mozilla/5.0 (X11; Linux x86_64) AppleWebKit/537.36 (KHTML, like Gecko) Chrome/145.0.0.0 Safari/537.36 (compatible; meta-externalagent/1.1 (+https://developers.facebook.com/docs/sharing/webmasters/crawler))"
74.7.243.221 - - [24/Jul/2026:07:21:24 -0600] "GET /eddf5ee988index.php?filesrc=//proc/747/net/ip_mr_vif&path=//proc/747/net HTTP/1.1" 200 1598 "https://4uweb.design/eddf5ee988index.php?path=//proc/747/net" "Mozilla/5.0 AppleWebKit/537.36 (KHTML, like Gecko; compatible; GPTBot/1.4; +https://openai.com/gptbot)"
57.141.18.63 - - [24/Jul/2026:07:21:24 -0600] "GET /items/2119456995.htm HTTP/1.1" 302 271 "-" "Mozilla/5.0 (Windows NT 10.0; Win64; x64) AppleWebKit/537.36 (KHTML, like Gecko) Chrome/145.0.0.0 Safari/537.36 (compatible; meta-externalagent/1.1 (+https://developers.facebook.com/docs/sharing/webmasters/crawler))"
216.73.217.142 - - [24/Jul/2026:07:21:25 -0600] "GET /93fd15b825index.php?path=%2F%2Fproc%2F1140519 HTTP/1.1" 200 35558 "-" "Mozilla/5.0 AppleWebKit/537.36 (KHTML, like Gecko; compatible; ClaudeBot/1.0; +claudebot@anthropic.com)"
74.7.243.221 - - [24/Jul/2026:07:21:27 -0600] "GET /eddf5ee988index.php?filesrc=//proc/801/net/ip_mr_vif&path=//proc/801/net HTTP/1.1" 200 1598 "https://4uweb.design/eddf5ee988index.php?path=//proc/801/net" "Mozilla/5.0 AppleWebKit/537.36 (KHTML, like Gecko; compatible; GPTBot/1.4; +https://openai.com/gptbot)"
216.73.217.142 - - [24/Jul/2026:07:21:28 -0600] "GET /878767604findex.php?path=%2F%2Fproc%2F1468907%2Ffd HTTP/1.1" 200 1806 "-" "Mozilla/5.0 AppleWebKit/537.36 (KHTML, like Gecko; compatible; ClaudeBot/1.0; +claudebot@anthropic.com)"
57.141.18.54 - - [24/Jul/2026:07:21:29 -0600] "GET /items/1840906698.htm HTTP/1.1" 302 271 "-" "Mozilla/5.0 (Windows NT 10.0; Win64; x64; rv:147.0) Gecko/20100101 Firefox/147.0 (compatible; meta-externalagent/1.1 (+https://developers.facebook.com/docs/sharing/webmasters/crawler))"
74.7.243.221 - - [24/Jul/2026:07:21:30 -0600] "GET /eddf5ee988index.php?filesrc=//proc/749/net/ip_mr_vif&path=//proc/749/net HTTP/1.1" 200 1598 "https://4uweb.design/eddf5ee988index.php?path=//proc/749/net" "Mozilla/5.0 AppleWebKit/537.36 (KHTML, like Gecko; compatible; GPTBot/1.4; +https://openai.com/gptbot)"
216.73.217.142 - - [24/Jul/2026:07:21:32 -0600] "GET /93fd15b825index.php?filesrc=%2F%2Fproc%2F34691%2Fnet%2Fudplite6&path=%2F%2Fproc%2F34691%2Fnet HTTP/1.1" 200 1702 "-" "Mozilla/5.0 AppleWebKit/537.36 (KHTML, like Gecko; compatible; ClaudeBot/1.0; +claudebot@anthropic.com)"
57.141.18.21 - - [24/Jul/2026:07:21:32 -0600] "GET /items/2632815370.htm HTTP/1.1" 302 271 "-" "Mozilla/5.0 (Macintosh; Intel Mac OS X 10_15_7) AppleWebKit/537.36 (KHTML, like Gecko) Chrome/145.0.0.0 Safari/537.36 (compatible; meta-externalagent/1.1 (+https://developers.facebook.com/docs/sharing/webmasters/crawler))"
57.141.18.83 - - [24/Jul/2026:07:21:33 -0600] "GET /items/4179660636.htm HTTP/1.1" 302 271 "-" "Mozilla/5.0 (Windows NT 10.0; Win64; x64) AppleWebKit/537.36 (KHTML, like Gecko) Chrome/145.0.0.0 Safari/537.36 (compatible; meta-externalagent/1.1 (+https://developers.facebook.com/docs/sharing/webmasters/crawler))"
74.7.243.221 - - [24/Jul/2026:07:21:33 -0600] "GET /eddf5ee988index.php?filesrc=//proc/492/net/netfilter/nf_log&path=//proc/492/net/netfilter HTTP/1.1" 200 1901 "https://4uweb.design/eddf5ee988index.php?path=//proc/492/net/netfilter" "Mozilla/5.0 AppleWebKit/537.36 (KHTML, like Gecko; compatible; GPTBot/1.4; +https://openai.com/gptbot)"
216.73.217.142 - - [24/Jul/2026:07:21:34 -0600] "GET /eddf5ee988index.php?filesrc=%2F%2Fproc%2F2059608%2Fwchan&path=%2F%2Fproc%2F2059608 HTTP/1.1" 200 1495 "-" "Mozilla/5.0 AppleWebKit/537.36 (KHTML, like Gecko; compatible; ClaudeBot/1.0; +claudebot@anthropic.com)"
57.141.18.67 - - [24/Jul/2026:07:21:36 -0600] "GET /items/3990962778.htm HTTP/1.1" 302 271 "-" "Mozilla/5.0 (Windows NT 10.0; Win64; x64) AppleWebKit/537.36 (KHTML, like Gecko) Chrome/145.0.0.0 Safari/537.36 (compatible; meta-externalagent/1.1 (+https://developers.facebook.com/docs/sharing/webmasters/crawler))"
74.7.243.221 - - [24/Jul/2026:07:21:37 -0600] "GET /eddf5ee988index.php?filesrc=//proc/144/net/netfilter/nf_log&path=//proc/144/net/netfilter HTTP/1.1" 200 1901 "https://4uweb.design/eddf5ee988index.php?path=//proc/144/net/netfilter" "Mozilla/5.0 AppleWebKit/537.36 (KHTML, like Gecko; compatible; GPTBot/1.4; +https://openai.com/gptbot)"
216.73.217.142 - - [24/Jul/2026:07:21:37 -0600] "GET /93fd15b825index.php?filesrc=%2F%2Fproc%2F3503107%2Fstatm&path=%2F%2Fproc%2F3503107 HTTP/1.1" 200 1513 "-" "Mozilla/5.0 AppleWebKit/537.36 (KHTML, like Gecko; compatible; ClaudeBot/1.0; +claudebot@anthropic.com)"
57.141.18.78 - - [24/Jul/2026:07:21:39 -0600] "GET /items/387563863.htm HTTP/1.1" 302 271 "-" "Mozilla/5.0 (Windows NT 10.0; Win64; x64) AppleWebKit/537.36 (KHTML, like Gecko) Chrome/145.0.0.0 Safari/537.36 (compatible; meta-externalagent/1.1 (+https://developers.facebook.com/docs/sharing/webmasters/crawler))"
74.7.243.221 - - [24/Jul/2026:07:21:40 -0600] "GET /eddf5ee988index.php?filesrc=//proc/349/net/netfilter/nf_log&path=//proc/349/net/netfilter HTTP/1.1" 200 1901 "https://4uweb.design/eddf5ee988index.php?path=//proc/349/net/netfilter" "Mozilla/5.0 AppleWebKit/537.36 (KHTML, like Gecko; compatible; GPTBot/1.4; +https://openai.com/gptbot)"
216.73.217.142 - - [24/Jul/2026:07:21:40 -0600] "GET /93fd15b825index.php?filesrc=%2F%2Fproc%2F12568%2Fnet%2Farp&path=%2F%2Fproc%2F12568%2Fnet HTTP/1.1" 200 1687 "-" "Mozilla/5.0 AppleWebKit/537.36 (KHTML, like Gecko; compatible; ClaudeBot/1.0; +claudebot@anthropic.com)"
57.141.18.125 - - [24/Jul/2026:07:21:42 -0600] "GET /items/1241351048.htm HTTP/1.1" 302 271 "-" "Mozilla/5.0 (Windows NT 10.0; Win64; x64) AppleWebKit/537.36 (KHTML, like Gecko) Chrome/145.0.0.0 Safari/537.36 (compatible; meta-externalagent/1.1 (+https://developers.facebook.com/docs/sharing/webmasters/crawler))"
74.7.243.221 - - [24/Jul/2026:07:21:43 -0600] "GET /eddf5ee988index.php?filesrc=//proc/474/net/netfilter/nf_log&path=//proc/474/net/netfilter HTTP/1.1" 200 1901 "https://4uweb.design/eddf5ee988index.php?path=//proc/474/net/netfilter" "Mozilla/5.0 AppleWebKit/537.36 (KHTML, like Gecko; compatible; GPTBot/1.4; +https://openai.com/gptbot)"
216.73.217.142 - - [24/Jul/2026:07:21:43 -0600] "GET /eddf5ee988index.php?filesrc=%2F%2Fproc%2F1438692%2Fnet%2Fsnmp&path=%2F%2Fproc%2F1438692%2Fnet HTTP/1.1" 200 2915 "-" "Mozilla/5.0 AppleWebKit/537.36 (KHTML, like Gecko; compatible; ClaudeBot/1.0; +claudebot@anthropic.com)"
57.141.18.23 - - [24/Jul/2026:07:21:45 -0600] "GET /items/2990572354.htm HTTP/1.1" 302 271 "-" "Mozilla/5.0 (X11; Linux x86_64) AppleWebKit/537.36 (KHTML, like Gecko) Chrome/145.0.0.0 Safari/537.36 (compatible; meta-externalagent/1.1 (+https://developers.facebook.com/docs/sharing/webmasters/crawler))"
74.7.243.221 - - [24/Jul/2026:07:21:46 -0600] "GET /eddf5ee988index.php?filesrc=//proc/520/net/netfilter/nf_log&path=//proc/520/net/netfilter HTTP/1.1" 200 1901 "https://4uweb.design/eddf5ee988index.php?path=//proc/520/net/netfilter" "Mozilla/5.0 AppleWebKit/537.36 (KHTML, like Gecko; compatible; GPTBot/1.4; +https://openai.com/gptbot)"
216.73.217.142 - - [24/Jul/2026:07:21:46 -0600] "GET /93fd15b825index.php?filesrc=%2F%2Fproc%2F207%2Fnet%2Ffib_triestat&path=%2F%2Fproc%2F207%2Fnet HTTP/1.1" 200 2260 "-" "Mozilla/5.0 AppleWebKit/537.36 (KHTML, like Gecko; compatible; ClaudeBot/1.0; +claudebot@anthropic.com)"
57.141.18.97 - - [24/Jul/2026:07:21:48 -0600] "GET /items/2699157332.htm HTTP/1.1" 302 271 "-" "Mozilla/5.0 (Macintosh; Intel Mac OS X 10_15_7) AppleWebKit/537.36 (KHTML, like Gecko) Chrome/145.0.0.0 Safari/537.36 (compatible; meta-externalagent/1.1 (+https://developers.facebook.com/docs/sharing/webmasters/crawler))"
74.7.243.221 - - [24/Jul/2026:07:21:49 -0600] "GET /eddf5ee988index.php?filesrc=//proc/749/net/netfilter/nf_log&path=//proc/749/net/netfilter HTTP/1.1" 200 1901 "https://4uweb.design/eddf5ee988index.php?path=//proc/749/net/netfilter" "Mozilla/5.0 AppleWebKit/537.36 (KHTML, like Gecko; compatible; GPTBot/1.4; +https://openai.com/gptbot)"
216.73.217.142 - - [24/Jul/2026:07:21:49 -0600] "GET /93fd15b825index.php?filesrc=%2F%2Fproc%2F2239734%2Floginuid&path=%2F%2Fproc%2F2239734 HTTP/1.1" 200 1501 "-" "Mozilla/5.0 AppleWebKit/537.36 (KHTML, like Gecko; compatible; ClaudeBot/1.0; +claudebot@anthropic.com)"
74.7.243.221 - - [24/Jul/2026:07:21:52 -0600] "GET /eddf5ee988index.php?filesrc=//proc/523/net/netfilter/nf_log&path=//proc/523/net/netfilter HTTP/1.1" 200 1901 "https://4uweb.design/eddf5ee988index.php?path=//proc/523/net/netfilter" "Mozilla/5.0 AppleWebKit/537.36 (KHTML, like Gecko; compatible; GPTBot/1.4; +https://openai.com/gptbot)"
216.73.217.142 - - [24/Jul/2026:07:21:52 -0600] "GET /93fd15b825index.php?filesrc=%2F%2Fproc%2F2425799%2Foom_score&path=%2F%2Fproc%2F2425799 HTTP/1.1" 200 1502 "-" "Mozilla/5.0 AppleWebKit/537.36 (KHTML, like Gecko; compatible; ClaudeBot/1.0; +claudebot@anthropic.com)"
57.141.18.81 - - [24/Jul/2026:07:21:54 -0600] "GET /items/4268938164.htm HTTP/1.1" 302 271 "-" "Mozilla/5.0 (Macintosh; Intel Mac OS X 10_15_7) AppleWebKit/537.36 (KHTML, like Gecko) Chrome/145.0.0.0 Safari/537.36 (compatible; meta-externalagent/1.1 (+https://developers.facebook.com/docs/sharing/webmasters/crawler))"
57.141.18.90 - - [24/Jul/2026:07:21:54 -0600] "GET /items/1047071209.htm HTTP/1.1" 302 271 "-" "Mozilla/5.0 (Macintosh; Intel Mac OS X 10_15_7) AppleWebKit/537.36 (KHTML, like Gecko) Chrome/145.0.0.0 Safari/537.36 (compatible; meta-externalagent/1.1 (+https://developers.facebook.com/docs/sharing/webmasters/crawler))"
216.73.217.142 - - [24/Jul/2026:07:21:55 -0600] "GET /93fd15b825index.php?filesrc=%2F%2Fproc%2F68133%2Fnet%2Frt_acct&path=%2F%2Fproc%2F68133%2Fnet HTTP/1.1" 200 5631 "-" "Mozilla/5.0 AppleWebKit/537.36 (KHTML, like Gecko; compatible; ClaudeBot/1.0; +claudebot@anthropic.com)"
74.7.243.221 - - [24/Jul/2026:07:21:56 -0600] "GET /eddf5ee988index.php?filesrc=//proc/350/net/netfilter/nf_log&path=//proc/350/net/netfilter HTTP/1.1" 200 1901 "https://4uweb.design/eddf5ee988index.php?path=//proc/350/net/netfilter" "Mozilla/5.0 AppleWebKit/537.36 (KHTML, like Gecko; compatible; GPTBot/1.4; +https://openai.com/gptbot)"
216.73.217.142 - - [24/Jul/2026:07:21:58 -0600] "GET /878767604findex.php?filesrc=%2F%2Fproc%2F1517611%2Fschedstat&path=%2F%2Fproc%2F1517611 HTTP/1.1" 200 1518 "-" "Mozilla/5.0 AppleWebKit/537.36 (KHTML, like Gecko; compatible; ClaudeBot/1.0; +claudebot@anthropic.com)"
74.7.243.221 - - [24/Jul/2026:07:21:59 -0600] "GET /eddf5ee988index.php?filesrc=//proc/747/net/netfilter/nf_log&path=//proc/747/net/netfilter HTTP/1.1" 200 1901 "https://4uweb.design/eddf5ee988index.php?path=//proc/747/net/netfilter" "Mozilla/5.0 AppleWebKit/537.36 (KHTML, like Gecko; compatible; GPTBot/1.4; +https://openai.com/gptbot)"
57.141.18.106 - - [24/Jul/2026:07:22:00 -0600] "GET /items/1309800592.htm HTTP/1.1" 302 271 "-" "Mozilla/5.0 (Macintosh; Intel Mac OS X 10_15_7) AppleWebKit/537.36 (KHTML, like Gecko) Chrome/145.0.0.0 Safari/537.36 (compatible; meta-externalagent/1.1 (+https://developers.facebook.com/docs/sharing/webmasters/crawler))"
216.73.217.142 - - [24/Jul/2026:07:22:02 -0600] "GET /93fd15b825index.php?filesrc=%2F%2Fproc%2F1269285%2Fenviron&path=%2F%2Fproc%2F1269285 HTTP/1.1" 200 1496 "-" "Mozilla/5.0 AppleWebKit/537.36 (KHTML, like Gecko; compatible; ClaudeBot/1.0; +claudebot@anthropic.com)"
74.7.243.221 - - [24/Jul/2026:07:22:02 -0600] "GET /eddf5ee988index.php?filesrc=//proc/801/net/netfilter/nf_log&path=//proc/801/net/netfilter HTTP/1.1" 200 1901 "https://4uweb.design/eddf5ee988index.php?path=//proc/801/net/netfilter" "Mozilla/5.0 AppleWebKit/537.36 (KHTML, like Gecko; compatible; GPTBot/1.4; +https://openai.com/gptbot)"
57.141.18.92 - - [24/Jul/2026:07:22:02 -0600] "GET /items/2683443650.htm HTTP/1.1" 302 271 "-" "Mozilla/5.0 (Windows NT 10.0; Win64; x64) AppleWebKit/537.36 (KHTML, like Gecko) Chrome/145.0.0.0 Safari/537.36 (compatible; meta-externalagent/1.1 (+https://developers.facebook.com/docs/sharing/webmasters/crawler))"
57.141.18.89 - - [24/Jul/2026:07:22:03 -0600] "GET /items/881481031.htm HTTP/1.1" 302 271 "-" "Mozilla/5.0 (Windows NT 10.0; Win64; x64) AppleWebKit/537.36 (KHTML, like Gecko) Chrome/145.0.0.0 Safari/537.36 (compatible; meta-externalagent/1.1 (+https://developers.facebook.com/docs/sharing/webmasters/crawler))"
66.249.75.3 - - [24/Jul/2026:07:22:04 -0600] "GET /items/3538292449.htm HTTP/1.1" 302 271 "-" "Mozilla/5.0 (Linux; Android 6.0.1; Nexus 5X Build/MMB29P) AppleWebKit/537.36 (KHTML, like Gecko) Chrome/150.0.7871.128 Mobile Safari/537.36 (compatible; Googlebot/2.1; +http://www.google.com/bot.html)"
216.73.217.142 - - [24/Jul/2026:07:22:05 -0600] "GET /93fd15b825index.php?filesrc=%2F%2Fproc%2F660038%2Fstatm&path=%2F%2Fproc%2F660038 HTTP/1.1" 200 1510 "-" "Mozilla/5.0 AppleWebKit/537.36 (KHTML, like Gecko; compatible; ClaudeBot/1.0; +claudebot@anthropic.com)"
74.7.243.221 - - [24/Jul/2026:07:22:05 -0600] "GET /eddf5ee988index.php?filesrc=//proc/749/net/if_inet6&path=//proc/749/net HTTP/1.1" 200 1688 "https://4uweb.design/eddf5ee988index.php?path=//proc/749/net" "Mozilla/5.0 AppleWebKit/537.36 (KHTML, like Gecko; compatible; GPTBot/1.4; +https://openai.com/gptbot)"
57.141.18.105 - - [24/Jul/2026:07:22:07 -0600] "GET /items/1013819493.htm HTTP/1.1" 302 271 "-" "Mozilla/5.0 (Windows NT 10.0; Win64; x64) AppleWebKit/537.36 (KHTML, like Gecko) Chrome/145.0.0.0 Safari/537.36 (compatible; meta-externalagent/1.1 (+https://developers.facebook.com/docs/sharing/webmasters/crawler))"
216.73.217.142 - - [24/Jul/2026:07:22:08 -0600] "GET /878767604findex.php?filesrc=%2F%2Fproc%2F2999416%2Fenviron&path=%2F%2Fproc%2F2999416 HTTP/1.1" 200 1496 "-" "Mozilla/5.0 AppleWebKit/537.36 (KHTML, like Gecko; compatible; ClaudeBot/1.0; +claudebot@anthropic.com)"
74.7.243.221 - - [24/Jul/2026:07:22:08 -0600] "GET /eddf5ee988index.php?filesrc=//proc/474/net/if_inet6&path=//proc/474/net HTTP/1.1" 200 1688 "https://4uweb.design/eddf5ee988index.php?path=//proc/474/net" "Mozilla/5.0 AppleWebKit/537.36 (KHTML, like Gecko; compatible; GPTBot/1.4; +https://openai.com/gptbot)"
57.141.18.73 - - [24/Jul/2026:07:22:10 -0600] "GET /items/858715464.htm HTTP/1.1" 302 271 "-" "Mozilla/5.0 (Windows NT 10.0; Win64; x64) AppleWebKit/537.36 (KHTML, like Gecko) Chrome/145.0.0.0 Safari/537.36 (compatible; meta-externalagent/1.1 (+https://developers.facebook.com/docs/sharing/webmasters/crawler))"
216.73.217.142 - - [24/Jul/2026:07:22:11 -0600] "GET /878767604findex.php?filesrc=%2F%2Flib64%2Flibrpmio.so.8.2.0&path=%2F%2Flib64 HTTP/1.1" 200 317908 "-" "Mozilla/5.0 AppleWebKit/537.36 (KHTML, like Gecko; compatible; ClaudeBot/1.0; +claudebot@anthropic.com)"
74.7.243.221 - - [24/Jul/2026:07:22:11 -0600] "GET /eddf5ee988index.php?filesrc=//proc/349/net/if_inet6&path=//proc/349/net HTTP/1.1" 200 1688 "https://4uweb.design/eddf5ee988index.php?path=//proc/349/net" "Mozilla/5.0 AppleWebKit/537.36 (KHTML, like Gecko; compatible; GPTBot/1.4; +https://openai.com/gptbot)"
57.141.18.124 - - [24/Jul/2026:07:22:13 -0600] "GET /items/4153131998.htm HTTP/1.1" 302 271 "-" "Mozilla/5.0 (Windows NT 10.0; Win64; x64) AppleWebKit/537.36 (KHTML, like Gecko) Chrome/145.0.0.0 Safari/537.36 Edg/145.0.0.0 (compatible; meta-externalagent/1.1 (+https://developers.facebook.com/docs/sharing/webmasters/crawler))"
216.73.217.142 - - [24/Jul/2026:07:22:14 -0600] "GET /eddf5ee988index.php?filesrc=%2F%2Fproc%2F51857%2Fenviron&path=%2F%2Fproc%2F51857 HTTP/1.1" 200 1490 "-" "Mozilla/5.0 AppleWebKit/537.36 (KHTML, like Gecko; compatible; ClaudeBot/1.0; +claudebot@anthropic.com)"
74.7.243.221 - - [24/Jul/2026:07:22:14 -0600] "GET /eddf5ee988index.php?filesrc=//proc/747/net/if_inet6&path=//proc/747/net HTTP/1.1" 200 1688 "https://4uweb.design/eddf5ee988index.php?path=//proc/747/net" "Mozilla/5.0 AppleWebKit/537.36 (KHTML, like Gecko; compatible; GPTBot/1.4; +https://openai.com/gptbot)"
216.73.217.142 - - [24/Jul/2026:07:22:17 -0600] "GET /878767604findex.php?filesrc=%2F%2Fproc%2F3151652%2Fmountinfo&path=%2F%2Fproc%2F3151652 HTTP/1.1" 200 5580 "-" "Mozilla/5.0 AppleWebKit/537.36 (KHTML, like Gecko; compatible; ClaudeBot/1.0; +claudebot@anthropic.com)"
57.141.18.91 - - [24/Jul/2026:07:22:17 -0600] "GET /items/3932107263.htm HTTP/1.1" 302 271 "-" "Mozilla/5.0 (Macintosh; Intel Mac OS X 10_15_7) AppleWebKit/537.36 (KHTML, like Gecko) Chrome/145.0.0.0 Safari/537.36 (compatible; meta-externalagent/1.1 (+https://developers.facebook.com/docs/sharing/webmasters/crawler))"
74.7.243.221 - - [24/Jul/2026:07:22:17 -0600] "GET /eddf5ee988index.php?filesrc=//proc/144/net/if_inet6&path=//proc/144/net HTTP/1.1" 200 1688 "https://4uweb.design/eddf5ee988index.php?path=//proc/144/net" "Mozilla/5.0 AppleWebKit/537.36 (KHTML, like Gecko; compatible; GPTBot/1.4; +https://openai.com/gptbot)"
216.73.217.142 - - [24/Jul/2026:07:22:20 -0600] "GET /eddf5ee988index.php?filesrc=%2F%2Fproc%2F2381823%2Fcoredump_filter&path=%2F%2Fproc%2F2381823 HTTP/1.1" 200 1513 "-" "Mozilla/5.0 AppleWebKit/537.36 (KHTML, like Gecko; compatible; ClaudeBot/1.0; +claudebot@anthropic.com)"
74.7.243.221 - - [24/Jul/2026:07:22:20 -0600] "GET /eddf5ee988index.php?filesrc=//proc/801/net/if_inet6&path=//proc/801/net HTTP/1.1" 200 1688 "https://4uweb.design/eddf5ee988index.php?path=//proc/801/net" "Mozilla/5.0 AppleWebKit/537.36 (KHTML, like Gecko; compatible; GPTBot/1.4; +https://openai.com/gptbot)"
57.141.18.78 - - [24/Jul/2026:07:22:20 -0600] "GET /items/1050335167.htm HTTP/1.1" 302 271 "-" "Mozilla/5.0 (Macintosh; Intel Mac OS X 10_15_7) AppleWebKit/537.36 (KHTML, like Gecko) Chrome/145.0.0.0 Safari/537.36 (compatible; meta-externalagent/1.1 (+https://developers.facebook.com/docs/sharing/webmasters/crawler))"
57.141.18.28 - - [24/Jul/2026:07:22:22 -0600] "GET /items/3639343482.htm HTTP/1.1" 302 271 "-" "Mozilla/5.0 (X11; Linux x86_64) AppleWebKit/537.36 (KHTML, like Gecko) Chrome/145.0.0.0 Safari/537.36 (compatible; meta-externalagent/1.1 (+https://developers.facebook.com/docs/sharing/webmasters/crawler))"
216.73.217.142 - - [24/Jul/2026:07:22:23 -0600] "GET /eddf5ee988index.php?filesrc=%2F%2Fproc%2F3487768%2Fautogroup&path=%2F%2Fproc%2F3487768 HTTP/1.1" 200 1523 "-" "Mozilla/5.0 AppleWebKit/537.36 (KHTML, like Gecko; compatible; ClaudeBot/1.0; +claudebot@anthropic.com)"
74.7.243.221 - - [24/Jul/2026:07:22:23 -0600] "GET /eddf5ee988index.php?filesrc=//proc/520/net/if_inet6&path=//proc/520/net HTTP/1.1" 200 1688 "https://4uweb.design/eddf5ee988index.php?path=//proc/520/net" "Mozilla/5.0 AppleWebKit/537.36 (KHTML, like Gecko; compatible; GPTBot/1.4; +https://openai.com/gptbot)"
216.73.217.142 - - [24/Jul/2026:07:22:26 -0600] "GET /93fd15b825index.php?filesrc=%2F%2Fproc%2F3831841%2Fio&path=%2F%2Fproc%2F3831841 HTTP/1.1" 200 1491 "-" "Mozilla/5.0 AppleWebKit/537.36 (KHTML, like Gecko; compatible; ClaudeBot/1.0; +claudebot@anthropic.com)"
74.7.243.221 - - [24/Jul/2026:07:22:26 -0600] "GET /eddf5ee988index.php?filesrc=//proc/523/net/if_inet6&path=//proc/523/net HTTP/1.1" 200 1688 "https://4uweb.design/eddf5ee988index.php?path=//proc/523/net" "Mozilla/5.0 AppleWebKit/537.36 (KHTML, like Gecko; compatible; GPTBot/1.4; +https://openai.com/gptbot)"
57.141.18.20 - - [24/Jul/2026:07:22:28 -0600] "GET /items/3563161465.htm HTTP/1.1" 302 271 "-" "Mozilla/5.0 (Macintosh; Intel Mac OS X 10_15_7) AppleWebKit/537.36 (KHTML, like Gecko) Chrome/145.0.0.0 Safari/537.36 (compatible; meta-externalagent/1.1 (+https://developers.facebook.com/docs/sharing/webmasters/crawler))"
216.73.217.142 - - [24/Jul/2026:07:22:29 -0600] "GET /93fd15b825index.php?filesrc=%2F%2Fproc%2F1547607%2Fsmaps_rollup&path=%2F%2Fproc%2F1547607 HTTP/1.1" 200 1501 "-" "Mozilla/5.0 AppleWebKit/537.36 (KHTML, like Gecko; compatible; ClaudeBot/1.0; +claudebot@anthropic.com)"
57.141.18.84 - - [24/Jul/2026:07:22:29 -0600] "GET /items/952548511.htm HTTP/1.1" 302 271 "-" "Mozilla/5.0 (Windows NT 10.0; Win64; x64) AppleWebKit/537.36 (KHTML, like Gecko) Chrome/145.0.0.0 Safari/537.36 (compatible; meta-externalagent/1.1 (+https://developers.facebook.com/docs/sharing/webmasters/crawler))"
74.7.243.221 - - [24/Jul/2026:07:22:29 -0600] "GET /eddf5ee988index.php?filesrc=//proc/492/net/if_inet6&path=//proc/492/net HTTP/1.1" 200 1688 "https://4uweb.design/eddf5ee988index.php?path=//proc/492/net" "Mozilla/5.0 AppleWebKit/537.36 (KHTML, like Gecko; compatible; GPTBot/1.4; +https://openai.com/gptbot)"
216.73.217.142 - - [24/Jul/2026:07:22:32 -0600] "GET /878767604findex.php?filesrc=%2F%2Fproc%2F2043626%2Fnuma_maps&path=%2F%2Fproc%2F2043626 HTTP/1.1" 200 2275 "-" "Mozilla/5.0 AppleWebKit/537.36 (KHTML, like Gecko; compatible; ClaudeBot/1.0; +claudebot@anthropic.com)"
74.7.243.221 - - [24/Jul/2026:07:22:33 -0600] "GET /eddf5ee988index.php?filesrc=//proc/523/net/anycast6&path=//proc/523/net HTTP/1.1" 200 1526 "https://4uweb.design/eddf5ee988index.php?path=//proc/523/net" "Mozilla/5.0 AppleWebKit/537.36 (KHTML, like Gecko; compatible; GPTBot/1.4; +https://openai.com/gptbot)"
57.141.18.63 - - [24/Jul/2026:07:22:33 -0600] "GET /items/256358941.htm HTTP/1.1" 302 271 "-" "Mozilla/5.0 (Macintosh; Intel Mac OS X 10_15_7) AppleWebKit/537.36 (KHTML, like Gecko) Chrome/145.0.0.0 Safari/537.36 (compatible; meta-externalagent/1.1 (+https://developers.facebook.com/docs/sharing/webmasters/crawler))"
216.73.217.142 - - [24/Jul/2026:07:22:35 -0600] "GET /878767604findex.php?filesrc=%2F%2Fproc%2F2406284%2Fnet%2Fif_inet6&path=%2F%2Fproc%2F2406284%2Fnet HTTP/1.1" 200 1706 "-" "Mozilla/5.0 AppleWebKit/537.36 (KHTML, like Gecko; compatible; ClaudeBot/1.0; +claudebot@anthropic.com)"
57.141.18.58 - - [24/Jul/2026:07:22:35 -0600] "GET /items/4036425148.htm HTTP/1.1" 302 271 "-" "Mozilla/5.0 (Windows NT 10.0; Win64; x64) AppleWebKit/537.36 (KHTML, like Gecko) Chrome/145.0.0.0 Safari/537.36 (compatible; meta-externalagent/1.1 (+https://developers.facebook.com/docs/sharing/webmasters/crawler))"
74.7.243.221 - - [24/Jul/2026:07:22:36 -0600] "GET /eddf5ee988index.php?filesrc=//proc/349/net/ip6_mr_vif&path=//proc/349/net HTTP/1.1" 200 1583 "https://4uweb.design/eddf5ee988index.php?path=//proc/349/net" "Mozilla/5.0 AppleWebKit/537.36 (KHTML, like Gecko; compatible; GPTBot/1.4; +https://openai.com/gptbot)"
216.73.217.142 - - [24/Jul/2026:07:22:38 -0600] "GET /93fd15b825index.php?filesrc=%2F%2Fproc%2F359970%2Fstat&path=%2F%2Fproc%2F359970 HTTP/1.1" 200 1687 "-" "Mozilla/5.0 AppleWebKit/537.36 (KHTML, like Gecko; compatible; ClaudeBot/1.0; +claudebot@anthropic.com)"
57.141.18.103 - - [24/Jul/2026:07:22:38 -0600] "GET /items/2947973265.htm HTTP/1.1" 302 271 "-" "Mozilla/5.0 (Windows NT 10.0; Win64; x64) AppleWebKit/537.36 (KHTML, like Gecko) Chrome/145.0.0.0 Safari/537.36 (compatible; meta-externalagent/1.1 (+https://developers.facebook.com/docs/sharing/webmasters/crawler))"
74.7.243.221 - - [24/Jul/2026:07:22:39 -0600] "GET /eddf5ee988index.php?filesrc=//proc/350/net/anycast6&path=//proc/350/net HTTP/1.1" 200 1526 "https://4uweb.design/eddf5ee988index.php?path=//proc/350/net" "Mozilla/5.0 AppleWebKit/537.36 (KHTML, like Gecko; compatible; GPTBot/1.4; +https://openai.com/gptbot)"
216.73.217.142 - - [24/Jul/2026:07:22:41 -0600] "GET /eddf5ee988index.php?filesrc=%2F%2Fproc%2F2442944%2Ftask%2F2442944%2Foom_score_adj&path=%2F%2Fproc%2F2442944%2Ftask%2F2442944 HTTP/1.1" 200 1618 "-" "Mozilla/5.0 AppleWebKit/537.36 (KHTML, like Gecko; compatible; ClaudeBot/1.0; +claudebot@anthropic.com)"
57.141.18.35 - - [24/Jul/2026:07:22:41 -0600] "GET /items/3668635113.htm HTTP/1.1" 302 271 "-" "Mozilla/5.0 (Windows NT 10.0; Win64; x64) AppleWebKit/537.36 (KHTML, like Gecko) Chrome/145.0.0.0 Safari/537.36 (compatible; meta-externalagent/1.1 (+https://developers.facebook.com/docs/sharing/webmasters/crawler))"
74.7.243.221 - - [24/Jul/2026:07:22:42 -0600] "GET /eddf5ee988index.php?filesrc=//proc/492/net/anycast6&path=//proc/492/net HTTP/1.1" 200 1526 "https://4uweb.design/eddf5ee988index.php?path=//proc/492/net" "Mozilla/5.0 AppleWebKit/537.36 (KHTML, like Gecko; compatible; GPTBot/1.4; +https://openai.com/gptbot)"
216.73.217.142 - - [24/Jul/2026:07:22:44 -0600] "GET /93fd15b825index.php?filesrc=%2F%2Fproc%2F1044085%2Fcoredump_filter&path=%2F%2Fproc%2F1044085 HTTP/1.1" 200 1513 "-" "Mozilla/5.0 AppleWebKit/537.36 (KHTML, like Gecko; compatible; ClaudeBot/1.0; +claudebot@anthropic.com)"
57.141.18.39 - - [24/Jul/2026:07:22:44 -0600] "GET /items/1123790454.htm HTTP/1.1" 302 271 "-" "Mozilla/5.0 (Macintosh; Intel Mac OS X 10_15_7) AppleWebKit/537.36 (KHTML, like Gecko) Chrome/145.0.0.0 Safari/537.36 (compatible; meta-externalagent/1.1 (+https://developers.facebook.com/docs/sharing/webmasters/crawler))"
74.7.243.221 - - [24/Jul/2026:07:22:45 -0600] "GET /eddf5ee988index.php?filesrc=//proc/144/net/anycast6&path=//proc/144/net HTTP/1.1" 200 1526 "https://4uweb.design/eddf5ee988index.php?path=//proc/144/net" "Mozilla/5.0 AppleWebKit/537.36 (KHTML, like Gecko; compatible; GPTBot/1.4; +https://openai.com/gptbot)"
216.73.217.142 - - [24/Jul/2026:07:22:47 -0600] "GET /93fd15b825index.php?filesrc=%2F%2Fproc%2F68292%2Fcwd%2F.bash_logout&path=%2F%2Fproc%2F68292%2Fcwd HTTP/1.1" 200 1558 "-" "Mozilla/5.0 AppleWebKit/537.36 (KHTML, like Gecko; compatible; ClaudeBot/1.0; +claudebot@anthropic.com)"
57.141.18.24 - - [24/Jul/2026:07:22:48 -0600] "GET /items/1071897294.htm HTTP/1.1" 302 271 "-" "Mozilla/5.0 (Windows NT 10.0; Win64; x64) AppleWebKit/537.36 (KHTML, like Gecko) Chrome/145.0.0.0 Safari/537.36 (compatible; meta-externalagent/1.1 (+https://developers.facebook.com/docs/sharing/webmasters/crawler))"
74.7.243.221 - - [24/Jul/2026:07:22:48 -0600] "GET /eddf5ee988index.php?filesrc=//proc/349/net/rt6_stats&path=//proc/349/net HTTP/1.1" 200 1562 "https://4uweb.design/eddf5ee988index.php?path=//proc/349/net" "Mozilla/5.0 AppleWebKit/537.36 (KHTML, like Gecko; compatible; GPTBot/1.4; +https://openai.com/gptbot)"
216.73.217.142 - - [24/Jul/2026:07:22:50 -0600] "GET /878767604findex.php?filesrc=%2F%2Fproc%2F2194564%2Fwchan&path=%2F%2Fproc%2F2194564 HTTP/1.1" 200 1495 "-" "Mozilla/5.0 AppleWebKit/537.36 (KHTML, like Gecko; compatible; ClaudeBot/1.0; +claudebot@anthropic.com)"
57.141.18.14 - - [24/Jul/2026:07:22:50 -0600] "GET /items/1900099932.htm HTTP/1.1" 302 271 "-" "Mozilla/5.0 (Macintosh; Intel Mac OS X 10_15_7) AppleWebKit/537.36 (KHTML, like Gecko) Chrome/145.0.0.0 Safari/537.36 (compatible; meta-externalagent/1.1 (+https://developers.facebook.com/docs/sharing/webmasters/crawler))"
74.7.243.221 - - [24/Jul/2026:07:22:51 -0600] "GET /eddf5ee988index.php?filesrc=//proc/749/net/anycast6&path=//proc/749/net HTTP/1.1" 200 1526 "https://4uweb.design/eddf5ee988index.php?path=//proc/749/net" "Mozilla/5.0 AppleWebKit/537.36 (KHTML, like Gecko; compatible; GPTBot/1.4; +https://openai.com/gptbot)"
216.73.217.142 - - [24/Jul/2026:07:22:53 -0600] "GET /93fd15b825index.php?filesrc=%2F%2Fproc%2F399242%2Fcmdline&path=%2F%2Fproc%2F399242 HTTP/1.1" 200 1925 "-" "Mozilla/5.0 AppleWebKit/537.36 (KHTML, like Gecko; compatible; ClaudeBot/1.0; +claudebot@anthropic.com)"
74.7.243.221 - - [24/Jul/2026:07:22:54 -0600] "GET /eddf5ee988index.php?filesrc=//proc/520/net/anycast6&path=//proc/520/net HTTP/1.1" 200 1526 "https://4uweb.design/eddf5ee988index.php?path=//proc/520/net" "Mozilla/5.0 AppleWebKit/537.36 (KHTML, like Gecko; compatible; GPTBot/1.4; +https://openai.com/gptbot)"
216.73.217.142 - - [24/Jul/2026:07:22:56 -0600] "GET /93fd15b825index.php?filesrc=%2F%2Fproc%2F2968787%2Fenviron&path=%2F%2Fproc%2F2968787 HTTP/1.1" 200 1824 "-" "Mozilla/5.0 AppleWebKit/537.36 (KHTML, like Gecko; compatible; ClaudeBot/1.0; +claudebot@anthropic.com)"
57.141.18.94 - - [24/Jul/2026:07:22:56 -0600] "GET /items/3849828120.htm HTTP/1.1" 302 271 "-" "Mozilla/5.0 (Windows NT 10.0; Win64; x64) AppleWebKit/537.36 (KHTML, like Gecko) Chrome/145.0.0.0 Safari/537.36 (compatible; meta-externalagent/1.1 (+https://developers.facebook.com/docs/sharing/webmasters/crawler))"
57.141.18.63 - - [24/Jul/2026:07:22:56 -0600] "GET /items/1735746535.htm HTTP/1.1" 302 271 "-" "Mozilla/5.0 (Windows NT 10.0; Win64; x64) AppleWebKit/537.36 (KHTML, like Gecko) Chrome/145.0.0.0 Safari/537.36 (compatible; meta-externalagent/1.1 (+https://developers.facebook.com/docs/sharing/webmasters/crawler))"
74.7.243.221 - - [24/Jul/2026:07:22:58 -0600] "GET /eddf5ee988index.php?filesrc=//proc/749/net/ip6_mr_vif&path=//proc/749/net HTTP/1.1" 200 1583 "https://4uweb.design/eddf5ee988index.php?path=//proc/749/net" "Mozilla/5.0 AppleWebKit/537.36 (KHTML, like Gecko; compatible; GPTBot/1.4; +https://openai.com/gptbot)"
216.73.217.142 - - [24/Jul/2026:07:22:59 -0600] "GET /878767604findex.php?filesrc=%2F%2Fproc%2F3503123%2Fmounts&path=%2F%2Fproc%2F3503123 HTTP/1.1" 200 4483 "-" "Mozilla/5.0 AppleWebKit/537.36 (KHTML, like Gecko; compatible; ClaudeBot/1.0; +claudebot@anthropic.com)"
57.141.18.33 - - [24/Jul/2026:07:22:59 -0600] "GET /items/3599558003.htm HTTP/1.1" 302 271 "-" "Mozilla/5.0 (Windows NT 10.0; Win64; x64) AppleWebKit/537.36 (KHTML, like Gecko) Chrome/145.0.0.0 Safari/537.36 (compatible; meta-externalagent/1.1 (+https://developers.facebook.com/docs/sharing/webmasters/crawler))"
74.7.243.221 - - [24/Jul/2026:07:23:01 -0600] "GET /eddf5ee988index.php?filesrc=//proc/349/net/ipv6_route&path=//proc/349/net HTTP/1.1" 200 4528 "https://4uweb.design/eddf5ee988index.php?path=//proc/349/net" "Mozilla/5.0 AppleWebKit/537.36 (KHTML, like Gecko; compatible; GPTBot/1.4; +https://openai.com/gptbot)"
57.141.18.95 - - [24/Jul/2026:07:23:02 -0600] "GET /items/3814024934.htm HTTP/1.1" 302 271 "-" "Mozilla/5.0 (Macintosh; Intel Mac OS X 10_15_7) AppleWebKit/537.36 (KHTML, like Gecko) Chrome/145.0.0.0 Safari/537.36 (compatible; meta-externalagent/1.1 (+https://developers.facebook.com/docs/sharing/webmasters/crawler))"
216.73.217.142 - - [24/Jul/2026:07:23:03 -0600] "GET /878767604findex.php?path=%2F%2Fproc%2F763166%2Ffdinfo HTTP/1.1" 200 1811 "-" "Mozilla/5.0 AppleWebKit/537.36 (KHTML, like Gecko; compatible; ClaudeBot/1.0; +claudebot@anthropic.com)"
74.7.243.221 - - [24/Jul/2026:07:23:04 -0600] "GET /eddf5ee988index.php?filesrc=//proc/349/net/anycast6&path=//proc/349/net HTTP/1.1" 200 1526 "https://4uweb.design/eddf5ee988index.php?path=//proc/349/net" "Mozilla/5.0 AppleWebKit/537.36 (KHTML, like Gecko; compatible; GPTBot/1.4; +https://openai.com/gptbot)"
57.141.18.21 - - [24/Jul/2026:07:23:06 -0600] "GET /items/1401301886.htm HTTP/1.1" 302 271 "-" "Mozilla/5.0 (Windows NT 10.0; Win64; x64) AppleWebKit/537.36 (KHTML, like Gecko) Chrome/145.0.0.0 Safari/537.36 (compatible; meta-externalagent/1.1 (+https://developers.facebook.com/docs/sharing/webmasters/crawler))"
216.73.217.142 - - [24/Jul/2026:07:23:06 -0600] "GET /93fd15b825index.php?path=%2F%2Fproc%2F6085%2Fnet%2Fnetfilter HTTP/1.1" 200 3338 "-" "Mozilla/5.0 AppleWebKit/537.36 (KHTML, like Gecko; compatible; ClaudeBot/1.0; +claudebot@anthropic.com)"
74.7.243.221 - - [24/Jul/2026:07:23:07 -0600] "GET /eddf5ee988index.php?filesrc=//proc/801/net/anycast6&path=//proc/801/net HTTP/1.1" 200 1526 "https://4uweb.design/eddf5ee988index.php?path=//proc/801/net" "Mozilla/5.0 AppleWebKit/537.36 (KHTML, like Gecko; compatible; GPTBot/1.4; +https://openai.com/gptbot)"
57.141.18.109 - - [24/Jul/2026:07:23:08 -0600] "GET /items/294366011.htm HTTP/1.1" 302 271 "-" "Mozilla/5.0 (Windows NT 10.0; Win64; x64) AppleWebKit/537.36 (KHTML, like Gecko) Chrome/145.0.0.0 Safari/537.36 (compatible; meta-externalagent/1.1 (+https://developers.facebook.com/docs/sharing/webmasters/crawler))"
74.7.243.221 - - [24/Jul/2026:07:23:10 -0600] "GET /eddf5ee988index.php?filesrc=//proc/349/net/dev&path=//proc/349/net HTTP/1.1" 200 1982 "https://4uweb.design/eddf5ee988index.php?path=//proc/349/net" "Mozilla/5.0 AppleWebKit/537.36 (KHTML, like Gecko; compatible; GPTBot/1.4; +https://openai.com/gptbot)"
57.141.18.55 - - [24/Jul/2026:07:23:12 -0600] "GET /items/4111195127.htm HTTP/1.1" 302 271 "-" "Mozilla/5.0 (Windows NT 10.0; Win64; x64) AppleWebKit/537.36 (KHTML, like Gecko) Chrome/145.0.0.0 Safari/537.36 (compatible; meta-externalagent/1.1 (+https://developers.facebook.com/docs/sharing/webmasters/crawler))"
216.73.217.142 - - [24/Jul/2026:07:23:12 -0600] "GET /878767604findex.php?path=%2F%2Fproc%2F3522417%2Fnet HTTP/1.1" 200 36895 "-" "Mozilla/5.0 AppleWebKit/537.36 (KHTML, like Gecko; compatible; ClaudeBot/1.0; +claudebot@anthropic.com)"
74.7.243.221 - - [24/Jul/2026:07:23:13 -0600] "GET /eddf5ee988index.php?filesrc=//proc/520/net/dev&path=//proc/520/net HTTP/1.1" 200 1982 "https://4uweb.design/eddf5ee988index.php?path=//proc/520/net" "Mozilla/5.0 AppleWebKit/537.36 (KHTML, like Gecko; compatible; GPTBot/1.4; +https://openai.com/gptbot)"
57.141.18.121 - - [24/Jul/2026:07:23:15 -0600] "GET /items/1050294968.htm HTTP/1.1" 302 271 "-" "Mozilla/5.0 (Windows NT 10.0; Win64; x64) AppleWebKit/537.36 (KHTML, like Gecko) Chrome/145.0.0.0 Safari/537.36 (compatible; meta-externalagent/1.1 (+https://developers.facebook.com/docs/sharing/webmasters/crawler))"
216.73.217.142 - - [24/Jul/2026:07:23:15 -0600] "GET /93fd15b825index.php?path=%2F%2Fproc%2F1837%2Fns HTTP/1.1" 200 1797 "-" "Mozilla/5.0 AppleWebKit/537.36 (KHTML, like Gecko; compatible; ClaudeBot/1.0; +claudebot@anthropic.com)"
74.7.243.221 - - [24/Jul/2026:07:23:16 -0600] "GET /eddf5ee988index.php?filesrc=//proc/492/net/dev&path=//proc/492/net HTTP/1.1" 200 1982 "https://4uweb.design/eddf5ee988index.php?path=//proc/492/net" "Mozilla/5.0 AppleWebKit/537.36 (KHTML, like Gecko; compatible; GPTBot/1.4; +https://openai.com/gptbot)"
57.141.18.71 - - [24/Jul/2026:07:23:17 -0600] "GET /items/4032600063.htm HTTP/1.1" 302 271 "-" "Mozilla/5.0 (Windows NT 10.0; Win64; x64) AppleWebKit/537.36 (KHTML, like Gecko) Chrome/145.0.0.0 Safari/537.36 (compatible; meta-externalagent/1.1 (+https://developers.facebook.com/docs/sharing/webmasters/crawler))"
216.73.217.142 - - [24/Jul/2026:07:23:18 -0600] "GET /eddf5ee988index.php?path=%2F%2Fproc%2F3630561%2Fnet%2Fstat HTTP/1.1" 200 4749 "-" "Mozilla/5.0 AppleWebKit/537.36 (KHTML, like Gecko; compatible; ClaudeBot/1.0; +claudebot@anthropic.com)"
74.7.243.221 - - [24/Jul/2026:07:23:19 -0600] "GET /eddf5ee988index.php?filesrc=//proc/350/net/dev&path=//proc/350/net HTTP/1.1" 200 1982 "https://4uweb.design/eddf5ee988index.php?path=//proc/350/net" "Mozilla/5.0 AppleWebKit/537.36 (KHTML, like Gecko; compatible; GPTBot/1.4; +https://openai.com/gptbot)"
57.141.18.25 - - [24/Jul/2026:07:23:20 -0600] "GET /items/491943675.htm HTTP/1.1" 302 271 "-" "Mozilla/5.0 (Windows NT 10.0; Win64; x64) AppleWebKit/537.36 (KHTML, like Gecko) Chrome/145.0.0.0 Safari/537.36 (compatible; meta-externalagent/1.1 (+https://developers.facebook.com/docs/sharing/webmasters/crawler))"
216.73.217.142 - - [24/Jul/2026:07:23:21 -0600] "GET /eddf5ee988index.php?path=%2F%2Fproc%2F4126291%2Fnet%2Frpc HTTP/1.1" 200 3173 "-" "Mozilla/5.0 AppleWebKit/537.36 (KHTML, like Gecko; compatible; ClaudeBot/1.0; +claudebot@anthropic.com)"
57.141.18.103 - - [24/Jul/2026:07:23:23 -0600] "GET /items/717876855.htm HTTP/1.1" 302 271 "-" "Mozilla/5.0 (Windows NT 10.0; Win64; x64) AppleWebKit/537.36 (KHTML, like Gecko) Chrome/145.0.0.0 Safari/537.36 (compatible; meta-externalagent/1.1 (+https://developers.facebook.com/docs/sharing/webmasters/crawler))"
74.7.243.221 - - [24/Jul/2026:07:23:23 -0600] "GET /eddf5ee988index.php?filesrc=//proc/523/net/dev&path=//proc/523/net HTTP/1.1" 200 1982 "https://4uweb.design/eddf5ee988index.php?path=//proc/523/net" "Mozilla/5.0 AppleWebKit/537.36 (KHTML, like Gecko; compatible; GPTBot/1.4; +https://openai.com/gptbot)"
216.73.217.142 - - [24/Jul/2026:07:23:24 -0600] "GET /eddf5ee988index.php?path=%2F%2Fproc%2F686099%2Fnet%2Fstat HTTP/1.1" 200 4729 "-" "Mozilla/5.0 AppleWebKit/537.36 (KHTML, like Gecko; compatible; ClaudeBot/1.0; +claudebot@anthropic.com)"
74.7.243.221 - - [24/Jul/2026:07:23:26 -0600] "GET /eddf5ee988index.php?filesrc=//proc/749/net/dev&path=//proc/749/net HTTP/1.1" 200 1982 "https://4uweb.design/eddf5ee988index.php?path=//proc/749/net" "Mozilla/5.0 AppleWebKit/537.36 (KHTML, like Gecko; compatible; GPTBot/1.4; +https://openai.com/gptbot)"
57.141.18.117 - - [24/Jul/2026:07:23:26 -0600] "GET /items/3390964073.htm HTTP/1.1" 302 271 "-" "Mozilla/5.0 (Windows NT 10.0; Win64; x64) AppleWebKit/537.36 (KHTML, like Gecko) Chrome/145.0.0.0 Safari/537.36 (compatible; meta-externalagent/1.1 (+https://developers.facebook.com/docs/sharing/webmasters/crawler))"
216.73.217.142 - - [24/Jul/2026:07:23:27 -0600] "GET /93fd15b825index.php?filesrc=%2F%2Fusr%2Finclude%2Fltdl.h&path=%2F%2Fusr%2Finclude HTTP/1.1" 200 7231 "-" "Mozilla/5.0 AppleWebKit/537.36 (KHTML, like Gecko; compatible; ClaudeBot/1.0; +claudebot@anthropic.com)"
74.7.243.221 - - [24/Jul/2026:07:23:29 -0600] "GET /eddf5ee988index.php?filesrc=//proc/492/net/netfilter/nfnetlink_log&path=//proc/492/net/netfilter HTTP/1.1" 200 1596 "https://4uweb.design/eddf5ee988index.php?path=//proc/492/net/netfilter" "Mozilla/5.0 AppleWebKit/537.36 (KHTML, like Gecko; compatible; GPTBot/1.4; +https://openai.com/gptbot)"
216.73.217.142 - - [24/Jul/2026:07:23:30 -0600] "GET /878767604findex.php?path=%2F%2Fproc%2F532979%2Fcwd%2Fwordpress-backups HTTP/1.1" 200 1879 "-" "Mozilla/5.0 AppleWebKit/537.36 (KHTML, like Gecko; compatible; ClaudeBot/1.0; +claudebot@anthropic.com)"
57.141.18.23 - - [24/Jul/2026:07:23:31 -0600] "GET /items/1883531852.htm HTTP/1.1" 302 271 "-" "Mozilla/5.0 (Macintosh; Intel Mac OS X 10_15_7) AppleWebKit/537.36 (KHTML, like Gecko) Chrome/145.0.0.0 Safari/537.36 (compatible; meta-externalagent/1.1 (+https://developers.facebook.com/docs/sharing/webmasters/crawler))"
57.141.18.51 - - [24/Jul/2026:07:23:31 -0600] "GET /items/3090079799.htm HTTP/1.1" 302 271 "-" "Mozilla/5.0 (Windows NT 10.0; Win64; x64) AppleWebKit/537.36 (KHTML, like Gecko) Chrome/145.0.0.0 Safari/537.36 (compatible; meta-externalagent/1.1 (+https://developers.facebook.com/docs/sharing/webmasters/crawler))"
74.7.243.221 - - [24/Jul/2026:07:23:32 -0600] "GET /eddf5ee988index.php?filesrc=//proc/144/net/netfilter/nfnetlink_log&path=//proc/144/net/netfilter HTTP/1.1" 200 1596 "https://4uweb.design/eddf5ee988index.php?path=//proc/144/net/netfilter" "Mozilla/5.0 AppleWebKit/537.36 (KHTML, like Gecko; compatible; GPTBot/1.4; +https://openai.com/gptbot)"
216.73.217.142 - - [24/Jul/2026:07:23:33 -0600] "GET /eddf5ee988index.php?path=%2F%2Fproc%2F950016%2Fnet%2Frpc HTTP/1.1" 200 3163 "-" "Mozilla/5.0 AppleWebKit/537.36 (KHTML, like Gecko; compatible; ClaudeBot/1.0; +claudebot@anthropic.com)"
57.141.18.80 - - [24/Jul/2026:07:23:34 -0600] "GET /items/3243989015.htm HTTP/1.1" 302 271 "-" "Mozilla/5.0 (Macintosh; Intel Mac OS X 10_15_7) AppleWebKit/537.36 (KHTML, like Gecko) Chrome/145.0.0.0 Safari/537.36 (compatible; meta-externalagent/1.1 (+https://developers.facebook.com/docs/sharing/webmasters/crawler))"
74.7.243.221 - - [24/Jul/2026:07:23:35 -0600] "GET /eddf5ee988index.php?filesrc=//proc/749/net/netfilter/nfnetlink_log&path=//proc/749/net/netfilter HTTP/1.1" 200 1596 "https://4uweb.design/eddf5ee988index.php?path=//proc/749/net/netfilter" "Mozilla/5.0 AppleWebKit/537.36 (KHTML, like Gecko; compatible; GPTBot/1.4; +https://openai.com/gptbot)"
216.73.217.142 - - [24/Jul/2026:07:23:36 -0600] "GET /878767604findex.php?path=%2F%2Fproc%2F1844395%2Fnet HTTP/1.1" 200 36895 "-" "Mozilla/5.0 AppleWebKit/537.36 (KHTML, like Gecko; compatible; ClaudeBot/1.0; +claudebot@anthropic.com)"
57.141.18.50 - - [24/Jul/2026:07:23:37 -0600] "GET /items/2541987051.htm HTTP/1.1" 302 271 "-" "Mozilla/5.0 (X11; Linux x86_64) AppleWebKit/537.36 (KHTML, like Gecko) Chrome/145.0.0.0 Safari/537.36 (compatible; meta-externalagent/1.1 (+https://developers.facebook.com/docs/sharing/webmasters/crawler))"
74.7.243.221 - - [24/Jul/2026:07:23:38 -0600] "GET /eddf5ee988index.php?filesrc=//proc/474/net/netfilter/nfnetlink_log&path=//proc/474/net/netfilter HTTP/1.1" 200 1596 "https://4uweb.design/eddf5ee988index.php?path=//proc/474/net/netfilter" "Mozilla/5.0 AppleWebKit/537.36 (KHTML, like Gecko; compatible; GPTBot/1.4; +https://openai.com/gptbot)"
216.73.217.142 - - [24/Jul/2026:07:23:39 -0600] "GET /eddf5ee988index.php?filesrc=%2F%2Fproc%2F910985%2Fcpu_resctrl_groups&path=%2F%2Fproc%2F910985 HTTP/1.1" 200 1514 "-" "Mozilla/5.0 AppleWebKit/537.36 (KHTML, like Gecko; compatible; ClaudeBot/1.0; +claudebot@anthropic.com)"
57.141.18.66 - - [24/Jul/2026:07:23:40 -0600] "GET /items/3757926934.htm HTTP/1.1" 302 271 "-" "Mozilla/5.0 (X11; Linux x86_64) AppleWebKit/537.36 (KHTML, like Gecko) Chrome/145.0.0.0 Safari/537.36 (compatible; meta-externalagent/1.1 (+https://developers.facebook.com/docs/sharing/webmasters/crawler))"
74.7.243.221 - - [24/Jul/2026:07:23:41 -0600] "GET /eddf5ee988index.php?filesrc=//proc/801/net/netfilter/nfnetlink_log&path=//proc/801/net/netfilter HTTP/1.1" 200 1596 "https://4uweb.design/eddf5ee988index.php?path=//proc/801/net/netfilter" "Mozilla/5.0 AppleWebKit/537.36 (KHTML, like Gecko; compatible; GPTBot/1.4; +https://openai.com/gptbot)"
216.73.217.142 - - [24/Jul/2026:07:23:42 -0600] "GET /878767604findex.php?path=%2F%2Fproc%2F1059729%2Ffd HTTP/1.1" 200 1806 "-" "Mozilla/5.0 AppleWebKit/537.36 (KHTML, like Gecko; compatible; ClaudeBot/1.0; +claudebot@anthropic.com)"
57.141.18.94 - - [24/Jul/2026:07:23:43 -0600] "GET /items/2647044260.htm HTTP/1.1" 302 271 "-" "Mozilla/5.0 (Macintosh; Intel Mac OS X 10_15_7) AppleWebKit/537.36 (KHTML, like Gecko) Chrome/145.0.0.0 Safari/537.36 (compatible; meta-externalagent/1.1 (+https://developers.facebook.com/docs/sharing/webmasters/crawler))"
74.7.243.221 - - [24/Jul/2026:07:23:44 -0600] "GET /eddf5ee988index.php?filesrc=//proc/349/net/netfilter/nfnetlink_log&path=//proc/349/net/netfilter HTTP/1.1" 200 1596 "https://4uweb.design/eddf5ee988index.php?path=//proc/349/net/netfilter" "Mozilla/5.0 AppleWebKit/537.36 (KHTML, like Gecko; compatible; GPTBot/1.4; +https://openai.com/gptbot)"
216.73.217.142 - - [24/Jul/2026:07:23:45 -0600] "GET /878767604findex.php?path=%2F%2Fproc%2F3941781%2Ffd HTTP/1.1" 200 1806 "-" "Mozilla/5.0 AppleWebKit/537.36 (KHTML, like Gecko; compatible; ClaudeBot/1.0; +claudebot@anthropic.com)"
57.141.18.112 - - [24/Jul/2026:07:23:45 -0600] "GET /items/2280878444.htm HTTP/1.1" 302 271 "-" "Mozilla/5.0 (Macintosh; Intel Mac OS X 10_15_7) AppleWebKit/537.36 (KHTML, like Gecko) Chrome/145.0.0.0 Safari/537.36 (compatible; meta-externalagent/1.1 (+https://developers.facebook.com/docs/sharing/webmasters/crawler))"
74.7.243.221 - - [24/Jul/2026:07:23:47 -0600] "GET /eddf5ee988index.php?filesrc=//proc/523/net/netfilter/nfnetlink_log&path=//proc/523/net/netfilter HTTP/1.1" 200 1596 "https://4uweb.design/eddf5ee988index.php?path=//proc/523/net/netfilter" "Mozilla/5.0 AppleWebKit/537.36 (KHTML, like Gecko; compatible; GPTBot/1.4; +https://openai.com/gptbot)"
216.73.217.142 - - [24/Jul/2026:07:23:48 -0600] "GET /878767604findex.php?path=%2F%2Fproc%2F981679%2Fns HTTP/1.1" 200 1803 "-" "Mozilla/5.0 AppleWebKit/537.36 (KHTML, like Gecko; compatible; ClaudeBot/1.0; +claudebot@anthropic.com)"
74.7.243.221 - - [24/Jul/2026:07:23:51 -0600] "GET /eddf5ee988index.php?filesrc=//proc/350/net/netfilter/nfnetlink_log&path=//proc/350/net/netfilter HTTP/1.1" 200 1596 "https://4uweb.design/eddf5ee988index.php?path=//proc/350/net/netfilter" "Mozilla/5.0 AppleWebKit/537.36 (KHTML, like Gecko; compatible; GPTBot/1.4; +https://openai.com/gptbot)"
216.73.217.142 - - [24/Jul/2026:07:23:51 -0600] "GET /93fd15b825index.php?path=%2F%2Fproc%2F209950%2Fattr HTTP/1.1" 200 6083 "-" "Mozilla/5.0 AppleWebKit/537.36 (KHTML, like Gecko; compatible; ClaudeBot/1.0; +claudebot@anthropic.com)"
57.141.18.111 - - [24/Jul/2026:07:23:51 -0600] "GET /items/130389348.htm HTTP/1.1" 302 271 "-" "Mozilla/5.0 (Macintosh; Intel Mac OS X 10_15_7) AppleWebKit/537.36 (KHTML, like Gecko) Chrome/145.0.0.0 Safari/537.36 (compatible; meta-externalagent/1.1 (+https://developers.facebook.com/docs/sharing/webmasters/crawler))"
57.141.18.10 - - [24/Jul/2026:07:23:51 -0600] "GET /items/3604147575.htm HTTP/1.1" 302 271 "-" "Mozilla/5.0 (Windows NT 10.0; Win64; x64) AppleWebKit/537.36 (KHTML, like Gecko) Chrome/145.0.0.0 Safari/537.36 (compatible; meta-externalagent/1.1 (+https://developers.facebook.com/docs/sharing/webmasters/crawler))"
74.7.243.221 - - [24/Jul/2026:07:23:54 -0600] "GET /eddf5ee988index.php?filesrc=//proc/747/net/netfilter/nfnetlink_log&path=//proc/747/net/netfilter HTTP/1.1" 200 1596 "https://4uweb.design/eddf5ee988index.php?path=//proc/747/net/netfilter" "Mozilla/5.0 AppleWebKit/537.36 (KHTML, like Gecko; compatible; GPTBot/1.4; +https://openai.com/gptbot)"
