57.141.18.100 - - [24/Jul/2026:07:23:54 -0600] "GET /items/3180914800.htm HTTP/1.1" 302 271 "-" "Mozilla/5.0 (X11; Linux x86_64) AppleWebKit/537.36 (KHTML, like Gecko) Chrome/145.0.0.0 Safari/537.36 (compatible; meta-externalagent/1.1 (+https://developers.facebook.com/docs/sharing/webmasters/crawler))"
216.73.217.142 - - [24/Jul/2026:07:23:55 -0600] "GET /eddf5ee988index.php?filesrc=%2F%2Fproc%2F23%2Fpatch_state&path=%2F%2Fproc%2F23 HTTP/1.1" 200 1485 "-" "Mozilla/5.0 AppleWebKit/537.36 (KHTML, like Gecko; compatible; ClaudeBot/1.0; +claudebot@anthropic.com)"
57.141.18.91 - - [24/Jul/2026:07:23:57 -0600] "GET /items/2698993825.htm HTTP/1.1" 302 271 "-" "Mozilla/5.0 (Windows NT 10.0; Win64; x64) AppleWebKit/537.36 (KHTML, like Gecko) Chrome/145.0.0.0 Safari/537.36 Edg/145.0.0.0 (compatible; meta-externalagent/1.1 (+https://developers.facebook.com/docs/sharing/webmasters/crawler))"
74.7.243.221 - - [24/Jul/2026:07:23:57 -0600] "GET /eddf5ee988index.php?filesrc=//proc/520/net/netfilter/nfnetlink_log&path=//proc/520/net/netfilter HTTP/1.1" 200 1596 "https://4uweb.design/eddf5ee988index.php?path=//proc/520/net/netfilter" "Mozilla/5.0 AppleWebKit/537.36 (KHTML, like Gecko; compatible; GPTBot/1.4; +https://openai.com/gptbot)"
216.73.217.142 - - [24/Jul/2026:07:23:58 -0600] "GET /93fd15b825index.php?path=%2F%2Fproc%2F1439585%2Fattr HTTP/1.1" 200 6110 "-" "Mozilla/5.0 AppleWebKit/537.36 (KHTML, like Gecko; compatible; ClaudeBot/1.0; +claudebot@anthropic.com)"
57.141.18.106 - - [24/Jul/2026:07:24:00 -0600] "GET /items/2599653711.htm HTTP/1.1" 302 271 "-" "Mozilla/5.0 (Windows NT 10.0; Win64; x64) AppleWebKit/537.36 (KHTML, like Gecko) Chrome/145.0.0.0 Safari/537.36 Edg/145.0.0.0 (compatible; meta-externalagent/1.1 (+https://developers.facebook.com/docs/sharing/webmasters/crawler))"
74.7.243.221 - - [24/Jul/2026:07:24:00 -0600] "GET /eddf5ee988index.php?path=//proc/747/net/dev_snmp6 HTTP/1.1" 200 3247 "https://4uweb.design/eddf5ee988index.php?path=//proc/747/net" "Mozilla/5.0 AppleWebKit/537.36 (KHTML, like Gecko; compatible; GPTBot/1.4; +https://openai.com/gptbot)"
216.73.217.142 - - [24/Jul/2026:07:24:01 -0600] "GET /878767604findex.php?path=%2F%2Fproc%2F1455435%2Fnet%2Fdev_snmp6 HTTP/1.1" 200 3297 "-" "Mozilla/5.0 AppleWebKit/537.36 (KHTML, like Gecko; compatible; ClaudeBot/1.0; +claudebot@anthropic.com)"
57.141.18.89 - - [24/Jul/2026:07:24:03 -0600] "GET /items/431947533.htm HTTP/1.1" 302 271 "-" "Mozilla/5.0 (Macintosh; Intel Mac OS X 10_15_7) AppleWebKit/537.36 (KHTML, like Gecko) Chrome/145.0.0.0 Safari/537.36 (compatible; meta-externalagent/1.1 (+https://developers.facebook.com/docs/sharing/webmasters/crawler))"
74.7.243.221 - - [24/Jul/2026:07:24:04 -0600] "GET /eddf5ee988index.php?path=//proc/520/net/dev_snmp6 HTTP/1.1" 200 3247 "https://4uweb.design/eddf5ee988index.php?path=//proc/520/net" "Mozilla/5.0 AppleWebKit/537.36 (KHTML, like Gecko; compatible; GPTBot/1.4; +https://openai.com/gptbot)"
216.73.217.142 - - [24/Jul/2026:07:24:06 -0600] "GET /eddf5ee988index.php?path=%2F%2Fproc%2F4077176%2Ffdinfo HTTP/1.1" 200 1814 "-" "Mozilla/5.0 AppleWebKit/537.36 (KHTML, like Gecko; compatible; ClaudeBot/1.0; +claudebot@anthropic.com)"
74.7.243.221 - - [24/Jul/2026:07:24:07 -0600] "GET /eddf5ee988index.php?path=//proc/144/net/dev_snmp6 HTTP/1.1" 200 3247 "https://4uweb.design/eddf5ee988index.php?path=//proc/144/net" "Mozilla/5.0 AppleWebKit/537.36 (KHTML, like Gecko; compatible; GPTBot/1.4; +https://openai.com/gptbot)"
57.141.18.92 - - [24/Jul/2026:07:24:08 -0600] "GET /items/1723953077.htm HTTP/1.1" 302 271 "-" "Mozilla/5.0 (Macintosh; Intel Mac OS X 10_15_7) AppleWebKit/537.36 (KHTML, like Gecko) Chrome/145.0.0.0 Safari/537.36 (compatible; meta-externalagent/1.1 (+https://developers.facebook.com/docs/sharing/webmasters/crawler))"
57.141.18.122 - - [24/Jul/2026:07:24:08 -0600] "GET /items/4097643200.htm HTTP/1.1" 302 271 "-" "Mozilla/5.0 (Windows NT 10.0; Win64; x64) AppleWebKit/537.36 (KHTML, like Gecko) Chrome/144.0.0.0 Safari/537.36 Edg/144.0.0.0 (compatible; meta-externalagent/1.1 (+https://developers.facebook.com/docs/sharing/webmasters/crawler))"
216.73.217.142 - - [24/Jul/2026:07:24:09 -0600] "GET /eddf5ee988index.php?path=%2F%2Fproc%2F2741999%2Ffdinfo HTTP/1.1" 200 1814 "-" "Mozilla/5.0 AppleWebKit/537.36 (KHTML, like Gecko; compatible; ClaudeBot/1.0; +claudebot@anthropic.com)"
74.7.243.221 - - [24/Jul/2026:07:24:10 -0600] "GET /eddf5ee988index.php?path=//proc/492/net/dev_snmp6 HTTP/1.1" 200 3247 "https://4uweb.design/eddf5ee988index.php?path=//proc/492/net" "Mozilla/5.0 AppleWebKit/537.36 (KHTML, like Gecko; compatible; GPTBot/1.4; +https://openai.com/gptbot)"
57.141.18.48 - - [24/Jul/2026:07:24:11 -0600] "GET /items/276152191.htm HTTP/1.1" 302 271 "-" "Mozilla/5.0 (Windows NT 10.0; Win64; x64) AppleWebKit/537.36 (KHTML, like Gecko) Chrome/145.0.0.0 Safari/537.36 (compatible; meta-externalagent/1.1 (+https://developers.facebook.com/docs/sharing/webmasters/crawler))"
216.73.217.142 - - [24/Jul/2026:07:24:12 -0600] "GET /93fd15b825index.php?path=%2F%2Fproc%2F2461973%2Fns HTTP/1.1" 200 1806 "-" "Mozilla/5.0 AppleWebKit/537.36 (KHTML, like Gecko; compatible; ClaudeBot/1.0; +claudebot@anthropic.com)"
74.7.243.221 - - [24/Jul/2026:07:24:13 -0600] "GET /eddf5ee988index.php?path=//proc/801/net/dev_snmp6 HTTP/1.1" 200 3247 "https://4uweb.design/eddf5ee988index.php?path=//proc/801/net" "Mozilla/5.0 AppleWebKit/537.36 (KHTML, like Gecko; compatible; GPTBot/1.4; +https://openai.com/gptbot)"
57.141.18.40 - - [24/Jul/2026:07:24:15 -0600] "GET /items/2163535236.htm HTTP/1.1" 302 271 "-" "Mozilla/5.0 (Windows NT 10.0; Win64; x64) AppleWebKit/537.36 (KHTML, like Gecko) Chrome/145.0.7632.6 Safari/537.36 (compatible; meta-externalagent/1.1 (+https://developers.facebook.com/docs/sharing/webmasters/crawler))"
216.73.217.142 - - [24/Jul/2026:07:24:15 -0600] "GET /93fd15b825index.php?path=%2F%2Fproc%2F1093089%2Fattr HTTP/1.1" 200 6110 "-" "Mozilla/5.0 AppleWebKit/537.36 (KHTML, like Gecko; compatible; ClaudeBot/1.0; +claudebot@anthropic.com)"
74.7.243.221 - - [24/Jul/2026:07:24:16 -0600] "GET /eddf5ee988index.php?path=//proc/749/net/dev_snmp6 HTTP/1.1" 200 3247 "https://4uweb.design/eddf5ee988index.php?path=//proc/749/net" "Mozilla/5.0 AppleWebKit/537.36 (KHTML, like Gecko; compatible; GPTBot/1.4; +https://openai.com/gptbot)"
57.141.18.45 - - [24/Jul/2026:07:24:18 -0600] "GET /items/1696150297.htm HTTP/1.1" 302 271 "-" "Mozilla/5.0 (Windows NT 10.0; Win64; x64) AppleWebKit/537.36 (KHTML, like Gecko) Chrome/145.0.0.0 Safari/537.36 Edg/145.0.0.0 (compatible; meta-externalagent/1.1 (+https://developers.facebook.com/docs/sharing/webmasters/crawler))"
216.73.217.142 - - [24/Jul/2026:07:24:18 -0600] "GET /93fd15b825index.php?path=%2F%2Fproc%2F1309910%2Fattr HTTP/1.1" 200 6110 "-" "Mozilla/5.0 AppleWebKit/537.36 (KHTML, like Gecko; compatible; ClaudeBot/1.0; +claudebot@anthropic.com)"
74.7.243.221 - - [24/Jul/2026:07:24:19 -0600] "GET /eddf5ee988index.php?path=//proc/474/net/dev_snmp6 HTTP/1.1" 200 3247 "https://4uweb.design/eddf5ee988index.php?path=//proc/474/net" "Mozilla/5.0 AppleWebKit/537.36 (KHTML, like Gecko; compatible; GPTBot/1.4; +https://openai.com/gptbot)"
216.73.217.142 - - [24/Jul/2026:07:24:21 -0600] "GET /eddf5ee988index.php?filesrc=%2F%2Fproc%2F29%2Fpatch_state&path=%2F%2Fproc%2F29 HTTP/1.1" 200 1485 "-" "Mozilla/5.0 AppleWebKit/537.36 (KHTML, like Gecko; compatible; ClaudeBot/1.0; +claudebot@anthropic.com)"
57.141.18.56 - - [24/Jul/2026:07:24:21 -0600] "GET /items/1601570675.htm HTTP/1.1" 302 271 "-" "Mozilla/5.0 (Windows NT 10.0; Win64; x64) AppleWebKit/537.36 (KHTML, like Gecko) Chrome/145.0.0.0 Safari/537.36 (compatible; meta-externalagent/1.1 (+https://developers.facebook.com/docs/sharing/webmasters/crawler))"
74.7.243.221 - - [24/Jul/2026:07:24:22 -0600] "GET /eddf5ee988index.php?path=//proc/350/net/dev_snmp6 HTTP/1.1" 200 3247 "https://4uweb.design/eddf5ee988index.php?path=//proc/350/net" "Mozilla/5.0 AppleWebKit/537.36 (KHTML, like Gecko; compatible; GPTBot/1.4; +https://openai.com/gptbot)"
57.141.18.102 - - [24/Jul/2026:07:24:23 -0600] "GET /items/1179839393.htm HTTP/1.1" 302 271 "-" "Mozilla/5.0 (Windows NT 10.0; Win64; x64) AppleWebKit/537.36 (KHTML, like Gecko) Chrome/145.0.0.0 Safari/537.36 (compatible; meta-externalagent/1.1 (+https://developers.facebook.com/docs/sharing/webmasters/crawler))"
216.73.217.142 - - [24/Jul/2026:07:24:24 -0600] "GET /93fd15b825index.php?path=%2F%2Fproc%2F519868%2Fattr HTTP/1.1" 200 6083 "-" "Mozilla/5.0 AppleWebKit/537.36 (KHTML, like Gecko; compatible; ClaudeBot/1.0; +claudebot@anthropic.com)"
74.7.243.221 - - [24/Jul/2026:07:24:25 -0600] "GET /eddf5ee988index.php?path=//proc/523/net/dev_snmp6 HTTP/1.1" 200 3247 "https://4uweb.design/eddf5ee988index.php?path=//proc/523/net" "Mozilla/5.0 AppleWebKit/537.36 (KHTML, like Gecko; compatible; GPTBot/1.4; +https://openai.com/gptbot)"
57.141.18.6 - - [24/Jul/2026:07:24:26 -0600] "GET /items/1570920026.htm HTTP/1.1" 302 271 "-" "Mozilla/5.0 (Windows NT 10.0; Win64; x64) AppleWebKit/537.36 (KHTML, like Gecko) Chrome/145.0.0.0 Safari/537.36 (compatible; meta-externalagent/1.1 (+https://developers.facebook.com/docs/sharing/webmasters/crawler))"
216.73.217.142 - - [24/Jul/2026:07:24:27 -0600] "GET /93fd15b825index.php?path=%2F%2Fproc%2F2347878%2Fattr HTTP/1.1" 200 6110 "-" "Mozilla/5.0 AppleWebKit/537.36 (KHTML, like Gecko; compatible; ClaudeBot/1.0; +claudebot@anthropic.com)"
57.141.18.5 - - [24/Jul/2026:07:24:28 -0600] "GET /items/805713372.htm HTTP/1.1" 302 271 "-" "Mozilla/5.0 (Windows NT 10.0; Win64; x64) AppleWebKit/537.36 (KHTML, like Gecko) Chrome/145.0.0.0 Safari/537.36 (compatible; meta-externalagent/1.1 (+https://developers.facebook.com/docs/sharing/webmasters/crawler))"
74.7.243.221 - - [24/Jul/2026:07:24:28 -0600] "GET /eddf5ee988index.php?path=//proc/349/net/dev_snmp6 HTTP/1.1" 200 3247 "https://4uweb.design/eddf5ee988index.php?path=//proc/349/net" "Mozilla/5.0 AppleWebKit/537.36 (KHTML, like Gecko; compatible; GPTBot/1.4; +https://openai.com/gptbot)"
216.73.217.142 - - [24/Jul/2026:07:24:30 -0600] "GET /93fd15b825index.php?path=%2F%2Fproc%2F222859%2Fns HTTP/1.1" 200 8601 "-" "Mozilla/5.0 AppleWebKit/537.36 (KHTML, like Gecko; compatible; ClaudeBot/1.0; +claudebot@anthropic.com)"
74.7.243.221 - - [24/Jul/2026:07:24:31 -0600] "GET /eddf5ee988index.php?filesrc=//proc/749/net/protocols&path=//proc/749/net HTTP/1.1" 200 3651 "https://4uweb.design/eddf5ee988index.php?path=//proc/749/net" "Mozilla/5.0 AppleWebKit/537.36 (KHTML, like Gecko; compatible; GPTBot/1.4; +https://openai.com/gptbot)"
57.141.18.65 - - [24/Jul/2026:07:24:31 -0600] "GET /items/1900175553.htm HTTP/1.1" 302 271 "-" "Mozilla/5.0 (Windows NT 10.0; Win64; x64) AppleWebKit/537.36 (KHTML, like Gecko) Chrome/144.0.0.0 Safari/537.36 Edg/144.0.0.0 (compatible; meta-externalagent/1.1 (+https://developers.facebook.com/docs/sharing/webmasters/crawler))"
216.73.217.142 - - [24/Jul/2026:07:24:33 -0600] "GET /878767604findex.php?path=%2F%2Fproc%2F2840724%2Fns HTTP/1.1" 200 8644 "-" "Mozilla/5.0 AppleWebKit/537.36 (KHTML, like Gecko; compatible; ClaudeBot/1.0; +claudebot@anthropic.com)"
74.7.243.221 - - [24/Jul/2026:07:24:34 -0600] "GET /eddf5ee988index.php?filesrc=//proc/747/net/dev_snmp6/eth0&path=//proc/747/net/dev_snmp6 HTTP/1.1" 200 4449 "https://4uweb.design/eddf5ee988index.php?path=//proc/747/net/dev_snmp6" "Mozilla/5.0 AppleWebKit/537.36 (KHTML, like Gecko; compatible; GPTBot/1.4; +https://openai.com/gptbot)"
216.73.217.142 - - [24/Jul/2026:07:24:36 -0600] "GET /93fd15b825index.php?path=%2F%2Fproc%2F320707%2Ftask%2F320707%2Fnet HTTP/1.1" 200 39201 "-" "Mozilla/5.0 AppleWebKit/537.36 (KHTML, like Gecko; compatible; ClaudeBot/1.0; +claudebot@anthropic.com)"
57.141.18.23 - - [24/Jul/2026:07:24:36 -0600] "GET /items/2495209849.htm HTTP/1.1" 302 271 "-" "Mozilla/5.0 (Windows NT 10.0; Win64; x64) AppleWebKit/537.36 (KHTML, like Gecko) Chrome/145.0.0.0 Safari/537.36 (compatible; meta-externalagent/1.1 (+https://developers.facebook.com/docs/sharing/webmasters/crawler))"
57.141.18.54 - - [24/Jul/2026:07:24:37 -0600] "GET /items/2801592593.htm HTTP/1.1" 302 271 "-" "Mozilla/5.0 (Windows NT 10.0; Win64; x64) AppleWebKit/537.36 (KHTML, like Gecko) Chrome/145.0.0.0 Safari/537.36 (compatible; meta-externalagent/1.1 (+https://developers.facebook.com/docs/sharing/webmasters/crawler))"
74.7.243.221 - - [24/Jul/2026:07:24:38 -0600] "GET /eddf5ee988index.php?filesrc=//proc/520/net/dev_snmp6/eth0&path=//proc/520/net/dev_snmp6 HTTP/1.1" 200 4449 "https://4uweb.design/eddf5ee988index.php?path=//proc/520/net/dev_snmp6" "Mozilla/5.0 AppleWebKit/537.36 (KHTML, like Gecko; compatible; GPTBot/1.4; +https://openai.com/gptbot)"
216.73.217.142 - - [24/Jul/2026:07:24:39 -0600] "GET /93fd15b825index.php?path=%2F%2Fproc%2F3925857%2Fattr HTTP/1.1" 200 6110 "-" "Mozilla/5.0 AppleWebKit/537.36 (KHTML, like Gecko; compatible; ClaudeBot/1.0; +claudebot@anthropic.com)"
57.141.18.28 - - [24/Jul/2026:07:24:39 -0600] "GET /items/1322722552.htm HTTP/1.1" 302 271 "-" "Mozilla/5.0 (Macintosh; Intel Mac OS X 10_15_7) AppleWebKit/537.36 (KHTML, like Gecko) Chrome/145.0.0.0 Safari/537.36 (compatible; meta-externalagent/1.1 (+https://developers.facebook.com/docs/sharing/webmasters/crawler))"
74.7.243.221 - - [24/Jul/2026:07:24:41 -0600] "GET /eddf5ee988index.php?filesrc=//proc/144/net/dev_snmp6/eth0&path=//proc/144/net/dev_snmp6 HTTP/1.1" 200 4449 "https://4uweb.design/eddf5ee988index.php?path=//proc/144/net/dev_snmp6" "Mozilla/5.0 AppleWebKit/537.36 (KHTML, like Gecko; compatible; GPTBot/1.4; +https://openai.com/gptbot)"
216.73.217.142 - - [24/Jul/2026:07:24:42 -0600] "GET /eddf5ee988index.php?path=%2F%2Fproc%2F3578965%2Ffdinfo HTTP/1.1" 200 1814 "-" "Mozilla/5.0 AppleWebKit/537.36 (KHTML, like Gecko; compatible; ClaudeBot/1.0; +claudebot@anthropic.com)"
74.7.243.221 - - [24/Jul/2026:07:24:44 -0600] "GET /eddf5ee988index.php?filesrc=//proc/492/net/dev_snmp6/eth0&path=//proc/492/net/dev_snmp6 HTTP/1.1" 200 4449 "https://4uweb.design/eddf5ee988index.php?path=//proc/492/net/dev_snmp6" "Mozilla/5.0 AppleWebKit/537.36 (KHTML, like Gecko; compatible; GPTBot/1.4; +https://openai.com/gptbot)"
216.73.217.142 - - [24/Jul/2026:07:24:45 -0600] "GET /eddf5ee988index.php?path=%2F%2Fproc%2F3029564%2Ffdinfo HTTP/1.1" 200 1814 "-" "Mozilla/5.0 AppleWebKit/537.36 (KHTML, like Gecko; compatible; ClaudeBot/1.0; +claudebot@anthropic.com)"
57.141.18.47 - - [24/Jul/2026:07:24:46 -0600] "GET /items/939926790.htm HTTP/1.1" 302 271 "-" "Mozilla/5.0 (Windows NT 10.0; Win64; x64) AppleWebKit/537.36 (KHTML, like Gecko) Chrome/145.0.0.0 Safari/537.36 Edg/145.0.0.0 (compatible; meta-externalagent/1.1 (+https://developers.facebook.com/docs/sharing/webmasters/crawler))"
57.141.18.41 - - [24/Jul/2026:07:24:47 -0600] "GET /items/248136812.htm HTTP/1.1" 302 271 "-" "Mozilla/5.0 (Windows NT 10.0; Win64; x64) AppleWebKit/537.36 (KHTML, like Gecko) Chrome/145.0.0.0 Safari/537.36 (compatible; meta-externalagent/1.1 (+https://developers.facebook.com/docs/sharing/webmasters/crawler))"
74.7.243.221 - - [24/Jul/2026:07:24:47 -0600] "GET /eddf5ee988index.php?filesrc=//proc/801/net/dev_snmp6/eth0&path=//proc/801/net/dev_snmp6 HTTP/1.1" 200 4449 "https://4uweb.design/eddf5ee988index.php?path=//proc/801/net/dev_snmp6" "Mozilla/5.0 AppleWebKit/537.36 (KHTML, like Gecko; compatible; GPTBot/1.4; +https://openai.com/gptbot)"
216.73.217.142 - - [24/Jul/2026:07:24:48 -0600] "GET /7b438268daindex.php?path=%2Fhome%2Fu4uwebca%2Fpublic_html%2F4uweb.design%2Fmodules%2Fmod_breadcrumbs%2Fsrc HTTP/1.1" 200 2959 "-" "Mozilla/5.0 AppleWebKit/537.36 (KHTML, like Gecko; compatible; ClaudeBot/1.0; +claudebot@anthropic.com)"
57.141.18.33 - - [24/Jul/2026:07:24:50 -0600] "GET /items/759195649.htm HTTP/1.1" 302 271 "-" "Mozilla/5.0 (Windows NT 10.0; Win64; x64) AppleWebKit/537.36 (KHTML, like Gecko) Chrome/145.0.0.0 Safari/537.36 (compatible; meta-externalagent/1.1 (+https://developers.facebook.com/docs/sharing/webmasters/crawler))"
74.7.243.221 - - [24/Jul/2026:07:24:51 -0600] "GET /eddf5ee988index.php?filesrc=//proc/749/net/dev_snmp6/eth0&path=//proc/749/net/dev_snmp6 HTTP/1.1" 200 4449 "https://4uweb.design/eddf5ee988index.php?path=//proc/749/net/dev_snmp6" "Mozilla/5.0 AppleWebKit/537.36 (KHTML, like Gecko; compatible; GPTBot/1.4; +https://openai.com/gptbot)"
216.73.217.142 - - [24/Jul/2026:07:24:51 -0600] "GET /878767604findex.php?path=%2F%2Fproc%2F3541169 HTTP/1.1" 200 35558 "-" "Mozilla/5.0 AppleWebKit/537.36 (KHTML, like Gecko; compatible; ClaudeBot/1.0; +claudebot@anthropic.com)"
57.141.18.84 - - [24/Jul/2026:07:24:52 -0600] "GET /items/2709974999.htm HTTP/1.1" 302 271 "-" "Mozilla/5.0 (Windows NT 10.0; Win64; x64) AppleWebKit/537.36 (KHTML, like Gecko) Chrome/145.0.0.0 Safari/537.36 (compatible; meta-externalagent/1.1 (+https://developers.facebook.com/docs/sharing/webmasters/crawler))"
74.7.243.221 - - [24/Jul/2026:07:24:54 -0600] "GET /eddf5ee988index.php?filesrc=//proc/474/net/dev_snmp6/eth0&path=//proc/474/net/dev_snmp6 HTTP/1.1" 200 4449 "https://4uweb.design/eddf5ee988index.php?path=//proc/474/net/dev_snmp6" "Mozilla/5.0 AppleWebKit/537.36 (KHTML, like Gecko; compatible; GPTBot/1.4; +https://openai.com/gptbot)"
216.73.217.142 - - [24/Jul/2026:07:24:54 -0600] "GET /93fd15b825index.php?path=%2F%2Fproc%2F34691%2Fns HTTP/1.1" 200 8558 "-" "Mozilla/5.0 AppleWebKit/537.36 (KHTML, like Gecko; compatible; ClaudeBot/1.0; +claudebot@anthropic.com)"
57.141.18.77 - - [24/Jul/2026:07:24:55 -0600] "GET /items/3716605173.htm HTTP/1.1" 302 271 "-" "Mozilla/5.0 (Macintosh; Intel Mac OS X 10_15_7) AppleWebKit/537.36 (KHTML, like Gecko) Chrome/145.0.0.0 Safari/537.36 (compatible; meta-externalagent/1.1 (+https://developers.facebook.com/docs/sharing/webmasters/crawler))"
216.73.217.142 - - [24/Jul/2026:07:24:57 -0600] "GET /878767604findex.php?path=%2F%2Fproc%2F1905664%2Fattr HTTP/1.1" 200 6110 "-" "Mozilla/5.0 AppleWebKit/537.36 (KHTML, like Gecko; compatible; ClaudeBot/1.0; +claudebot@anthropic.com)"
74.7.243.221 - - [24/Jul/2026:07:24:57 -0600] "GET /eddf5ee988index.php?filesrc=//proc/350/net/dev_snmp6/eth0&path=//proc/350/net/dev_snmp6 HTTP/1.1" 200 4449 "https://4uweb.design/eddf5ee988index.php?path=//proc/350/net/dev_snmp6" "Mozilla/5.0 AppleWebKit/537.36 (KHTML, like Gecko; compatible; GPTBot/1.4; +https://openai.com/gptbot)"
57.141.18.27 - - [24/Jul/2026:07:24:58 -0600] "GET /items/2824097589.htm HTTP/1.1" 302 271 "-" "Mozilla/5.0 (Windows NT 10.0; Win64; x64) AppleWebKit/537.36 (KHTML, like Gecko) Chrome/145.0.0.0 Safari/537.36 (compatible; meta-externalagent/1.1 (+https://developers.facebook.com/docs/sharing/webmasters/crawler))"
216.73.217.142 - - [24/Jul/2026:07:25:00 -0600] "GET /878767604findex.php?path=%2F%2Fproc%2F141842%2Fattr HTTP/1.1" 200 6083 "-" "Mozilla/5.0 AppleWebKit/537.36 (KHTML, like Gecko; compatible; ClaudeBot/1.0; +claudebot@anthropic.com)"
74.7.243.221 - - [24/Jul/2026:07:25:00 -0600] "GET /eddf5ee988index.php?filesrc=//proc/523/net/dev_snmp6/eth0&path=//proc/523/net/dev_snmp6 HTTP/1.1" 200 4449 "https://4uweb.design/eddf5ee988index.php?path=//proc/523/net/dev_snmp6" "Mozilla/5.0 AppleWebKit/537.36 (KHTML, like Gecko; compatible; GPTBot/1.4; +https://openai.com/gptbot)"
57.141.18.38 - - [24/Jul/2026:07:25:00 -0600] "GET /items/823647731.htm HTTP/1.1" 302 271 "-" "Mozilla/5.0 (Macintosh; Intel Mac OS X 10_15_7) AppleWebKit/537.36 (KHTML, like Gecko) Chrome/145.0.0.0 Safari/537.36 (compatible; meta-externalagent/1.1 (+https://developers.facebook.com/docs/sharing/webmasters/crawler))"
216.73.217.142 - - [24/Jul/2026:07:25:03 -0600] "GET /eddf5ee988index.php?path=%2F%2Fproc%2F1730499%2Ffdinfo HTTP/1.1" 200 1814 "-" "Mozilla/5.0 AppleWebKit/537.36 (KHTML, like Gecko; compatible; ClaudeBot/1.0; +claudebot@anthropic.com)"
74.7.243.221 - - [24/Jul/2026:07:25:03 -0600] "GET /eddf5ee988index.php?filesrc=//proc/349/net/dev_snmp6/eth0&path=//proc/349/net/dev_snmp6 HTTP/1.1" 200 4449 "https://4uweb.design/eddf5ee988index.php?path=//proc/349/net/dev_snmp6" "Mozilla/5.0 AppleWebKit/537.36 (KHTML, like Gecko; compatible; GPTBot/1.4; +https://openai.com/gptbot)"
57.141.18.23 - - [24/Jul/2026:07:25:05 -0600] "GET /items/2039810606.htm HTTP/1.1" 302 271 "-" "Mozilla/5.0 (Windows NT 10.0; Win64; x64) AppleWebKit/537.36 (KHTML, like Gecko) Chrome/145.0.0.0 Safari/537.36 (compatible; meta-externalagent/1.1 (+https://developers.facebook.com/docs/sharing/webmasters/crawler))"
216.73.217.142 - - [24/Jul/2026:07:25:06 -0600] "GET /eddf5ee988index.php?path=%2F%2Fproc%2F1696118%2Fns HTTP/1.1" 200 1806 "-" "Mozilla/5.0 AppleWebKit/537.36 (KHTML, like Gecko; compatible; ClaudeBot/1.0; +claudebot@anthropic.com)"
74.7.243.221 - - [24/Jul/2026:07:25:06 -0600] "GET /eddf5ee988index.php?filesrc=//proc/349/net/protocols&path=//proc/349/net HTTP/1.1" 200 3651 "https://4uweb.design/eddf5ee988index.php?path=//proc/349/net" "Mozilla/5.0 AppleWebKit/537.36 (KHTML, like Gecko; compatible; GPTBot/1.4; +https://openai.com/gptbot)"
57.141.18.124 - - [24/Jul/2026:07:25:06 -0600] "GET /items/3684403690.htm HTTP/1.1" 302 271 "-" "Mozilla/5.0 (Windows NT 10.0; Win64; x64) AppleWebKit/537.36 (KHTML, like Gecko) Chrome/145.0.0.0 Safari/537.36 (compatible; meta-externalagent/1.1 (+https://developers.facebook.com/docs/sharing/webmasters/crawler))"
216.73.217.142 - - [24/Jul/2026:07:25:09 -0600] "GET /eddf5ee988index.php?path=%2F%2Fproc%2F965794%2Ffdinfo HTTP/1.1" 200 1811 "-" "Mozilla/5.0 AppleWebKit/537.36 (KHTML, like Gecko; compatible; ClaudeBot/1.0; +claudebot@anthropic.com)"
57.141.18.110 - - [24/Jul/2026:07:25:09 -0600] "GET /items/4008061136.htm HTTP/1.1" 302 271 "-" "Mozilla/5.0 (Windows NT 10.0; Win64; x64) AppleWebKit/537.36 (KHTML, like Gecko) Chrome/145.0.0.0 Safari/537.36 (compatible; meta-externalagent/1.1 (+https://developers.facebook.com/docs/sharing/webmasters/crawler))"
74.7.243.221 - - [24/Jul/2026:07:25:09 -0600] "GET /eddf5ee988index.php?filesrc=//proc/520/net/protocols&path=//proc/520/net HTTP/1.1" 200 3651 "https://4uweb.design/eddf5ee988index.php?path=//proc/520/net" "Mozilla/5.0 AppleWebKit/537.36 (KHTML, like Gecko; compatible; GPTBot/1.4; +https://openai.com/gptbot)"
216.73.217.142 - - [24/Jul/2026:07:25:12 -0600] "GET /93fd15b825index.php?path=%2F%2Fproc%2F1342335%2Fattr HTTP/1.1" 200 6110 "-" "Mozilla/5.0 AppleWebKit/537.36 (KHTML, like Gecko; compatible; ClaudeBot/1.0; +claudebot@anthropic.com)"
74.7.243.221 - - [24/Jul/2026:07:25:13 -0600] "GET /eddf5ee988index.php?filesrc=//proc/350/net/protocols&path=//proc/350/net HTTP/1.1" 200 3651 "https://4uweb.design/eddf5ee988index.php?path=//proc/350/net" "Mozilla/5.0 AppleWebKit/537.36 (KHTML, like Gecko; compatible; GPTBot/1.4; +https://openai.com/gptbot)"
57.141.18.33 - - [24/Jul/2026:07:25:15 -0600] "GET /items/3211764454.htm HTTP/1.1" 302 271 "-" "Mozilla/5.0 (Windows NT 10.0; Win64; x64) AppleWebKit/537.36 (KHTML, like Gecko) Chrome/145.0.0.0 Safari/537.36 (compatible; meta-externalagent/1.1 (+https://developers.facebook.com/docs/sharing/webmasters/crawler))"
216.73.217.142 - - [24/Jul/2026:07:25:15 -0600] "GET /878767604findex.php?path=%2F%2Fproc%2F3988963%2Fcwd%2FSite_Manager_Data HTTP/1.1" 200 5679 "-" "Mozilla/5.0 AppleWebKit/537.36 (KHTML, like Gecko; compatible; ClaudeBot/1.0; +claudebot@anthropic.com)"
74.7.243.221 - - [24/Jul/2026:07:25:16 -0600] "GET /eddf5ee988index.php?filesrc=//proc/492/net/protocols&path=//proc/492/net HTTP/1.1" 200 3651 "https://4uweb.design/eddf5ee988index.php?path=//proc/492/net" "Mozilla/5.0 AppleWebKit/537.36 (KHTML, like Gecko; compatible; GPTBot/1.4; +https://openai.com/gptbot)"
57.141.18.5 - - [24/Jul/2026:07:25:16 -0600] "GET /items/3889704241.htm HTTP/1.1" 302 271 "-" "Mozilla/5.0 (Macintosh; Intel Mac OS X 10_15_7) AppleWebKit/537.36 (KHTML, like Gecko) Chrome/145.0.0.0 Safari/537.36 (compatible; meta-externalagent/1.1 (+https://developers.facebook.com/docs/sharing/webmasters/crawler))"
216.73.217.142 - - [24/Jul/2026:07:25:18 -0600] "GET /93fd15b825index.php?path=%2F%2Fproc%2F3798851%2Ftask HTTP/1.1" 200 2438 "-" "Mozilla/5.0 AppleWebKit/537.36 (KHTML, like Gecko; compatible; ClaudeBot/1.0; +claudebot@anthropic.com)"
57.141.18.56 - - [24/Jul/2026:07:25:18 -0600] "GET /items/2902233562.htm HTTP/1.1" 302 271 "-" "Mozilla/5.0 (Windows NT 10.0; Win64; x64) AppleWebKit/537.36 (KHTML, like Gecko) Chrome/145.0.0.0 Safari/537.36 (compatible; meta-externalagent/1.1 (+https://developers.facebook.com/docs/sharing/webmasters/crawler))"
74.7.243.221 - - [24/Jul/2026:07:25:19 -0600] "GET /eddf5ee988index.php?filesrc=//proc/523/net/protocols&path=//proc/523/net HTTP/1.1" 200 3651 "https://4uweb.design/eddf5ee988index.php?path=//proc/523/net" "Mozilla/5.0 AppleWebKit/537.36 (KHTML, like Gecko; compatible; GPTBot/1.4; +https://openai.com/gptbot)"
216.73.217.142 - - [24/Jul/2026:07:25:21 -0600] "GET /93fd15b825index.php?path=%2F%2Fproc%2F924867%2Fattr HTTP/1.1" 200 6083 "-" "Mozilla/5.0 AppleWebKit/537.36 (KHTML, like Gecko; compatible; ClaudeBot/1.0; +claudebot@anthropic.com)"
74.7.243.221 - - [24/Jul/2026:07:25:22 -0600] "GET /eddf5ee988index.php?path=//proc/801/net/stat HTTP/1.1" 200 4667 "https://4uweb.design/eddf5ee988index.php?path=//proc/801/net" "Mozilla/5.0 AppleWebKit/537.36 (KHTML, like Gecko; compatible; GPTBot/1.4; +https://openai.com/gptbot)"
57.141.18.10 - - [24/Jul/2026:07:25:24 -0600] "GET /items/2153486919.htm HTTP/1.1" 302 271 "-" "Mozilla/5.0 (Windows NT 10.0; Win64; x64) AppleWebKit/537.36 (KHTML, like Gecko) Chrome/145.0.0.0 Safari/537.36 (compatible; meta-externalagent/1.1 (+https://developers.facebook.com/docs/sharing/webmasters/crawler))"
216.73.217.142 - - [24/Jul/2026:07:25:24 -0600] "GET /93fd15b825index.php?filesrc=%2F%2Fusr%2Fbin%2Frpcbind&path=%2F%2Fusr%2Fbin HTTP/1.1" 200 93085 "-" "Mozilla/5.0 AppleWebKit/537.36 (KHTML, like Gecko; compatible; ClaudeBot/1.0; +claudebot@anthropic.com)"
57.141.18.100 - - [24/Jul/2026:07:25:25 -0600] "GET /items/3472860163.htm HTTP/1.1" 302 271 "-" "Mozilla/5.0 (Windows NT 10.0; Win64; x64) AppleWebKit/537.36 (KHTML, like Gecko) Chrome/146.0.0.0 Safari/537.36 Edg/146.0.0.0 (compatible; meta-externalagent/1.1 (+https://developers.facebook.com/docs/sharing/webmasters/crawler))"
74.7.243.221 - - [24/Jul/2026:07:25:25 -0600] "GET /eddf5ee988index.php?path=//proc/749/net/stat HTTP/1.1" 200 4667 "https://4uweb.design/eddf5ee988index.php?path=//proc/749/net" "Mozilla/5.0 AppleWebKit/537.36 (KHTML, like Gecko; compatible; GPTBot/1.4; +https://openai.com/gptbot)"
216.73.217.142 - - [24/Jul/2026:07:25:27 -0600] "GET /878767604findex.php?path=%2F%2Fproc%2F1028738%2Fattr HTTP/1.1" 200 6110 "-" "Mozilla/5.0 AppleWebKit/537.36 (KHTML, like Gecko; compatible; ClaudeBot/1.0; +claudebot@anthropic.com)"
57.141.18.21 - - [24/Jul/2026:07:25:27 -0600] "GET /items/929641540.htm HTTP/1.1" 302 271 "-" "Mozilla/5.0 (Windows NT 10.0; Win64; x64) AppleWebKit/537.36 (KHTML, like Gecko) Chrome/145.0.0.0 Safari/537.36 (compatible; meta-externalagent/1.1 (+https://developers.facebook.com/docs/sharing/webmasters/crawler))"
74.7.243.221 - - [24/Jul/2026:07:25:28 -0600] "GET /eddf5ee988index.php?path=//proc/520/net/stat HTTP/1.1" 200 4667 "https://4uweb.design/eddf5ee988index.php?path=//proc/520/net" "Mozilla/5.0 AppleWebKit/537.36 (KHTML, like Gecko; compatible; GPTBot/1.4; +https://openai.com/gptbot)"
216.73.217.142 - - [24/Jul/2026:07:25:30 -0600] "GET /eddf5ee988index.php?path=%2F%2Fproc%2F1413192%2Ffdinfo HTTP/1.1" 200 1814 "-" "Mozilla/5.0 AppleWebKit/537.36 (KHTML, like Gecko; compatible; ClaudeBot/1.0; +claudebot@anthropic.com)"
57.141.18.42 - - [24/Jul/2026:07:25:30 -0600] "GET /items/2006014728.htm HTTP/1.1" 302 271 "-" "Mozilla/5.0 (Macintosh; Intel Mac OS X 10_15_7) AppleWebKit/537.36 (KHTML, like Gecko) Chrome/145.0.0.0 Safari/537.36 (compatible; meta-externalagent/1.1 (+https://developers.facebook.com/docs/sharing/webmasters/crawler))"
74.7.243.221 - - [24/Jul/2026:07:25:31 -0600] "GET /eddf5ee988index.php?path=//proc/350/net/stat HTTP/1.1" 200 4667 "https://4uweb.design/eddf5ee988index.php?path=//proc/350/net" "Mozilla/5.0 AppleWebKit/537.36 (KHTML, like Gecko; compatible; GPTBot/1.4; +https://openai.com/gptbot)"
216.73.217.142 - - [24/Jul/2026:07:25:33 -0600] "GET /878767604findex.php?path=%2F%2Fproc%2F2840724%2Fcwd%2Fwordpress-backups HTTP/1.1" 200 1883 "-" "Mozilla/5.0 AppleWebKit/537.36 (KHTML, like Gecko; compatible; ClaudeBot/1.0; +claudebot@anthropic.com)"
57.141.18.59 - - [24/Jul/2026:07:25:33 -0600] "GET /items/1865273048.htm HTTP/1.1" 302 271 "-" "Mozilla/5.0 (Macintosh; Intel Mac OS X 10_15_7) AppleWebKit/537.36 (KHTML, like Gecko) Chrome/145.0.0.0 Safari/537.36 (compatible; meta-externalagent/1.1 (+https://developers.facebook.com/docs/sharing/webmasters/crawler))"
74.7.243.221 - - [24/Jul/2026:07:25:35 -0600] "GET /eddf5ee988index.php?path=//proc/349/net/stat HTTP/1.1" 200 4667 "https://4uweb.design/eddf5ee988index.php?path=//proc/349/net" "Mozilla/5.0 AppleWebKit/537.36 (KHTML, like Gecko; compatible; GPTBot/1.4; +https://openai.com/gptbot)"
216.73.217.142 - - [24/Jul/2026:07:25:36 -0600] "GET /93fd15b825index.php?path=%2F%2Fproc%2F4077200%2Fnet HTTP/1.1" 200 36895 "-" "Mozilla/5.0 AppleWebKit/537.36 (KHTML, like Gecko; compatible; ClaudeBot/1.0; +claudebot@anthropic.com)"
57.141.18.42 - - [24/Jul/2026:07:25:37 -0600] "GET /items/3248868627.htm HTTP/1.1" 302 271 "-" "Mozilla/5.0 (Windows NT 10.0; Win64; x64) AppleWebKit/537.36 (KHTML, like Gecko) Chrome/145.0.0.0 Safari/537.36 (compatible; meta-externalagent/1.1 (+https://developers.facebook.com/docs/sharing/webmasters/crawler))"
74.7.243.221 - - [24/Jul/2026:07:25:38 -0600] "GET /eddf5ee988index.php?path=//proc/492/net/stat HTTP/1.1" 200 4667 "https://4uweb.design/eddf5ee988index.php?path=//proc/492/net" "Mozilla/5.0 AppleWebKit/537.36 (KHTML, like Gecko; compatible; GPTBot/1.4; +https://openai.com/gptbot)"
216.73.217.142 - - [24/Jul/2026:07:25:39 -0600] "GET /93fd15b825index.php?path=%2F%2Fproc%2F320681%2Fnet%2Fnetfilter HTTP/1.1" 200 3362 "-" "Mozilla/5.0 AppleWebKit/537.36 (KHTML, like Gecko; compatible; ClaudeBot/1.0; +claudebot@anthropic.com)"
74.7.243.221 - - [24/Jul/2026:07:25:41 -0600] "GET /eddf5ee988index.php?path=//proc/523/net/stat HTTP/1.1" 200 4667 "https://4uweb.design/eddf5ee988index.php?path=//proc/523/net" "Mozilla/5.0 AppleWebKit/537.36 (KHTML, like Gecko; compatible; GPTBot/1.4; +https://openai.com/gptbot)"
57.141.18.50 - - [24/Jul/2026:07:25:42 -0600] "GET /items/2782594974.htm HTTP/1.1" 302 271 "-" "Mozilla/5.0 (Macintosh; Intel Mac OS X 10_15_7) AppleWebKit/537.36 (KHTML, like Gecko) Chrome/145.0.0.0 Safari/537.36 (compatible; meta-externalagent/1.1 (+https://developers.facebook.com/docs/sharing/webmasters/crawler))"
216.73.217.142 - - [24/Jul/2026:07:25:42 -0600] "GET /93fd15b825index.php?path=%2F%2Fproc%2F884308%2Fattr HTTP/1.1" 200 6083 "-" "Mozilla/5.0 AppleWebKit/537.36 (KHTML, like Gecko; compatible; ClaudeBot/1.0; +claudebot@anthropic.com)"
74.7.243.221 - - [24/Jul/2026:07:25:44 -0600] "GET /eddf5ee988index.php?path=//proc/747/net/stat HTTP/1.1" 200 4667 "https://4uweb.design/eddf5ee988index.php?path=//proc/747/net" "Mozilla/5.0 AppleWebKit/537.36 (KHTML, like Gecko; compatible; GPTBot/1.4; +https://openai.com/gptbot)"
57.141.18.24 - - [24/Jul/2026:07:25:44 -0600] "GET /items/3352454902.htm HTTP/1.1" 302 271 "-" "Mozilla/5.0 (Windows NT 10.0; Win64; x64) AppleWebKit/537.36 (KHTML, like Gecko) Chrome/145.0.0.0 Safari/537.36 (compatible; meta-externalagent/1.1 (+https://developers.facebook.com/docs/sharing/webmasters/crawler))"
216.73.217.142 - - [24/Jul/2026:07:25:45 -0600] "GET /878767604findex.php?path=%2F%2Fproc%2F1455470%2Fattr HTTP/1.1" 200 6110 "-" "Mozilla/5.0 AppleWebKit/537.36 (KHTML, like Gecko; compatible; ClaudeBot/1.0; +claudebot@anthropic.com)"
57.141.18.3 - - [24/Jul/2026:07:25:46 -0600] "GET /items/3637470272.htm HTTP/1.1" 302 271 "-" "Mozilla/5.0 (X11; Linux x86_64) AppleWebKit/537.36 (KHTML, like Gecko) Chrome/145.0.0.0 Safari/537.36 (compatible; meta-externalagent/1.1 (+https://developers.facebook.com/docs/sharing/webmasters/crawler))"
74.7.243.221 - - [24/Jul/2026:07:25:47 -0600] "GET /eddf5ee988index.php?path=//proc/474/net/stat HTTP/1.1" 200 4667 "https://4uweb.design/eddf5ee988index.php?path=//proc/474/net" "Mozilla/5.0 AppleWebKit/537.36 (KHTML, like Gecko; compatible; GPTBot/1.4; +https://openai.com/gptbot)"
216.73.217.142 - - [24/Jul/2026:07:25:48 -0600] "GET /93fd15b825index.php?path=%2F%2Fproc%2Firq%2F32 HTTP/1.1" 200 7321 "-" "Mozilla/5.0 AppleWebKit/537.36 (KHTML, like Gecko; compatible; ClaudeBot/1.0; +claudebot@anthropic.com)"
74.7.243.221 - - [24/Jul/2026:07:25:50 -0600] "GET /eddf5ee988index.php?path=//proc/144/net/stat HTTP/1.1" 200 4667 "https://4uweb.design/eddf5ee988index.php?path=//proc/144/net" "Mozilla/5.0 AppleWebKit/537.36 (KHTML, like Gecko; compatible; GPTBot/1.4; +https://openai.com/gptbot)"
216.73.217.142 - - [24/Jul/2026:07:25:51 -0600] "GET /eddf5ee988index.php?path=%2F%2Fproc%2F2757022%2Fns HTTP/1.1" 200 1806 "-" "Mozilla/5.0 AppleWebKit/537.36 (KHTML, like Gecko; compatible; ClaudeBot/1.0; +claudebot@anthropic.com)"
57.141.18.13 - - [24/Jul/2026:07:25:52 -0600] "GET /items/3938078934.htm HTTP/1.1" 302 271 "-" "Mozilla/5.0 (Macintosh; Intel Mac OS X 10_15_7) AppleWebKit/537.36 (KHTML, like Gecko) Chrome/145.0.0.0 Safari/537.36 (compatible; meta-externalagent/1.1 (+https://developers.facebook.com/docs/sharing/webmasters/crawler))"
57.141.18.51 - - [24/Jul/2026:07:25:52 -0600] "GET /items/1723682251.htm HTTP/1.1" 302 271 "-" "Mozilla/5.0 (Macintosh; Intel Mac OS X 10_15_7) AppleWebKit/537.36 (KHTML, like Gecko) Chrome/145.0.0.0 Safari/537.36 (compatible; meta-externalagent/1.1 (+https://developers.facebook.com/docs/sharing/webmasters/crawler))"
74.7.243.221 - - [24/Jul/2026:07:25:53 -0600] "GET /eddf5ee988index.php?filesrc=//proc/520/net/dev_snmp6/lo&path=//proc/520/net/dev_snmp6 HTTP/1.1" 200 4035 "https://4uweb.design/eddf5ee988index.php?path=//proc/520/net/dev_snmp6" "Mozilla/5.0 AppleWebKit/537.36 (KHTML, like Gecko; compatible; GPTBot/1.4; +https://openai.com/gptbot)"
57.141.18.124 - - [24/Jul/2026:07:25:55 -0600] "GET /items/2456365683.htm HTTP/1.1" 302 271 "-" "Mozilla/5.0 (Windows NT 10.0; Win64; x64) AppleWebKit/537.36 (KHTML, like Gecko) Chrome/145.0.0.0 Safari/537.36 (compatible; meta-externalagent/1.1 (+https://developers.facebook.com/docs/sharing/webmasters/crawler))"
216.73.217.142 - - [24/Jul/2026:07:25:56 -0600] "GET /878767604findex.php?filesrc=%2F%2Fproc%2F2059590%2Fcgroup&path=%2F%2Fproc%2F2059590 HTTP/1.1" 200 1821 "-" "Mozilla/5.0 AppleWebKit/537.36 (KHTML, like Gecko; compatible; ClaudeBot/1.0; +claudebot@anthropic.com)"
74.7.243.221 - - [24/Jul/2026:07:25:57 -0600] "GET /eddf5ee988index.php?filesrc=//proc/801/net/stat/rt_cache&path=//proc/801/net/stat HTTP/1.1" 200 2405 "https://4uweb.design/eddf5ee988index.php?path=//proc/801/net/stat" "Mozilla/5.0 AppleWebKit/537.36 (KHTML, like Gecko; compatible; GPTBot/1.4; +https://openai.com/gptbot)"
57.141.18.34 - - [24/Jul/2026:07:25:58 -0600] "GET /items/3212658368.htm HTTP/1.1" 302 271 "-" "Mozilla/5.0 (Windows NT 10.0; Win64; x64) AppleWebKit/537.36 (KHTML, like Gecko) Chrome/145.0.0.0 Safari/537.36 (compatible; meta-externalagent/1.1 (+https://developers.facebook.com/docs/sharing/webmasters/crawler))"
216.73.217.142 - - [24/Jul/2026:07:25:58 -0600] "GET /eddf5ee988index.php?filesrc=%2F%2Fproc%2F3308924%2Fnet%2Ftcp6&path=%2F%2Fproc%2F3308924%2Fnet HTTP/1.1" 200 7230 "-" "Mozilla/5.0 AppleWebKit/537.36 (KHTML, like Gecko; compatible; ClaudeBot/1.0; +claudebot@anthropic.com)"
74.7.243.221 - - [24/Jul/2026:07:26:00 -0600] "GET /eddf5ee988index.php?filesrc=//proc/801/net/stat/ndisc_cache&path=//proc/801/net/stat HTTP/1.1" 200 2229 "https://4uweb.design/eddf5ee988index.php?path=//proc/801/net/stat" "Mozilla/5.0 AppleWebKit/537.36 (KHTML, like Gecko; compatible; GPTBot/1.4; +https://openai.com/gptbot)"
57.141.18.47 - - [24/Jul/2026:07:26:01 -0600] "GET /items/2811594439.htm HTTP/1.1" 302 271 "-" "Mozilla/5.0 (Windows NT 10.0; Win64; x64) AppleWebKit/537.36 (KHTML, like Gecko) Chrome/145.0.0.0 Safari/537.36 (compatible; meta-externalagent/1.1 (+https://developers.facebook.com/docs/sharing/webmasters/crawler))"
216.73.217.142 - - [24/Jul/2026:07:26:01 -0600] "GET /93fd15b825index.php?filesrc=%2F%2Fproc%2F2043613%2Ftimers&path=%2F%2Fproc%2F2043613 HTTP/1.1" 200 1495 "-" "Mozilla/5.0 AppleWebKit/537.36 (KHTML, like Gecko; compatible; ClaudeBot/1.0; +claudebot@anthropic.com)"
74.7.243.221 - - [24/Jul/2026:07:26:03 -0600] "GET /eddf5ee988index.php?filesrc=//proc/520/net/stat/ndisc_cache&path=//proc/520/net/stat HTTP/1.1" 200 2229 "https://4uweb.design/eddf5ee988index.php?path=//proc/520/net/stat" "Mozilla/5.0 AppleWebKit/537.36 (KHTML, like Gecko; compatible; GPTBot/1.4; +https://openai.com/gptbot)"
57.141.18.35 - - [24/Jul/2026:07:26:04 -0600] "GET /items/3269816433.htm HTTP/1.1" 302 271 "-" "Mozilla/5.0 (Windows NT 10.0; Win64; x64) AppleWebKit/537.36 (KHTML, like Gecko) Chrome/144.0.0.0 Safari/537.36 Edg/144.0.0.0 (compatible; meta-externalagent/1.1 (+https://developers.facebook.com/docs/sharing/webmasters/crawler))"
216.73.217.142 - - [24/Jul/2026:07:26:04 -0600] "GET /93fd15b825index.php?filesrc=%2F%2Fproc%2F2905272%2Fnet%2Fif_inet6&path=%2F%2Fproc%2F2905272%2Fnet HTTP/1.1" 200 1706 "-" "Mozilla/5.0 AppleWebKit/537.36 (KHTML, like Gecko; compatible; ClaudeBot/1.0; +claudebot@anthropic.com)"
74.7.243.221 - - [24/Jul/2026:07:26:06 -0600] "GET /eddf5ee988index.php?filesrc=//proc/749/net/stat/ndisc_cache&path=//proc/749/net/stat HTTP/1.1" 200 2229 "https://4uweb.design/eddf5ee988index.php?path=//proc/749/net/stat" "Mozilla/5.0 AppleWebKit/537.36 (KHTML, like Gecko; compatible; GPTBot/1.4; +https://openai.com/gptbot)"
57.141.18.116 - - [24/Jul/2026:07:26:07 -0600] "GET /items/4188700664.htm HTTP/1.1" 302 271 "-" "Mozilla/5.0 (X11; Linux x86_64) AppleWebKit/537.36 (KHTML, like Gecko) Chrome/145.0.0.0 Safari/537.36 (compatible; meta-externalagent/1.1 (+https://developers.facebook.com/docs/sharing/webmasters/crawler))"
216.73.217.142 - - [24/Jul/2026:07:26:07 -0600] "GET /878767604findex.php?filesrc=%2F%2Fproc%2F2840724%2Fcwd%2F.bash_logout&path=%2F%2Fproc%2F2840724%2Fcwd HTTP/1.1" 200 1566 "-" "Mozilla/5.0 AppleWebKit/537.36 (KHTML, like Gecko; compatible; ClaudeBot/1.0; +claudebot@anthropic.com)"
74.7.243.221 - - [24/Jul/2026:07:26:09 -0600] "GET /eddf5ee988index.php?filesrc=//proc/350/net/stat/ndisc_cache&path=//proc/350/net/stat HTTP/1.1" 200 2229 "https://4uweb.design/eddf5ee988index.php?path=//proc/350/net/stat" "Mozilla/5.0 AppleWebKit/537.36 (KHTML, like Gecko; compatible; GPTBot/1.4; +https://openai.com/gptbot)"
57.141.18.21 - - [24/Jul/2026:07:26:10 -0600] "GET /items/257691048.htm HTTP/1.1" 302 271 "-" "Mozilla/5.0 (Windows NT 10.0; Win64; x64) AppleWebKit/537.36 (KHTML, like Gecko) Chrome/145.0.0.0 Safari/537.36 (compatible; meta-externalagent/1.1 (+https://developers.facebook.com/docs/sharing/webmasters/crawler))"
216.73.217.142 - - [24/Jul/2026:07:26:10 -0600] "GET /eddf5ee988index.php?filesrc=%2F%2Fproc%2F3973431%2Fautogroup&path=%2F%2Fproc%2F3973431 HTTP/1.1" 200 1523 "-" "Mozilla/5.0 AppleWebKit/537.36 (KHTML, like Gecko; compatible; ClaudeBot/1.0; +claudebot@anthropic.com)"
57.141.18.71 - - [24/Jul/2026:07:26:12 -0600] "GET /items/62049305.htm HTTP/1.1" 302 271 "-" "Mozilla/5.0 (Macintosh; Intel Mac OS X 10_15_7) AppleWebKit/537.36 (KHTML, like Gecko) Chrome/145.0.0.0 Safari/537.36 (compatible; meta-externalagent/1.1 (+https://developers.facebook.com/docs/sharing/webmasters/crawler))"
74.7.243.221 - - [24/Jul/2026:07:26:12 -0600] "GET /eddf5ee988index.php?filesrc=//proc/492/net/stat/ndisc_cache&path=//proc/492/net/stat HTTP/1.1" 200 2229 "https://4uweb.design/eddf5ee988index.php?path=//proc/492/net/stat" "Mozilla/5.0 AppleWebKit/537.36 (KHTML, like Gecko; compatible; GPTBot/1.4; +https://openai.com/gptbot)"
216.73.217.142 - - [24/Jul/2026:07:26:13 -0600] "GET /93fd15b825index.php?filesrc=%2F%2Fproc%2F1107192%2Ftimens_offsets&path=%2F%2Fproc%2F1107192 HTTP/1.1" 200 1567 "-" "Mozilla/5.0 AppleWebKit/537.36 (KHTML, like Gecko; compatible; ClaudeBot/1.0; +claudebot@anthropic.com)"
57.141.18.39 - - [24/Jul/2026:07:26:15 -0600] "GET /items/1600615288.htm HTTP/1.1" 302 271 "-" "Mozilla/5.0 (Windows NT 10.0; Win64; x64) AppleWebKit/537.36 (KHTML, like Gecko) Chrome/145.0.0.0 Safari/537.36 (compatible; meta-externalagent/1.1 (+https://developers.facebook.com/docs/sharing/webmasters/crawler))"
74.7.243.221 - - [24/Jul/2026:07:26:16 -0600] "GET /eddf5ee988index.php?filesrc=//proc/523/net/stat/ndisc_cache&path=//proc/523/net/stat HTTP/1.1" 200 2229 "https://4uweb.design/eddf5ee988index.php?path=//proc/523/net/stat" "Mozilla/5.0 AppleWebKit/537.36 (KHTML, like Gecko; compatible; GPTBot/1.4; +https://openai.com/gptbot)"
216.73.217.142 - - [24/Jul/2026:07:26:16 -0600] "GET /93fd15b825index.php?filesrc=%2F%2Flib%2Ffirmware%2Fradeon%2Fkabini_ce.bin&path=%2F%2Flib%2Ffirmware%2Fradeon HTTP/1.1" 200 11756 "-" "Mozilla/5.0 AppleWebKit/537.36 (KHTML, like Gecko; compatible; ClaudeBot/1.0; +claudebot@anthropic.com)"
57.141.18.75 - - [24/Jul/2026:07:26:18 -0600] "GET /items/57383690.htm HTTP/1.1" 302 271 "-" "Mozilla/5.0 (Macintosh; Intel Mac OS X 10_15_7) AppleWebKit/537.36 (KHTML, like Gecko) Chrome/145.0.0.0 Safari/537.36 (compatible; meta-externalagent/1.1 (+https://developers.facebook.com/docs/sharing/webmasters/crawler))"
74.7.243.221 - - [24/Jul/2026:07:26:19 -0600] "GET /eddf5ee988index.php?filesrc=//proc/747/net/stat/ndisc_cache&path=//proc/747/net/stat HTTP/1.1" 200 2229 "https://4uweb.design/eddf5ee988index.php?path=//proc/747/net/stat" "Mozilla/5.0 AppleWebKit/537.36 (KHTML, like Gecko; compatible; GPTBot/1.4; +https://openai.com/gptbot)"
216.73.217.142 - - [24/Jul/2026:07:26:19 -0600] "GET /93fd15b825index.php?filesrc=%2F%2Fproc%2F3735681%2Fenviron&path=%2F%2Fproc%2F3735681 HTTP/1.1" 200 1824 "-" "Mozilla/5.0 AppleWebKit/537.36 (KHTML, like Gecko; compatible; ClaudeBot/1.0; +claudebot@anthropic.com)"
57.141.18.103 - - [24/Jul/2026:07:26:21 -0600] "GET /items/1755361403.htm HTTP/1.1" 302 271 "-" "Mozilla/5.0 (Windows NT 10.0; Win64; x64) AppleWebKit/537.36 (KHTML, like Gecko) Chrome/145.0.0.0 Safari/537.36 (compatible; meta-externalagent/1.1 (+https://developers.facebook.com/docs/sharing/webmasters/crawler))"
74.7.243.221 - - [24/Jul/2026:07:26:22 -0600] "GET /eddf5ee988index.php?filesrc=//proc/474/net/stat/ndisc_cache&path=//proc/474/net/stat HTTP/1.1" 200 2229 "https://4uweb.design/eddf5ee988index.php?path=//proc/474/net/stat" "Mozilla/5.0 AppleWebKit/537.36 (KHTML, like Gecko; compatible; GPTBot/1.4; +https://openai.com/gptbot)"
216.73.217.142 - - [24/Jul/2026:07:26:22 -0600] "GET /878767604findex.php?filesrc=%2F%2Fproc%2F4077168%2Fnuma_maps&path=%2F%2Fproc%2F4077168 HTTP/1.1" 200 1498 "-" "Mozilla/5.0 AppleWebKit/537.36 (KHTML, like Gecko; compatible; ClaudeBot/1.0; +claudebot@anthropic.com)"
57.141.18.37 - - [24/Jul/2026:07:26:24 -0600] "GET /items/1089582869.htm HTTP/1.1" 302 271 "-" "Mozilla/5.0 (Windows NT 10.0; Win64; x64) AppleWebKit/537.36 (KHTML, like Gecko) Chrome/145.0.0.0 Safari/537.36 (compatible; meta-externalagent/1.1 (+https://developers.facebook.com/docs/sharing/webmasters/crawler))"
74.7.243.221 - - [24/Jul/2026:07:26:25 -0600] "GET /eddf5ee988index.php?filesrc=//proc/349/net/stat/ndisc_cache&path=//proc/349/net/stat HTTP/1.1" 200 2229 "https://4uweb.design/eddf5ee988index.php?path=//proc/349/net/stat" "Mozilla/5.0 AppleWebKit/537.36 (KHTML, like Gecko; compatible; GPTBot/1.4; +https://openai.com/gptbot)"
57.141.18.103 - - [24/Jul/2026:07:26:25 -0600] "GET /items/2111984219.htm HTTP/1.1" 302 271 "-" "Mozilla/5.0 (Windows NT 10.0; Win64; x64) AppleWebKit/537.36 (KHTML, like Gecko) Chrome/145.0.0.0 Safari/537.36 (compatible; meta-externalagent/1.1 (+https://developers.facebook.com/docs/sharing/webmasters/crawler))"
216.73.217.142 - - [24/Jul/2026:07:26:26 -0600] "GET /93fd15b825index.php?filesrc=%2F%2Fproc%2F2347878%2Fsched&path=%2F%2Fproc%2F2347878 HTTP/1.1" 200 3339 "-" "Mozilla/5.0 AppleWebKit/537.36 (KHTML, like Gecko; compatible; ClaudeBot/1.0; +claudebot@anthropic.com)"
74.7.243.221 - - [24/Jul/2026:07:26:28 -0600] "GET /eddf5ee988index.php?filesrc=//proc/144/net/stat/ndisc_cache&path=//proc/144/net/stat HTTP/1.1" 200 2229 "https://4uweb.design/eddf5ee988index.php?path=//proc/144/net/stat" "Mozilla/5.0 AppleWebKit/537.36 (KHTML, like Gecko; compatible; GPTBot/1.4; +https://openai.com/gptbot)"
216.73.217.142 - - [24/Jul/2026:07:26:29 -0600] "GET /878767604findex.php?path=%2Fhome%2Fu4uwebca%2Fpublic_html%2F4uweb.design%2Fmedia%2Fplg_installer_folderinstaller HTTP/1.1" 200 2897 "-" "Mozilla/5.0 AppleWebKit/537.36 (KHTML, like Gecko; compatible; ClaudeBot/1.0; +claudebot@anthropic.com)"
57.141.18.105 - - [24/Jul/2026:07:26:29 -0600] "GET /items/2848851170.htm HTTP/1.1" 302 271 "-" "Mozilla/5.0 (Macintosh; Intel Mac OS X 10_15_7) AppleWebKit/537.36 (KHTML, like Gecko) Chrome/145.0.0.0 Safari/537.36 (compatible; meta-externalagent/1.1 (+https://developers.facebook.com/docs/sharing/webmasters/crawler))"
74.7.243.221 - - [24/Jul/2026:07:26:31 -0600] "GET /eddf5ee988index.php?filesrc=//proc/520/net/stat/nf_conntrack&path=//proc/520/net/stat HTTP/1.1" 200 2365 "https://4uweb.design/eddf5ee988index.php?path=//proc/520/net/stat" "Mozilla/5.0 AppleWebKit/537.36 (KHTML, like Gecko; compatible; GPTBot/1.4; +https://openai.com/gptbot)"
57.141.18.68 - - [24/Jul/2026:07:26:31 -0600] "GET /items/2945280496.htm HTTP/1.1" 302 271 "-" "Mozilla/5.0 (Windows NT 10.0; Win64; x64) AppleWebKit/537.36 (KHTML, like Gecko) Chrome/145.0.0.0 Safari/537.36 (compatible; meta-externalagent/1.1 (+https://developers.facebook.com/docs/sharing/webmasters/crawler))"
216.73.217.142 - - [24/Jul/2026:07:26:32 -0600] "GET /eddf5ee988index.php?filesrc=%2F%2Fproc%2F2150554%2Fsetgroups&path=%2F%2Fproc%2F2150554 HTTP/1.1" 200 1504 "-" "Mozilla/5.0 AppleWebKit/537.36 (KHTML, like Gecko; compatible; ClaudeBot/1.0; +claudebot@anthropic.com)"
57.141.18.52 - - [24/Jul/2026:07:26:34 -0600] "GET /items/3609663589.htm HTTP/1.1" 302 271 "-" "Mozilla/5.0 (X11; Linux x86_64) AppleWebKit/537.36 (KHTML, like Gecko) Chrome/145.0.0.0 Safari/537.36 (compatible; meta-externalagent/1.1 (+https://developers.facebook.com/docs/sharing/webmasters/crawler))"
74.7.243.221 - - [24/Jul/2026:07:26:35 -0600] "GET /eddf5ee988index.php?filesrc=//proc/474/net/stat/nf_conntrack&path=//proc/474/net/stat HTTP/1.1" 200 2365 "https://4uweb.design/eddf5ee988index.php?path=//proc/474/net/stat" "Mozilla/5.0 AppleWebKit/537.36 (KHTML, like Gecko; compatible; GPTBot/1.4; +https://openai.com/gptbot)"
216.73.217.142 - - [24/Jul/2026:07:26:36 -0600] "GET /93fd15b825index.php?path=%2F%2Fproc%2F2840625%2Fns HTTP/1.1" 200 1806 "-" "Mozilla/5.0 AppleWebKit/537.36 (KHTML, like Gecko; compatible; ClaudeBot/1.0; +claudebot@anthropic.com)"
57.141.18.49 - - [24/Jul/2026:07:26:36 -0600] "GET /items/802011484.htm HTTP/1.1" 302 271 "-" "Mozilla/5.0 (Windows NT 10.0; Win64; x64) AppleWebKit/537.36 (KHTML, like Gecko) Chrome/145.0.0.0 Safari/537.36 (compatible; meta-externalagent/1.1 (+https://developers.facebook.com/docs/sharing/webmasters/crawler))"
74.7.243.221 - - [24/Jul/2026:07:26:38 -0600] "GET /eddf5ee988index.php?filesrc=//proc/747/net/stat/nf_conntrack&path=//proc/747/net/stat HTTP/1.1" 200 2365 "https://4uweb.design/eddf5ee988index.php?path=//proc/747/net/stat" "Mozilla/5.0 AppleWebKit/537.36 (KHTML, like Gecko; compatible; GPTBot/1.4; +https://openai.com/gptbot)"
57.141.18.116 - - [24/Jul/2026:07:26:38 -0600] "GET /items/1868556186.htm HTTP/1.1" 302 271 "-" "Mozilla/5.0 (Windows NT 10.0; Win64; x64) AppleWebKit/537.36 (KHTML, like Gecko) Chrome/145.0.0.0 Safari/537.36 (compatible; meta-externalagent/1.1 (+https://developers.facebook.com/docs/sharing/webmasters/crawler))"
216.73.217.142 - - [24/Jul/2026:07:26:39 -0600] "GET /eddf5ee988index.php?path=%2F%2Fproc%2F243769%2Fcwd%2F.koality HTTP/1.1" 200 1861 "-" "Mozilla/5.0 AppleWebKit/537.36 (KHTML, like Gecko; compatible; ClaudeBot/1.0; +claudebot@anthropic.com)"
74.7.243.221 - - [24/Jul/2026:07:26:41 -0600] "GET /eddf5ee988index.php?filesrc=//proc/801/net/stat/nf_conntrack&path=//proc/801/net/stat HTTP/1.1" 200 2365 "https://4uweb.design/eddf5ee988index.php?path=//proc/801/net/stat" "Mozilla/5.0 AppleWebKit/537.36 (KHTML, like Gecko; compatible; GPTBot/1.4; +https://openai.com/gptbot)"
57.141.18.125 - - [24/Jul/2026:07:26:41 -0600] "GET /items/3244366535.htm HTTP/1.1" 302 271 "-" "Mozilla/5.0 (Windows NT 10.0; Win64; x64) AppleWebKit/537.36 (KHTML, like Gecko) Chrome/145.0.0.0 Safari/537.36 (compatible; meta-externalagent/1.1 (+https://developers.facebook.com/docs/sharing/webmasters/crawler))"
216.73.217.142 - - [24/Jul/2026:07:26:42 -0600] "GET /878767604findex.php?path=%2F%2Fproc%2F1150066%2Fattr HTTP/1.1" 200 6110 "-" "Mozilla/5.0 AppleWebKit/537.36 (KHTML, like Gecko; compatible; ClaudeBot/1.0; +claudebot@anthropic.com)"
57.141.18.79 - - [24/Jul/2026:07:26:43 -0600] "GET /items/3786830351.htm HTTP/1.1" 302 271 "-" "Mozilla/5.0 (Windows NT 10.0; Win64; x64) AppleWebKit/537.36 (KHTML, like Gecko) Chrome/145.0.0.0 Safari/537.36 (compatible; meta-externalagent/1.1 (+https://developers.facebook.com/docs/sharing/webmasters/crawler))"
74.7.243.221 - - [24/Jul/2026:07:26:44 -0600] "GET /eddf5ee988index.php?filesrc=//proc/144/net/stat/nf_conntrack&path=//proc/144/net/stat HTTP/1.1" 200 2365 "https://4uweb.design/eddf5ee988index.php?path=//proc/144/net/stat" "Mozilla/5.0 AppleWebKit/537.36 (KHTML, like Gecko; compatible; GPTBot/1.4; +https://openai.com/gptbot)"
216.73.217.142 - - [24/Jul/2026:07:26:45 -0600] "GET /878767604findex.php?path=%2F%2Fproc%2F3269771%2Fns HTTP/1.1" 200 1806 "-" "Mozilla/5.0 AppleWebKit/537.36 (KHTML, like Gecko; compatible; ClaudeBot/1.0; +claudebot@anthropic.com)"
